Build Information
Failed to build swift-operation, reference main (e9cc7a), with Swift 6.3 for Wasm on 23 Oct 2026 23:49:48 UTC.
Build Command
bash -c docker run --pull=always --rm -v "checkouts-54344847-0":/host -w "$PWD" -e JAVA_HOME="/root/.sdkman/candidates/java/current" -e SPI_BUILD="1" -e SPI_PROCESSING="1" registry.gitlab.com/saguaro1/spi-images:wasm-6.3-latest swift build --swift-sdk swift-6.3.2-RELEASE_wasm 2>&1Build Log
========================================
RunAll
========================================
Builder version: 5.1.3
Interrupt handler set up.
========================================
Checkout
========================================
Clone URL: https://github.com/mhayes853/swift-operation.git
Reference: main
Initialized empty Git repository in /host/spi-builder-workspace/.git/
hint: Using 'master' as the name for the initial branch. This default branch name
hint: is subject to change. To configure the initial branch name to use in all
hint: of your new repositories, which will suppress this warning, call:
hint:
hint: git config --global init.defaultBranch <name>
hint:
hint: Names commonly chosen instead of 'master' are 'main', 'trunk' and
hint: 'development'. The just-created branch can be renamed via this command:
hint:
hint: git branch -m <name>
From https://github.com/mhayes853/swift-operation
* branch main -> FETCH_HEAD
* [new branch] main -> origin/main
HEAD is now at e9cc7a5 Remove AGENTS.md
Cloned https://github.com/mhayes853/swift-operation.git
Revision (git rev-parse @):
e9cc7a595959a271dc4a3512c97a82918b4b9781
SPI manifest file found: $PWD/.spi.yml
SUCCESS checkout https://github.com/mhayes853/swift-operation.git at main
========================================
Build
========================================
Selected platform: wasm
Swift version: 6.3
Building package at path: $PWD
https://github.com/mhayes853/swift-operation.git
Running build ...
bash -c docker run --pull=always --rm -v "checkouts-54344847-0":/host -w "$PWD" -e JAVA_HOME="/root/.sdkman/candidates/java/current" -e SPI_BUILD="1" -e SPI_PROCESSING="1" registry.gitlab.com/saguaro1/spi-images:wasm-6.3-latest swift build --swift-sdk swift-6.3.2-RELEASE_wasm 2>&1
wasm-6.3-latest: Pulling from saguaro1/spi-images
Digest: sha256:eea66feda95ad8894091082dbcb77ec1fc917891d37888fd1938b0b68455d992
Status: Image is up to date for registry.gitlab.com/saguaro1/spi-images:wasm-6.3-latest
Fetching https://github.com/pointfreeco/swift-macro-testing
Fetching https://github.com/swiftwasm/JavaScriptKit
Fetching https://github.com/swiftlang/swift-docc-plugin
Fetching https://github.com/pointfreeco/swift-perception
Fetching https://github.com/swiftlang/swift-syntax
Fetching https://github.com/apple/swift-atomics
[1/2345] Fetching swift-docc-plugin
[2/4423] Fetching swift-docc-plugin, swift-perception
[46/6312] Fetching swift-docc-plugin, swift-perception, swift-atomics
[1475/7314] Fetching swift-docc-plugin, swift-perception, swift-atomics, swift-macro-testing
Fetched https://github.com/apple/swift-atomics from cache (0.49s)
Fetching https://github.com/pointfreeco/swift-identified-collections
Fetched https://github.com/pointfreeco/swift-macro-testing from cache (0.51s)
Fetching https://github.com/pointfreeco/swift-custom-dump
Fetched https://github.com/swiftlang/swift-docc-plugin from cache (0.52s)
Fetching https://github.com/pointfreeco/swift-dependencies
[1/41413] Fetching javascriptkit
[41414/47082] Fetching javascriptkit, swift-custom-dump
[41585/54742] Fetching javascriptkit, swift-custom-dump, swift-dependencies
[51490/56322] Fetching javascriptkit, swift-custom-dump, swift-dependencies, swift-identified-collections
Fetched https://github.com/pointfreeco/swift-custom-dump from cache (0.49s)
Fetching https://github.com/pointfreeco/swift-clocks
[49374/50653] Fetching javascriptkit, swift-dependencies, swift-identified-collections
Fetched https://github.com/pointfreeco/swift-identified-collections from cache (0.59s)
Fetching https://github.com/pointfreeco/xctest-dynamic-overlay
Fetched https://github.com/pointfreeco/swift-dependencies from cache (0.57s)
Fetching https://github.com/pointfreeco/swift-sharing
Fetched https://github.com/pointfreeco/swift-perception from cache (1.36s)
Fetched https://github.com/swiftwasm/JavaScriptKit from cache (1.37s)
[1/81072] Fetching swift-syntax
[2/82782] Fetching swift-syntax, swift-clocks
Fetched https://github.com/pointfreeco/swift-clocks from cache (0.48s)
[5676/81072] Fetching swift-syntax
[9730/85267] Fetching swift-syntax, swift-sharing
[16357/87994] Fetching swift-syntax, swift-sharing, xctest-dynamic-overlay
Fetched https://github.com/pointfreeco/swift-sharing from cache (0.53s)
[12271/83799] Fetching swift-syntax, xctest-dynamic-overlay
Fetched https://github.com/pointfreeco/xctest-dynamic-overlay from cache (0.64s)
[22701/81072] Fetching swift-syntax
Fetched https://github.com/swiftlang/swift-syntax from cache (3.59s)
Computing version for https://github.com/pointfreeco/xctest-dynamic-overlay
Computed https://github.com/pointfreeco/xctest-dynamic-overlay at 1.13.1 (4.51s)
Computing version for https://github.com/apple/swift-atomics
Computed https://github.com/apple/swift-atomics at 1.3.1 (0.15s)
Computing version for https://github.com/pointfreeco/swift-identified-collections
Computed https://github.com/pointfreeco/swift-identified-collections at 1.1.1 (0.13s)
Fetching https://github.com/apple/swift-collections
[1/29301] Fetching swift-collections
Fetched https://github.com/apple/swift-collections from cache (1.25s)
Computing version for https://github.com/swiftlang/swift-syntax
Computed https://github.com/swiftlang/swift-syntax at 602.0.0 (2.21s)
Computing version for https://github.com/pointfreeco/swift-macro-testing
Computed https://github.com/pointfreeco/swift-macro-testing at 0.7.0 (0.14s)
Fetching https://github.com/pointfreeco/swift-snapshot-testing
[1/16593] Fetching swift-snapshot-testing
Fetched https://github.com/pointfreeco/swift-snapshot-testing from cache (2.20s)
Computing version for https://github.com/pointfreeco/swift-sharing
Computed https://github.com/pointfreeco/swift-sharing at 2.10.1 (2.42s)
Fetching https://github.com/pointfreeco/swift-concurrency-extras
[1/1118] Fetching swift-concurrency-extras
Fetched https://github.com/pointfreeco/swift-concurrency-extras from cache (0.42s)
Computing version for https://github.com/pointfreeco/swift-clocks
Computed https://github.com/pointfreeco/swift-clocks at 1.1.1 (0.57s)
Computing version for https://github.com/swiftwasm/JavaScriptKit
Computed https://github.com/swiftwasm/JavaScriptKit at 0.61.0 (0.19s)
Computing version for https://github.com/swiftlang/swift-docc-plugin
Computed https://github.com/swiftlang/swift-docc-plugin at 1.5.0 (0.17s)
Fetching https://github.com/swiftlang/swift-docc-symbolkit
[1/3847] Fetching swift-docc-symbolkit
Fetched https://github.com/swiftlang/swift-docc-symbolkit from cache (0.56s)
Computing version for https://github.com/swiftlang/swift-docc-symbolkit
Computed https://github.com/swiftlang/swift-docc-symbolkit at 1.0.0 (0.76s)
Computing version for https://github.com/pointfreeco/swift-perception
Computed https://github.com/pointfreeco/swift-perception at 2.0.12 (0.15s)
Computing version for https://github.com/pointfreeco/swift-concurrency-extras
Computed https://github.com/pointfreeco/swift-concurrency-extras at 1.4.3 (0.14s)
Computing version for https://github.com/pointfreeco/swift-custom-dump
Computed https://github.com/pointfreeco/swift-custom-dump at 1.7.3 (0.14s)
Computing version for https://github.com/pointfreeco/swift-dependencies
Computed https://github.com/pointfreeco/swift-dependencies at 1.17.1 (0.16s)
Fetching https://github.com/pointfreeco/combine-schedulers
[1/2690] Fetching combine-schedulers
Fetched https://github.com/pointfreeco/combine-schedulers from cache (1.00s)
Computing version for https://github.com/pointfreeco/combine-schedulers
Computed https://github.com/pointfreeco/combine-schedulers at 1.2.2 (1.16s)
Fetching https://github.com/OpenCombine/OpenCombine.git
[1/8306] Fetching opencombine
Fetched https://github.com/OpenCombine/OpenCombine.git from cache (0.62s)
Computing version for https://github.com/OpenCombine/OpenCombine.git
Computed https://github.com/OpenCombine/OpenCombine.git at 0.14.0 (0.81s)
Computing version for https://github.com/pointfreeco/swift-snapshot-testing
Computed https://github.com/pointfreeco/swift-snapshot-testing at 1.19.7 (0.14s)
Computing version for https://github.com/apple/swift-collections
Computed https://github.com/apple/swift-collections at 1.7.4 (0.22s)
Creating working copy for https://github.com/pointfreeco/combine-schedulers
Working copy of https://github.com/pointfreeco/combine-schedulers resolved at 1.2.2
Creating working copy for https://github.com/apple/swift-collections
Working copy of https://github.com/apple/swift-collections resolved at 1.7.4
Creating working copy for https://github.com/pointfreeco/swift-identified-collections
Working copy of https://github.com/pointfreeco/swift-identified-collections resolved at 1.1.1
Creating working copy for https://github.com/OpenCombine/OpenCombine.git
Working copy of https://github.com/OpenCombine/OpenCombine.git resolved at 0.14.0
Creating working copy for https://github.com/pointfreeco/swift-concurrency-extras
Working copy of https://github.com/pointfreeco/swift-concurrency-extras resolved at 1.4.3
Creating working copy for https://github.com/pointfreeco/swift-clocks
Working copy of https://github.com/pointfreeco/swift-clocks resolved at 1.1.1
Creating working copy for https://github.com/pointfreeco/swift-macro-testing
Working copy of https://github.com/pointfreeco/swift-macro-testing resolved at 0.7.0
Creating working copy for https://github.com/apple/swift-atomics
Working copy of https://github.com/apple/swift-atomics resolved at 1.3.1
Creating working copy for https://github.com/pointfreeco/swift-sharing
Working copy of https://github.com/pointfreeco/swift-sharing resolved at 2.10.1
Creating working copy for https://github.com/pointfreeco/swift-snapshot-testing
Working copy of https://github.com/pointfreeco/swift-snapshot-testing resolved at 1.19.7
Creating working copy for https://github.com/pointfreeco/swift-custom-dump
Working copy of https://github.com/pointfreeco/swift-custom-dump resolved at 1.7.3
Creating working copy for https://github.com/pointfreeco/swift-perception
Working copy of https://github.com/pointfreeco/swift-perception resolved at 2.0.12
Creating working copy for https://github.com/pointfreeco/xctest-dynamic-overlay
Working copy of https://github.com/pointfreeco/xctest-dynamic-overlay resolved at 1.13.1
Creating working copy for https://github.com/swiftwasm/JavaScriptKit
Working copy of https://github.com/swiftwasm/JavaScriptKit resolved at 0.61.0
Creating working copy for https://github.com/swiftlang/swift-docc-symbolkit
Working copy of https://github.com/swiftlang/swift-docc-symbolkit resolved at 1.0.0
Creating working copy for https://github.com/swiftlang/swift-syntax
Working copy of https://github.com/swiftlang/swift-syntax resolved at 602.0.0
Creating working copy for https://github.com/swiftlang/swift-docc-plugin
Working copy of https://github.com/swiftlang/swift-docc-plugin resolved at 1.5.0
Creating working copy for https://github.com/pointfreeco/swift-dependencies
Working copy of https://github.com/pointfreeco/swift-dependencies resolved at 1.17.1
Downloading package prebuilt https://download.swift.org/prebuilts/swift-syntax/602.0.0/swift-6.3.2-RELEASE-ubuntu_noble_x86_64-MacroSupport.tar.gz
Downloaded https://download.swift.org/prebuilts/swift-syntax/602.0.0/swift-6.3.2-RELEASE-ubuntu_noble_x86_64-MacroSupport.tar.gz (0.27s)
[1/1] Compiling plugin BridgeJSCommandPlugin
[2/2] Compiling plugin BridgeJS
/host/spi-builder-workspace/.build/checkouts/JavaScriptKit/Plugins/PackageToJS/Sources/PackageToJS.swift:598:13: warning: initialization of immutable value 'wasmImportsPath' was never used; consider replacing with assignment to '_' or removing it [#no-usage]
596 | packageInputs.append(wasm)
597 |
598 | let wasmImportsPath = self.wasmImportsPath
| `- warning: initialization of immutable value 'wasmImportsPath' was never used; consider replacing with assignment to '_' or removing it [#no-usage]
599 | let wasmImportsTask = planWasmImports(make: &make, intermediatesDirTask: intermediatesDirTask)
600 |
[3/3] Compiling plugin PackageToJS
[4/4] Compiling plugin Swift-DocC Preview
[5/5] Compiling plugin Swift-DocC
Building for debugging...
[5/106] Copying PrivacyInfo.xcprivacy
[6/106] Write sources
[32/106] Compiling _AtomicsShims.c
[33/106] Write sources
[46/106] Compiling _SwiftSyntaxCShims PlatformMutex.c
[47/106] Copying PrivacyInfo.xcprivacy
[48/106] Write sources
[65/106] Compiling _CJavaScriptEventLoop _CJavaScriptEventLoop.c
[66/106] Write sources
[68/106] Compiling _AtomicsShims.c
[69/106] Write sources
[71/106] Compiling _CJavaScriptKit _CJavaScriptKit.c
[72/106] Write sources
[76/106] Write swift-version-24593BA9C3E375BF.txt
[78/190] Emitting module Sharing2
[78/190] Compiling COpenCombineHelpers COpenCombineHelpers.cpp
[80/192] Emitting module SwiftSyntax602
[81/192] Emitting module InternalCollectionsUtilities
[83/198] Compiling SwiftSyntax602 Empty.swift
[84/199] Compiling ConcurrencyExtras Result.swift
[86/200] Compiling InternalCollectionsUtilities Iterable+CopyContents.swift
[87/200] Compiling InternalCollectionsUtilities Iterable+Equality.swift
[88/200] Compiling InternalCollectionsUtilities LifetimeOverride.swift
[89/200] Compiling InternalCollectionsUtilities MutableRef.swift
[90/202] Compiling SwiftSyntax601 Empty.swift
[91/202] Emitting module SwiftSyntax601
[92/203] Compiling InternalCollectionsUtilities FixedWidthInteger+roundUpToPowerOfTwo.swift
[93/203] Compiling InternalCollectionsUtilities Integer rank.swift
[94/203] Compiling InternalCollectionsUtilities UInt+first and last set bit.swift
[95/203] Compiling InternalCollectionsUtilities UInt+reversed.swift
[96/203] Compiling InternalCollectionsUtilities BorrowingIteratorProtocol+Equality.swift
[97/203] Compiling InternalCollectionsUtilities BorrowingIteratorProtocol+Extras.swift
[98/203] Compiling InternalCollectionsUtilities Debugging.swift
[99/203] Compiling InternalCollectionsUtilities Descriptions.swift
[101/203] Compiling InternalCollectionsUtilities _UnsafeBitSet+_Word.swift
[102/203] Compiling InternalCollectionsUtilities _UnsafeBitSet.swift
[103/203] Compiling InternalCollectionsUtilities UnsafeBufferPointer+Extras.swift
[104/203] Compiling InternalCollectionsUtilities UnsafeMutableBufferPointer+Extras.swift
[105/203] Compiling ConcurrencyExtras UncheckedSendable.swift
[106/205] Compiling InternalCollectionsUtilities UnsafeMutablePointer+Extras.swift
[107/205] Compiling InternalCollectionsUtilities UnsafeMutableRawBufferPointer+Extras.swift
[108/205] Compiling InternalCollectionsUtilities UnsafePointer+Extras.swift
[109/205] Compiling Sharing1 Empty.swift
[110/205] Emitting module Sharing1
[111/206] Compiling SwiftSyntax600 Empty.swift
[112/206] Emitting module SwiftSyntax600
[119/211] Emitting module SwiftSyntax509
[120/211] Compiling SwiftSyntax509 Empty.swift
[121/211] Compiling SwiftSyntax510 Empty.swift
[122/211] Compiling InternalCollectionsUtilities MutableSpan+Extras.swift
[123/211] Compiling InternalCollectionsUtilities OutputSpan+Extras.swift
[124/211] Compiling InternalCollectionsUtilities RandomAccessCollection+Offsets.swift
[125/211] Compiling InternalCollectionsUtilities UnsafeMutableBufferPointer+Extras.swift
[126/211] Emitting module SwiftSyntax510
[131/211] Compiling InternalCollectionsUtilities Strideable+LimitHelpers.swift
[132/211] Compiling InternalCollectionsUtilities String+Padding.swift
[133/211] Compiling InternalCollectionsUtilities TemporaryAllocation.swift
[134/211] Compiling InternalCollectionsUtilities _UnsafeBitSet+Index.swift
[135/213] Compiling InternalCollectionsUtilities UnsafeRawBufferPointer+Extras.swift
[136/213] Compiling InternalCollectionsUtilities _SortedCollection.swift
[137/213] Compiling InternalCollectionsUtilities _UniqueCollection.swift
[141/214] Compiling Sharing2 Empty.swift
[142/214] Emitting module Sharing2
[147/217] Compiling ConcurrencyExtras Result.swift
[152/218] Emitting module Sharing1
[153/219] Compiling Sharing1 Empty.swift
[158/301] Compiling ConcurrencyExtras MainSerialExecutor.swift
[159/383] Compiling Sharing2 Empty.swift
[160/420] Compiling OrderedCollections _HashTable+Testing.swift
[161/420] Compiling OrderedCollections _HashTable+UnsafeHandle.swift
[162/420] Compiling OpenCombine ConcurrencyHelpers.swift
[163/420] Compiling OpenCombine Future+Concurrency.swift
[164/420] Compiling OrderedCollections OrderedSet+Move.swift
[165/420] Compiling OrderedCollections OrderedSet+Partial MutableCollection.swift
[166/420] Compiling OrderedCollections OrderedSet+Partial RangeReplaceableCollection.swift
[167/420] Compiling OrderedCollections OrderedSet+Partial SetAlgebra formIntersection.swift
[168/420] Compiling OrderedCollections _HashTable+Bucket.swift
[169/420] Compiling OrderedCollections _HashTable+BucketIterator.swift
[170/420] Compiling OrderedCollections _HashTable+Constants.swift
[171/420] Compiling OrderedCollections _HashTable+CustomStringConvertible.swift
[174/437] Compiling ConcurrencyExtras UncheckedSendable.swift
[175/462] Emitting module IssueReportingTestSupport
[176/462] Compiling OpenCombine Optional.Publisher.swift
[177/462] Compiling OpenCombine Publishers.AllSatisfy.swift
[178/462] Compiling OpenCombine Publishers.AssertNoFailure.swift
[179/462] Compiling OpenCombine Publishers.Autoconnect.swift
[180/462] Compiling OpenCombine Publishers.Breakpoint.swift
[181/462] Compiling OpenCombine Publishers.Buffer.swift
[182/462] Compiling OpenCombine Publishers.Collect.swift
[183/462] Compiling OpenCombine Publishers.CollectByCount.swift
[184/462] Compiling OpenCombine Publishers.CompactMap.swift
[185/462] Compiling OpenCombine Publishers.Comparison.swift
[186/462] Compiling OpenCombine Publishers.Concatenate.swift
[187/462] Compiling OpenCombine Publishers.Contains.swift
[188/462] Compiling OpenCombine Publishers.Map.swift
[189/462] Compiling OpenCombine Publishers.MapError.swift
[190/462] Compiling OpenCombine Publishers.MeasureInterval.swift
[191/462] Compiling OpenCombine Publishers.Multicast.swift
[192/469] Compiling IssueReporting IssueSeverity.swift
[193/469] Compiling IssueReporting ReportIssue.swift
[194/469] Compiling IssueReporting _Test.swift
[195/471] Emitting module IssueReporting
[196/471] Compiling IssueReportingTestSupport SwiftTesting.swift
[197/471] Compiling OpenCombine Publisher+Subscribe.swift
[198/471] Compiling OpenCombine Deferred.swift
[199/471] Compiling OpenCombine Empty.swift
[200/471] Compiling OpenCombine Fail.swift
[201/471] Compiling OpenCombine GENERATED-Publishers.Catch.swift
[202/471] Compiling OpenCombine GENERATED-Publishers.Encode.swift
[203/471] Compiling OpenCombine GENERATED-Publishers.MapKeyPath.swift
[204/471] Compiling OpenCombine Just.swift
[205/471] Compiling IssueReporting FailureObserver.swift
[206/471] Compiling IssueReporting LockIsolated.swift
[207/471] Compiling IssueReporting Rethrows.swift
[208/471] Compiling IssueReporting ErrorReporting.swift
[209/471] Compiling IssueReporting AppHostWarning.swift
[210/471] Compiling IssueReporting Deprecations.swift
[211/471] Compiling IssueReporting XCTest.swift
[212/471] Compiling IssueReporting IsTesting.swift
[213/471] Compiling IssueReporting IssueReporter.swift
[214/479] Compiling IssueReporting WithExpectedIssue.swift
[215/479] Compiling IssueReporting WithIssueContext.swift
[216/479] Compiling ConcurrencyExtras MainSerialExecutor.swift
[220/479] Compiling IssueReportingTestSupport XCTest.swift
[221/479] Compiling IssueReportingTestSupport _Test.swift
[225/480] Compiling IssueReporting BreakpointReporter.swift
[226/480] Compiling IssueReporting DefaultReporter.swift
[227/480] Compiling IssueReporting FatalErrorReporter.swift
[231/480] Compiling ConcurrencyExtras LockIsolated.swift
[241/480] Emitting module ConcurrencyExtras
[245/480] Compiling ConcurrencyExtras Task.swift
[249/482] Compiling IssueReporting Unimplemented.swift
[250/482] Compiling IssueReporting SwiftTesting.swift
[251/482] Compiling IssueReporting UncheckedSendable.swift
[252/482] Compiling IssueReporting Warn.swift
[255/482] Compiling OrderedCollections OrderedDictionary+Equatable.swift
[256/482] Compiling OrderedCollections OrderedDictionary+ExpressibleByDictionaryLiteral.swift
[264/482] Compiling IssueReporting TestContext.swift
[265/482] Compiling OrderedCollections OrderedDictionary+Values.swift
[266/482] Compiling OrderedCollections OrderedDictionary.swift
[267/482] Compiling OpenCombine Utils.swift
[268/482] Compiling OpenCombine Violations.swift
[269/482] Compiling OpenCombine ImmediateScheduler.swift
[270/482] Compiling OpenCombine ObservableObject.swift
[271/482] Compiling OpenCombine PassthroughSubject.swift
[272/482] Compiling OpenCombine Published.swift
[273/482] Compiling IssueReportingTestSupport _Test.swift
[274/482] Compiling IssueReportingTestSupport XCTest.swift
[275/482] Compiling IssueReportingTestSupport SwiftTesting.swift
[276/482] Emitting module IssueReportingTestSupport
[278/527] Compiling OrderedCollections OrderedDictionary+Initializers.swift
[279/527] Compiling OrderedCollections OrderedDictionary+Invariants.swift
[281/531] Compiling Atomics UnsafeAtomic.swift
[282/531] Compiling Atomics UnsafeAtomicLazyReference.swift
[283/579] Compiling IssueReporting ErrorReporting.swift
[284/579] Compiling IssueReporting AppHostWarning.swift
[285/579] Compiling IssueReporting Deprecations.swift
[286/579] Compiling IssueReporting FailureObserver.swift
[287/579] Compiling IssueReporting LockIsolated.swift
[288/579] Compiling IssueReporting Rethrows.swift
[289/579] Compiling IssueReporting SwiftTesting.swift
[290/579] Compiling IssueReporting UncheckedSendable.swift
[291/597] Compiling Atomics AtomicInteger.swift
[292/597] Compiling Atomics AtomicOptionalWrappable.swift
[293/597] Compiling Atomics AtomicReference.swift
[295/598] Compiling Atomics OptionalRawRepresentable.swift
[296/598] Compiling Atomics RawRepresentable.swift
[297/598] Compiling Atomics AtomicBool.swift
[298/598] Compiling Atomics IntegerConformances.swift
[299/598] Compiling Atomics PointerConformances.swift
[300/598] Compiling Atomics Primitives.native.swift
[304/598] Compiling Atomics AtomicStorage.swift
[305/598] Compiling Atomics AtomicValue.swift
[306/598] Compiling Atomics AtomicMemoryOrderings.swift
[307/598] Compiling Atomics DoubleWord.swift
[307/610] Wrapping AST for SwiftSyntax602 for debugging
[309/610] Compiling Atomics UnsafeAtomic.swift
[310/610] Compiling Atomics UnsafeAtomicLazyReference.swift
[311/612] Compiling Atomics ManagedAtomic.swift
[312/612] Compiling Atomics ManagedAtomicLazyReference.swift
[313/612] Compiling OrderedCollections OrderedSet+Sendable.swift
[314/612] Compiling OrderedCollections OrderedSet+SubSequence.swift
[315/612] Compiling OrderedCollections OrderedSet+Testing.swift
[316/612] Compiling OrderedCollections OrderedSet+UnorderedView.swift
[317/612] Compiling OrderedCollections OrderedSet+UnstableInternals.swift
[318/612] Compiling OrderedCollections OrderedSet.swift
[319/612] Compiling SwiftSyntax SyntaxNodesC.swift
[324/627] Compiling PerceptionCore Deprecations.swift
[325/627] Compiling PerceptionCore Exports.swift
[326/627] Compiling PerceptionCore Locals.swift
[329/629] Compiling Atomics IntegerOperations.swift
[330/629] Compiling PerceptionCore WithPerceptionTracking.swift
[331/629] Compiling PerceptionCore ThreadLocal.swift
[335/629] Compiling Atomics Unmanaged extensions.swift
[336/629] Compiling IssueReporting Unimplemented.swift
[337/631] Emitting module OpenCombine
[340/631] Compiling Atomics IntegerOperations.swift
[341/631] Compiling Atomics Unmanaged extensions.swift
[342/631] Compiling PerceptionCore PerceptionChecking.swift
[343/631] Compiling PerceptionCore PerceptionRegistrar.swift
[344/631] Compiling PerceptionCore PerceptionTracking.swift
[345/631] Compiling PerceptionCore Environment.swift
[347/631] Emitting module IssueReporting
[348/631] Compiling OrderedCollections OrderedSet+Partial SetAlgebra isSuperset.swift
[349/631] Compiling OrderedCollections OrderedSet+Partial SetAlgebra subtract.swift
[350/631] Compiling OrderedCollections OrderedSet+Partial SetAlgebra subtracting.swift
[351/631] Compiling OrderedCollections OrderedSet+Partial SetAlgebra symmetricDifference.swift
[352/631] Compiling OrderedCollections OrderedSet+Partial SetAlgebra union.swift
[353/631] Compiling OrderedCollections OrderedSet+Partial SetAlgebra+Basics.swift
[354/631] Compiling OrderedCollections OrderedSet+RandomAccessCollection.swift
[355/631] Compiling OrderedCollections OrderedSet+ReserveCapacity.swift
[363/631] Compiling IssueReporting WithExpectedIssue.swift
[364/631] Compiling IssueReporting WithIssueContext.swift
[365/631] Compiling OrderedCollections OrderedDictionary+Sendable.swift
[366/631] Compiling OrderedCollections OrderedDictionary+Sequence.swift
[367/631] Compiling OrderedCollections OrderedDictionary+Values.swift
[368/631] Compiling OrderedCollections OrderedDictionary.swift
[369/631] Compiling OrderedCollections OrderedSet+Codable.swift
[370/631] Compiling OrderedCollections OrderedSet+CustomReflectable.swift
[371/631] Compiling OrderedCollections OrderedSet+Descriptions.swift
[372/631] Compiling OrderedCollections OrderedSet+Diffing.swift
[373/631] Compiling OrderedCollections OrderedSet+Equatable.swift
[374/631] Compiling OrderedCollections OrderedSet+ExpressibleByArrayLiteral.swift
[375/631] Compiling OrderedCollections OrderedSet+Partial SetAlgebra formSymmetricDifference.swift
[376/631] Compiling OrderedCollections OrderedSet+Partial SetAlgebra formUnion.swift
[377/631] Compiling OrderedCollections OrderedSet+Partial SetAlgebra intersection.swift
[378/631] Compiling OrderedCollections OrderedSet+Partial SetAlgebra isDisjoint.swift
[379/631] Compiling OrderedCollections OrderedSet+Partial SetAlgebra isEqualSet.swift
[380/631] Compiling OrderedCollections OrderedSet+Partial SetAlgebra isStrictSubset.swift
[381/631] Compiling OrderedCollections OrderedSet+Partial SetAlgebra isStrictSuperset.swift
[384/638] Compiling PerceptionCore Perceptions.swift
[385/638] Compiling PerceptionCore Bindable.swift
[392/638] Compiling PerceptionCore ObservationBeta.swift
[393/638] Compiling PerceptionCore Locking.swift
[394/638] Compiling PerceptionCore Perceptible.swift
[401/638] Compiling OrderedCollections OrderedSet+Sendable.swift
[402/638] Compiling OrderedCollections OrderedSet+SubSequence.swift
[403/638] Compiling OrderedCollections OrderedSet+Testing.swift
[404/638] Compiling OrderedCollections OrderedSet+UnorderedView.swift
[405/638] Compiling OrderedCollections OrderedSet+UnstableInternals.swift
[406/638] Compiling OrderedCollections OrderedSet.swift
[407/638] Compiling OrderedCollections _UnsafeBitset.swift
[408/638] Compiling SwiftSyntax SyntaxNodesD.swift
[409/638] Compiling SwiftSyntax SyntaxNodesEF.swift
[410/638] Emitting module OrderedCollections
[458/686] Compiling OrderedCollections OrderedSet+Partial SetAlgebra isSubset.swift
[459/686] Compiling OrderedCollections OrderedSet+Hashable.swift
[460/686] Compiling OrderedCollections OrderedSet+Initializers.swift
[461/686] Compiling OrderedCollections OrderedSet+Insertions.swift
[462/686] Compiling OrderedCollections OrderedSet+Invariants.swift
[463/686] Compiling OrderedCollections OrderedSet+Move.swift
[464/686] Compiling OrderedCollections OrderedSet+Partial MutableCollection.swift
[465/686] Compiling OrderedCollections OrderedSet+Partial RangeReplaceableCollection.swift
[466/686] Compiling OrderedCollections OrderedSet+Partial SetAlgebra formIntersection.swift
[471/686] Compiling IdentifiedCollections IdentifiedArray+IdentifiedCollection.swift
[472/686] Compiling IdentifiedCollections IdentifiedArray+RangeReplaceableCollection.swift
[473/686] Compiling IdentifiedCollections IdentifiedArray+Sendable.swift
[474/686] Compiling IdentifiedCollections IdentifiedArray+MutableCollection.swift
[475/689] Compiling IdentifiedCollections IdentifiedArray+CustomDebugStringConvertible.swift
[476/689] Compiling IdentifiedCollections IdentifiedArray+CustomReflectable.swift
[477/689] Compiling IdentifiedCollections IdentifiedArray+CustomStringConvertible.swift
[478/689] Compiling IdentifiedCollections IdentifiedArray+Equatable.swift
[479/689] Compiling IdentifiedCollections IdentifiedArray+RandomAccessCollection.swift
[480/689] Compiling CustomDump Swift.swift
[481/689] Compiling CustomDump SwiftUI.swift
[482/689] Compiling CustomDump UIKit.swift
[483/689] Compiling OpenCombine Result.swift
[484/689] Compiling OpenCombine Scheduler.swift
[485/689] Compiling OpenCombine Subject+Void.swift
[486/689] Compiling OpenCombine Subscriber+Void.swift
[487/689] Compiling OpenCombine Subscribers.Assign.swift
[488/689] Compiling OpenCombine Subscribers.Completion.swift
[489/689] Compiling OpenCombine Subscribers.Demand.swift
[490/689] Compiling OpenCombine Subscribers.Sink.swift
[491/689] Compiling OpenCombine Subscribers.swift
[492/689] Compiling OpenCombine Subscription.swift
[493/689] Compiling OpenCombine Subscriptions.swift
[494/689] Compiling OpenCombine _Introspection.swift
[499/691] Compiling IdentifiedCollections IdentifiedArray+Hashable.swift
[503/691] Compiling IdentifiedCollections IdentifiedArray+ExpressibleByArrayLiteral.swift
[504/691] Compiling IdentifiedCollections IdentifiedArray+Initializers.swift
[505/691] Compiling IdentifiedCollections IdentifiedArray+Insertions.swift
[506/691] Compiling IdentifiedCollections IdentifiedArray+CollectionAlgorithms.swift
[509/691] Compiling CustomDump Identifiable.swift
[510/691] Compiling CustomDump Mirror.swift
[511/691] Compiling CustomDump String.swift
[512/691] Compiling IdentifiedCollections Identified.swift
[513/691] Compiling IdentifiedCollections IdentifiedArray+Codable.swift
[514/691] Compiling IdentifiedCollections IdentifiedArray+Collection.swift
[535/691] Emitting module IdentifiedCollections
[536/691] Compiling IdentifiedCollections IdentifiedArray.swift
[537/691] Compiling IdentifiedCollections IdentifiedCollection.swift
[551/692] Compiling CustomDump Unordered.swift
[552/692] Compiling CustomDump XCTAssertDifference.swift
[553/692] Compiling CustomDump XCTAssertNoDifference.swift
[554/707] Emitting module CustomDump
[555/707] Emitting module Atomics
[556/707] Compiling PerceptionCore Locals.swift
[557/707] Compiling PerceptionCore ObservationBeta.swift
[558/707] Compiling PerceptionCore Deprecations.swift
[559/707] Compiling PerceptionCore Exports.swift
[560/707] Compiling PerceptionCore Locking.swift
[561/707] Compiling PerceptionCore Perceptible.swift
[562/708] Compiling SwiftSyntax SyntaxNodesGHI.swift
[563/708] Compiling SwiftSyntax SyntaxNodesJKLMN.swift
[564/708] Compiling SwiftSyntax SyntaxNodesOP.swift
[565/708] Compiling SwiftSyntax SyntaxNodesQRS.swift
[566/708] Compiling SwiftSyntax SyntaxNodesTUVWXYZ.swift
[567/708] Compiling OpenCombine Publishers.DropWhile.swift
[568/708] Compiling OpenCombine Publishers.Filter.swift
[569/708] Compiling OpenCombine Publishers.First.swift
[570/708] Compiling OpenCombine Publishers.FlatMap.swift
[571/708] Compiling OpenCombine Publishers.HandleEvents.swift
[572/708] Compiling OpenCombine Publishers.IgnoreOutput.swift
[573/708] Compiling OpenCombine Publishers.Last.swift
[574/708] Compiling OpenCombine Publishers.MakeConnectable.swift
[575/708] Compiling OpenCombine Publishers.Retry.swift
[576/708] Compiling OpenCombine Publishers.Scan.swift
[577/708] Compiling OpenCombine Publishers.Sequence.swift
[578/708] Compiling OpenCombine Publishers.SetFailureType.swift
[579/708] Compiling OpenCombine Publishers.Share.swift
[580/708] Compiling OpenCombine Publishers.SubscribeOn.swift
[581/708] Compiling OpenCombine Publishers.SwitchToLatest.swift
[582/708] Compiling OpenCombine Publishers.Throttle.swift
[583/708] Compiling OpenCombine Publishers.Timeout.swift
[584/708] Compiling OpenCombine Publishers.Zip.swift
[585/708] Compiling OpenCombine Publishers.swift
[586/708] Compiling OpenCombine Record.swift
[587/708] Compiling OpenCombine Result.Publisher.swift
[597/806] Emitting module OrderedCollections
[599/833] Emitting module Atomics
[600/835] Compiling CustomDump SwiftUI.swift
[601/835] Compiling CustomDump UIKit.swift
[602/835] Compiling CustomDump CustomDumpRepresentable.swift
[603/835] Compiling CustomDump CustomDumpStringConvertible.swift
[604/836] Compiling CustomDump GameKit.swift
[605/836] Compiling CustomDump KeyPath.swift
[606/836] Compiling CustomDump Photos.swift
[607/836] Compiling CustomDump Speech.swift
[608/850] Compiling OpenCombineFoundation Locking.swift
[609/850] Compiling OpenCombineFoundation Portability.swift
[610/850] Compiling OpenCombineFoundation Utils.swift
[611/850] Compiling OpenCombineFoundation Violations.swift
[612/850] Compiling OpenCombineFoundation JSONEncoder.swift
[613/850] Compiling OpenCombineFoundation NotificationCenter.swift
[616/850] Compiling CustomDump StoreKit.swift
[617/850] Compiling CustomDump Swift.swift
[620/851] Emitting module PerceptionCore
[628/851] Compiling CustomDump CoreMotion.swift
[629/851] Compiling CustomDump Foundation.swift
[630/853] Compiling CustomDump Identifiable.swift
[631/853] Compiling CustomDump Mirror.swift
[632/853] Compiling CustomDump String.swift
[633/853] Compiling CustomDump ExpectDifference.swift
[634/854] Compiling CustomDump UniformTypeIdentifiers.swift
[635/854] Compiling CustomDump UserNotifications.swift
[636/854] Compiling CustomDump UserNotificationsUI.swift
[637/854] Compiling CustomDump CustomDumpReflectable.swift
[643/854] Compiling CustomDump ExpectNoDifference.swift
[644/854] Compiling CustomDump AnyType.swift
[645/854] Compiling CustomDump CollectionDifference.swift
[646/854] Compiling PerceptionCore _PerceptionRegistrar.swift
[647/872] Emitting module CustomDump
[648/872] Compiling CustomDump Unordered.swift
[649/872] Compiling CustomDump XCTAssertDifference.swift
[650/872] Compiling CustomDump XCTAssertNoDifference.swift
[651/872] Compiling OpenCombineFoundation PropertyListEncoder.swift
[652/872] Compiling IdentifiedCollections IdentifiedArray+CustomStringConvertible.swift
[653/872] Compiling IdentifiedCollections IdentifiedArray+Equatable.swift
[654/872] Compiling IdentifiedCollections IdentifiedArray+ExpressibleByArrayLiteral.swift
[655/872] Compiling IdentifiedCollections IdentifiedArray+Initializers.swift
[657/874] Compiling IdentifiedCollections IdentifiedArray+Collection.swift
[658/874] Compiling IdentifiedCollections IdentifiedArray+CollectionAlgorithms.swift
[659/885] Compiling CombineSchedulers TestScheduler.swift
[660/885] Compiling CombineSchedulers Timer.swift
[661/885] Compiling CombineSchedulers Platform.swift
[662/889] Compiling IdentifiedCollections IdentifiedArray+Hashable.swift
[663/889] Compiling IdentifiedCollections IdentifiedArray+IdentifiedCollection.swift
[664/889] Compiling IdentifiedCollections IdentifiedArray+RangeReplaceableCollection.swift
[665/889] Compiling IdentifiedCollections IdentifiedArray+Sendable.swift
[666/889] Compiling IdentifiedCollections IdentifiedArray+MutableCollection.swift
[667/889] Compiling IdentifiedCollections IdentifiedArray+RandomAccessCollection.swift
[668/889] Emitting module OpenCombineFoundation
[669/889] Compiling OpenCombineFoundation Timer+Publisher.swift
[670/889] Compiling CombineSchedulers Deprecations.swift
[671/889] Compiling CombineSchedulers Lock.swift
[672/889] Compiling CombineSchedulers NSRecursiveLock.swift
[673/889] Compiling CombineSchedulers SwiftUI.swift
[674/889] Compiling IdentifiedCollections IdentifiedArray+Insertions.swift
[675/889] Compiling CombineSchedulers AnyScheduler.swift
[676/889] Compiling CombineSchedulers Concurrency.swift
[679/890] Compiling CombineSchedulers ImmediateScheduler.swift
[680/890] Compiling OpenCombineFoundation RunLoop+Scheduler.swift
[681/890] Compiling IdentifiedCollections IdentifiedArray.swift
[682/890] Compiling IdentifiedCollections IdentifiedCollection.swift
/root/.swiftpm/swift-sdks/swift-6.3.2-RELEASE_wasm.artifactbundle/swift-6.3.2-RELEASE_wasm/wasm32-unknown-wasip1/swift.xctoolchain/usr/lib/swift_static/CoreFoundation/CoreFoundation.h:28:10: note: while building module 'wasi_emulated_signal' imported from /root/.swiftpm/swift-sdks/swift-6.3.2-RELEASE_wasm.artifactbundle/swift-6.3.2-RELEASE_wasm/wasm32-unknown-wasip1/swift.xctoolchain/usr/lib/swift_static/CoreFoundation/CoreFoundation.h:28:
26 | #include <setjmp.h>
27 | #endif
28 | #include <signal.h>
| `- note: while building module 'wasi_emulated_signal' imported from /root/.swiftpm/swift-sdks/swift-6.3.2-RELEASE_wasm.artifactbundle/swift-6.3.2-RELEASE_wasm/wasm32-unknown-wasip1/swift.xctoolchain/usr/lib/swift_static/CoreFoundation/CoreFoundation.h:28:
29 | #include <stddef.h>
30 | #include <stdio.h>
<module-includes>:1:10: note: in file included from <module-includes>:1:
1 | #include "signal.h"
| `- note: in file included from <module-includes>:1:
2 |
/root/.swiftpm/swift-sdks/swift-6.3.2-RELEASE_wasm.artifactbundle/swift-6.3.2-RELEASE_wasm/wasm32-unknown-wasip1/WASI.sdk/include/wasm32-wasip1/signal.h:2:2: error: "wasm lacks signal support; to enable minimal signal emulation, compile with -D_WASI_EMULATED_SIGNAL and link with -lwasi-emulated-signal"
1 | #ifndef _WASI_EMULATED_SIGNAL
2 | #error "wasm lacks signal support; to enable minimal signal emulation, \
| `- error: "wasm lacks signal support; to enable minimal signal emulation, compile with -D_WASI_EMULATED_SIGNAL and link with -lwasi-emulated-signal"
3 | compile with -D_WASI_EMULATED_SIGNAL and link with -lwasi-emulated-signal"
4 | #else
<module-includes>:1:10: note: in file included from <module-includes>:1:
1 | #include "CoreFoundation.h"
| `- note: in file included from <module-includes>:1:
2 |
/root/.swiftpm/swift-sdks/swift-6.3.2-RELEASE_wasm.artifactbundle/swift-6.3.2-RELEASE_wasm/wasm32-unknown-wasip1/swift.xctoolchain/usr/lib/swift_static/CoreFoundation/CoreFoundation.h:28:10: error: could not build module 'wasi_emulated_signal'
26 | #include <setjmp.h>
27 | #endif
28 | #include <signal.h>
| `- error: could not build module 'wasi_emulated_signal'
29 | #include <stddef.h>
30 | #include <stdio.h>
/root/.swiftpm/swift-sdks/swift-6.3.2-RELEASE_wasm.artifactbundle/swift-6.3.2-RELEASE_wasm/wasm32-unknown-wasip1/swift.xctoolchain/usr/lib/swift_static/CoreFoundation/ForSwiftFoundationOnly.h:86:10: note: while building module 'wasi_emulated_mman' imported from /root/.swiftpm/swift-sdks/swift-6.3.2-RELEASE_wasm.artifactbundle/swift-6.3.2-RELEASE_wasm/wasm32-unknown-wasip1/swift.xctoolchain/usr/lib/swift_static/CoreFoundation/ForSwiftFoundationOnly.h:86:
84 | #undef _WASI_EMULATED_MMAN
85 | #define _WASI_EMULATED_MMAN
86 | #include <sys/mman.h>
| `- note: while building module 'wasi_emulated_mman' imported from /root/.swiftpm/swift-sdks/swift-6.3.2-RELEASE_wasm.artifactbundle/swift-6.3.2-RELEASE_wasm/wasm32-unknown-wasip1/swift.xctoolchain/usr/lib/swift_static/CoreFoundation/ForSwiftFoundationOnly.h:86:
87 | #elif TARGET_OS_LINUX
88 | #include <errno.h>
<module-includes>:1:10: note: in file included from <module-includes>:1:
1 | #include "sys/mman.h"
| `- note: in file included from <module-includes>:1:
2 |
/root/.swiftpm/swift-sdks/swift-6.3.2-RELEASE_wasm.artifactbundle/swift-6.3.2-RELEASE_wasm/wasm32-unknown-wasip1/WASI.sdk/include/wasm32-wasip1/sys/mman.h:2:2: error: "WASI lacks a true mmap; to enable minimal mmap emulation, compile with -D_WASI_EMULATED_MMAN and link with -lwasi-emulated-mman"
1 | #ifndef _WASI_EMULATED_MMAN
2 | #error "WASI lacks a true mmap; to enable minimal mmap emulation, \
| `- error: "WASI lacks a true mmap; to enable minimal mmap emulation, compile with -D_WASI_EMULATED_MMAN and link with -lwasi-emulated-mman"
3 | compile with -D_WASI_EMULATED_MMAN and link with -lwasi-emulated-mman"
4 | #else
/host/spi-builder-workspace/.build/checkouts/combine-schedulers/Sources/CombineSchedulers/Internal/Lock.swift:48:12: error: could not build C module 'CoreFoundation'
46 | import Foundation
47 | #if canImport(CoreFoundation)
48 | import CoreFoundation
| `- error: could not build C module 'CoreFoundation'
49 | #endif
50 |
/root/.swiftpm/swift-sdks/swift-6.3.2-RELEASE_wasm.artifactbundle/swift-6.3.2-RELEASE_wasm/wasm32-unknown-wasip1/swift.xctoolchain/usr/lib/swift_static/CoreFoundation/CoreFoundation.h:28:10: note: while building module 'wasi_emulated_signal' imported from /root/.swiftpm/swift-sdks/swift-6.3.2-RELEASE_wasm.artifactbundle/swift-6.3.2-RELEASE_wasm/wasm32-unknown-wasip1/swift.xctoolchain/usr/lib/swift_static/CoreFoundation/CoreFoundation.h:28:
26 | #include <setjmp.h>
27 | #endif
28 | #include <signal.h>
| `- note: while building module 'wasi_emulated_signal' imported from /root/.swiftpm/swift-sdks/swift-6.3.2-RELEASE_wasm.artifactbundle/swift-6.3.2-RELEASE_wasm/wasm32-unknown-wasip1/swift.xctoolchain/usr/lib/swift_static/CoreFoundation/CoreFoundation.h:28:
29 | #include <stddef.h>
30 | #include <stdio.h>
<module-includes>:1:10: note: in file included from <module-includes>:1:
1 | #include "signal.h"
| `- note: in file included from <module-includes>:1:
2 |
/root/.swiftpm/swift-sdks/swift-6.3.2-RELEASE_wasm.artifactbundle/swift-6.3.2-RELEASE_wasm/wasm32-unknown-wasip1/WASI.sdk/include/wasm32-wasip1/signal.h:2:2: error: "wasm lacks signal support; to enable minimal signal emulation, compile with -D_WASI_EMULATED_SIGNAL and link with -lwasi-emulated-signal"
1 | #ifndef _WASI_EMULATED_SIGNAL
2 | #error "wasm lacks signal support; to enable minimal signal emulation, \
| `- error: "wasm lacks signal support; to enable minimal signal emulation, compile with -D_WASI_EMULATED_SIGNAL and link with -lwasi-emulated-signal"
3 | compile with -D_WASI_EMULATED_SIGNAL and link with -lwasi-emulated-signal"
4 | #else
<module-includes>:1:10: note: in file included from <module-includes>:1:
1 | #include "CoreFoundation.h"
| `- note: in file included from <module-includes>:1:
2 |
/root/.swiftpm/swift-sdks/swift-6.3.2-RELEASE_wasm.artifactbundle/swift-6.3.2-RELEASE_wasm/wasm32-unknown-wasip1/swift.xctoolchain/usr/lib/swift_static/CoreFoundation/CoreFoundation.h:28:10: error: could not build module 'wasi_emulated_signal'
26 | #include <setjmp.h>
27 | #endif
28 | #include <signal.h>
| `- error: could not build module 'wasi_emulated_signal'
29 | #include <stddef.h>
30 | #include <stdio.h>
/root/.swiftpm/swift-sdks/swift-6.3.2-RELEASE_wasm.artifactbundle/swift-6.3.2-RELEASE_wasm/wasm32-unknown-wasip1/swift.xctoolchain/usr/lib/swift_static/CoreFoundation/ForSwiftFoundationOnly.h:86:10: note: while building module 'wasi_emulated_mman' imported from /root/.swiftpm/swift-sdks/swift-6.3.2-RELEASE_wasm.artifactbundle/swift-6.3.2-RELEASE_wasm/wasm32-unknown-wasip1/swift.xctoolchain/usr/lib/swift_static/CoreFoundation/ForSwiftFoundationOnly.h:86:
84 | #undef _WASI_EMULATED_MMAN
85 | #define _WASI_EMULATED_MMAN
86 | #include <sys/mman.h>
| `- note: while building module 'wasi_emulated_mman' imported from /root/.swiftpm/swift-sdks/swift-6.3.2-RELEASE_wasm.artifactbundle/swift-6.3.2-RELEASE_wasm/wasm32-unknown-wasip1/swift.xctoolchain/usr/lib/swift_static/CoreFoundation/ForSwiftFoundationOnly.h:86:
87 | #elif TARGET_OS_LINUX
88 | #include <errno.h>
<module-includes>:1:10: note: in file included from <module-includes>:1:
1 | #include "sys/mman.h"
| `- note: in file included from <module-includes>:1:
2 |
/root/.swiftpm/swift-sdks/swift-6.3.2-RELEASE_wasm.artifactbundle/swift-6.3.2-RELEASE_wasm/wasm32-unknown-wasip1/WASI.sdk/include/wasm32-wasip1/sys/mman.h:2:2: error: "WASI lacks a true mmap; to enable minimal mmap emulation, compile with -D_WASI_EMULATED_MMAN and link with -lwasi-emulated-mman"
1 | #ifndef _WASI_EMULATED_MMAN
2 | #error "WASI lacks a true mmap; to enable minimal mmap emulation, \
| `- error: "WASI lacks a true mmap; to enable minimal mmap emulation, compile with -D_WASI_EMULATED_MMAN and link with -lwasi-emulated-mman"
3 | compile with -D_WASI_EMULATED_MMAN and link with -lwasi-emulated-mman"
4 | #else
/host/spi-builder-workspace/.build/checkouts/combine-schedulers/Sources/CombineSchedulers/Internal/Lock.swift:48:12: error: could not build C module 'CoreFoundation'
46 | import Foundation
47 | #if canImport(CoreFoundation)
48 | import CoreFoundation
| `- error: could not build C module 'CoreFoundation'
49 | #endif
50 |
[687/891] Emitting module IdentifiedCollections
[688/892] Compiling OpenCombineFoundation URLSession.swift
[697/892] Emitting module PerceptionCore
[699/892] Compiling OpenCombineDispatch DispatchQueue+Scheduler.swift
[700/892] Emitting module OpenCombineDispatch
[702/990] Compiling OpenCombineFoundation OperationQueue+Scheduler.swift
[703/990] Compiling OperationCore DisableApplicationActiveRefetchingOperation.swift
[704/990] Compiling OperationCore OperationClient+StoreCache.swift
[705/999] Compiling Clocks Timer.swift
[707/1000] Compiling Clocks Lock.swift
[708/1000] Compiling PerceptionCore _PerceptionRegistrar.swift
[709/1004] Compiling Clocks AnyClock.swift
[710/1004] Emitting module Clocks
[711/1004] Compiling OperationCore ApplicationIsActiveRunSpecification.swift
/root/.swiftpm/swift-sdks/swift-6.3.2-RELEASE_wasm.artifactbundle/swift-6.3.2-RELEASE_wasm/wasm32-unknown-wasip1/swift.xctoolchain/usr/lib/swift_static/CoreFoundation/CoreFoundation.h:28:10: note: while building module 'wasi_emulated_signal' imported from /root/.swiftpm/swift-sdks/swift-6.3.2-RELEASE_wasm.artifactbundle/swift-6.3.2-RELEASE_wasm/wasm32-unknown-wasip1/swift.xctoolchain/usr/lib/swift_static/CoreFoundation/CoreFoundation.h:28:
26 | #include <setjmp.h>
27 | #endif
28 | #include <signal.h>
| `- note: while building module 'wasi_emulated_signal' imported from /root/.swiftpm/swift-sdks/swift-6.3.2-RELEASE_wasm.artifactbundle/swift-6.3.2-RELEASE_wasm/wasm32-unknown-wasip1/swift.xctoolchain/usr/lib/swift_static/CoreFoundation/CoreFoundation.h:28:
29 | #include <stddef.h>
30 | #include <stdio.h>
<module-includes>:1:10: note: in file included from <module-includes>:1:
1 | #include "signal.h"
| `- note: in file included from <module-includes>:1:
2 |
/root/.swiftpm/swift-sdks/swift-6.3.2-RELEASE_wasm.artifactbundle/swift-6.3.2-RELEASE_wasm/wasm32-unknown-wasip1/WASI.sdk/include/wasm32-wasip1/signal.h:2:2: error: "wasm lacks signal support; to enable minimal signal emulation, compile with -D_WASI_EMULATED_SIGNAL and link with -lwasi-emulated-signal"
1 | #ifndef _WASI_EMULATED_SIGNAL
2 | #error "wasm lacks signal support; to enable minimal signal emulation, \
| `- error: "wasm lacks signal support; to enable minimal signal emulation, compile with -D_WASI_EMULATED_SIGNAL and link with -lwasi-emulated-signal"
3 | compile with -D_WASI_EMULATED_SIGNAL and link with -lwasi-emulated-signal"
4 | #else
<module-includes>:1:10: note: in file included from <module-includes>:1:
1 | #include "CoreFoundation.h"
| `- note: in file included from <module-includes>:1:
2 |
/root/.swiftpm/swift-sdks/swift-6.3.2-RELEASE_wasm.artifactbundle/swift-6.3.2-RELEASE_wasm/wasm32-unknown-wasip1/swift.xctoolchain/usr/lib/swift_static/CoreFoundation/CoreFoundation.h:28:10: error: could not build module 'wasi_emulated_signal'
26 | #include <setjmp.h>
27 | #endif
28 | #include <signal.h>
| `- error: could not build module 'wasi_emulated_signal'
29 | #include <stddef.h>
30 | #include <stdio.h>
/root/.swiftpm/swift-sdks/swift-6.3.2-RELEASE_wasm.artifactbundle/swift-6.3.2-RELEASE_wasm/wasm32-unknown-wasip1/swift.xctoolchain/usr/lib/swift_static/CoreFoundation/ForSwiftFoundationOnly.h:86:10: note: while building module 'wasi_emulated_mman' imported from /root/.swiftpm/swift-sdks/swift-6.3.2-RELEASE_wasm.artifactbundle/swift-6.3.2-RELEASE_wasm/wasm32-unknown-wasip1/swift.xctoolchain/usr/lib/swift_static/CoreFoundation/ForSwiftFoundationOnly.h:86:
84 | #undef _WASI_EMULATED_MMAN
85 | #define _WASI_EMULATED_MMAN
86 | #include <sys/mman.h>
| `- note: while building module 'wasi_emulated_mman' imported from /root/.swiftpm/swift-sdks/swift-6.3.2-RELEASE_wasm.artifactbundle/swift-6.3.2-RELEASE_wasm/wasm32-unknown-wasip1/swift.xctoolchain/usr/lib/swift_static/CoreFoundation/ForSwiftFoundationOnly.h:86:
87 | #elif TARGET_OS_LINUX
88 | #include <errno.h>
<module-includes>:1:10: note: in file included from <module-includes>:1:
1 | #include "sys/mman.h"
| `- note: in file included from <module-includes>:1:
2 |
/root/.swiftpm/swift-sdks/swift-6.3.2-RELEASE_wasm.artifactbundle/swift-6.3.2-RELEASE_wasm/wasm32-unknown-wasip1/WASI.sdk/include/wasm32-wasip1/sys/mman.h:2:2: error: "WASI lacks a true mmap; to enable minimal mmap emulation, compile with -D_WASI_EMULATED_MMAN and link with -lwasi-emulated-mman"
1 | #ifndef _WASI_EMULATED_MMAN
2 | #error "WASI lacks a true mmap; to enable minimal mmap emulation, \
| `- error: "WASI lacks a true mmap; to enable minimal mmap emulation, compile with -D_WASI_EMULATED_MMAN and link with -lwasi-emulated-mman"
3 | compile with -D_WASI_EMULATED_MMAN and link with -lwasi-emulated-mman"
4 | #else
/host/spi-builder-workspace/.build/checkouts/combine-schedulers/Sources/CombineSchedulers/Internal/Lock.swift:48:12: error: could not build C module 'CoreFoundation'
46 | import Foundation
47 | #if canImport(CoreFoundation)
48 | import CoreFoundation
| `- error: could not build C module 'CoreFoundation'
49 | #endif
50 |
[712/1004] Compiling OperationCore DarwinApplicationActivityObserver.swift
/root/.swiftpm/swift-sdks/swift-6.3.2-RELEASE_wasm.artifactbundle/swift-6.3.2-RELEASE_wasm/wasm32-unknown-wasip1/swift.xctoolchain/usr/lib/swift_static/CoreFoundation/CoreFoundation.h:28:10: note: while building module 'wasi_emulated_signal' imported from /root/.swiftpm/swift-sdks/swift-6.3.2-RELEASE_wasm.artifactbundle/swift-6.3.2-RELEASE_wasm/wasm32-unknown-wasip1/swift.xctoolchain/usr/lib/swift_static/CoreFoundation/CoreFoundation.h:28:
26 | #include <setjmp.h>
27 | #endif
28 | #include <signal.h>
| `- note: while building module 'wasi_emulated_signal' imported from /root/.swiftpm/swift-sdks/swift-6.3.2-RELEASE_wasm.artifactbundle/swift-6.3.2-RELEASE_wasm/wasm32-unknown-wasip1/swift.xctoolchain/usr/lib/swift_static/CoreFoundation/CoreFoundation.h:28:
29 | #include <stddef.h>
30 | #include <stdio.h>
<module-includes>:1:10: note: in file included from <module-includes>:1:
1 | #include "signal.h"
| `- note: in file included from <module-includes>:1:
2 |
/root/.swiftpm/swift-sdks/swift-6.3.2-RELEASE_wasm.artifactbundle/swift-6.3.2-RELEASE_wasm/wasm32-unknown-wasip1/WASI.sdk/include/wasm32-wasip1/signal.h:2:2: error: "wasm lacks signal support; to enable minimal signal emulation, compile with -D_WASI_EMULATED_SIGNAL and link with -lwasi-emulated-signal"
1 | #ifndef _WASI_EMULATED_SIGNAL
2 | #error "wasm lacks signal support; to enable minimal signal emulation, \
| `- error: "wasm lacks signal support; to enable minimal signal emulation, compile with -D_WASI_EMULATED_SIGNAL and link with -lwasi-emulated-signal"
3 | compile with -D_WASI_EMULATED_SIGNAL and link with -lwasi-emulated-signal"
4 | #else
<module-includes>:1:10: note: in file included from <module-includes>:1:
1 | #include "CoreFoundation.h"
| `- note: in file included from <module-includes>:1:
2 |
/root/.swiftpm/swift-sdks/swift-6.3.2-RELEASE_wasm.artifactbundle/swift-6.3.2-RELEASE_wasm/wasm32-unknown-wasip1/swift.xctoolchain/usr/lib/swift_static/CoreFoundation/CoreFoundation.h:28:10: error: could not build module 'wasi_emulated_signal'
26 | #include <setjmp.h>
27 | #endif
28 | #include <signal.h>
| `- error: could not build module 'wasi_emulated_signal'
29 | #include <stddef.h>
30 | #include <stdio.h>
/root/.swiftpm/swift-sdks/swift-6.3.2-RELEASE_wasm.artifactbundle/swift-6.3.2-RELEASE_wasm/wasm32-unknown-wasip1/swift.xctoolchain/usr/lib/swift_static/CoreFoundation/ForSwiftFoundationOnly.h:86:10: note: while building module 'wasi_emulated_mman' imported from /root/.swiftpm/swift-sdks/swift-6.3.2-RELEASE_wasm.artifactbundle/swift-6.3.2-RELEASE_wasm/wasm32-unknown-wasip1/swift.xctoolchain/usr/lib/swift_static/CoreFoundation/ForSwiftFoundationOnly.h:86:
84 | #undef _WASI_EMULATED_MMAN
85 | #define _WASI_EMULATED_MMAN
86 | #include <sys/mman.h>
| `- note: while building module 'wasi_emulated_mman' imported from /root/.swiftpm/swift-sdks/swift-6.3.2-RELEASE_wasm.artifactbundle/swift-6.3.2-RELEASE_wasm/wasm32-unknown-wasip1/swift.xctoolchain/usr/lib/swift_static/CoreFoundation/ForSwiftFoundationOnly.h:86:
87 | #elif TARGET_OS_LINUX
88 | #include <errno.h>
<module-includes>:1:10: note: in file included from <module-includes>:1:
1 | #include "sys/mman.h"
| `- note: in file included from <module-includes>:1:
2 |
/root/.swiftpm/swift-sdks/swift-6.3.2-RELEASE_wasm.artifactbundle/swift-6.3.2-RELEASE_wasm/wasm32-unknown-wasip1/WASI.sdk/include/wasm32-wasip1/sys/mman.h:2:2: error: "WASI lacks a true mmap; to enable minimal mmap emulation, compile with -D_WASI_EMULATED_MMAN and link with -lwasi-emulated-mman"
1 | #ifndef _WASI_EMULATED_MMAN
2 | #error "WASI lacks a true mmap; to enable minimal mmap emulation, \
| `- error: "WASI lacks a true mmap; to enable minimal mmap emulation, compile with -D_WASI_EMULATED_MMAN and link with -lwasi-emulated-mman"
3 | compile with -D_WASI_EMULATED_MMAN and link with -lwasi-emulated-mman"
4 | #else
/host/spi-builder-workspace/.build/checkouts/combine-schedulers/Sources/CombineSchedulers/Internal/Lock.swift:48:12: error: could not build C module 'CoreFoundation'
46 | import Foundation
47 | #if canImport(CoreFoundation)
48 | import CoreFoundation
| `- error: could not build C module 'CoreFoundation'
49 | #endif
50 |
[713/1004] Compiling Clocks ImmediateClock.swift
[714/1008] Emitting module OperationCore
[715/1008] Compiling OperationCore ControlledOperation.swift
[716/1008] Compiling OperationCore OperationController.swift
[717/1008] Compiling OperationCore OperationClient+StoreCreation.swift
[718/1008] Compiling OperationCore OperationClient.swift
[720/1022] Compiling Clocks Timer.swift
error: emit-module command failed with exit code 1 (use -v to see invocation)
[721/1023] Emitting module CombineSchedulers
/root/.swiftpm/swift-sdks/swift-6.3.2-RELEASE_wasm.artifactbundle/swift-6.3.2-RELEASE_wasm/wasm32-unknown-wasip1/swift.xctoolchain/usr/lib/swift_static/CoreFoundation/CoreFoundation.h:28:10: note: while building module 'wasi_emulated_signal' imported from /root/.swiftpm/swift-sdks/swift-6.3.2-RELEASE_wasm.artifactbundle/swift-6.3.2-RELEASE_wasm/wasm32-unknown-wasip1/swift.xctoolchain/usr/lib/swift_static/CoreFoundation/CoreFoundation.h:28:
26 | #include <setjmp.h>
27 | #endif
28 | #include <signal.h>
| `- note: while building module 'wasi_emulated_signal' imported from /root/.swiftpm/swift-sdks/swift-6.3.2-RELEASE_wasm.artifactbundle/swift-6.3.2-RELEASE_wasm/wasm32-unknown-wasip1/swift.xctoolchain/usr/lib/swift_static/CoreFoundation/CoreFoundation.h:28:
29 | #include <stddef.h>
30 | #include <stdio.h>
<module-includes>:1:10: note: in file included from <module-includes>:1:
1 | #include "signal.h"
| `- note: in file included from <module-includes>:1:
2 |
/root/.swiftpm/swift-sdks/swift-6.3.2-RELEASE_wasm.artifactbundle/swift-6.3.2-RELEASE_wasm/wasm32-unknown-wasip1/WASI.sdk/include/wasm32-wasip1/signal.h:2:2: error: "wasm lacks signal support; to enable minimal signal emulation, compile with -D_WASI_EMULATED_SIGNAL and link with -lwasi-emulated-signal"
1 | #ifndef _WASI_EMULATED_SIGNAL
2 | #error "wasm lacks signal support; to enable minimal signal emulation, \
| `- error: "wasm lacks signal support; to enable minimal signal emulation, compile with -D_WASI_EMULATED_SIGNAL and link with -lwasi-emulated-signal"
3 | compile with -D_WASI_EMULATED_SIGNAL and link with -lwasi-emulated-signal"
4 | #else
<module-includes>:1:10: note: in file included from <module-includes>:1:
1 | #include "CoreFoundation.h"
| `- note: in file included from <module-includes>:1:
2 |
/root/.swiftpm/swift-sdks/swift-6.3.2-RELEASE_wasm.artifactbundle/swift-6.3.2-RELEASE_wasm/wasm32-unknown-wasip1/swift.xctoolchain/usr/lib/swift_static/CoreFoundation/CoreFoundation.h:28:10: error: could not build module 'wasi_emulated_signal'
26 | #include <setjmp.h>
27 | #endif
28 | #include <signal.h>
| `- error: could not build module 'wasi_emulated_signal'
29 | #include <stddef.h>
30 | #include <stdio.h>
/root/.swiftpm/swift-sdks/swift-6.3.2-RELEASE_wasm.artifactbundle/swift-6.3.2-RELEASE_wasm/wasm32-unknown-wasip1/swift.xctoolchain/usr/lib/swift_static/CoreFoundation/ForSwiftFoundationOnly.h:86:10: note: while building module 'wasi_emulated_mman' imported from /root/.swiftpm/swift-sdks/swift-6.3.2-RELEASE_wasm.artifactbundle/swift-6.3.2-RELEASE_wasm/wasm32-unknown-wasip1/swift.xctoolchain/usr/lib/swift_static/CoreFoundation/ForSwiftFoundationOnly.h:86:
84 | #undef _WASI_EMULATED_MMAN
85 | #define _WASI_EMULATED_MMAN
86 | #include <sys/mman.h>
| `- note: while building module 'wasi_emulated_mman' imported from /root/.swiftpm/swift-sdks/swift-6.3.2-RELEASE_wasm.artifactbundle/swift-6.3.2-RELEASE_wasm/wasm32-unknown-wasip1/swift.xctoolchain/usr/lib/swift_static/CoreFoundation/ForSwiftFoundationOnly.h:86:
87 | #elif TARGET_OS_LINUX
88 | #include <errno.h>
<module-includes>:1:10: note: in file included from <module-includes>:1:
1 | #include "sys/mman.h"
| `- note: in file included from <module-includes>:1:
2 |
/root/.swiftpm/swift-sdks/swift-6.3.2-RELEASE_wasm.artifactbundle/swift-6.3.2-RELEASE_wasm/wasm32-unknown-wasip1/WASI.sdk/include/wasm32-wasip1/sys/mman.h:2:2: error: "WASI lacks a true mmap; to enable minimal mmap emulation, compile with -D_WASI_EMULATED_MMAN and link with -lwasi-emulated-mman"
1 | #ifndef _WASI_EMULATED_MMAN
2 | #error "WASI lacks a true mmap; to enable minimal mmap emulation, \
| `- error: "WASI lacks a true mmap; to enable minimal mmap emulation, compile with -D_WASI_EMULATED_MMAN and link with -lwasi-emulated-mman"
3 | compile with -D_WASI_EMULATED_MMAN and link with -lwasi-emulated-mman"
4 | #else
/host/spi-builder-workspace/.build/checkouts/combine-schedulers/Sources/CombineSchedulers/Internal/Lock.swift:48:12: error: could not build C module 'CoreFoundation'
46 | import Foundation
47 | #if canImport(CoreFoundation)
48 | import CoreFoundation
| `- error: could not build C module 'CoreFoundation'
49 | #endif
50 |
[722/1025] Compiling Clocks UnimplementedClock.swift
[723/1025] Compiling CombineSchedulers UIScheduler.swift
/root/.swiftpm/swift-sdks/swift-6.3.2-RELEASE_wasm.artifactbundle/swift-6.3.2-RELEASE_wasm/wasm32-unknown-wasip1/swift.xctoolchain/usr/lib/swift_static/CoreFoundation/CoreFoundation.h:28:10: note: while building module 'wasi_emulated_signal' imported from /root/.swiftpm/swift-sdks/swift-6.3.2-RELEASE_wasm.artifactbundle/swift-6.3.2-RELEASE_wasm/wasm32-unknown-wasip1/swift.xctoolchain/usr/lib/swift_static/CoreFoundation/CoreFoundation.h:28:
26 | #include <setjmp.h>
27 | #endif
28 | #include <signal.h>
| `- note: while building module 'wasi_emulated_signal' imported from /root/.swiftpm/swift-sdks/swift-6.3.2-RELEASE_wasm.artifactbundle/swift-6.3.2-RELEASE_wasm/wasm32-unknown-wasip1/swift.xctoolchain/usr/lib/swift_static/CoreFoundation/CoreFoundation.h:28:
29 | #include <stddef.h>
30 | #include <stdio.h>
<module-includes>:1:10: note: in file included from <module-includes>:1:
1 | #include "signal.h"
| `- note: in file included from <module-includes>:1:
2 |
/root/.swiftpm/swift-sdks/swift-6.3.2-RELEASE_wasm.artifactbundle/swift-6.3.2-RELEASE_wasm/wasm32-unknown-wasip1/WASI.sdk/include/wasm32-wasip1/signal.h:2:2: error: "wasm lacks signal support; to enable minimal signal emulation, compile with -D_WASI_EMULATED_SIGNAL and link with -lwasi-emulated-signal"
1 | #ifndef _WASI_EMULATED_SIGNAL
2 | #error "wasm lacks signal support; to enable minimal signal emulation, \
| `- error: "wasm lacks signal support; to enable minimal signal emulation, compile with -D_WASI_EMULATED_SIGNAL and link with -lwasi-emulated-signal"
3 | compile with -D_WASI_EMULATED_SIGNAL and link with -lwasi-emulated-signal"
4 | #else
<module-includes>:1:10: note: in file included from <module-includes>:1:
1 | #include "CoreFoundation.h"
| `- note: in file included from <module-includes>:1:
2 |
/root/.swiftpm/swift-sdks/swift-6.3.2-RELEASE_wasm.artifactbundle/swift-6.3.2-RELEASE_wasm/wasm32-unknown-wasip1/swift.xctoolchain/usr/lib/swift_static/CoreFoundation/CoreFoundation.h:28:10: error: could not build module 'wasi_emulated_signal'
26 | #include <setjmp.h>
27 | #endif
28 | #include <signal.h>
| `- error: could not build module 'wasi_emulated_signal'
29 | #include <stddef.h>
30 | #include <stdio.h>
/root/.swiftpm/swift-sdks/swift-6.3.2-RELEASE_wasm.artifactbundle/swift-6.3.2-RELEASE_wasm/wasm32-unknown-wasip1/swift.xctoolchain/usr/lib/swift_static/CoreFoundation/ForSwiftFoundationOnly.h:86:10: note: while building module 'wasi_emulated_mman' imported from /root/.swiftpm/swift-sdks/swift-6.3.2-RELEASE_wasm.artifactbundle/swift-6.3.2-RELEASE_wasm/wasm32-unknown-wasip1/swift.xctoolchain/usr/lib/swift_static/CoreFoundation/ForSwiftFoundationOnly.h:86:
84 | #undef _WASI_EMULATED_MMAN
85 | #define _WASI_EMULATED_MMAN
86 | #include <sys/mman.h>
| `- note: while building module 'wasi_emulated_mman' imported from /root/.swiftpm/swift-sdks/swift-6.3.2-RELEASE_wasm.artifactbundle/swift-6.3.2-RELEASE_wasm/wasm32-unknown-wasip1/swift.xctoolchain/usr/lib/swift_static/CoreFoundation/ForSwiftFoundationOnly.h:86:
87 | #elif TARGET_OS_LINUX
88 | #include <errno.h>
<module-includes>:1:10: note: in file included from <module-includes>:1:
1 | #include "sys/mman.h"
| `- note: in file included from <module-includes>:1:
2 |
/root/.swiftpm/swift-sdks/swift-6.3.2-RELEASE_wasm.artifactbundle/swift-6.3.2-RELEASE_wasm/wasm32-unknown-wasip1/WASI.sdk/include/wasm32-wasip1/sys/mman.h:2:2: error: "WASI lacks a true mmap; to enable minimal mmap emulation, compile with -D_WASI_EMULATED_MMAN and link with -lwasi-emulated-mman"
1 | #ifndef _WASI_EMULATED_MMAN
2 | #error "WASI lacks a true mmap; to enable minimal mmap emulation, \
| `- error: "WASI lacks a true mmap; to enable minimal mmap emulation, compile with -D_WASI_EMULATED_MMAN and link with -lwasi-emulated-mman"
3 | compile with -D_WASI_EMULATED_MMAN and link with -lwasi-emulated-mman"
4 | #else
/host/spi-builder-workspace/.build/checkouts/combine-schedulers/Sources/CombineSchedulers/Internal/Lock.swift:48:12: error: could not build C module 'CoreFoundation'
46 | import Foundation
47 | #if canImport(CoreFoundation)
48 | import CoreFoundation
| `- error: could not build C module 'CoreFoundation'
49 | #endif
50 |
[724/1025] Compiling OpenCombineShim OpenCombineShim.swift
[725/1025] Emitting module OpenCombineShim
[726/1026] Compiling OperationCore AnyOperation.swift
[727/1026] Compiling OperationCore ApplicationActivityObserver.swift
[736/1026] Compiling OperationCore OperationControls.swift
[737/1026] Compiling OperationCore DefaultOperation.swift
[738/1026] Compiling OperationCore Exports.swift
[739/1026] Compiling OperationCore Array+RemoveDuplicates.swift
[740/1026] Compiling Clocks Lock.swift
[741/1026] Compiling Clocks _AsyncTimerSequence.swift
[742/1026] Compiling Clocks ImmediateClock.swift
[744/1026] Compiling Clocks AnyClock.swift
[745/1026] Emitting module Clocks
[745/1026] Wrapping AST for SwiftSyntax601 for debugging
[747/1026] Compiling CombineSchedulers UnimplementedScheduler.swift
/root/.swiftpm/swift-sdks/swift-6.3.2-RELEASE_wasm.artifactbundle/swift-6.3.2-RELEASE_wasm/wasm32-unknown-wasip1/swift.xctoolchain/usr/lib/swift_static/CoreFoundation/CoreFoundation.h:28:10: note: while building module 'wasi_emulated_signal' imported from /root/.swiftpm/swift-sdks/swift-6.3.2-RELEASE_wasm.artifactbundle/swift-6.3.2-RELEASE_wasm/wasm32-unknown-wasip1/swift.xctoolchain/usr/lib/swift_static/CoreFoundation/CoreFoundation.h:28:
26 | #include <setjmp.h>
27 | #endif
28 | #include <signal.h>
| `- note: while building module 'wasi_emulated_signal' imported from /root/.swiftpm/swift-sdks/swift-6.3.2-RELEASE_wasm.artifactbundle/swift-6.3.2-RELEASE_wasm/wasm32-unknown-wasip1/swift.xctoolchain/usr/lib/swift_static/CoreFoundation/CoreFoundation.h:28:
29 | #include <stddef.h>
30 | #include <stdio.h>
<module-includes>:1:10: note: in file included from <module-includes>:1:
1 | #include "signal.h"
| `- note: in file included from <module-includes>:1:
2 |
/root/.swiftpm/swift-sdks/swift-6.3.2-RELEASE_wasm.artifactbundle/swift-6.3.2-RELEASE_wasm/wasm32-unknown-wasip1/WASI.sdk/include/wasm32-wasip1/signal.h:2:2: error: "wasm lacks signal support; to enable minimal signal emulation, compile with -D_WASI_EMULATED_SIGNAL and link with -lwasi-emulated-signal"
1 | #ifndef _WASI_EMULATED_SIGNAL
2 | #error "wasm lacks signal support; to enable minimal signal emulation, \
| `- error: "wasm lacks signal support; to enable minimal signal emulation, compile with -D_WASI_EMULATED_SIGNAL and link with -lwasi-emulated-signal"
3 | compile with -D_WASI_EMULATED_SIGNAL and link with -lwasi-emulated-signal"
4 | #else
<module-includes>:1:10: note: in file included from <module-includes>:1:
1 | #include "CoreFoundation.h"
| `- note: in file included from <module-includes>:1:
2 |
/root/.swiftpm/swift-sdks/swift-6.3.2-RELEASE_wasm.artifactbundle/swift-6.3.2-RELEASE_wasm/wasm32-unknown-wasip1/swift.xctoolchain/usr/lib/swift_static/CoreFoundation/CoreFoundation.h:28:10: error: could not build module 'wasi_emulated_signal'
26 | #include <setjmp.h>
27 | #endif
28 | #include <signal.h>
| `- error: could not build module 'wasi_emulated_signal'
29 | #include <stddef.h>
30 | #include <stdio.h>
/root/.swiftpm/swift-sdks/swift-6.3.2-RELEASE_wasm.artifactbundle/swift-6.3.2-RELEASE_wasm/wasm32-unknown-wasip1/swift.xctoolchain/usr/lib/swift_static/CoreFoundation/ForSwiftFoundationOnly.h:86:10: note: while building module 'wasi_emulated_mman' imported from /root/.swiftpm/swift-sdks/swift-6.3.2-RELEASE_wasm.artifactbundle/swift-6.3.2-RELEASE_wasm/wasm32-unknown-wasip1/swift.xctoolchain/usr/lib/swift_static/CoreFoundation/ForSwiftFoundationOnly.h:86:
84 | #undef _WASI_EMULATED_MMAN
85 | #define _WASI_EMULATED_MMAN
86 | #include <sys/mman.h>
| `- note: while building module 'wasi_emulated_mman' imported from /root/.swiftpm/swift-sdks/swift-6.3.2-RELEASE_wasm.artifactbundle/swift-6.3.2-RELEASE_wasm/wasm32-unknown-wasip1/swift.xctoolchain/usr/lib/swift_static/CoreFoundation/ForSwiftFoundationOnly.h:86:
87 | #elif TARGET_OS_LINUX
88 | #include <errno.h>
<module-includes>:1:10: note: in file included from <module-includes>:1:
1 | #include "sys/mman.h"
| `- note: in file included from <module-includes>:1:
2 |
/root/.swiftpm/swift-sdks/swift-6.3.2-RELEASE_wasm.artifactbundle/swift-6.3.2-RELEASE_wasm/wasm32-unknown-wasip1/WASI.sdk/include/wasm32-wasip1/sys/mman.h:2:2: error: "WASI lacks a true mmap; to enable minimal mmap emulation, compile with -D_WASI_EMULATED_MMAN and link with -lwasi-emulated-mman"
1 | #ifndef _WASI_EMULATED_MMAN
2 | #error "WASI lacks a true mmap; to enable minimal mmap emulation, \
| `- error: "WASI lacks a true mmap; to enable minimal mmap emulation, compile with -D_WASI_EMULATED_MMAN and link with -lwasi-emulated-mman"
3 | compile with -D_WASI_EMULATED_MMAN and link with -lwasi-emulated-mman"
4 | #else
/host/spi-builder-workspace/.build/checkouts/combine-schedulers/Sources/CombineSchedulers/Internal/Lock.swift:48:12: error: could not build C module 'CoreFoundation'
46 | import Foundation
47 | #if canImport(CoreFoundation)
48 | import CoreFoundation
| `- error: could not build C module 'CoreFoundation'
49 | #endif
50 |
[748/1026] Compiling Clocks TestClock.swift
[749/1026] Compiling Clocks _AsyncTimerSequence.swift
[750/1026] Compiling Clocks SwiftUI.swift
[753/1026] Compiling OperationCore OperationRunner.swift
[754/1026] Compiling OperationCore OperationState.swift
[755/1028] Compiling Clocks UnimplementedClock.swift
[758/1041] Compiling CombineSchedulers Lock.swift
/root/.swiftpm/swift-sdks/swift-6.3.2-RELEASE_wasm.artifactbundle/swift-6.3.2-RELEASE_wasm/wasm32-unknown-wasip1/swift.xctoolchain/usr/lib/swift_static/CoreFoundation/CoreFoundation.h:28:10: note: while building module 'wasi_emulated_signal' imported from /root/.swiftpm/swift-sdks/swift-6.3.2-RELEASE_wasm.artifactbundle/swift-6.3.2-RELEASE_wasm/wasm32-unknown-wasip1/swift.xctoolchain/usr/lib/swift_static/CoreFoundation/CoreFoundation.h:28:
26 | #include <setjmp.h>
27 | #endif
28 | #include <signal.h>
| `- note: while building module 'wasi_emulated_signal' imported from /root/.swiftpm/swift-sdks/swift-6.3.2-RELEASE_wasm.artifactbundle/swift-6.3.2-RELEASE_wasm/wasm32-unknown-wasip1/swift.xctoolchain/usr/lib/swift_static/CoreFoundation/CoreFoundation.h:28:
29 | #include <stddef.h>
30 | #include <stdio.h>
<module-includes>:1:10: note: in file included from <module-includes>:1:
1 | #include "signal.h"
| `- note: in file included from <module-includes>:1:
2 |
/root/.swiftpm/swift-sdks/swift-6.3.2-RELEASE_wasm.artifactbundle/swift-6.3.2-RELEASE_wasm/wasm32-unknown-wasip1/WASI.sdk/include/wasm32-wasip1/signal.h:2:2: error: "wasm lacks signal support; to enable minimal signal emulation, compile with -D_WASI_EMULATED_SIGNAL and link with -lwasi-emulated-signal"
1 | #ifndef _WASI_EMULATED_SIGNAL
2 | #error "wasm lacks signal support; to enable minimal signal emulation, \
| `- error: "wasm lacks signal support; to enable minimal signal emulation, compile with -D_WASI_EMULATED_SIGNAL and link with -lwasi-emulated-signal"
3 | compile with -D_WASI_EMULATED_SIGNAL and link with -lwasi-emulated-signal"
4 | #else
<module-includes>:1:10: note: in file included from <module-includes>:1:
1 | #include "CoreFoundation.h"
| `- note: in file included from <module-includes>:1:
2 |
/root/.swiftpm/swift-sdks/swift-6.3.2-RELEASE_wasm.artifactbundle/swift-6.3.2-RELEASE_wasm/wasm32-unknown-wasip1/swift.xctoolchain/usr/lib/swift_static/CoreFoundation/CoreFoundation.h:28:10: error: could not build module 'wasi_emulated_signal'
26 | #include <setjmp.h>
27 | #endif
28 | #include <signal.h>
| `- error: could not build module 'wasi_emulated_signal'
29 | #include <stddef.h>
30 | #include <stdio.h>
/root/.swiftpm/swift-sdks/swift-6.3.2-RELEASE_wasm.artifactbundle/swift-6.3.2-RELEASE_wasm/wasm32-unknown-wasip1/swift.xctoolchain/usr/lib/swift_static/CoreFoundation/ForSwiftFoundationOnly.h:86:10: note: while building module 'wasi_emulated_mman' imported from /root/.swiftpm/swift-sdks/swift-6.3.2-RELEASE_wasm.artifactbundle/swift-6.3.2-RELEASE_wasm/wasm32-unknown-wasip1/swift.xctoolchain/usr/lib/swift_static/CoreFoundation/ForSwiftFoundationOnly.h:86:
84 | #undef _WASI_EMULATED_MMAN
85 | #define _WASI_EMULATED_MMAN
86 | #include <sys/mman.h>
| `- note: while building module 'wasi_emulated_mman' imported from /root/.swiftpm/swift-sdks/swift-6.3.2-RELEASE_wasm.artifactbundle/swift-6.3.2-RELEASE_wasm/wasm32-unknown-wasip1/swift.xctoolchain/usr/lib/swift_static/CoreFoundation/ForSwiftFoundationOnly.h:86:
87 | #elif TARGET_OS_LINUX
88 | #include <errno.h>
<module-includes>:1:10: note: in file included from <module-includes>:1:
1 | #include "sys/mman.h"
| `- note: in file included from <module-includes>:1:
2 |
/root/.swiftpm/swift-sdks/swift-6.3.2-RELEASE_wasm.artifactbundle/swift-6.3.2-RELEASE_wasm/wasm32-unknown-wasip1/WASI.sdk/include/wasm32-wasip1/sys/mman.h:2:2: error: "WASI lacks a true mmap; to enable minimal mmap emulation, compile with -D_WASI_EMULATED_MMAN and link with -lwasi-emulated-mman"
1 | #ifndef _WASI_EMULATED_MMAN
2 | #error "WASI lacks a true mmap; to enable minimal mmap emulation, \
| `- error: "WASI lacks a true mmap; to enable minimal mmap emulation, compile with -D_WASI_EMULATED_MMAN and link with -lwasi-emulated-mman"
3 | compile with -D_WASI_EMULATED_MMAN and link with -lwasi-emulated-mman"
4 | #else
/host/spi-builder-workspace/.build/checkouts/combine-schedulers/Sources/CombineSchedulers/Internal/Lock.swift:48:12: error: could not build C module 'CoreFoundation'
46 | import Foundation
47 | #if canImport(CoreFoundation)
48 | import CoreFoundation
| `- error: could not build C module 'CoreFoundation'
49 | #endif
50 |
[759/1041] Compiling CombineSchedulers NSRecursiveLock.swift
/root/.swiftpm/swift-sdks/swift-6.3.2-RELEASE_wasm.artifactbundle/swift-6.3.2-RELEASE_wasm/wasm32-unknown-wasip1/swift.xctoolchain/usr/lib/swift_static/CoreFoundation/CoreFoundation.h:28:10: note: while building module 'wasi_emulated_signal' imported from /root/.swiftpm/swift-sdks/swift-6.3.2-RELEASE_wasm.artifactbundle/swift-6.3.2-RELEASE_wasm/wasm32-unknown-wasip1/swift.xctoolchain/usr/lib/swift_static/CoreFoundation/CoreFoundation.h:28:
26 | #include <setjmp.h>
27 | #endif
28 | #include <signal.h>
| `- note: while building module 'wasi_emulated_signal' imported from /root/.swiftpm/swift-sdks/swift-6.3.2-RELEASE_wasm.artifactbundle/swift-6.3.2-RELEASE_wasm/wasm32-unknown-wasip1/swift.xctoolchain/usr/lib/swift_static/CoreFoundation/CoreFoundation.h:28:
29 | #include <stddef.h>
30 | #include <stdio.h>
<module-includes>:1:10: note: in file included from <module-includes>:1:
1 | #include "signal.h"
| `- note: in file included from <module-includes>:1:
2 |
/root/.swiftpm/swift-sdks/swift-6.3.2-RELEASE_wasm.artifactbundle/swift-6.3.2-RELEASE_wasm/wasm32-unknown-wasip1/WASI.sdk/include/wasm32-wasip1/signal.h:2:2: error: "wasm lacks signal support; to enable minimal signal emulation, compile with -D_WASI_EMULATED_SIGNAL and link with -lwasi-emulated-signal"
1 | #ifndef _WASI_EMULATED_SIGNAL
2 | #error "wasm lacks signal support; to enable minimal signal emulation, \
| `- error: "wasm lacks signal support; to enable minimal signal emulation, compile with -D_WASI_EMULATED_SIGNAL and link with -lwasi-emulated-signal"
3 | compile with -D_WASI_EMULATED_SIGNAL and link with -lwasi-emulated-signal"
4 | #else
<module-includes>:1:10: note: in file included from <module-includes>:1:
1 | #include "CoreFoundation.h"
| `- note: in file included from <module-includes>:1:
2 |
/root/.swiftpm/swift-sdks/swift-6.3.2-RELEASE_wasm.artifactbundle/swift-6.3.2-RELEASE_wasm/wasm32-unknown-wasip1/swift.xctoolchain/usr/lib/swift_static/CoreFoundation/CoreFoundation.h:28:10: error: could not build module 'wasi_emulated_signal'
26 | #include <setjmp.h>
27 | #endif
28 | #include <signal.h>
| `- error: could not build module 'wasi_emulated_signal'
29 | #include <stddef.h>
30 | #include <stdio.h>
/root/.swiftpm/swift-sdks/swift-6.3.2-RELEASE_wasm.artifactbundle/swift-6.3.2-RELEASE_wasm/wasm32-unknown-wasip1/swift.xctoolchain/usr/lib/swift_static/CoreFoundation/ForSwiftFoundationOnly.h:86:10: note: while building module 'wasi_emulated_mman' imported from /root/.swiftpm/swift-sdks/swift-6.3.2-RELEASE_wasm.artifactbundle/swift-6.3.2-RELEASE_wasm/wasm32-unknown-wasip1/swift.xctoolchain/usr/lib/swift_static/CoreFoundation/ForSwiftFoundationOnly.h:86:
84 | #undef _WASI_EMULATED_MMAN
85 | #define _WASI_EMULATED_MMAN
86 | #include <sys/mman.h>
| `- note: while building module 'wasi_emulated_mman' imported from /root/.swiftpm/swift-sdks/swift-6.3.2-RELEASE_wasm.artifactbundle/swift-6.3.2-RELEASE_wasm/wasm32-unknown-wasip1/swift.xctoolchain/usr/lib/swift_static/CoreFoundation/ForSwiftFoundationOnly.h:86:
87 | #elif TARGET_OS_LINUX
88 | #include <errno.h>
<module-includes>:1:10: note: in file included from <module-includes>:1:
1 | #include "sys/mman.h"
| `- note: in file included from <module-includes>:1:
2 |
/root/.swiftpm/swift-sdks/swift-6.3.2-RELEASE_wasm.artifactbundle/swift-6.3.2-RELEASE_wasm/wasm32-unknown-wasip1/WASI.sdk/include/wasm32-wasip1/sys/mman.h:2:2: error: "WASI lacks a true mmap; to enable minimal mmap emulation, compile with -D_WASI_EMULATED_MMAN and link with -lwasi-emulated-mman"
1 | #ifndef _WASI_EMULATED_MMAN
2 | #error "WASI lacks a true mmap; to enable minimal mmap emulation, \
| `- error: "WASI lacks a true mmap; to enable minimal mmap emulation, compile with -D_WASI_EMULATED_MMAN and link with -lwasi-emulated-mman"
3 | compile with -D_WASI_EMULATED_MMAN and link with -lwasi-emulated-mman"
4 | #else
/host/spi-builder-workspace/.build/checkouts/combine-schedulers/Sources/CombineSchedulers/Internal/Lock.swift:48:12: error: could not build C module 'CoreFoundation'
46 | import Foundation
47 | #if canImport(CoreFoundation)
48 | import CoreFoundation
| `- error: could not build C module 'CoreFoundation'
49 | #endif
50 |
[759/1041] Wrapping AST for SwiftSyntax600 for debugging
[761/1041] Compiling OperationCore OperationResultUpdateReason.swift
[762/1041] Compiling OperationCore OperationPathableCollection.swift
[763/1041] Compiling OperationCore ModifiedOperation+QueryRequest.swift
[764/1041] Compiling OperationCore QueryEventHandler.swift
[765/1041] Compiling OperationCore QueryRequest.swift
[766/1041] Compiling OperationCore QueryState.swift
[767/1041] Compiling OperationCore QueryStore.swift
[768/1041] Compiling OperationCore EnableAutomaticRunningOperation.swift
[769/1041] Compiling OperationCore RerunOnChangeOperation.swift
[770/1041] Compiling OperationCore OperationRunSpecification.swift
[771/1041] Compiling OperationCore AlwaysRunSpecification.swift
[772/1041] Compiling OperationCore AnyRunSpecification.swift
[773/1041] Compiling OperationCore AsyncSequenceRunSpecification.swift
[774/1041] Compiling OperationCore BinaryOperatorRunSpecification.swift
[774/1041] Wrapping AST for SwiftSyntax510 for debugging
[775/1041] Wrapping AST for SwiftSyntax509 for debugging
[776/1041] Wrapping AST for IssueReportingTestSupport for debugging
[777/1041] Write Objects.LinkFileList
[778/1041] Wrapping AST for IssueReportingTestSupport for debugging
[779/1041] Write Objects.LinkFileList
[783/1041] Compiling OperationCore OperationStatus.swift
[784/1041] Compiling OperationCore OperationTransform.swift
[785/1041] Compiling OperationCore ModifiedOperation+PaginatedRequest.swift
[786/1041] Compiling OperationCore PaginatedContextValues.swift
[787/1041] Compiling OperationCore PaginatedEventHandler.swift
[788/1041] Compiling OperationCore PaginatedRequest.swift
[789/1041] Compiling OperationCore PaginatedState.swift
[790/1041] Compiling OperationCore PaginatedStore.swift
[791/1041] Compiling OperationCore RemoveDuplicatePaginatedRequests.swift
[792/1041] Compiling OperationCore OperationPath.swift
[793/1041] Compiling OperationCore OperationPathable.swift
[794/1041] Compiling OperationCore Warnings.swift
[795/1041] Compiling OperationCore DurationLoggingOperation.swift
[796/1041] Compiling OperationCore OperationLogger.swift
[797/1041] Compiling OperationCore DispatchMemoryPressureSource.swift
[798/1041] Compiling OperationCore EvictWhenOperation.swift
[799/1041] Compiling OperationCore MemoryPressure.swift
[800/1041] Compiling OperationCore MemoryPressureSource.swift
[801/1041] Compiling OperationCore ModifierSetupScope.swift
[802/1041] Compiling OperationCore DeduplicationOperation.swift
[803/1041] Compiling OperationCore HandleEventsOperation.swift
[804/1041] Compiling OperationCore OperationBackoffFunction.swift
[805/1041] Compiling OperationCore OperationClock.swift
[806/1041] Compiling OperationCore OperationDelayer.swift
[807/1041] Compiling OperationCore OperationModifier.swift
[808/1041] Compiling OperationCore AsyncTimerSequence.swift
[809/1041] Compiling Clocks TestClock.swift
error: dynamic libraries are unsupported for target 'wasm32-unknown-wasip1'
[809/1041] Linking libIssueReportingTestSupport.wasm
[810/1041] Compiling Clocks SwiftUI.swift
error: cancelled
/root/.swiftpm/swift-sdks/swift-6.3.2-RELEASE_wasm.artifactbundle/swift-6.3.2-RELEASE_wasm/wasm32-unknown-wasip1/swift.xctoolchain/usr/lib/swift_static/CoreFoundation/CoreFoundation.h:28:10: note: while building module 'wasi_emulated_signal' imported from /root/.swiftpm/swift-sdks/swift-6.3.2-RELEASE_wasm.artifactbundle/swift-6.3.2-RELEASE_wasm/wasm32-unknown-wasip1/swift.xctoolchain/usr/lib/swift_static/CoreFoundation/CoreFoundation.h:28:
26 | #include <setjmp.h>
27 | #endif
28 | #include <signal.h>
| `- note: while building module 'wasi_emulated_signal' imported from /root/.swiftpm/swift-sdks/swift-6.3.2-RELEASE_wasm.artifactbundle/swift-6.3.2-RELEASE_wasm/wasm32-unknown-wasip1/swift.xctoolchain/usr/lib/swift_static/CoreFoundation/CoreFoundation.h:28:
29 | #include <stddef.h>
30 | #include <stdio.h>
<module-includes>:1:10: note: in file included from <module-includes>:1:
1 | #include "signal.h"
| `- note: in file included from <module-includes>:1:
2 |
/root/.swiftpm/swift-sdks/swift-6.3.2-RELEASE_wasm.artifactbundle/swift-6.3.2-RELEASE_wasm/wasm32-unknown-wasip1/WASI.sdk/include/wasm32-wasip1/signal.h:2:2: error: "wasm lacks signal support; to enable minimal signal emulation, compile with -D_WASI_EMULATED_SIGNAL and link with -lwasi-emulated-signal"
1 | #ifndef _WASI_EMULATED_SIGNAL
2 | #error "wasm lacks signal support; to enable minimal signal emulation, \
| `- error: "wasm lacks signal support; to enable minimal signal emulation, compile with -D_WASI_EMULATED_SIGNAL and link with -lwasi-emulated-signal"
3 | compile with -D_WASI_EMULATED_SIGNAL and link with -lwasi-emulated-signal"
4 | #else
<module-includes>:1:10: note: in file included from <module-includes>:1:
1 | #include "CoreFoundation.h"
| `- note: in file included from <module-includes>:1:
2 |
[810/1041] Linking libIssueReportingTestSupport-tool.so
[811/1041] Compiling OperationCore Box.swift
[812/1041] Compiling OperationCore ConcurrencyExtras.swift
[813/1041] Compiling OperationCore Fibonacci.swift
[814/1041] Compiling OperationCore IsRunningInWatchExtension.swift
[815/1041] Compiling OperationCore Isolate.swift
[816/1041] Compiling OperationCore Lock.swift
[817/1041] Compiling OperationCore MainActor+Run.swift
[818/1041] Compiling OperationCore OperationSubscriptions.swift
[819/1041] Compiling OperationCore OptionalProtocol.swift
[820/1041] Compiling OperationCore SendableMetatype.swift
[821/1041] Compiling OperationCore TimeInterval+Formatting.swift
[822/1041] Compiling OperationCore TypeName.swift
[823/1041] Compiling OperationCore UnsafeTransfer.swift
BUILD FAILURE 6.3 wasm