Build Information
Failed to build SwiftScraper, reference v0.7.0 (f35c7a), with Swift 6.4 for watchOS using Xcode 27.0 on 21 Sep 2026 15:42:25 UTC.
Build Command
env DEVELOPER_DIR=/Applications/Xcode-27.0.0-Release.Candidate.app xcrun xcodebuild -IDEClonedSourcePackagesDirPathOverride=$PWD/.dependencies -skipMacroValidation -skipPackagePluginValidation -derivedDataPath $PWD/.derivedData build -scheme SwiftScraper -destination generic/platform=watchOSBuild Log
========================================
RunAll
========================================
Builder version: 5.1.0
Interrupt handler set up.
========================================
Checkout
========================================
Clone URL: https://github.com/Nef10/SwiftScraper.git
Reference: v0.7.0
Initialized empty Git repository in /Users/admin/builder/spi-builder-workspace/.git/
From https://github.com/Nef10/SwiftScraper
* tag v0.7.0 -> FETCH_HEAD
HEAD is now at f35c7a0 Add timeout to navigation steps (#119)
Cloned https://github.com/Nef10/SwiftScraper.git
Revision (git rev-parse @):
f35c7a03358ad0182c7a2cec12a41055afe44139
SUCCESS checkout https://github.com/Nef10/SwiftScraper.git at v0.7.0
========================================
Build
========================================
Selected platform: watchOS
Swift version: 6.4
Building package at path: $PWD
https://github.com/Nef10/SwiftScraper.git
Command line invocation:
/Applications/Xcode-27.0.0-Release.Candidate.app/Contents/Developer/usr/bin/xcodebuild -IDEClonedSourcePackagesDirPathOverride=/Users/admin/builder/spi-builder-workspace/.dependencies -resolvePackageDependencies
Resolve Package Graph
Resolve Package Graph
Resolved source packages:
SwiftScraper: /Users/admin/builder/spi-builder-workspace
resolved source packages: SwiftScraper
2026-09-21 11:41:36.718 xcodebuild[529:3014] [MT] IDERunDestination: Supported platforms for the buildables in the current scheme is empty.
{
"dependencies" : [
],
"manifest_display_name" : "SwiftScraper",
"name" : "SwiftScraper",
"path" : "/Users/admin/builder/spi-builder-workspace",
"platforms" : [
{
"name" : "ios",
"version" : "14.0"
},
{
"name" : "macos",
"version" : "11.0"
}
],
"products" : [
{
"name" : "SwiftScraper",
"targets" : [
"SwiftScraper"
],
"type" : {
"library" : [
"automatic"
]
}
}
],
"targets" : [
{
"c99name" : "SwiftScraperTests",
"module_type" : "SwiftTarget",
"name" : "SwiftScraperTests",
"path" : "Tests/SwiftScraperTests",
"resources" : [
{
"path" : "/Users/admin/builder/spi-builder-workspace/Tests/SwiftScraperTests/Resources/page1.html",
"rule" : {
"process" : {
}
}
},
{
"path" : "/Users/admin/builder/spi-builder-workspace/Tests/SwiftScraperTests/Resources/page2.html",
"rule" : {
"process" : {
}
}
},
{
"path" : "/Users/admin/builder/spi-builder-workspace/Tests/SwiftScraperTests/Resources/waitTest.html",
"rule" : {
"process" : {
}
}
},
{
"path" : "/Users/admin/builder/spi-builder-workspace/Tests/SwiftScraperTests/StepRunnerTests.js",
"rule" : {
"process" : {
}
}
}
],
"sources" : [
"JavaScriptGeneratorTests.swift",
"StepRunnerTests.swift",
"Steps/AsyncProcessStepTests.swift",
"Steps/AsyncScriptStepTests.swift",
"Steps/DownloadStepTests.swift",
"Steps/OpenPageStepTests.swift",
"Steps/PageChangeStepTests.swift",
"Steps/ProcessStepTests.swift",
"Steps/ScriptStepTests.swift",
"Steps/WaitForConditionStepTests.swift",
"Steps/WaitStepTests.swift",
"SwiftScraperErrorTests.swift"
],
"target_dependencies" : [
"SwiftScraper"
],
"type" : "test"
},
{
"c99name" : "SwiftScraper",
"module_type" : "SwiftTarget",
"name" : "SwiftScraper",
"path" : "Sources/SwiftScraper",
"product_memberships" : [
"SwiftScraper"
],
"resources" : [
{
"path" : "/Users/admin/builder/spi-builder-workspace/Sources/SwiftScraper/Resources/SwiftScraper.js",
"rule" : {
"process" : {
}
}
}
],
"sources" : [
"Browser.swift",
"JavaScriptGenerator.swift",
"StepRunner.swift",
"Steps/AsyncProcessStep.swift",
"Steps/AsyncScriptStep.swift",
"Steps/Common/NavigableStep.swift",
"Steps/Common/Step.swift",
"Steps/Common/StepCompletionCallback.swift",
"Steps/Common/StepFlowResult.swift",
"Steps/DownloadStep.swift",
"Steps/OpenPageStep.swift",
"Steps/PageChangeStep.swift",
"Steps/ProcessStep.swift",
"Steps/ScriptStep.swift",
"Steps/WaitForConditionStep.swift",
"Steps/WaitStep.swift",
"SwiftScraperError.swift"
],
"type" : "library"
}
],
"tools_version" : "5.5"
}
{
"workspace" : {
"name" : "SwiftScraper",
"schemes" : [
"SwiftScraper"
]
}
}
2026-09-21 11:42:18.018 xcodebuild[647:4145] [MT] IDERunDestination: Supported platforms for the buildables in the current scheme is empty.
Running build ...
env DEVELOPER_DIR=/Applications/Xcode-27.0.0-Release.Candidate.app xcrun xcodebuild -IDEClonedSourcePackagesDirPathOverride=$PWD/.dependencies -skipMacroValidation -skipPackagePluginValidation -derivedDataPath $PWD/.derivedData build -scheme SwiftScraper -destination generic/platform=watchOS
Command line invocation:
/Applications/Xcode-27.0.0-Release.Candidate.app/Contents/Developer/usr/bin/xcodebuild -IDEClonedSourcePackagesDirPathOverride=/Users/admin/builder/spi-builder-workspace/.dependencies -skipMacroValidation -skipPackagePluginValidation -derivedDataPath /Users/admin/builder/spi-builder-workspace/.derivedData build -scheme SwiftScraper -destination generic/platform=watchOS
Resolve Package Graph
Resolved source packages:
SwiftScraper: /Users/admin/builder/spi-builder-workspace
ComputePackagePrebuildTargetDependencyGraph
Prepare packages
CreateBuildRequest
SendProjectDescription
CreateBuildOperation
ComputeTargetDependencyGraph
note: Building targets in dependency order
note: Target dependency graph (3 targets)
Target 'SwiftScraper-product' in project 'SwiftScraper'
➜ Explicit dependency on target 'SwiftScraper' in project 'SwiftScraper'
➜ Explicit dependency on target 'SwiftScraper_SwiftScraper' in project 'SwiftScraper'
Target 'SwiftScraper' in project 'SwiftScraper'
➜ Explicit dependency on target 'SwiftScraper_SwiftScraper' in project 'SwiftScraper'
Target 'SwiftScraper_SwiftScraper' in project 'SwiftScraper' (no dependencies)
GatherProvisioningInputs
CreateBuildDescription
ExecuteExternalTool /Applications/Xcode-27.0.0-Release.Candidate.app/Contents/Developer/Toolchains/XcodeDefault.xctoolchain/usr/bin/clang -v -E -dM -isysroot /Applications/Xcode-27.0.0-Release.Candidate.app/Contents/Developer/Platforms/WatchOS.platform/Developer/SDKs/WatchOS27.0.sdk -x c -c /dev/null
ExecuteExternalTool /Applications/Xcode-27.0.0-Release.Candidate.app/Contents/Developer/Toolchains/XcodeDefault.xctoolchain/usr/bin/swiftc --version
ExecuteExternalTool /Applications/Xcode-27.0.0-Release.Candidate.app/Contents/Developer/Toolchains/XcodeDefault.xctoolchain/usr/bin/ld -version_details
Build description signature: f16633dafb1caa8a7242c68b47f726e6
Build description path: /Users/admin/builder/spi-builder-workspace/.derivedData/Build/Intermediates.noindex/XCBuildData/f16633dafb1caa8a7242c68b47f726e6.xcbuilddata
CreateBuildDirectory /Users/admin/builder/spi-builder-workspace/.derivedData/SDKExplicitPrecompiledModules
cd /Users/admin/builder/spi-builder-workspace/.swiftpm/xcode
builtin-create-build-directory /Users/admin/builder/spi-builder-workspace/.derivedData/SDKExplicitPrecompiledModules
CreateBuildDirectory /Users/admin/builder/spi-builder-workspace/.derivedData/ModuleCache.noindex
cd /Users/admin/builder/spi-builder-workspace/.swiftpm/xcode
builtin-create-build-directory /Users/admin/builder/spi-builder-workspace/.derivedData/ModuleCache.noindex
CreateBuildDirectory /Users/admin/builder/spi-builder-workspace/.derivedData/CompilationCache.noindex
cd /Users/admin/builder/spi-builder-workspace/.swiftpm/xcode
builtin-create-build-directory /Users/admin/builder/spi-builder-workspace/.derivedData/CompilationCache.noindex
ClangStatCache /Applications/Xcode-27.0.0-Release.Candidate.app/Contents/Developer/Toolchains/XcodeDefault.xctoolchain/usr/bin/clang-stat-cache /Applications/Xcode-27.0.0-Release.Candidate.app/Contents/Developer/Platforms/WatchOS.platform/Developer/SDKs/WatchOS27.0.sdk /Users/admin/builder/spi-builder-workspace/.derivedData/SDKStatCaches.noindex/watchos27.0-24R360-e829b21a6f8c9b70876ba0858053c04477534ef55a1706bf4c1112bbb242f0a2.sdkstatcache
cd /Users/admin/builder/spi-builder-workspace/.swiftpm/xcode
/Applications/Xcode-27.0.0-Release.Candidate.app/Contents/Developer/Toolchains/XcodeDefault.xctoolchain/usr/bin/clang-stat-cache /Applications/Xcode-27.0.0-Release.Candidate.app/Contents/Developer/Platforms/WatchOS.platform/Developer/SDKs/WatchOS27.0.sdk -o /Users/admin/builder/spi-builder-workspace/.derivedData/SDKStatCaches.noindex/watchos27.0-24R360-e829b21a6f8c9b70876ba0858053c04477534ef55a1706bf4c1112bbb242f0a2.sdkstatcache
CreateBuildDirectory /Users/admin/builder/spi-builder-workspace/.derivedData/Build/Products
cd /Users/admin/builder/spi-builder-workspace/.swiftpm/xcode
builtin-create-build-directory /Users/admin/builder/spi-builder-workspace/.derivedData/Build/Products
CreateBuildDirectory /Users/admin/builder/spi-builder-workspace/.derivedData/Build/Intermediates.noindex
cd /Users/admin/builder/spi-builder-workspace/.swiftpm/xcode
builtin-create-build-directory /Users/admin/builder/spi-builder-workspace/.derivedData/Build/Intermediates.noindex
CreateBuildDirectory /Users/admin/builder/spi-builder-workspace/.derivedData/Build/Intermediates.noindex/SwiftExplicitPrecompiledModules
cd /Users/admin/builder/spi-builder-workspace/.swiftpm/xcode
builtin-create-build-directory /Users/admin/builder/spi-builder-workspace/.derivedData/Build/Intermediates.noindex/SwiftExplicitPrecompiledModules
CreateBuildDirectory /Users/admin/builder/spi-builder-workspace/.derivedData/Build/Intermediates.noindex/PrecompiledHeaders
cd /Users/admin/builder/spi-builder-workspace/.swiftpm/xcode
builtin-create-build-directory /Users/admin/builder/spi-builder-workspace/.derivedData/Build/Intermediates.noindex/PrecompiledHeaders
CreateBuildDirectory /Users/admin/builder/spi-builder-workspace/.derivedData/Build/Intermediates.noindex/ExplicitPrecompiledModules
cd /Users/admin/builder/spi-builder-workspace/.swiftpm/xcode
builtin-create-build-directory /Users/admin/builder/spi-builder-workspace/.derivedData/Build/Intermediates.noindex/ExplicitPrecompiledModules
CreateBuildDirectory /Users/admin/builder/spi-builder-workspace/.derivedData/Build/Intermediates.noindex/EagerLinkingTBDs/Debug-watchos
cd /Users/admin/builder/spi-builder-workspace/.swiftpm/xcode
builtin-create-build-directory /Users/admin/builder/spi-builder-workspace/.derivedData/Build/Intermediates.noindex/EagerLinkingTBDs/Debug-watchos
CreateBuildDirectory /Users/admin/builder/spi-builder-workspace/.derivedData/Build/Products/Debug-watchos
cd /Users/admin/builder/spi-builder-workspace/.swiftpm/xcode
builtin-create-build-directory /Users/admin/builder/spi-builder-workspace/.derivedData/Build/Products/Debug-watchos
CreateBuildDirectory /Users/admin/builder/spi-builder-workspace/.derivedData/Build/Products/Debug-watchos/PackageFrameworks
cd /Users/admin/builder/spi-builder-workspace/.swiftpm/xcode
builtin-create-build-directory /Users/admin/builder/spi-builder-workspace/.derivedData/Build/Products/Debug-watchos/PackageFrameworks
MkDir /Users/admin/builder/spi-builder-workspace/.derivedData/Build/Products/Debug-watchos/SwiftScraper_SwiftScraper.bundle (in target 'SwiftScraper_SwiftScraper' from project 'SwiftScraper')
cd /Users/admin/builder/spi-builder-workspace
/bin/mkdir -p /Users/admin/builder/spi-builder-workspace/.derivedData/Build/Products/Debug-watchos/SwiftScraper_SwiftScraper.bundle
WriteAuxiliaryFile /Users/admin/builder/spi-builder-workspace/.derivedData/Build/Intermediates.noindex/SwiftScraper.build/Debug-watchos/SwiftScraper-t.build/SwiftScraper.DependencyMetadataFileList (in target 'SwiftScraper' from project 'SwiftScraper')
cd /Users/admin/builder/spi-builder-workspace
write-file /Users/admin/builder/spi-builder-workspace/.derivedData/Build/Intermediates.noindex/SwiftScraper.build/Debug-watchos/SwiftScraper-t.build/SwiftScraper.DependencyMetadataFileList
WriteAuxiliaryFile /Users/admin/builder/spi-builder-workspace/.derivedData/Build/Intermediates.noindex/SwiftScraper.build/Debug-watchos/SwiftScraper-t.build/SwiftScraper.modulemap (in target 'SwiftScraper' from project 'SwiftScraper')
cd /Users/admin/builder/spi-builder-workspace
write-file /Users/admin/builder/spi-builder-workspace/.derivedData/Build/Intermediates.noindex/SwiftScraper.build/Debug-watchos/SwiftScraper-t.build/SwiftScraper.modulemap
WriteAuxiliaryFile /Users/admin/builder/spi-builder-workspace/.derivedData/Build/Intermediates.noindex/SwiftScraper.build/Debug-watchos/SwiftScraper_SwiftScraper-b.build/empty-SwiftScraper_SwiftScraper.plist (in target 'SwiftScraper_SwiftScraper' from project 'SwiftScraper')
cd /Users/admin/builder/spi-builder-workspace
write-file /Users/admin/builder/spi-builder-workspace/.derivedData/Build/Intermediates.noindex/SwiftScraper.build/Debug-watchos/SwiftScraper_SwiftScraper-b.build/empty-SwiftScraper_SwiftScraper.plist
WriteAuxiliaryFile /Users/admin/builder/spi-builder-workspace/.derivedData/Build/Intermediates.noindex/SwiftScraper.build/Debug-watchos/SwiftScraper-t.build/SwiftScraper.DependencyStaticMetadataFileList (in target 'SwiftScraper' from project 'SwiftScraper')
cd /Users/admin/builder/spi-builder-workspace
write-file /Users/admin/builder/spi-builder-workspace/.derivedData/Build/Intermediates.noindex/SwiftScraper.build/Debug-watchos/SwiftScraper-t.build/SwiftScraper.DependencyStaticMetadataFileList
WriteAuxiliaryFile /Users/admin/builder/spi-builder-workspace/.derivedData/Build/Intermediates.noindex/SwiftScraper.build/Debug-watchos/SwiftScraper_SwiftScraper-b.build/SwiftScraper_SwiftScraper.DependencyMetadataFileList (in target 'SwiftScraper_SwiftScraper' from project 'SwiftScraper')
cd /Users/admin/builder/spi-builder-workspace
write-file /Users/admin/builder/spi-builder-workspace/.derivedData/Build/Intermediates.noindex/SwiftScraper.build/Debug-watchos/SwiftScraper_SwiftScraper-b.build/SwiftScraper_SwiftScraper.DependencyMetadataFileList
WriteAuxiliaryFile /Users/admin/builder/spi-builder-workspace/.derivedData/Build/Intermediates.noindex/SwiftScraper.build/Debug-watchos/SwiftScraper_SwiftScraper-b.build/SwiftScraper_SwiftScraper.DependencyStaticMetadataFileList (in target 'SwiftScraper_SwiftScraper' from project 'SwiftScraper')
cd /Users/admin/builder/spi-builder-workspace
write-file /Users/admin/builder/spi-builder-workspace/.derivedData/Build/Intermediates.noindex/SwiftScraper.build/Debug-watchos/SwiftScraper_SwiftScraper-b.build/SwiftScraper_SwiftScraper.DependencyStaticMetadataFileList
WriteAuxiliaryFile /Users/admin/builder/spi-builder-workspace/.derivedData/Build/Intermediates.noindex/SwiftScraper.build/Debug-watchos/SwiftScraper-t.build/Objects-normal/arm64_32/SwiftScraper_const_extract_protocols.json (in target 'SwiftScraper' from project 'SwiftScraper')
cd /Users/admin/builder/spi-builder-workspace
write-file /Users/admin/builder/spi-builder-workspace/.derivedData/Build/Intermediates.noindex/SwiftScraper.build/Debug-watchos/SwiftScraper-t.build/Objects-normal/arm64_32/SwiftScraper_const_extract_protocols.json
WriteAuxiliaryFile /Users/admin/builder/spi-builder-workspace/.derivedData/Build/Intermediates.noindex/SwiftScraper.build/Debug-watchos/SwiftScraper-t.build/Objects-normal/arm64_32/SwiftScraper.SwiftFileList (in target 'SwiftScraper' from project 'SwiftScraper')
cd /Users/admin/builder/spi-builder-workspace
write-file /Users/admin/builder/spi-builder-workspace/.derivedData/Build/Intermediates.noindex/SwiftScraper.build/Debug-watchos/SwiftScraper-t.build/Objects-normal/arm64_32/SwiftScraper.SwiftFileList
WriteAuxiliaryFile /Users/admin/builder/spi-builder-workspace/.derivedData/Build/Intermediates.noindex/SwiftScraper.build/Debug-watchos/SwiftScraper-t.build/Objects-normal/arm64_32/SwiftScraper.SwiftConstValuesFileList (in target 'SwiftScraper' from project 'SwiftScraper')
cd /Users/admin/builder/spi-builder-workspace
write-file /Users/admin/builder/spi-builder-workspace/.derivedData/Build/Intermediates.noindex/SwiftScraper.build/Debug-watchos/SwiftScraper-t.build/Objects-normal/arm64_32/SwiftScraper.SwiftConstValuesFileList
WriteAuxiliaryFile /Users/admin/builder/spi-builder-workspace/.derivedData/Build/Intermediates.noindex/SwiftScraper.build/Debug-watchos/SwiftScraper-t.build/Objects-normal/arm64_32/SwiftScraper.LinkFileList (in target 'SwiftScraper' from project 'SwiftScraper')
cd /Users/admin/builder/spi-builder-workspace
write-file /Users/admin/builder/spi-builder-workspace/.derivedData/Build/Intermediates.noindex/SwiftScraper.build/Debug-watchos/SwiftScraper-t.build/Objects-normal/arm64_32/SwiftScraper.LinkFileList
WriteAuxiliaryFile /Users/admin/builder/spi-builder-workspace/.derivedData/Build/Intermediates.noindex/SwiftScraper.build/Debug-watchos/SwiftScraper-t.build/Objects-normal/arm64_32/SwiftScraper-OutputFileMap.json (in target 'SwiftScraper' from project 'SwiftScraper')
cd /Users/admin/builder/spi-builder-workspace
write-file /Users/admin/builder/spi-builder-workspace/.derivedData/Build/Intermediates.noindex/SwiftScraper.build/Debug-watchos/SwiftScraper-t.build/Objects-normal/arm64_32/SwiftScraper-OutputFileMap.json
WriteAuxiliaryFile /Users/admin/builder/spi-builder-workspace/.derivedData/Build/Intermediates.noindex/SwiftScraper.build/Debug-watchos/SwiftScraper-t.build/Objects-normal/arm64/SwiftScraper_const_extract_protocols.json (in target 'SwiftScraper' from project 'SwiftScraper')
cd /Users/admin/builder/spi-builder-workspace
write-file /Users/admin/builder/spi-builder-workspace/.derivedData/Build/Intermediates.noindex/SwiftScraper.build/Debug-watchos/SwiftScraper-t.build/Objects-normal/arm64/SwiftScraper_const_extract_protocols.json
WriteAuxiliaryFile /Users/admin/builder/spi-builder-workspace/.derivedData/Build/Intermediates.noindex/SwiftScraper.build/Debug-watchos/SwiftScraper-t.build/Objects-normal/arm64/SwiftScraper.SwiftFileList (in target 'SwiftScraper' from project 'SwiftScraper')
cd /Users/admin/builder/spi-builder-workspace
write-file /Users/admin/builder/spi-builder-workspace/.derivedData/Build/Intermediates.noindex/SwiftScraper.build/Debug-watchos/SwiftScraper-t.build/Objects-normal/arm64/SwiftScraper.SwiftFileList
WriteAuxiliaryFile /Users/admin/builder/spi-builder-workspace/.derivedData/Build/Intermediates.noindex/SwiftScraper.build/Debug-watchos/SwiftScraper-t.build/Objects-normal/arm64/SwiftScraper.SwiftConstValuesFileList (in target 'SwiftScraper' from project 'SwiftScraper')
cd /Users/admin/builder/spi-builder-workspace
write-file /Users/admin/builder/spi-builder-workspace/.derivedData/Build/Intermediates.noindex/SwiftScraper.build/Debug-watchos/SwiftScraper-t.build/Objects-normal/arm64/SwiftScraper.SwiftConstValuesFileList
WriteAuxiliaryFile /Users/admin/builder/spi-builder-workspace/.derivedData/Build/Intermediates.noindex/SwiftScraper.build/Debug-watchos/SwiftScraper-t.build/Objects-normal/arm64/SwiftScraper.LinkFileList (in target 'SwiftScraper' from project 'SwiftScraper')
cd /Users/admin/builder/spi-builder-workspace
write-file /Users/admin/builder/spi-builder-workspace/.derivedData/Build/Intermediates.noindex/SwiftScraper.build/Debug-watchos/SwiftScraper-t.build/Objects-normal/arm64/SwiftScraper.LinkFileList
WriteAuxiliaryFile /Users/admin/builder/spi-builder-workspace/.derivedData/Build/Intermediates.noindex/SwiftScraper.build/Debug-watchos/SwiftScraper-t.build/Objects-normal/arm64/SwiftScraper-OutputFileMap.json (in target 'SwiftScraper' from project 'SwiftScraper')
cd /Users/admin/builder/spi-builder-workspace
write-file /Users/admin/builder/spi-builder-workspace/.derivedData/Build/Intermediates.noindex/SwiftScraper.build/Debug-watchos/SwiftScraper-t.build/Objects-normal/arm64/SwiftScraper-OutputFileMap.json
WriteAuxiliaryFile /Users/admin/builder/spi-builder-workspace/.derivedData/Build/Intermediates.noindex/SwiftScraper.build/Debug-watchos/SwiftScraper-t.build/DerivedSources/resource_bundle_accessor.swift (in target 'SwiftScraper' from project 'SwiftScraper')
cd /Users/admin/builder/spi-builder-workspace
write-file /Users/admin/builder/spi-builder-workspace/.derivedData/Build/Intermediates.noindex/SwiftScraper.build/Debug-watchos/SwiftScraper-t.build/DerivedSources/resource_bundle_accessor.swift
Copy /Users/admin/builder/spi-builder-workspace/.derivedData/Build/Intermediates.noindex/GeneratedModuleMaps-watchos/SwiftScraper.modulemap /Users/admin/builder/spi-builder-workspace/.derivedData/Build/Intermediates.noindex/SwiftScraper.build/Debug-watchos/SwiftScraper-t.build/SwiftScraper.modulemap (in target 'SwiftScraper' from project 'SwiftScraper')
cd /Users/admin/builder/spi-builder-workspace
builtin-copy -exclude .DS_Store -exclude CVS -exclude .svn -exclude .git -exclude .hg -resolve-src-symlinks /Users/admin/builder/spi-builder-workspace/.derivedData/Build/Intermediates.noindex/SwiftScraper.build/Debug-watchos/SwiftScraper-t.build/SwiftScraper.modulemap /Users/admin/builder/spi-builder-workspace/.derivedData/Build/Intermediates.noindex/GeneratedModuleMaps-watchos
ProcessInfoPlistFile /Users/admin/builder/spi-builder-workspace/.derivedData/Build/Products/Debug-watchos/SwiftScraper_SwiftScraper.bundle/Info.plist /Users/admin/builder/spi-builder-workspace/.derivedData/Build/Intermediates.noindex/SwiftScraper.build/Debug-watchos/SwiftScraper_SwiftScraper-b.build/empty-SwiftScraper_SwiftScraper.plist (in target 'SwiftScraper_SwiftScraper' from project 'SwiftScraper')
cd /Users/admin/builder/spi-builder-workspace
builtin-infoPlistUtility /Users/admin/builder/spi-builder-workspace/.derivedData/Build/Intermediates.noindex/SwiftScraper.build/Debug-watchos/SwiftScraper_SwiftScraper-b.build/empty-SwiftScraper_SwiftScraper.plist -producttype com.apple.product-type.bundle -expandbuildsettings -format binary -platform watchos -o /Users/admin/builder/spi-builder-workspace/.derivedData/Build/Products/Debug-watchos/SwiftScraper_SwiftScraper.bundle/Info.plist
CpResource /Users/admin/builder/spi-builder-workspace/.derivedData/Build/Products/Debug-watchos/SwiftScraper_SwiftScraper.bundle/SwiftScraper.js /Users/admin/builder/spi-builder-workspace/Sources/SwiftScraper/Resources/SwiftScraper.js (in target 'SwiftScraper_SwiftScraper' from project 'SwiftScraper')
cd /Users/admin/builder/spi-builder-workspace
builtin-copy -exclude .DS_Store -exclude CVS -exclude .svn -exclude .git -exclude .hg -resolve-src-symlinks /Users/admin/builder/spi-builder-workspace/Sources/SwiftScraper/Resources/SwiftScraper.js /Users/admin/builder/spi-builder-workspace/.derivedData/Build/Products/Debug-watchos/SwiftScraper_SwiftScraper.bundle
RegisterExecutionPolicyException /Users/admin/builder/spi-builder-workspace/.derivedData/Build/Products/Debug-watchos/SwiftScraper_SwiftScraper.bundle (in target 'SwiftScraper_SwiftScraper' from project 'SwiftScraper')
cd /Users/admin/builder/spi-builder-workspace
builtin-RegisterExecutionPolicyException /Users/admin/builder/spi-builder-workspace/.derivedData/Build/Products/Debug-watchos/SwiftScraper_SwiftScraper.bundle
Touch /Users/admin/builder/spi-builder-workspace/.derivedData/Build/Products/Debug-watchos/SwiftScraper_SwiftScraper.bundle (in target 'SwiftScraper_SwiftScraper' from project 'SwiftScraper')
cd /Users/admin/builder/spi-builder-workspace
/usr/bin/touch -c /Users/admin/builder/spi-builder-workspace/.derivedData/Build/Products/Debug-watchos/SwiftScraper_SwiftScraper.bundle
SwiftDriver SwiftScraper normal arm64_32 com.apple.xcode.tools.swift.compiler (in target 'SwiftScraper' from project 'SwiftScraper')
cd /Users/admin/builder/spi-builder-workspace/.swiftpm/xcode
builtin-SwiftDriver -- /Applications/Xcode-27.0.0-Release.Candidate.app/Contents/Developer/Toolchains/XcodeDefault.xctoolchain/usr/bin/swiftc -parse-as-library -module-name SwiftScraper -Onone @/Users/admin/builder/spi-builder-workspace/.derivedData/Build/Intermediates.noindex/SwiftScraper.build/Debug-watchos/SwiftScraper-t.build/Objects-normal/arm64_32/SwiftScraper.SwiftFileList -DSWIFT_PACKAGE -DDEBUG -DSWIFT_MODULE_RESOURCE_BUNDLE_AVAILABLE -DXcode -plugin-path /Applications/Xcode-27.0.0-Release.Candidate.app/Contents/Developer/Toolchains/XcodeDefault.xctoolchain/usr/lib/swift/host/plugins/testing -enable-experimental-feature DebugDescriptionMacro -sdk /Applications/Xcode-27.0.0-Release.Candidate.app/Contents/Developer/Platforms/WatchOS.platform/Developer/SDKs/WatchOS27.0.sdk -target arm64_32-apple-watchos9.0 -g -module-cache-path /Users/admin/builder/spi-builder-workspace/.derivedData/ModuleCache.noindex -Xfrontend -serialize-debugging-options -profile-coverage-mapping -profile-generate -enable-testing -index-store-path /Users/admin/builder/spi-builder-workspace/.derivedData/Index.noindex/DataStore -Xcc -D_LIBCPP_HARDENING_MODE\=_LIBCPP_HARDENING_MODE_DEBUG -swift-version 5 -I /Users/admin/builder/spi-builder-workspace/.derivedData/Build/Products/Debug-watchos -Isystem /Applications/Xcode-27.0.0-Release.Candidate.app/Contents/Developer/Platforms/WatchOS.platform/Developer/usr/lib -F /Users/admin/builder/spi-builder-workspace/.derivedData/Build/Products/Debug-watchos -F /Applications/Xcode-27.0.0-Release.Candidate.app/Contents/Developer/Platforms/WatchOS.platform/Developer/Library/Frameworks -F /Applications/Xcode-27.0.0-Release.Candidate.app/Contents/Developer/Platforms/WatchOS.platform/Developer/SDKs/WatchOS27.0.sdk/Developer/Library/Frameworks -c -j10 -enable-batch-mode -incremental -Xcc -ivfsstatcache -Xcc /Users/admin/builder/spi-builder-workspace/.derivedData/SDKStatCaches.noindex/watchos27.0-24R360-e829b21a6f8c9b70876ba0858053c04477534ef55a1706bf4c1112bbb242f0a2.sdkstatcache -output-file-map /Users/admin/builder/spi-builder-workspace/.derivedData/Build/Intermediates.noindex/SwiftScraper.build/Debug-watchos/SwiftScraper-t.build/Objects-normal/arm64_32/SwiftScraper-OutputFileMap.json -save-temps -no-color-diagnostics -explicit-module-build -module-cache-path /Users/admin/builder/spi-builder-workspace/.derivedData/Build/Intermediates.noindex/SwiftExplicitPrecompiledModules -clang-scanner-module-cache-path /Users/admin/builder/spi-builder-workspace/.derivedData/ModuleCache.noindex -sdk-module-cache-path /Users/admin/builder/spi-builder-workspace/.derivedData/SDKExplicitPrecompiledModules -emit-dependencies -emit-module -emit-module-path /Users/admin/builder/spi-builder-workspace/.derivedData/Build/Intermediates.noindex/SwiftScraper.build/Debug-watchos/SwiftScraper-t.build/Objects-normal/arm64_32/SwiftScraper.swiftmodule -serialize-diagnostics -dependency-scan-serialize-diagnostics-path /Users/admin/builder/spi-builder-workspace/.derivedData/Build/Intermediates.noindex/SwiftScraper.build/Debug-watchos/SwiftScraper-t.build/Objects-normal/arm64_32/SwiftScraper-dependency-scan.dia -validate-clang-modules-once -clang-build-session-file /Users/admin/builder/spi-builder-workspace/.derivedData/ModuleCache.noindex/Session.modulevalidation -Xcc -fmodules-prune-interval\=86400 -Xcc -fmodules-prune-after\=345600 -emit-const-values -const-gather-protocols-list /Users/admin/builder/spi-builder-workspace/.derivedData/Build/Intermediates.noindex/SwiftScraper.build/Debug-watchos/SwiftScraper-t.build/Objects-normal/arm64_32/SwiftScraper_const_extract_protocols.json -Xcc -I/Users/admin/builder/spi-builder-workspace/.derivedData/Build/Products/Debug-watchos/include -Xcc -I/Users/admin/builder/spi-builder-workspace/.derivedData/Build/Intermediates.noindex/SwiftScraper.build/Debug-watchos/SwiftScraper-t.build/DerivedSources-normal/arm64_32 -Xcc -I/Users/admin/builder/spi-builder-workspace/.derivedData/Build/Intermediates.noindex/SwiftScraper.build/Debug-watchos/SwiftScraper-t.build/DerivedSources/arm64_32 -Xcc -I/Users/admin/builder/spi-builder-workspace/.derivedData/Build/Intermediates.noindex/SwiftScraper.build/Debug-watchos/SwiftScraper-t.build/DerivedSources -Xcc -DSWIFT_PACKAGE -Xcc -DDEBUG\=1 -emit-objc-header -emit-objc-header-path /Users/admin/builder/spi-builder-workspace/.derivedData/Build/Intermediates.noindex/SwiftScraper.build/Debug-watchos/SwiftScraper-t.build/Objects-normal/arm64_32/SwiftScraper-Swift.h -working-directory /Users/admin/builder/spi-builder-workspace/.swiftpm/xcode -experimental-emit-module-separately -disable-cmo
/Users/admin/builder/spi-builder-workspace/Sources/SwiftScraper/Browser.swift:11:8: error: Unable to resolve module dependency: 'WebKit' (in target 'SwiftScraper' from project 'SwiftScraper')
note: A dependency of main module 'SwiftScraper'
/Users/admin/builder/spi-builder-workspace/Sources/SwiftScraper/Steps/DownloadStep.swift:9:8: note: Also imported here
/Users/admin/builder/spi-builder-workspace/Sources/SwiftScraper/Browser.swift:11:8: note: A dependency of main module 'SwiftScraper'
import WebKit
^ (in target 'SwiftScraper' from project 'SwiftScraper')
/Users/admin/builder/spi-builder-workspace/Sources/SwiftScraper/Steps/DownloadStep.swift:9:8: note: Also imported here
import WebKit
^ (in target 'SwiftScraper' from project 'SwiftScraper')
SwiftDriver SwiftScraper normal arm64 com.apple.xcode.tools.swift.compiler (in target 'SwiftScraper' from project 'SwiftScraper')
cd /Users/admin/builder/spi-builder-workspace/.swiftpm/xcode
builtin-SwiftDriver -- /Applications/Xcode-27.0.0-Release.Candidate.app/Contents/Developer/Toolchains/XcodeDefault.xctoolchain/usr/bin/swiftc -parse-as-library -module-name SwiftScraper -Onone @/Users/admin/builder/spi-builder-workspace/.derivedData/Build/Intermediates.noindex/SwiftScraper.build/Debug-watchos/SwiftScraper-t.build/Objects-normal/arm64/SwiftScraper.SwiftFileList -DSWIFT_PACKAGE -DDEBUG -DSWIFT_MODULE_RESOURCE_BUNDLE_AVAILABLE -DXcode -plugin-path /Applications/Xcode-27.0.0-Release.Candidate.app/Contents/Developer/Toolchains/XcodeDefault.xctoolchain/usr/lib/swift/host/plugins/testing -enable-experimental-feature DebugDescriptionMacro -sdk /Applications/Xcode-27.0.0-Release.Candidate.app/Contents/Developer/Platforms/WatchOS.platform/Developer/SDKs/WatchOS27.0.sdk -target arm64-apple-watchos9.0 -g -module-cache-path /Users/admin/builder/spi-builder-workspace/.derivedData/ModuleCache.noindex -Xfrontend -serialize-debugging-options -profile-coverage-mapping -profile-generate -enable-testing -index-store-path /Users/admin/builder/spi-builder-workspace/.derivedData/Index.noindex/DataStore -Xcc -D_LIBCPP_HARDENING_MODE\=_LIBCPP_HARDENING_MODE_DEBUG -swift-version 5 -I /Users/admin/builder/spi-builder-workspace/.derivedData/Build/Products/Debug-watchos -Isystem /Applications/Xcode-27.0.0-Release.Candidate.app/Contents/Developer/Platforms/WatchOS.platform/Developer/usr/lib -F /Users/admin/builder/spi-builder-workspace/.derivedData/Build/Products/Debug-watchos -F /Applications/Xcode-27.0.0-Release.Candidate.app/Contents/Developer/Platforms/WatchOS.platform/Developer/Library/Frameworks -F /Applications/Xcode-27.0.0-Release.Candidate.app/Contents/Developer/Platforms/WatchOS.platform/Developer/SDKs/WatchOS27.0.sdk/Developer/Library/Frameworks -c -j10 -enable-batch-mode -incremental -Xcc -ivfsstatcache -Xcc /Users/admin/builder/spi-builder-workspace/.derivedData/SDKStatCaches.noindex/watchos27.0-24R360-e829b21a6f8c9b70876ba0858053c04477534ef55a1706bf4c1112bbb242f0a2.sdkstatcache -output-file-map /Users/admin/builder/spi-builder-workspace/.derivedData/Build/Intermediates.noindex/SwiftScraper.build/Debug-watchos/SwiftScraper-t.build/Objects-normal/arm64/SwiftScraper-OutputFileMap.json -save-temps -no-color-diagnostics -explicit-module-build -module-cache-path /Users/admin/builder/spi-builder-workspace/.derivedData/Build/Intermediates.noindex/SwiftExplicitPrecompiledModules -clang-scanner-module-cache-path /Users/admin/builder/spi-builder-workspace/.derivedData/ModuleCache.noindex -sdk-module-cache-path /Users/admin/builder/spi-builder-workspace/.derivedData/SDKExplicitPrecompiledModules -emit-dependencies -emit-module -emit-module-path /Users/admin/builder/spi-builder-workspace/.derivedData/Build/Intermediates.noindex/SwiftScraper.build/Debug-watchos/SwiftScraper-t.build/Objects-normal/arm64/SwiftScraper.swiftmodule -serialize-diagnostics -dependency-scan-serialize-diagnostics-path /Users/admin/builder/spi-builder-workspace/.derivedData/Build/Intermediates.noindex/SwiftScraper.build/Debug-watchos/SwiftScraper-t.build/Objects-normal/arm64/SwiftScraper-dependency-scan.dia -validate-clang-modules-once -clang-build-session-file /Users/admin/builder/spi-builder-workspace/.derivedData/ModuleCache.noindex/Session.modulevalidation -Xcc -fmodules-prune-interval\=86400 -Xcc -fmodules-prune-after\=345600 -emit-const-values -const-gather-protocols-list /Users/admin/builder/spi-builder-workspace/.derivedData/Build/Intermediates.noindex/SwiftScraper.build/Debug-watchos/SwiftScraper-t.build/Objects-normal/arm64/SwiftScraper_const_extract_protocols.json -Xcc -I/Users/admin/builder/spi-builder-workspace/.derivedData/Build/Products/Debug-watchos/include -Xcc -I/Users/admin/builder/spi-builder-workspace/.derivedData/Build/Intermediates.noindex/SwiftScraper.build/Debug-watchos/SwiftScraper-t.build/DerivedSources-normal/arm64 -Xcc -I/Users/admin/builder/spi-builder-workspace/.derivedData/Build/Intermediates.noindex/SwiftScraper.build/Debug-watchos/SwiftScraper-t.build/DerivedSources/arm64 -Xcc -I/Users/admin/builder/spi-builder-workspace/.derivedData/Build/Intermediates.noindex/SwiftScraper.build/Debug-watchos/SwiftScraper-t.build/DerivedSources -Xcc -DSWIFT_PACKAGE -Xcc -DDEBUG\=1 -emit-objc-header -emit-objc-header-path /Users/admin/builder/spi-builder-workspace/.derivedData/Build/Intermediates.noindex/SwiftScraper.build/Debug-watchos/SwiftScraper-t.build/Objects-normal/arm64/SwiftScraper-Swift.h -working-directory /Users/admin/builder/spi-builder-workspace/.swiftpm/xcode -experimental-emit-module-separately -disable-cmo
/Users/admin/builder/spi-builder-workspace/Sources/SwiftScraper/Browser.swift:11:8: error: Unable to resolve module dependency: 'WebKit' (in target 'SwiftScraper' from project 'SwiftScraper')
note: A dependency of main module 'SwiftScraper'
/Users/admin/builder/spi-builder-workspace/Sources/SwiftScraper/Steps/DownloadStep.swift:9:8: note: Also imported here
/Users/admin/builder/spi-builder-workspace/Sources/SwiftScraper/Browser.swift:11:8: note: A dependency of main module 'SwiftScraper'
import WebKit
^ (in target 'SwiftScraper' from project 'SwiftScraper')
/Users/admin/builder/spi-builder-workspace/Sources/SwiftScraper/Steps/DownloadStep.swift:9:8: note: Also imported here
import WebKit
^ (in target 'SwiftScraper' from project 'SwiftScraper')
PruneExplicitPrecompiledModules /Users/admin/builder/spi-builder-workspace/.derivedData/Build/Intermediates.noindex/ExplicitPrecompiledModules
PruneExplicitPrecompiledModules /Users/admin/builder/spi-builder-workspace/.derivedData/SDKExplicitPrecompiledModules
PruneExplicitPrecompiledModules /Users/admin/builder/spi-builder-workspace/.derivedData/Build/Intermediates.noindex/SwiftExplicitPrecompiledModules
2026-09-21 11:42:19.551 xcodebuild[648:4188] [MT] IDERunDestination: Supported platforms for the buildables in the current scheme is empty.
** BUILD FAILED **
The following build commands failed:
SwiftDriver SwiftScraper normal arm64_32 com.apple.xcode.tools.swift.compiler (in target 'SwiftScraper' from project 'SwiftScraper')
SwiftDriver SwiftScraper normal arm64 com.apple.xcode.tools.swift.compiler (in target 'SwiftScraper' from project 'SwiftScraper')
Building workspace SwiftScraper with scheme SwiftScraper
(3 failures)
Command line invocation:
/Applications/Xcode-27.0.0-Release.Candidate.app/Contents/Developer/usr/bin/xcodebuild -IDEClonedSourcePackagesDirPathOverride=/Users/admin/builder/spi-builder-workspace/.dependencies -resolvePackageDependencies
Resolve Package Graph
Resolved source packages:
SwiftScraper: /Users/admin/builder/spi-builder-workspace
resolved source packages: SwiftScraper
2026-09-21 11:42:22.855 xcodebuild[664:4448] [MT] IDERunDestination: Supported platforms for the buildables in the current scheme is empty.
{
"dependencies" : [
],
"manifest_display_name" : "SwiftScraper",
"name" : "SwiftScraper",
"path" : "/Users/admin/builder/spi-builder-workspace",
"platforms" : [
{
"name" : "ios",
"version" : "14.0"
},
{
"name" : "macos",
"version" : "11.0"
}
],
"products" : [
{
"name" : "SwiftScraper",
"targets" : [
"SwiftScraper"
],
"type" : {
"library" : [
"automatic"
]
}
}
],
"targets" : [
{
"c99name" : "SwiftScraperTests",
"module_type" : "SwiftTarget",
"name" : "SwiftScraperTests",
"path" : "Tests/SwiftScraperTests",
"resources" : [
{
"path" : "/Users/admin/builder/spi-builder-workspace/Tests/SwiftScraperTests/Resources/page1.html",
"rule" : {
"process" : {
}
}
},
{
"path" : "/Users/admin/builder/spi-builder-workspace/Tests/SwiftScraperTests/Resources/page2.html",
"rule" : {
"process" : {
}
}
},
{
"path" : "/Users/admin/builder/spi-builder-workspace/Tests/SwiftScraperTests/Resources/waitTest.html",
"rule" : {
"process" : {
}
}
},
{
"path" : "/Users/admin/builder/spi-builder-workspace/Tests/SwiftScraperTests/StepRunnerTests.js",
"rule" : {
"process" : {
}
}
}
],
"sources" : [
"JavaScriptGeneratorTests.swift",
"StepRunnerTests.swift",
"Steps/AsyncProcessStepTests.swift",
"Steps/AsyncScriptStepTests.swift",
"Steps/DownloadStepTests.swift",
"Steps/OpenPageStepTests.swift",
"Steps/PageChangeStepTests.swift",
"Steps/ProcessStepTests.swift",
"Steps/ScriptStepTests.swift",
"Steps/WaitForConditionStepTests.swift",
"Steps/WaitStepTests.swift",
"SwiftScraperErrorTests.swift"
],
"target_dependencies" : [
"SwiftScraper"
],
"type" : "test"
},
{
"c99name" : "SwiftScraper",
"module_type" : "SwiftTarget",
"name" : "SwiftScraper",
"path" : "Sources/SwiftScraper",
"product_memberships" : [
"SwiftScraper"
],
"resources" : [
{
"path" : "/Users/admin/builder/spi-builder-workspace/Sources/SwiftScraper/Resources/SwiftScraper.js",
"rule" : {
"process" : {
}
}
}
],
"sources" : [
"Browser.swift",
"JavaScriptGenerator.swift",
"StepRunner.swift",
"Steps/AsyncProcessStep.swift",
"Steps/AsyncScriptStep.swift",
"Steps/Common/NavigableStep.swift",
"Steps/Common/Step.swift",
"Steps/Common/StepCompletionCallback.swift",
"Steps/Common/StepFlowResult.swift",
"Steps/DownloadStep.swift",
"Steps/OpenPageStep.swift",
"Steps/PageChangeStep.swift",
"Steps/ProcessStep.swift",
"Steps/ScriptStep.swift",
"Steps/WaitForConditionStep.swift",
"Steps/WaitStep.swift",
"SwiftScraperError.swift"
],
"type" : "library"
}
],
"tools_version" : "5.5"
}
{
"workspace" : {
"name" : "SwiftScraper",
"schemes" : [
"SwiftScraper"
]
}
}
2026-09-21 11:42:24.072 xcodebuild[672:4505] [MT] IDERunDestination: Supported platforms for the buildables in the current scheme is empty.
Running build ...
env DEVELOPER_DIR=/Applications/Xcode-27.0.0-Release.Candidate.app xcrun xcodebuild -IDEClonedSourcePackagesDirPathOverride=$PWD/.dependencies -skipMacroValidation -skipPackagePluginValidation -derivedDataPath $PWD/.derivedData build -scheme SwiftScraper -destination generic/platform=watchOS
Command line invocation:
/Applications/Xcode-27.0.0-Release.Candidate.app/Contents/Developer/usr/bin/xcodebuild -IDEClonedSourcePackagesDirPathOverride=/Users/admin/builder/spi-builder-workspace/.dependencies -skipMacroValidation -skipPackagePluginValidation -derivedDataPath /Users/admin/builder/spi-builder-workspace/.derivedData build -scheme SwiftScraper -destination generic/platform=watchOS
Resolve Package Graph
Resolved source packages:
SwiftScraper: /Users/admin/builder/spi-builder-workspace
ComputePackagePrebuildTargetDependencyGraph
Prepare packages
CreateBuildRequest
SendProjectDescription
CreateBuildOperation
ComputeTargetDependencyGraph
note: Building targets in dependency order
note: Target dependency graph (3 targets)
Target 'SwiftScraper-product' in project 'SwiftScraper'
➜ Explicit dependency on target 'SwiftScraper' in project 'SwiftScraper'
➜ Explicit dependency on target 'SwiftScraper_SwiftScraper' in project 'SwiftScraper'
Target 'SwiftScraper' in project 'SwiftScraper'
➜ Explicit dependency on target 'SwiftScraper_SwiftScraper' in project 'SwiftScraper'
Target 'SwiftScraper_SwiftScraper' in project 'SwiftScraper' (no dependencies)
GatherProvisioningInputs
CreateBuildDescription
ClangStatCache /Applications/Xcode-27.0.0-Release.Candidate.app/Contents/Developer/Toolchains/XcodeDefault.xctoolchain/usr/bin/clang-stat-cache /Applications/Xcode-27.0.0-Release.Candidate.app/Contents/Developer/Platforms/WatchOS.platform/Developer/SDKs/WatchOS27.0.sdk /Users/admin/builder/spi-builder-workspace/.derivedData/SDKStatCaches.noindex/watchos27.0-24R360-e829b21a6f8c9b70876ba0858053c04477534ef55a1706bf4c1112bbb242f0a2.sdkstatcache
cd /Users/admin/builder/spi-builder-workspace/.swiftpm/xcode
/Applications/Xcode-27.0.0-Release.Candidate.app/Contents/Developer/Toolchains/XcodeDefault.xctoolchain/usr/bin/clang-stat-cache /Applications/Xcode-27.0.0-Release.Candidate.app/Contents/Developer/Platforms/WatchOS.platform/Developer/SDKs/WatchOS27.0.sdk -o /Users/admin/builder/spi-builder-workspace/.derivedData/SDKStatCaches.noindex/watchos27.0-24R360-e829b21a6f8c9b70876ba0858053c04477534ef55a1706bf4c1112bbb242f0a2.sdkstatcache
SwiftDriver SwiftScraper normal arm64_32 com.apple.xcode.tools.swift.compiler (in target 'SwiftScraper' from project 'SwiftScraper')
cd /Users/admin/builder/spi-builder-workspace/.swiftpm/xcode
builtin-SwiftDriver -- /Applications/Xcode-27.0.0-Release.Candidate.app/Contents/Developer/Toolchains/XcodeDefault.xctoolchain/usr/bin/swiftc -parse-as-library -module-name SwiftScraper -Onone @/Users/admin/builder/spi-builder-workspace/.derivedData/Build/Intermediates.noindex/SwiftScraper.build/Debug-watchos/SwiftScraper-t.build/Objects-normal/arm64_32/SwiftScraper.SwiftFileList -DSWIFT_PACKAGE -DDEBUG -DSWIFT_MODULE_RESOURCE_BUNDLE_AVAILABLE -DXcode -plugin-path /Applications/Xcode-27.0.0-Release.Candidate.app/Contents/Developer/Toolchains/XcodeDefault.xctoolchain/usr/lib/swift/host/plugins/testing -enable-experimental-feature DebugDescriptionMacro -sdk /Applications/Xcode-27.0.0-Release.Candidate.app/Contents/Developer/Platforms/WatchOS.platform/Developer/SDKs/WatchOS27.0.sdk -target arm64_32-apple-watchos9.0 -g -module-cache-path /Users/admin/builder/spi-builder-workspace/.derivedData/ModuleCache.noindex -Xfrontend -serialize-debugging-options -profile-coverage-mapping -profile-generate -enable-testing -index-store-path /Users/admin/builder/spi-builder-workspace/.derivedData/Index.noindex/DataStore -Xcc -D_LIBCPP_HARDENING_MODE\=_LIBCPP_HARDENING_MODE_DEBUG -swift-version 5 -I /Users/admin/builder/spi-builder-workspace/.derivedData/Build/Products/Debug-watchos -Isystem /Applications/Xcode-27.0.0-Release.Candidate.app/Contents/Developer/Platforms/WatchOS.platform/Developer/usr/lib -F /Users/admin/builder/spi-builder-workspace/.derivedData/Build/Products/Debug-watchos -F /Applications/Xcode-27.0.0-Release.Candidate.app/Contents/Developer/Platforms/WatchOS.platform/Developer/Library/Frameworks -F /Applications/Xcode-27.0.0-Release.Candidate.app/Contents/Developer/Platforms/WatchOS.platform/Developer/SDKs/WatchOS27.0.sdk/Developer/Library/Frameworks -c -j10 -enable-batch-mode -incremental -Xcc -ivfsstatcache -Xcc /Users/admin/builder/spi-builder-workspace/.derivedData/SDKStatCaches.noindex/watchos27.0-24R360-e829b21a6f8c9b70876ba0858053c04477534ef55a1706bf4c1112bbb242f0a2.sdkstatcache -output-file-map /Users/admin/builder/spi-builder-workspace/.derivedData/Build/Intermediates.noindex/SwiftScraper.build/Debug-watchos/SwiftScraper-t.build/Objects-normal/arm64_32/SwiftScraper-OutputFileMap.json -save-temps -no-color-diagnostics -explicit-module-build -module-cache-path /Users/admin/builder/spi-builder-workspace/.derivedData/Build/Intermediates.noindex/SwiftExplicitPrecompiledModules -clang-scanner-module-cache-path /Users/admin/builder/spi-builder-workspace/.derivedData/ModuleCache.noindex -sdk-module-cache-path /Users/admin/builder/spi-builder-workspace/.derivedData/SDKExplicitPrecompiledModules -emit-dependencies -emit-module -emit-module-path /Users/admin/builder/spi-builder-workspace/.derivedData/Build/Intermediates.noindex/SwiftScraper.build/Debug-watchos/SwiftScraper-t.build/Objects-normal/arm64_32/SwiftScraper.swiftmodule -serialize-diagnostics -dependency-scan-serialize-diagnostics-path /Users/admin/builder/spi-builder-workspace/.derivedData/Build/Intermediates.noindex/SwiftScraper.build/Debug-watchos/SwiftScraper-t.build/Objects-normal/arm64_32/SwiftScraper-dependency-scan.dia -validate-clang-modules-once -clang-build-session-file /Users/admin/builder/spi-builder-workspace/.derivedData/ModuleCache.noindex/Session.modulevalidation -Xcc -fmodules-prune-interval\=86400 -Xcc -fmodules-prune-after\=345600 -emit-const-values -const-gather-protocols-list /Users/admin/builder/spi-builder-workspace/.derivedData/Build/Intermediates.noindex/SwiftScraper.build/Debug-watchos/SwiftScraper-t.build/Objects-normal/arm64_32/SwiftScraper_const_extract_protocols.json -Xcc -I/Users/admin/builder/spi-builder-workspace/.derivedData/Build/Products/Debug-watchos/include -Xcc -I/Users/admin/builder/spi-builder-workspace/.derivedData/Build/Intermediates.noindex/SwiftScraper.build/Debug-watchos/SwiftScraper-t.build/DerivedSources-normal/arm64_32 -Xcc -I/Users/admin/builder/spi-builder-workspace/.derivedData/Build/Intermediates.noindex/SwiftScraper.build/Debug-watchos/SwiftScraper-t.build/DerivedSources/arm64_32 -Xcc -I/Users/admin/builder/spi-builder-workspace/.derivedData/Build/Intermediates.noindex/SwiftScraper.build/Debug-watchos/SwiftScraper-t.build/DerivedSources -Xcc -DSWIFT_PACKAGE -Xcc -DDEBUG\=1 -emit-objc-header -emit-objc-header-path /Users/admin/builder/spi-builder-workspace/.derivedData/Build/Intermediates.noindex/SwiftScraper.build/Debug-watchos/SwiftScraper-t.build/Objects-normal/arm64_32/SwiftScraper-Swift.h -working-directory /Users/admin/builder/spi-builder-workspace/.swiftpm/xcode -experimental-emit-module-separately -disable-cmo
/Users/admin/builder/spi-builder-workspace/Sources/SwiftScraper/Browser.swift:11:8: error: Unable to resolve module dependency: 'WebKit' (in target 'SwiftScraper' from project 'SwiftScraper')
note: A dependency of main module 'SwiftScraper'
/Users/admin/builder/spi-builder-workspace/Sources/SwiftScraper/Steps/DownloadStep.swift:9:8: note: Also imported here
/Users/admin/builder/spi-builder-workspace/Sources/SwiftScraper/Browser.swift:11:8: note: A dependency of main module 'SwiftScraper'
import WebKit
^ (in target 'SwiftScraper' from project 'SwiftScraper')
/Users/admin/builder/spi-builder-workspace/Sources/SwiftScraper/Steps/DownloadStep.swift:9:8: note: Also imported here
import WebKit
^ (in target 'SwiftScraper' from project 'SwiftScraper')
SwiftDriver SwiftScraper normal arm64 com.apple.xcode.tools.swift.compiler (in target 'SwiftScraper' from project 'SwiftScraper')
cd /Users/admin/builder/spi-builder-workspace/.swiftpm/xcode
builtin-SwiftDriver -- /Applications/Xcode-27.0.0-Release.Candidate.app/Contents/Developer/Toolchains/XcodeDefault.xctoolchain/usr/bin/swiftc -parse-as-library -module-name SwiftScraper -Onone @/Users/admin/builder/spi-builder-workspace/.derivedData/Build/Intermediates.noindex/SwiftScraper.build/Debug-watchos/SwiftScraper-t.build/Objects-normal/arm64/SwiftScraper.SwiftFileList -DSWIFT_PACKAGE -DDEBUG -DSWIFT_MODULE_RESOURCE_BUNDLE_AVAILABLE -DXcode -plugin-path /Applications/Xcode-27.0.0-Release.Candidate.app/Contents/Developer/Toolchains/XcodeDefault.xctoolchain/usr/lib/swift/host/plugins/testing -enable-experimental-feature DebugDescriptionMacro -sdk /Applications/Xcode-27.0.0-Release.Candidate.app/Contents/Developer/Platforms/WatchOS.platform/Developer/SDKs/WatchOS27.0.sdk -target arm64-apple-watchos9.0 -g -module-cache-path /Users/admin/builder/spi-builder-workspace/.derivedData/ModuleCache.noindex -Xfrontend -serialize-debugging-options -profile-coverage-mapping -profile-generate -enable-testing -index-store-path /Users/admin/builder/spi-builder-workspace/.derivedData/Index.noindex/DataStore -Xcc -D_LIBCPP_HARDENING_MODE\=_LIBCPP_HARDENING_MODE_DEBUG -swift-version 5 -I /Users/admin/builder/spi-builder-workspace/.derivedData/Build/Products/Debug-watchos -Isystem /Applications/Xcode-27.0.0-Release.Candidate.app/Contents/Developer/Platforms/WatchOS.platform/Developer/usr/lib -F /Users/admin/builder/spi-builder-workspace/.derivedData/Build/Products/Debug-watchos -F /Applications/Xcode-27.0.0-Release.Candidate.app/Contents/Developer/Platforms/WatchOS.platform/Developer/Library/Frameworks -F /Applications/Xcode-27.0.0-Release.Candidate.app/Contents/Developer/Platforms/WatchOS.platform/Developer/SDKs/WatchOS27.0.sdk/Developer/Library/Frameworks -c -j10 -enable-batch-mode -incremental -Xcc -ivfsstatcache -Xcc /Users/admin/builder/spi-builder-workspace/.derivedData/SDKStatCaches.noindex/watchos27.0-24R360-e829b21a6f8c9b70876ba0858053c04477534ef55a1706bf4c1112bbb242f0a2.sdkstatcache -output-file-map /Users/admin/builder/spi-builder-workspace/.derivedData/Build/Intermediates.noindex/SwiftScraper.build/Debug-watchos/SwiftScraper-t.build/Objects-normal/arm64/SwiftScraper-OutputFileMap.json -save-temps -no-color-diagnostics -explicit-module-build -module-cache-path /Users/admin/builder/spi-builder-workspace/.derivedData/Build/Intermediates.noindex/SwiftExplicitPrecompiledModules -clang-scanner-module-cache-path /Users/admin/builder/spi-builder-workspace/.derivedData/ModuleCache.noindex -sdk-module-cache-path /Users/admin/builder/spi-builder-workspace/.derivedData/SDKExplicitPrecompiledModules -emit-dependencies -emit-module -emit-module-path /Users/admin/builder/spi-builder-workspace/.derivedData/Build/Intermediates.noindex/SwiftScraper.build/Debug-watchos/SwiftScraper-t.build/Objects-normal/arm64/SwiftScraper.swiftmodule -serialize-diagnostics -dependency-scan-serialize-diagnostics-path /Users/admin/builder/spi-builder-workspace/.derivedData/Build/Intermediates.noindex/SwiftScraper.build/Debug-watchos/SwiftScraper-t.build/Objects-normal/arm64/SwiftScraper-dependency-scan.dia -validate-clang-modules-once -clang-build-session-file /Users/admin/builder/spi-builder-workspace/.derivedData/ModuleCache.noindex/Session.modulevalidation -Xcc -fmodules-prune-interval\=86400 -Xcc -fmodules-prune-after\=345600 -emit-const-values -const-gather-protocols-list /Users/admin/builder/spi-builder-workspace/.derivedData/Build/Intermediates.noindex/SwiftScraper.build/Debug-watchos/SwiftScraper-t.build/Objects-normal/arm64/SwiftScraper_const_extract_protocols.json -Xcc -I/Users/admin/builder/spi-builder-workspace/.derivedData/Build/Products/Debug-watchos/include -Xcc -I/Users/admin/builder/spi-builder-workspace/.derivedData/Build/Intermediates.noindex/SwiftScraper.build/Debug-watchos/SwiftScraper-t.build/DerivedSources-normal/arm64 -Xcc -I/Users/admin/builder/spi-builder-workspace/.derivedData/Build/Intermediates.noindex/SwiftScraper.build/Debug-watchos/SwiftScraper-t.build/DerivedSources/arm64 -Xcc -I/Users/admin/builder/spi-builder-workspace/.derivedData/Build/Intermediates.noindex/SwiftScraper.build/Debug-watchos/SwiftScraper-t.build/DerivedSources -Xcc -DSWIFT_PACKAGE -Xcc -DDEBUG\=1 -emit-objc-header -emit-objc-header-path /Users/admin/builder/spi-builder-workspace/.derivedData/Build/Intermediates.noindex/SwiftScraper.build/Debug-watchos/SwiftScraper-t.build/Objects-normal/arm64/SwiftScraper-Swift.h -working-directory /Users/admin/builder/spi-builder-workspace/.swiftpm/xcode -experimental-emit-module-separately -disable-cmo
/Users/admin/builder/spi-builder-workspace/Sources/SwiftScraper/Browser.swift:11:8: error: Unable to resolve module dependency: 'WebKit' (in target 'SwiftScraper' from project 'SwiftScraper')
note: A dependency of main module 'SwiftScraper'
/Users/admin/builder/spi-builder-workspace/Sources/SwiftScraper/Steps/DownloadStep.swift:9:8: note: Also imported here
/Users/admin/builder/spi-builder-workspace/Sources/SwiftScraper/Browser.swift:11:8: note: A dependency of main module 'SwiftScraper'
import WebKit
^ (in target 'SwiftScraper' from project 'SwiftScraper')
/Users/admin/builder/spi-builder-workspace/Sources/SwiftScraper/Steps/DownloadStep.swift:9:8: note: Also imported here
import WebKit
^ (in target 'SwiftScraper' from project 'SwiftScraper')
PruneExplicitPrecompiledModules /Users/admin/builder/spi-builder-workspace/.derivedData/Build/Intermediates.noindex/SwiftExplicitPrecompiledModules
PruneExplicitPrecompiledModules /Users/admin/builder/spi-builder-workspace/.derivedData/SDKExplicitPrecompiledModules
PruneExplicitPrecompiledModules /Users/admin/builder/spi-builder-workspace/.derivedData/Build/Intermediates.noindex/ExplicitPrecompiledModules
2026-09-21 11:42:25.021 xcodebuild[673:4534] [MT] IDERunDestination: Supported platforms for the buildables in the current scheme is empty.
** BUILD FAILED **
The following build commands failed:
SwiftDriver SwiftScraper normal arm64_32 com.apple.xcode.tools.swift.compiler (in target 'SwiftScraper' from project 'SwiftScraper')
SwiftDriver SwiftScraper normal arm64 com.apple.xcode.tools.swift.compiler (in target 'SwiftScraper' from project 'SwiftScraper')
Building workspace SwiftScraper with scheme SwiftScraper
(3 failures)
BUILD FAILURE 6.4 watchOS