The Swift Package Index logo.Swift Package Index

Build Information

Failed to build MoneyMaker, reference main (439e40), with Swift 6.4 for watchOS using Xcode 27.0 on 22 Sep 2026 01:44:41 UTC.

Build Command

env DEVELOPER_DIR=/Applications/Xcode-27.0.0-Release.Candidate.app xcrun xcodebuild -IDEClonedSourcePackagesDirPathOverride=$PWD/.dependencies -skipMacroValidation -skipPackagePluginValidation -derivedDataPath $PWD/.derivedData build -scheme MoneyMaker -destination generic/platform=watchOS

Build Log

/Applications/Xcode-27.0.0-Release.Candidate.app/Contents/Developer/Platforms/WatchOS.platform/Developer/SDKs/WatchOS27.0.sdk/System/Library/Frameworks/UIKit.framework/Headers/NSLayoutManager.h:58:12: note: 'NSLayoutManager' has been explicitly marked unavailable here
 56 |
 57 | UIKIT_EXTERN API_AVAILABLE(macos(10.0), ios(7.0)) API_UNAVAILABLE(watchos)
 58 | @interface NSLayoutManager : NSObject <NSSecureCoding>
    |            `- note: 'NSLayoutManager' has been explicitly marked unavailable here
 59 |
 60 | /**************************** Initialization ****************************/
/Users/admin/builder/spi-builder-workspace/.dependencies/checkouts/RSKPlaceholderTextView/RSKPlaceholderTextView/RSKPlaceholderTextView.swift:344:148: error: 'NSTextStorage' is unavailable in watchOS
342 |     }
343 |
344 |     private func configurePlaceholderLayoutManager(_ placeholderLayoutManager: NSLayoutManager, withPlaceholderTextStorage placeholderTextStorage: NSTextStorage, textContainerSize: CGSize) {
    |                                                                                                                                                    `- error: 'NSTextStorage' is unavailable in watchOS
345 |
346 |         placeholderTextStorage.addLayoutManager(placeholderLayoutManager)
/Applications/Xcode-27.0.0-Release.Candidate.app/Contents/Developer/Platforms/WatchOS.platform/Developer/SDKs/WatchOS27.0.sdk/System/Library/Frameworks/UIKit.framework/Headers/NSTextStorage.h:46:12: note: 'NSTextStorage' has been explicitly marked unavailable here
 44 | /// `edited:range:changeInLength:` to get everything else to happen.
 45 | UIKIT_EXTERN API_AVAILABLE(macos(10.0), ios(7.0), tvos(9.0), visionos(1.0)) API_UNAVAILABLE(watchos)
 46 | @interface NSTextStorage : NSMutableAttributedString <NSSecureCoding>
    |            `- note: 'NSTextStorage' has been explicitly marked unavailable here
 47 | /**************************** Pending edit info ****************************/
 48 |
/Users/admin/builder/spi-builder-workspace/.dependencies/checkouts/RSKPlaceholderTextView/RSKPlaceholderTextView/RSKPlaceholderTextView.swift:355:88: error: 'NSTextLayoutManager' is unavailable in watchOS
353 |
354 |     @available(iOS 16.0, *)
355 |     private func configurePlaceholderTextLayoutManager(_ placeholderTextLayoutManager: NSTextLayoutManager, withPlaceholderTextContentStorage placeholderTextContentStorage: NSTextContentStorage, textContainerSize: CGSize) {
    |                                                                                        `- error: 'NSTextLayoutManager' is unavailable in watchOS
356 |
357 |         placeholderTextContentStorage.addTextLayoutManager(placeholderTextLayoutManager)
/Applications/Xcode-27.0.0-Release.Candidate.app/Contents/Developer/Platforms/WatchOS.platform/Developer/SDKs/WatchOS27.0.sdk/System/Library/Frameworks/UIKit.framework/Headers/NSTextLayoutManager.h:66:12: note: 'NSTextLayoutManager' has been explicitly marked unavailable here
 64 | /// participates in the content layout process.
 65 | API_AVAILABLE(macos(12.0), ios(15.0), tvos(15.0), visionos(1.0)) API_UNAVAILABLE(watchos)
 66 | @interface NSTextLayoutManager : NSObject <NSSecureCoding, NSTextSelectionDataSource>
    |            `- note: 'NSTextLayoutManager' has been explicitly marked unavailable here
 67 | #pragma mark Initialization
 68 | /// Creates a new text layout manager.
/Users/admin/builder/spi-builder-workspace/.dependencies/checkouts/RSKPlaceholderTextView/RSKPlaceholderTextView/RSKPlaceholderTextView.swift:355:174: error: 'NSTextContentStorage' is unavailable in watchOS
353 |
354 |     @available(iOS 16.0, *)
355 |     private func configurePlaceholderTextLayoutManager(_ placeholderTextLayoutManager: NSTextLayoutManager, withPlaceholderTextContentStorage placeholderTextContentStorage: NSTextContentStorage, textContainerSize: CGSize) {
    |                                                                                                                                                                              `- error: 'NSTextContentStorage' is unavailable in watchOS
356 |
357 |         placeholderTextContentStorage.addTextLayoutManager(placeholderTextLayoutManager)
/Applications/Xcode-27.0.0-Release.Candidate.app/Contents/Developer/Platforms/WatchOS.platform/Developer/SDKs/WatchOS27.0.sdk/System/Library/Frameworks/UIKit.framework/Headers/NSTextContentManager.h:303:12: note: 'NSTextContentStorage' has been explicitly marked unavailable here
301 | /// the backing store.
302 | API_AVAILABLE(macos(12.0), ios(15.0), tvos(15.0), visionos(1.0)) API_UNAVAILABLE(watchos)
303 | @interface NSTextContentStorage : NSTextContentManager <NSTextStorageObserving>
    |            `- note: 'NSTextContentStorage' has been explicitly marked unavailable here
304 | #pragma mark Basic properties
305 | /// The delegate for the content storage object.
SwiftCompile normal arm64 (in target 'RSKPlaceholderTextView' from project 'RSKPlaceholderTextView')
    cd /Users/admin/builder/spi-builder-workspace/.swiftpm/xcode

SwiftDriverJobDiscovery normal arm64_32 Emitting module for SwiftHEXColors (in target 'SwiftHEXColors' from project 'SwiftHEXColors')
SwiftDriver\ Compilation\ Requirements SwiftHEXColors normal arm64_32 com.apple.xcode.tools.swift.compiler (in target 'SwiftHEXColors' from project 'SwiftHEXColors')
    cd /Users/admin/builder/spi-builder-workspace/.swiftpm/xcode
    builtin-Swift-Compilation-Requirements -- /Applications/Xcode-27.0.0-Release.Candidate.app/Contents/Developer/Toolchains/XcodeDefault.xctoolchain/usr/bin/swiftc -parse-as-library -module-name SwiftHEXColors -Onone @/Users/admin/builder/spi-builder-workspace/.derivedData/Build/Intermediates.noindex/SwiftHEXColors.build/Debug-watchos/SwiftHEXColors-t.build/Objects-normal/arm64_32/SwiftHEXColors.SwiftFileList -DSWIFT_PACKAGE -DDEBUG -DSWIFT_MODULE_RESOURCE_BUNDLE_UNAVAILABLE -DXcode -plugin-path /Applications/Xcode-27.0.0-Release.Candidate.app/Contents/Developer/Toolchains/XcodeDefault.xctoolchain/usr/lib/swift/host/plugins/testing -enable-experimental-feature DebugDescriptionMacro -sdk /Applications/Xcode-27.0.0-Release.Candidate.app/Contents/Developer/Platforms/WatchOS.platform/Developer/SDKs/WatchOS27.0.sdk -target arm64_32-apple-watchos9.0 -g -module-cache-path /Users/admin/builder/spi-builder-workspace/.derivedData/ModuleCache.noindex -Xfrontend -serialize-debugging-options -profile-coverage-mapping -profile-generate -enable-testing -suppress-warnings -index-store-path /Users/admin/builder/spi-builder-workspace/.derivedData/Index.noindex/DataStore -Xcc -D_LIBCPP_HARDENING_MODE\=_LIBCPP_HARDENING_MODE_DEBUG -swift-version 5 -I /Users/admin/builder/spi-builder-workspace/.derivedData/Build/Products/Debug-watchos -Isystem /Applications/Xcode-27.0.0-Release.Candidate.app/Contents/Developer/Platforms/WatchOS.platform/Developer/usr/lib -F /Users/admin/builder/spi-builder-workspace/.derivedData/Build/Products/Debug-watchos -F /Applications/Xcode-27.0.0-Release.Candidate.app/Contents/Developer/Platforms/WatchOS.platform/Developer/Library/Frameworks -F /Applications/Xcode-27.0.0-Release.Candidate.app/Contents/Developer/Platforms/WatchOS.platform/Developer/SDKs/WatchOS27.0.sdk/Developer/Library/Frameworks -c -j10 -enable-batch-mode -incremental -Xcc -ivfsstatcache -Xcc /Users/admin/builder/spi-builder-workspace/.derivedData/SDKStatCaches.noindex/watchos27.0-24R360-e829b21a6f8c9b70876ba0858053c04477534ef55a1706bf4c1112bbb242f0a2.sdkstatcache -output-file-map /Users/admin/builder/spi-builder-workspace/.derivedData/Build/Intermediates.noindex/SwiftHEXColors.build/Debug-watchos/SwiftHEXColors-t.build/Objects-normal/arm64_32/SwiftHEXColors-OutputFileMap.json -save-temps -no-color-diagnostics -explicit-module-build -module-cache-path /Users/admin/builder/spi-builder-workspace/.derivedData/Build/Intermediates.noindex/SwiftExplicitPrecompiledModules -clang-scanner-module-cache-path /Users/admin/builder/spi-builder-workspace/.derivedData/ModuleCache.noindex -sdk-module-cache-path /Users/admin/builder/spi-builder-workspace/.derivedData/SDKExplicitPrecompiledModules -emit-dependencies -emit-module -emit-module-path /Users/admin/builder/spi-builder-workspace/.derivedData/Build/Intermediates.noindex/SwiftHEXColors.build/Debug-watchos/SwiftHEXColors-t.build/Objects-normal/arm64_32/SwiftHEXColors.swiftmodule -serialize-diagnostics -dependency-scan-serialize-diagnostics-path /Users/admin/builder/spi-builder-workspace/.derivedData/Build/Intermediates.noindex/SwiftHEXColors.build/Debug-watchos/SwiftHEXColors-t.build/Objects-normal/arm64_32/SwiftHEXColors-dependency-scan.dia -validate-clang-modules-once -clang-build-session-file /Users/admin/builder/spi-builder-workspace/.derivedData/ModuleCache.noindex/Session.modulevalidation -Xcc -fmodules-prune-interval\=86400 -Xcc -fmodules-prune-after\=345600 -emit-const-values -const-gather-protocols-list /Users/admin/builder/spi-builder-workspace/.derivedData/Build/Intermediates.noindex/SwiftHEXColors.build/Debug-watchos/SwiftHEXColors-t.build/Objects-normal/arm64_32/SwiftHEXColors_const_extract_protocols.json -Xcc -I/Users/admin/builder/spi-builder-workspace/.derivedData/Build/Products/Debug-watchos/include -Xcc -I/Users/admin/builder/spi-builder-workspace/.derivedData/Build/Intermediates.noindex/SwiftHEXColors.build/Debug-watchos/SwiftHEXColors-t.build/DerivedSources-normal/arm64_32 -Xcc -I/Users/admin/builder/spi-builder-workspace/.derivedData/Build/Intermediates.noindex/SwiftHEXColors.build/Debug-watchos/SwiftHEXColors-t.build/DerivedSources/arm64_32 -Xcc -I/Users/admin/builder/spi-builder-workspace/.derivedData/Build/Intermediates.noindex/SwiftHEXColors.build/Debug-watchos/SwiftHEXColors-t.build/DerivedSources -Xcc -DSWIFT_PACKAGE -Xcc -DDEBUG\=1 -emit-objc-header -emit-objc-header-path /Users/admin/builder/spi-builder-workspace/.derivedData/Build/Intermediates.noindex/SwiftHEXColors.build/Debug-watchos/SwiftHEXColors-t.build/Objects-normal/arm64_32/SwiftHEXColors-Swift.h -working-directory /Users/admin/builder/spi-builder-workspace/.swiftpm/xcode -experimental-emit-module-separately -disable-cmo
SwiftDriverJobDiscovery normal arm64 Emitting module for SwiftHEXColors (in target 'SwiftHEXColors' from project 'SwiftHEXColors')
SwiftDriver\ Compilation\ Requirements SwiftHEXColors normal arm64 com.apple.xcode.tools.swift.compiler (in target 'SwiftHEXColors' from project 'SwiftHEXColors')
    cd /Users/admin/builder/spi-builder-workspace/.swiftpm/xcode
    builtin-Swift-Compilation-Requirements -- /Applications/Xcode-27.0.0-Release.Candidate.app/Contents/Developer/Toolchains/XcodeDefault.xctoolchain/usr/bin/swiftc -parse-as-library -module-name SwiftHEXColors -Onone @/Users/admin/builder/spi-builder-workspace/.derivedData/Build/Intermediates.noindex/SwiftHEXColors.build/Debug-watchos/SwiftHEXColors-t.build/Objects-normal/arm64/SwiftHEXColors.SwiftFileList -DSWIFT_PACKAGE -DDEBUG -DSWIFT_MODULE_RESOURCE_BUNDLE_UNAVAILABLE -DXcode -plugin-path /Applications/Xcode-27.0.0-Release.Candidate.app/Contents/Developer/Toolchains/XcodeDefault.xctoolchain/usr/lib/swift/host/plugins/testing -enable-experimental-feature DebugDescriptionMacro -sdk /Applications/Xcode-27.0.0-Release.Candidate.app/Contents/Developer/Platforms/WatchOS.platform/Developer/SDKs/WatchOS27.0.sdk -target arm64-apple-watchos9.0 -g -module-cache-path /Users/admin/builder/spi-builder-workspace/.derivedData/ModuleCache.noindex -Xfrontend -serialize-debugging-options -profile-coverage-mapping -profile-generate -enable-testing -suppress-warnings -index-store-path /Users/admin/builder/spi-builder-workspace/.derivedData/Index.noindex/DataStore -Xcc -D_LIBCPP_HARDENING_MODE\=_LIBCPP_HARDENING_MODE_DEBUG -swift-version 5 -I /Users/admin/builder/spi-builder-workspace/.derivedData/Build/Products/Debug-watchos -Isystem /Applications/Xcode-27.0.0-Release.Candidate.app/Contents/Developer/Platforms/WatchOS.platform/Developer/usr/lib -F /Users/admin/builder/spi-builder-workspace/.derivedData/Build/Products/Debug-watchos -F /Applications/Xcode-27.0.0-Release.Candidate.app/Contents/Developer/Platforms/WatchOS.platform/Developer/Library/Frameworks -F /Applications/Xcode-27.0.0-Release.Candidate.app/Contents/Developer/Platforms/WatchOS.platform/Developer/SDKs/WatchOS27.0.sdk/Developer/Library/Frameworks -c -j10 -enable-batch-mode -incremental -Xcc -ivfsstatcache -Xcc /Users/admin/builder/spi-builder-workspace/.derivedData/SDKStatCaches.noindex/watchos27.0-24R360-e829b21a6f8c9b70876ba0858053c04477534ef55a1706bf4c1112bbb242f0a2.sdkstatcache -output-file-map /Users/admin/builder/spi-builder-workspace/.derivedData/Build/Intermediates.noindex/SwiftHEXColors.build/Debug-watchos/SwiftHEXColors-t.build/Objects-normal/arm64/SwiftHEXColors-OutputFileMap.json -save-temps -no-color-diagnostics -explicit-module-build -module-cache-path /Users/admin/builder/spi-builder-workspace/.derivedData/Build/Intermediates.noindex/SwiftExplicitPrecompiledModules -clang-scanner-module-cache-path /Users/admin/builder/spi-builder-workspace/.derivedData/ModuleCache.noindex -sdk-module-cache-path /Users/admin/builder/spi-builder-workspace/.derivedData/SDKExplicitPrecompiledModules -emit-dependencies -emit-module -emit-module-path /Users/admin/builder/spi-builder-workspace/.derivedData/Build/Intermediates.noindex/SwiftHEXColors.build/Debug-watchos/SwiftHEXColors-t.build/Objects-normal/arm64/SwiftHEXColors.swiftmodule -serialize-diagnostics -dependency-scan-serialize-diagnostics-path /Users/admin/builder/spi-builder-workspace/.derivedData/Build/Intermediates.noindex/SwiftHEXColors.build/Debug-watchos/SwiftHEXColors-t.build/Objects-normal/arm64/SwiftHEXColors-dependency-scan.dia -validate-clang-modules-once -clang-build-session-file /Users/admin/builder/spi-builder-workspace/.derivedData/ModuleCache.noindex/Session.modulevalidation -Xcc -fmodules-prune-interval\=86400 -Xcc -fmodules-prune-after\=345600 -emit-const-values -const-gather-protocols-list /Users/admin/builder/spi-builder-workspace/.derivedData/Build/Intermediates.noindex/SwiftHEXColors.build/Debug-watchos/SwiftHEXColors-t.build/Objects-normal/arm64/SwiftHEXColors_const_extract_protocols.json -Xcc -I/Users/admin/builder/spi-builder-workspace/.derivedData/Build/Products/Debug-watchos/include -Xcc -I/Users/admin/builder/spi-builder-workspace/.derivedData/Build/Intermediates.noindex/SwiftHEXColors.build/Debug-watchos/SwiftHEXColors-t.build/DerivedSources-normal/arm64 -Xcc -I/Users/admin/builder/spi-builder-workspace/.derivedData/Build/Intermediates.noindex/SwiftHEXColors.build/Debug-watchos/SwiftHEXColors-t.build/DerivedSources/arm64 -Xcc -I/Users/admin/builder/spi-builder-workspace/.derivedData/Build/Intermediates.noindex/SwiftHEXColors.build/Debug-watchos/SwiftHEXColors-t.build/DerivedSources -Xcc -DSWIFT_PACKAGE -Xcc -DDEBUG\=1 -emit-objc-header -emit-objc-header-path /Users/admin/builder/spi-builder-workspace/.derivedData/Build/Intermediates.noindex/SwiftHEXColors.build/Debug-watchos/SwiftHEXColors-t.build/Objects-normal/arm64/SwiftHEXColors-Swift.h -working-directory /Users/admin/builder/spi-builder-workspace/.swiftpm/xcode -experimental-emit-module-separately -disable-cmo
Copy /Users/admin/builder/spi-builder-workspace/.derivedData/Build/Products/Debug-watchos/SwiftHEXColors.swiftmodule/arm64_32-apple-watchos.swiftmodule /Users/admin/builder/spi-builder-workspace/.derivedData/Build/Intermediates.noindex/SwiftHEXColors.build/Debug-watchos/SwiftHEXColors-t.build/Objects-normal/arm64_32/SwiftHEXColors.swiftmodule (in target 'SwiftHEXColors' from project 'SwiftHEXColors')
    cd /Users/admin/builder/spi-builder-workspace/.dependencies/checkouts/SwiftHEXColors
    builtin-copy -exclude .DS_Store -exclude CVS -exclude .svn -exclude .git -exclude .hg -resolve-src-symlinks -rename /Users/admin/builder/spi-builder-workspace/.derivedData/Build/Intermediates.noindex/SwiftHEXColors.build/Debug-watchos/SwiftHEXColors-t.build/Objects-normal/arm64_32/SwiftHEXColors.swiftmodule /Users/admin/builder/spi-builder-workspace/.derivedData/Build/Products/Debug-watchos/SwiftHEXColors.swiftmodule/arm64_32-apple-watchos.swiftmodule
SwiftMergeGeneratedHeaders /Users/admin/builder/spi-builder-workspace/.derivedData/Build/Intermediates.noindex/GeneratedModuleMaps-watchos/SwiftHEXColors-Swift.h /Users/admin/builder/spi-builder-workspace/.derivedData/Build/Intermediates.noindex/SwiftHEXColors.build/Debug-watchos/SwiftHEXColors-t.build/Objects-normal/arm64/SwiftHEXColors-Swift.h /Users/admin/builder/spi-builder-workspace/.derivedData/Build/Intermediates.noindex/SwiftHEXColors.build/Debug-watchos/SwiftHEXColors-t.build/Objects-normal/arm64_32/SwiftHEXColors-Swift.h (in target 'SwiftHEXColors' from project 'SwiftHEXColors')
    cd /Users/admin/builder/spi-builder-workspace/.dependencies/checkouts/SwiftHEXColors
    builtin-swiftHeaderTool -arch arm64 /Users/admin/builder/spi-builder-workspace/.derivedData/Build/Intermediates.noindex/SwiftHEXColors.build/Debug-watchos/SwiftHEXColors-t.build/Objects-normal/arm64/SwiftHEXColors-Swift.h -arch arm64_32 /Users/admin/builder/spi-builder-workspace/.derivedData/Build/Intermediates.noindex/SwiftHEXColors.build/Debug-watchos/SwiftHEXColors-t.build/Objects-normal/arm64_32/SwiftHEXColors-Swift.h -o /Users/admin/builder/spi-builder-workspace/.derivedData/Build/Intermediates.noindex/GeneratedModuleMaps-watchos/SwiftHEXColors-Swift.h
Copy /Users/admin/builder/spi-builder-workspace/.derivedData/Build/Products/Debug-watchos/SwiftHEXColors.swiftmodule/arm64_32-apple-watchos.swiftdoc /Users/admin/builder/spi-builder-workspace/.derivedData/Build/Intermediates.noindex/SwiftHEXColors.build/Debug-watchos/SwiftHEXColors-t.build/Objects-normal/arm64_32/SwiftHEXColors.swiftdoc (in target 'SwiftHEXColors' from project 'SwiftHEXColors')
    cd /Users/admin/builder/spi-builder-workspace/.dependencies/checkouts/SwiftHEXColors
    builtin-copy -exclude .DS_Store -exclude CVS -exclude .svn -exclude .git -exclude .hg -resolve-src-symlinks -rename /Users/admin/builder/spi-builder-workspace/.derivedData/Build/Intermediates.noindex/SwiftHEXColors.build/Debug-watchos/SwiftHEXColors-t.build/Objects-normal/arm64_32/SwiftHEXColors.swiftdoc /Users/admin/builder/spi-builder-workspace/.derivedData/Build/Products/Debug-watchos/SwiftHEXColors.swiftmodule/arm64_32-apple-watchos.swiftdoc
Copy /Users/admin/builder/spi-builder-workspace/.derivedData/Build/Products/Debug-watchos/SwiftHEXColors.swiftmodule/arm64_32-apple-watchos.abi.json /Users/admin/builder/spi-builder-workspace/.derivedData/Build/Intermediates.noindex/SwiftHEXColors.build/Debug-watchos/SwiftHEXColors-t.build/Objects-normal/arm64_32/SwiftHEXColors.abi.json (in target 'SwiftHEXColors' from project 'SwiftHEXColors')
    cd /Users/admin/builder/spi-builder-workspace/.dependencies/checkouts/SwiftHEXColors
    builtin-copy -exclude .DS_Store -exclude CVS -exclude .svn -exclude .git -exclude .hg -resolve-src-symlinks -rename /Users/admin/builder/spi-builder-workspace/.derivedData/Build/Intermediates.noindex/SwiftHEXColors.build/Debug-watchos/SwiftHEXColors-t.build/Objects-normal/arm64_32/SwiftHEXColors.abi.json /Users/admin/builder/spi-builder-workspace/.derivedData/Build/Products/Debug-watchos/SwiftHEXColors.swiftmodule/arm64_32-apple-watchos.abi.json
Copy /Users/admin/builder/spi-builder-workspace/.derivedData/Build/Products/Debug-watchos/SwiftHEXColors.swiftmodule/arm64-apple-watchos.swiftmodule /Users/admin/builder/spi-builder-workspace/.derivedData/Build/Intermediates.noindex/SwiftHEXColors.build/Debug-watchos/SwiftHEXColors-t.build/Objects-normal/arm64/SwiftHEXColors.swiftmodule (in target 'SwiftHEXColors' from project 'SwiftHEXColors')
    cd /Users/admin/builder/spi-builder-workspace/.dependencies/checkouts/SwiftHEXColors
    builtin-copy -exclude .DS_Store -exclude CVS -exclude .svn -exclude .git -exclude .hg -resolve-src-symlinks -rename /Users/admin/builder/spi-builder-workspace/.derivedData/Build/Intermediates.noindex/SwiftHEXColors.build/Debug-watchos/SwiftHEXColors-t.build/Objects-normal/arm64/SwiftHEXColors.swiftmodule /Users/admin/builder/spi-builder-workspace/.derivedData/Build/Products/Debug-watchos/SwiftHEXColors.swiftmodule/arm64-apple-watchos.swiftmodule
Copy /Users/admin/builder/spi-builder-workspace/.derivedData/Build/Products/Debug-watchos/SwiftHEXColors.swiftmodule/arm64-apple-watchos.swiftdoc /Users/admin/builder/spi-builder-workspace/.derivedData/Build/Intermediates.noindex/SwiftHEXColors.build/Debug-watchos/SwiftHEXColors-t.build/Objects-normal/arm64/SwiftHEXColors.swiftdoc (in target 'SwiftHEXColors' from project 'SwiftHEXColors')
    cd /Users/admin/builder/spi-builder-workspace/.dependencies/checkouts/SwiftHEXColors
    builtin-copy -exclude .DS_Store -exclude CVS -exclude .svn -exclude .git -exclude .hg -resolve-src-symlinks -rename /Users/admin/builder/spi-builder-workspace/.derivedData/Build/Intermediates.noindex/SwiftHEXColors.build/Debug-watchos/SwiftHEXColors-t.build/Objects-normal/arm64/SwiftHEXColors.swiftdoc /Users/admin/builder/spi-builder-workspace/.derivedData/Build/Products/Debug-watchos/SwiftHEXColors.swiftmodule/arm64-apple-watchos.swiftdoc
Copy /Users/admin/builder/spi-builder-workspace/.derivedData/Build/Products/Debug-watchos/SwiftHEXColors.swiftmodule/arm64-apple-watchos.abi.json /Users/admin/builder/spi-builder-workspace/.derivedData/Build/Intermediates.noindex/SwiftHEXColors.build/Debug-watchos/SwiftHEXColors-t.build/Objects-normal/arm64/SwiftHEXColors.abi.json (in target 'SwiftHEXColors' from project 'SwiftHEXColors')
    cd /Users/admin/builder/spi-builder-workspace/.dependencies/checkouts/SwiftHEXColors
    builtin-copy -exclude .DS_Store -exclude CVS -exclude .svn -exclude .git -exclude .hg -resolve-src-symlinks -rename /Users/admin/builder/spi-builder-workspace/.derivedData/Build/Intermediates.noindex/SwiftHEXColors.build/Debug-watchos/SwiftHEXColors-t.build/Objects-normal/arm64/SwiftHEXColors.abi.json /Users/admin/builder/spi-builder-workspace/.derivedData/Build/Products/Debug-watchos/SwiftHEXColors.swiftmodule/arm64-apple-watchos.abi.json
Copy /Users/admin/builder/spi-builder-workspace/.derivedData/Build/Products/Debug-watchos/SwiftHEXColors.swiftmodule/Project/arm64_32-apple-watchos.swiftsourceinfo /Users/admin/builder/spi-builder-workspace/.derivedData/Build/Intermediates.noindex/SwiftHEXColors.build/Debug-watchos/SwiftHEXColors-t.build/Objects-normal/arm64_32/SwiftHEXColors.swiftsourceinfo (in target 'SwiftHEXColors' from project 'SwiftHEXColors')
    cd /Users/admin/builder/spi-builder-workspace/.dependencies/checkouts/SwiftHEXColors
    builtin-copy -exclude .DS_Store -exclude CVS -exclude .svn -exclude .git -exclude .hg -resolve-src-symlinks -rename /Users/admin/builder/spi-builder-workspace/.derivedData/Build/Intermediates.noindex/SwiftHEXColors.build/Debug-watchos/SwiftHEXColors-t.build/Objects-normal/arm64_32/SwiftHEXColors.swiftsourceinfo /Users/admin/builder/spi-builder-workspace/.derivedData/Build/Products/Debug-watchos/SwiftHEXColors.swiftmodule/Project/arm64_32-apple-watchos.swiftsourceinfo
Copy /Users/admin/builder/spi-builder-workspace/.derivedData/Build/Products/Debug-watchos/SwiftHEXColors.swiftmodule/Project/arm64-apple-watchos.swiftsourceinfo /Users/admin/builder/spi-builder-workspace/.derivedData/Build/Intermediates.noindex/SwiftHEXColors.build/Debug-watchos/SwiftHEXColors-t.build/Objects-normal/arm64/SwiftHEXColors.swiftsourceinfo (in target 'SwiftHEXColors' from project 'SwiftHEXColors')
    cd /Users/admin/builder/spi-builder-workspace/.dependencies/checkouts/SwiftHEXColors
    builtin-copy -exclude .DS_Store -exclude CVS -exclude .svn -exclude .git -exclude .hg -resolve-src-symlinks -rename /Users/admin/builder/spi-builder-workspace/.derivedData/Build/Intermediates.noindex/SwiftHEXColors.build/Debug-watchos/SwiftHEXColors-t.build/Objects-normal/arm64/SwiftHEXColors.swiftsourceinfo /Users/admin/builder/spi-builder-workspace/.derivedData/Build/Products/Debug-watchos/SwiftHEXColors.swiftmodule/Project/arm64-apple-watchos.swiftsourceinfo
SwiftEmitModule normal arm64_32 Emitting\ module\ for\ RSKPlaceholderTextView (in target 'RSKPlaceholderTextView' from project 'RSKPlaceholderTextView')
/Users/admin/builder/spi-builder-workspace/.dependencies/checkouts/RSKPlaceholderTextView/RSKPlaceholderTextView/RSKPlaceholderTextView.swift:56:43: error: 'NSLayoutManager' is unavailable in watchOS
 54 |     }
 55 |
 56 |     private var placeholderLayoutManager: NSLayoutManager?
    |                                           `- error: 'NSLayoutManager' is unavailable in watchOS
 57 |
 58 |     private let placeholderTextContainer = NSTextContainer()
/Applications/Xcode-27.0.0-Release.Candidate.app/Contents/Developer/Platforms/WatchOS.platform/Developer/SDKs/WatchOS27.0.sdk/System/Library/Frameworks/UIKit.framework/Headers/NSLayoutManager.h:58:12: note: 'NSLayoutManager' has been explicitly marked unavailable here
 56 |
 57 | UIKIT_EXTERN API_AVAILABLE(macos(10.0), ios(7.0)) API_UNAVAILABLE(watchos)
 58 | @interface NSLayoutManager : NSObject <NSSecureCoding>
    |            `- note: 'NSLayoutManager' has been explicitly marked unavailable here
 59 |
 60 | /**************************** Initialization ****************************/
/Users/admin/builder/spi-builder-workspace/.dependencies/checkouts/RSKPlaceholderTextView/RSKPlaceholderTextView/RSKPlaceholderTextView.swift:58:44: error: 'NSTextContainer' is unavailable in watchOS
 56 |     private var placeholderLayoutManager: NSLayoutManager?
 57 |
 58 |     private let placeholderTextContainer = NSTextContainer()
    |                                            `- error: 'NSTextContainer' is unavailable in watchOS
 59 |
 60 |     private var _placeholderTextLayoutManager: NSObject?
/Applications/Xcode-27.0.0-Release.Candidate.app/Contents/Developer/Platforms/WatchOS.platform/Developer/SDKs/WatchOS27.0.sdk/System/Library/Frameworks/UIKit.framework/Headers/NSTextContainer.h:36:12: note: 'NSTextContainer' has been explicitly marked unavailable here
 34 | /// restrictions apply to ``NSTextLayoutManager`` and ``NSTextContentStorage``.
 35 | UIKIT_EXTERN API_AVAILABLE(macos(10.0), ios(7.0), tvos(9.0), visionos(1.0)) API_UNAVAILABLE(watchos)
 36 | @interface NSTextContainer : NSObject <NSSecureCoding, NSTextLayoutOrientationProvider>
    |            `- note: 'NSTextContainer' has been explicitly marked unavailable here
 37 |
 38 | /**************************** Initialization ****************************/
SwiftCompile normal arm64_32 (in target 'RSKPlaceholderTextView' from project 'RSKPlaceholderTextView')
    cd /Users/admin/builder/spi-builder-workspace/.swiftpm/xcode

SwiftEmitModule normal arm64_32 Emitting\ module\ for\ IQKeyboardManagerSwift (in target 'IQKeyboardManagerSwift' from project 'IQKeyboardManagerSwift')
SwiftCompile normal arm64_32 (in target 'IQKeyboardManagerSwift' from project 'IQKeyboardManagerSwift')
    cd /Users/admin/builder/spi-builder-workspace/.swiftpm/xcode

SwiftEmitModule normal arm64 Emitting\ module\ for\ IQKeyboardManagerSwift (in target 'IQKeyboardManagerSwift' from project 'IQKeyboardManagerSwift')
SwiftCompile normal arm64 (in target 'IQKeyboardManagerSwift' from project 'IQKeyboardManagerSwift')
    cd /Users/admin/builder/spi-builder-workspace/.swiftpm/xcode

SwiftExplicitDependencyGeneratePcm arm64 /Users/admin/builder/spi-builder-workspace/.derivedData/SDKExplicitPrecompiledModules/MapKit-EJJWC7IL56MPLQMI93GJRE5OG.pcm
PruneExplicitPrecompiledModules /Users/admin/builder/spi-builder-workspace/.derivedData/Build/Intermediates.noindex/SwiftExplicitPrecompiledModules
PruneExplicitPrecompiledModules /Users/admin/builder/spi-builder-workspace/.derivedData/Build/Intermediates.noindex/ExplicitPrecompiledModules
PruneExplicitPrecompiledModules /Users/admin/builder/spi-builder-workspace/.derivedData/SDKExplicitPrecompiledModules
2026-09-21 21:44:12.481 xcodebuild[1488:7449] [MT] IDERunDestination: Supported platforms for the buildables in the current scheme is empty.
2026-09-21 21:44:12.585 xcodebuild[1488:7449] [MT] IDERunDestination: Supported platforms for the buildables in the current scheme is empty.
** BUILD FAILED **
The following build commands failed:
	SwiftEmitModule normal arm64 Emitting\ module\ for\ SnapKit (in target 'SnapKit' from project 'SnapKit')
	SwiftCompile normal arm64 (in target 'SnapKit' from project 'SnapKit')
	Building workspace MoneyMaker with scheme MoneyMaker
(3 failures)
Command line invocation:
    /Applications/Xcode-27.0.0-Release.Candidate.app/Contents/Developer/usr/bin/xcodebuild -IDEClonedSourcePackagesDirPathOverride=/Users/admin/builder/spi-builder-workspace/.dependencies -resolvePackageDependencies
Resolve Package Graph
Resolved source packages:
  WCDBSwift: https://github.com/Tencent/wcdb @ 2.1.16
  SmartCodable: https://github.com/intsig171/SmartCodable @ 4.4.4
  SnapKit: https://github.com/SnapKit/SnapKit @ 5.7.1
  sqlcipher: https://github.com/Tencent/sqlcipher @ 1.4.7
  SVProgressHUD: https://github.com/SVProgressHUD/SVProgressHUD @ 2.3.1
  MoneyMaker: /Users/admin/builder/spi-builder-workspace
  RSKGrowingTextView: https://github.com/ruslanskorb/RSKGrowingTextView @ 8.0.1
  ReactiveCocoa: https://github.com/ReactiveCocoa/ReactiveCocoa @ 12.0.0
  RSKPlaceholderTextView: https://github.com/ruslanskorb/RSKPlaceholderTextView.git @ 8.0.1
  IQKeyboardManagerSwift: https://github.com/hackiftekhar/IQKeyboardManager @ 6.5.16
  Alamofire: https://github.com/Alamofire/Alamofire @ 5.12.2
  ReactiveSwift: https://github.com/ReactiveCocoa/ReactiveSwift @ 7.2.1
  SwiftHEXColors: https://github.com/thii/SwiftHEXColors @ 1.4.1
  MJRefresh: https://github.com/CoderMJLee/MJRefresh @ 3.7.9
  JGProgressHUD: https://github.com/JonasGessner/JGProgressHUD @ 2.2.0
resolved source packages: WCDBSwift, SmartCodable, SnapKit, sqlcipher, SVProgressHUD, MoneyMaker, RSKGrowingTextView, ReactiveCocoa, RSKPlaceholderTextView, IQKeyboardManagerSwift, Alamofire, ReactiveSwift, SwiftHEXColors, MJRefresh, JGProgressHUD
2026-09-21 21:44:31.225 xcodebuild[1863:9531] [MT] IDERunDestination: Supported platforms for the buildables in the current scheme is empty.
2026-09-21 21:44:31.330 xcodebuild[1863:9531] [MT] IDERunDestination: Supported platforms for the buildables in the current scheme is empty.
{
  "dependencies" : [
    {
      "identity" : "swifthexcolors",
      "requirement" : {
        "range" : [
          {
            "lower_bound" : "1.4.1",
            "upper_bound" : "2.0.0"
          }
        ]
      },
      "type" : "sourceControl",
      "url" : "https://github.com/thii/SwiftHEXColors"
    },
    {
      "identity" : "jgprogresshud",
      "requirement" : {
        "range" : [
          {
            "lower_bound" : "2.2.0",
            "upper_bound" : "3.0.0"
          }
        ]
      },
      "type" : "sourceControl",
      "url" : "https://github.com/JonasGessner/JGProgressHUD"
    },
    {
      "identity" : "svprogresshud",
      "requirement" : {
        "range" : [
          {
            "lower_bound" : "2.3.1",
            "upper_bound" : "3.0.0"
          }
        ]
      },
      "type" : "sourceControl",
      "url" : "https://github.com/SVProgressHUD/SVProgressHUD"
    },
    {
      "identity" : "snapkit",
      "requirement" : {
        "range" : [
          {
            "lower_bound" : "5.7.1",
            "upper_bound" : "6.0.0"
          }
        ]
      },
      "type" : "sourceControl",
      "url" : "https://github.com/SnapKit/SnapKit"
    },
    {
      "identity" : "mjrefresh",
      "requirement" : {
        "range" : [
          {
            "lower_bound" : "3.7.9",
            "upper_bound" : "4.0.0"
          }
        ]
      },
      "type" : "sourceControl",
      "url" : "https://github.com/CoderMJLee/MJRefresh"
    },
    {
      "identity" : "wcdb",
      "requirement" : {
        "range" : [
          {
            "lower_bound" : "2.1.10",
            "upper_bound" : "3.0.0"
          }
        ]
      },
      "type" : "sourceControl",
      "url" : "https://github.com/Tencent/wcdb"
    },
    {
      "identity" : "rskgrowingtextview",
      "requirement" : {
        "range" : [
          {
            "lower_bound" : "8.0.1",
            "upper_bound" : "9.0.0"
          }
        ]
      },
      "type" : "sourceControl",
      "url" : "https://github.com/ruslanskorb/RSKGrowingTextView"
    },
    {
      "identity" : "iqkeyboardmanager",
      "requirement" : {
        "range" : [
          {
            "lower_bound" : "6.5.0",
            "upper_bound" : "7.0.0"
          }
        ]
      },
      "type" : "sourceControl",
      "url" : "https://github.com/hackiftekhar/IQKeyboardManager"
    },
    {
      "identity" : "reactivecocoa",
      "requirement" : {
        "range" : [
          {
            "lower_bound" : "12.0.0",
            "upper_bound" : "13.0.0"
          }
        ]
      },
      "type" : "sourceControl",
      "url" : "https://github.com/ReactiveCocoa/ReactiveCocoa"
    },
    {
      "identity" : "reactiveswift",
      "requirement" : {
        "range" : [
          {
            "lower_bound" : "7.2.0",
            "upper_bound" : "8.0.0"
          }
        ]
      },
      "type" : "sourceControl",
      "url" : "https://github.com/ReactiveCocoa/ReactiveSwift"
    },
    {
      "identity" : "alamofire",
      "requirement" : {
        "range" : [
          {
            "lower_bound" : "5.10.2",
            "upper_bound" : "6.0.0"
          }
        ]
      },
      "type" : "sourceControl",
      "url" : "https://github.com/Alamofire/Alamofire"
    },
    {
      "identity" : "smartcodable",
      "requirement" : {
        "range" : [
          {
            "lower_bound" : "4.3.0",
            "upper_bound" : "5.0.0"
          }
        ]
      },
      "type" : "sourceControl",
      "url" : "https://github.com/intsig171/SmartCodable"
    }
  ],
  "manifest_display_name" : "MoneyMaker",
  "name" : "MoneyMaker",
  "path" : "/Users/admin/builder/spi-builder-workspace",
  "platforms" : [
    {
      "name" : "ios",
      "version" : "15.0"
    }
  ],
  "products" : [
    {
      "name" : "MoneyMaker",
      "targets" : [
        "MoneyMaker"
      ],
      "type" : {
        "library" : [
          "automatic"
        ]
      }
    }
  ],
  "targets" : [
    {
      "c99name" : "MoneyMakerTests",
      "module_type" : "SwiftTarget",
      "name" : "MoneyMakerTests",
      "path" : "Tests/MoneyMakerTests",
      "sources" : [
        "MoneyMakerTests.swift"
      ],
      "target_dependencies" : [
        "MoneyMaker"
      ],
      "type" : "test"
    },
    {
      "c99name" : "MoneyMaker",
      "module_type" : "SwiftTarget",
      "name" : "MoneyMaker",
      "path" : "Sources/MoneyMaker",
      "product_dependencies" : [
        "SwiftHEXColors",
        "JGProgressHUD",
        "SVProgressHUD",
        "SnapKit",
        "MJRefresh",
        "WCDBSwift",
        "RSKGrowingTextView",
        "IQKeyboardManagerSwift",
        "ReactiveSwift",
        "ReactiveCocoa",
        "Alamofire",
        "SmartCodable"
      ],
      "product_memberships" : [
        "MoneyMaker"
      ],
      "sources" : [
        "AppShare.swift",
        "Database/MMAutoCodableColumn.swift",
        "Database/MMDatabase.swift",
        "Database/MMDatabaseSmaple.swift",
        "Extension/MMExtension.swift",
        "MoneyMaker.swift",
        "SandBox/MMSandBox.swift",
        "UI/ListKit/CollectionKit/MMCVCell.swift",
        "UI/ListKit/CollectionKit/MMCVFlowLayout.swift",
        "UI/ListKit/CollectionKit/MMClearCVCell.swift",
        "UI/ListKit/CollectionKit/MMCollectionProtocol.swift",
        "UI/ListKit/CollectionKit/MMCollectionProxy.swift",
        "UI/ListKit/CollectionKit/MMCollectionView.swift",
        "UI/ListKit/TableKit/MMClearTVCell.swift",
        "UI/ListKit/TableKit/MMTVCell.swift",
        "UI/ListKit/TableKit/MMTableListProxy.swift",
        "UI/ListKit/TableKit/MMTableProtocol.swift",
        "UI/ListKit/TableKit/MMTableView.swift",
        "UI/MMButton.swift",
        "UI/MMDatePicker.swift",
        "UI/MMImageView.swift",
        "UI/MMLabel.swift",
        "UI/MMNavigationVC.swift",
        "UI/MMScrollView.swift",
        "UI/MMSwitch.swift",
        "UI/MMTabBarVC.swift",
        "UI/MMTextField.swift",
        "UI/MMTextView.swift",
        "UI/MMVC.swift",
        "UI/MMView.swift",
        "UI/Refresh/MMClearRefreshFooter.swift",
        "UI/Refresh/MMClearRefreshHeader.swift"
      ],
      "type" : "library"
    }
  ],
  "tools_version" : "5.7"
}
{
  "workspace" : {
    "name" : "MoneyMaker",
    "schemes" : [
      "MoneyMaker"
    ]
  }
}
2026-09-21 21:44:33.685 xcodebuild[1873:9623] [MT] IDERunDestination: Supported platforms for the buildables in the current scheme is empty.
2026-09-21 21:44:33.788 xcodebuild[1873:9623] [MT] IDERunDestination: Supported platforms for the buildables in the current scheme is empty.
Running build ...
env DEVELOPER_DIR=/Applications/Xcode-27.0.0-Release.Candidate.app xcrun xcodebuild -IDEClonedSourcePackagesDirPathOverride=$PWD/.dependencies -skipMacroValidation -skipPackagePluginValidation -derivedDataPath $PWD/.derivedData build -scheme MoneyMaker -destination generic/platform=watchOS
Command line invocation:
    /Applications/Xcode-27.0.0-Release.Candidate.app/Contents/Developer/usr/bin/xcodebuild -IDEClonedSourcePackagesDirPathOverride=/Users/admin/builder/spi-builder-workspace/.dependencies -skipMacroValidation -skipPackagePluginValidation -derivedDataPath /Users/admin/builder/spi-builder-workspace/.derivedData build -scheme MoneyMaker -destination generic/platform=watchOS
Resolve Package Graph
Resolved source packages:
  ReactiveSwift: https://github.com/ReactiveCocoa/ReactiveSwift @ 7.2.1
  RSKPlaceholderTextView: https://github.com/ruslanskorb/RSKPlaceholderTextView.git @ 8.0.1
  MoneyMaker: /Users/admin/builder/spi-builder-workspace
  SVProgressHUD: https://github.com/SVProgressHUD/SVProgressHUD @ 2.3.1
  ReactiveCocoa: https://github.com/ReactiveCocoa/ReactiveCocoa @ 12.0.0
  Alamofire: https://github.com/Alamofire/Alamofire @ 5.12.2
  WCDBSwift: https://github.com/Tencent/wcdb @ 2.1.16
  MJRefresh: https://github.com/CoderMJLee/MJRefresh @ 3.7.9
  SmartCodable: https://github.com/intsig171/SmartCodable @ 4.4.4
  SnapKit: https://github.com/SnapKit/SnapKit @ 5.7.1
  RSKGrowingTextView: https://github.com/ruslanskorb/RSKGrowingTextView @ 8.0.1
  IQKeyboardManagerSwift: https://github.com/hackiftekhar/IQKeyboardManager @ 6.5.16
  sqlcipher: https://github.com/Tencent/sqlcipher @ 1.4.7
  SwiftHEXColors: https://github.com/thii/SwiftHEXColors @ 1.4.1
  JGProgressHUD: https://github.com/JonasGessner/JGProgressHUD @ 2.2.0
ComputePackagePrebuildTargetDependencyGraph
Prepare packages
CreateBuildRequest
SendProjectDescription
CreateBuildOperation
ComputeTargetDependencyGraph
note: Building targets in dependency order
note: Target dependency graph (39 targets)
    Target 'MoneyMaker-product' in project 'MoneyMaker'
        ➜ Explicit dependency on target 'MoneyMaker' in project 'MoneyMaker'
        ➜ Explicit dependency on target 'SwiftHEXColors-product' in project 'SwiftHEXColors'
        ➜ Explicit dependency on target 'JGProgressHUD-product' in project 'JGProgressHUD'
        ➜ Explicit dependency on target 'SVProgressHUD-product' in project 'SVProgressHUD'
        ➜ Explicit dependency on target 'SnapKit-product' in project 'SnapKit'
        ➜ Explicit dependency on target 'MJRefresh-product' in project 'MJRefresh'
        ➜ Explicit dependency on target 'WCDBSwift-product' in project 'WCDBSwift'
        ➜ Explicit dependency on target 'RSKGrowingTextView-product' in project 'RSKGrowingTextView'
        ➜ Explicit dependency on target 'IQKeyboardManagerSwift-product' in project 'IQKeyboardManagerSwift'
        ➜ Explicit dependency on target 'ReactiveSwift-product' in project 'ReactiveSwift'
        ➜ Explicit dependency on target 'ReactiveCocoa-product' in project 'ReactiveCocoa'
        ➜ Explicit dependency on target 'Alamofire-product' in project 'Alamofire'
        ➜ Explicit dependency on target 'SmartCodable-product' in project 'SmartCodable'
    Target 'MoneyMakerTests-product' in project 'MoneyMaker'
        ➜ Explicit dependency on target 'MoneyMaker' in project 'MoneyMaker'
        ➜ Explicit dependency on target 'SwiftHEXColors-product' in project 'SwiftHEXColors'
        ➜ Explicit dependency on target 'JGProgressHUD-product' in project 'JGProgressHUD'
        ➜ Explicit dependency on target 'SVProgressHUD-product' in project 'SVProgressHUD'
        ➜ Explicit dependency on target 'SnapKit-product' in project 'SnapKit'
        ➜ Explicit dependency on target 'MJRefresh-product' in project 'MJRefresh'
        ➜ Explicit dependency on target 'WCDBSwift-product' in project 'WCDBSwift'
        ➜ Explicit dependency on target 'RSKGrowingTextView-product' in project 'RSKGrowingTextView'
        ➜ Explicit dependency on target 'IQKeyboardManagerSwift-product' in project 'IQKeyboardManagerSwift'
        ➜ Explicit dependency on target 'ReactiveSwift-product' in project 'ReactiveSwift'
        ➜ Explicit dependency on target 'ReactiveCocoa-product' in project 'ReactiveCocoa'
        ➜ Explicit dependency on target 'Alamofire-product' in project 'Alamofire'
        ➜ Explicit dependency on target 'SmartCodable-product' in project 'SmartCodable'
    Target 'MoneyMaker' in project 'MoneyMaker'
        ➜ Explicit dependency on target 'SwiftHEXColors-product' in project 'SwiftHEXColors'
        ➜ Explicit dependency on target 'JGProgressHUD-product' in project 'JGProgressHUD'
        ➜ Explicit dependency on target 'SVProgressHUD-product' in project 'SVProgressHUD'
        ➜ Explicit dependency on target 'SnapKit-product' in project 'SnapKit'
        ➜ Explicit dependency on target 'MJRefresh-product' in project 'MJRefresh'
        ➜ Explicit dependency on target 'WCDBSwift-product' in project 'WCDBSwift'
        ➜ Explicit dependency on target 'RSKGrowingTextView-product' in project 'RSKGrowingTextView'
        ➜ Explicit dependency on target 'IQKeyboardManagerSwift-product' in project 'IQKeyboardManagerSwift'
        ➜ Explicit dependency on target 'ReactiveSwift-product' in project 'ReactiveSwift'
        ➜ Explicit dependency on target 'ReactiveCocoa-product' in project 'ReactiveCocoa'
        ➜ Explicit dependency on target 'Alamofire-product' in project 'Alamofire'
        ➜ Explicit dependency on target 'SmartCodable-product' in project 'SmartCodable'
    Target 'SmartCodable-product' in project 'SmartCodable'
        ➜ Explicit dependency on target 'SmartCodable' in project 'SmartCodable'
    Target 'SmartCodable' in project 'SmartCodable' (no dependencies)
    Target 'Alamofire-product' in project 'Alamofire'
        ➜ Explicit dependency on target 'Alamofire' in project 'Alamofire'
        ➜ Explicit dependency on target 'Alamofire_Alamofire' in project 'Alamofire'
    Target 'Alamofire' in project 'Alamofire'
        ➜ Explicit dependency on target 'Alamofire_Alamofire' in project 'Alamofire'
    Target 'Alamofire_Alamofire' in project 'Alamofire' (no dependencies)
    Target 'ReactiveCocoa-product' in project 'ReactiveCocoa'
        ➜ Explicit dependency on target 'ReactiveCocoa' in project 'ReactiveCocoa'
        ➜ Explicit dependency on target 'ReactiveCocoaObjC' in project 'ReactiveCocoa'
        ➜ Explicit dependency on target 'ReactiveSwift-product' in project 'ReactiveSwift'
    Target 'ReactiveCocoa' in project 'ReactiveCocoa'
        ➜ Explicit dependency on target 'ReactiveCocoaObjC' in project 'ReactiveCocoa'
        ➜ Explicit dependency on target 'ReactiveSwift-product' in project 'ReactiveSwift'
    Target 'ReactiveCocoaObjC' in project 'ReactiveCocoa' (no dependencies)
    Target 'ReactiveSwift-product' in project 'ReactiveSwift'
        ➜ Explicit dependency on target 'ReactiveSwift' in project 'ReactiveSwift'
    Target 'ReactiveSwift' in project 'ReactiveSwift' (no dependencies)
    Target 'IQKeyboardManagerSwift-product' in project 'IQKeyboardManagerSwift'
        ➜ Explicit dependency on target 'IQKeyboardManagerSwift' in project 'IQKeyboardManagerSwift'
    Target 'IQKeyboardManagerSwift' in project 'IQKeyboardManagerSwift' (no dependencies)
    Target 'RSKGrowingTextView-product' in project 'RSKGrowingTextView'
        ➜ Explicit dependency on target 'RSKGrowingTextView' in project 'RSKGrowingTextView'
        ➜ Explicit dependency on target 'RSKPlaceholderTextView-product' in project 'RSKPlaceholderTextView'
    Target 'RSKGrowingTextView' in project 'RSKGrowingTextView'
        ➜ Explicit dependency on target 'RSKPlaceholderTextView-product' in project 'RSKPlaceholderTextView'
    Target 'RSKPlaceholderTextView-product' in project 'RSKPlaceholderTextView'
        ➜ Explicit dependency on target 'RSKPlaceholderTextView' in project 'RSKPlaceholderTextView'
    Target 'RSKPlaceholderTextView' in project 'RSKPlaceholderTextView' (no dependencies)
    Target 'WCDBSwift-product' in project 'WCDBSwift'
        ➜ Explicit dependency on target 'WCDBSwift' in project 'WCDBSwift'
        ➜ Explicit dependency on target 'objc-core' in project 'WCDBSwift'
        ➜ Explicit dependency on target 'common' in project 'WCDBSwift'
        ➜ Explicit dependency on target 'bridge' in project 'WCDBSwift'
        ➜ Explicit dependency on target 'sqlcipher-product' in project 'sqlcipher'
    Target 'WCDBSwift' in project 'WCDBSwift'
        ➜ Explicit dependency on target 'objc-core' in project 'WCDBSwift'
        ➜ Explicit dependency on target 'common' in project 'WCDBSwift'
        ➜ Explicit dependency on target 'bridge' in project 'WCDBSwift'
        ➜ Explicit dependency on target 'sqlcipher-product' in project 'sqlcipher'
    Target 'bridge' in project 'WCDBSwift'
        ➜ Explicit dependency on target 'objc-core' in project 'WCDBSwift'
        ➜ Explicit dependency on target 'common' in project 'WCDBSwift'
        ➜ Explicit dependency on target 'sqlcipher-product' in project 'sqlcipher'
    Target 'common' in project 'WCDBSwift'
        ➜ Explicit dependency on target 'objc-core' in project 'WCDBSwift'
        ➜ Explicit dependency on target 'sqlcipher-product' in project 'sqlcipher'
    Target 'sqlcipher-product' in project 'sqlcipher'
        ➜ Explicit dependency on target 'sqlcipher' in project 'sqlcipher'
    Target 'sqlcipher' in project 'sqlcipher' (no dependencies)
    Target 'objc-core' in project 'WCDBSwift' (no dependencies)
    Target 'MJRefresh-product' in project 'MJRefresh'
        ➜ Explicit dependency on target 'MJRefresh' in project 'MJRefresh'
        ➜ Explicit dependency on target 'MJRefresh_MJRefresh' in project 'MJRefresh'
    Target 'MJRefresh' in project 'MJRefresh'
        ➜ Explicit dependency on target 'MJRefresh_MJRefresh' in project 'MJRefresh'
    Target 'MJRefresh_MJRefresh' in project 'MJRefresh' (no dependencies)
    Target 'SnapKit-product' in project 'SnapKit'
        ➜ Explicit dependency on target 'SnapKit' in project 'SnapKit'
        ➜ Explicit dependency on target 'SnapKit_SnapKit' in project 'SnapKit'
    Target 'SnapKit' in project 'SnapKit'
        ➜ Explicit dependency on target 'SnapKit_SnapKit' in project 'SnapKit'
    Target 'SnapKit_SnapKit' in project 'SnapKit' (no dependencies)
    Target 'SVProgressHUD-product' in project 'SVProgressHUD'
        ➜ Explicit dependency on target 'SVProgressHUD' in project 'SVProgressHUD'
        ➜ Explicit dependency on target 'SVProgressHUD_SVProgressHUD' in project 'SVProgressHUD'
    Target 'SVProgressHUD' in project 'SVProgressHUD'
        ➜ Explicit dependency on target 'SVProgressHUD_SVProgressHUD' in project 'SVProgressHUD'
    Target 'SVProgressHUD_SVProgressHUD' in project 'SVProgressHUD' (no dependencies)
    Target 'JGProgressHUD-product' in project 'JGProgressHUD'
        ➜ Explicit dependency on target 'JGProgressHUD' in project 'JGProgressHUD'
    Target 'JGProgressHUD' in project 'JGProgressHUD' (no dependencies)
    Target 'SwiftHEXColors-product' in project 'SwiftHEXColors'
        ➜ Explicit dependency on target 'SwiftHEXColors' in project 'SwiftHEXColors'
    Target 'SwiftHEXColors' in project 'SwiftHEXColors' (no dependencies)
GatherProvisioningInputs
CreateBuildDescription
ClangStatCache /Applications/Xcode-27.0.0-Release.Candidate.app/Contents/Developer/Toolchains/XcodeDefault.xctoolchain/usr/bin/clang-stat-cache /Applications/Xcode-27.0.0-Release.Candidate.app/Contents/Developer/Platforms/WatchOS.platform/Developer/SDKs/WatchOS27.0.sdk /Users/admin/builder/spi-builder-workspace/.derivedData/SDKStatCaches.noindex/watchos27.0-24R360-e829b21a6f8c9b70876ba0858053c04477534ef55a1706bf4c1112bbb242f0a2.sdkstatcache
    cd /Users/admin/builder/spi-builder-workspace/.swiftpm/xcode
    /Applications/Xcode-27.0.0-Release.Candidate.app/Contents/Developer/Toolchains/XcodeDefault.xctoolchain/usr/bin/clang-stat-cache /Applications/Xcode-27.0.0-Release.Candidate.app/Contents/Developer/Platforms/WatchOS.platform/Developer/SDKs/WatchOS27.0.sdk -o /Users/admin/builder/spi-builder-workspace/.derivedData/SDKStatCaches.noindex/watchos27.0-24R360-e829b21a6f8c9b70876ba0858053c04477534ef55a1706bf4c1112bbb242f0a2.sdkstatcache
ScanDependencies /Users/admin/builder/spi-builder-workspace/.derivedData/Build/Intermediates.noindex/sqlcipher.build/Debug-watchos/sqlcipher-t.build/Objects-normal/arm64_32/vdbeblob.o /Users/admin/builder/spi-builder-workspace/.dependencies/checkouts/sqlcipher/src/vdbeblob.c normal arm64_32 c com.apple.compilers.llvm.clang.1_0.compiler (in target 'sqlcipher' from project 'sqlcipher')
    cd /Users/admin/builder/spi-builder-workspace/.swiftpm/xcode

    Using response file: /Users/admin/builder/spi-builder-workspace/.derivedData/Build/Intermediates.noindex/sqlcipher.build/Debug-watchos/sqlcipher-t.build/Objects-normal/arm64_32/7187679823f38a2a940e0043cdf9d637-common-args.resp

    builtin-ScanDependencies -o /Users/admin/builder/spi-builder-workspace/.derivedData/Build/Intermediates.noindex/sqlcipher.build/Debug-watchos/sqlcipher-t.build/Objects-normal/arm64_32/vdbeblob.o.scan -- /Applications/Xcode-27.0.0-Release.Candidate.app/Contents/Developer/Toolchains/XcodeDefault.xctoolchain/usr/bin/clang -x c -ivfsstatcache /Users/admin/builder/spi-builder-workspace/.derivedData/SDKStatCaches.noindex/watchos27.0-24R360-e829b21a6f8c9b70876ba0858053c04477534ef55a1706bf4c1112bbb242f0a2.sdkstatcache -target arm64_32-apple-watchos9.0 -fmessage-length\=0 -fdiagnostics-show-note-include-stack -fmacro-backtrace-limit\=0 -fno-color-diagnostics -fmodules-prune-interval\=86400 -fmodules-prune-after\=345600 -fbuild-session-file\=/Users/admin/builder/spi-builder-workspace/.derivedData/ModuleCache.noindex/Session.modulevalidation -fmodules-validate-once-per-build-session -Wnon-modular-include-in-framework-module -Werror\=non-modular-include-in-framework-module -Wno-trigraphs -Wno-missing-field-initializers -Wno-missing-prototypes -Wno-return-type -Wno-missing-braces -Wparentheses -Wswitch -Wno-unused-function -Wno-unused-label -Wno-unused-parameter -Wno-unused-variable -Wunused-value -Wno-empty-body -Wno-uninitialized -Wno-unknown-pragmas -w -Wno-shadow -Wno-four-char-constants -Wno-conversion -Wno-constant-conversion -Wno-int-conversion -Wno-bool-conversion -Wno-enum-conversion -Wno-float-conversion -Wno-non-literal-null-conversion -Wno-objc-literal-conversion -Wno-shorten-64-to-32 -Wpointer-sign -Wno-newline-eof -Wno-implicit-fallthrough -isysroot /Applications/Xcode-27.0.0-Release.Candidate.app/Contents/Developer/Platforms/WatchOS.platform/Developer/SDKs/WatchOS27.0.sdk -fstrict-aliasing -Wdeprecated-declarations -Wno-sign-conversion -Wno-infinite-recursion -Wno-comma -Wno-block-capture-autoreleasing -Wno-strict-prototypes -Wno-semicolon-before-method-body -index-store-path /Users/admin/builder/spi-builder-workspace/.derivedData/Index.noindex/DataStore @/Users/admin/builder/spi-builder-workspace/.derivedData/Build/Intermediates.noindex/sqlcipher.build/Debug-watchos/sqlcipher-t.build/Objects-normal/arm64_32/7187679823f38a2a940e0043cdf9d637-common-args.resp -MMD -MT dependencies -MF /Users/admin/builder/spi-builder-workspace/.derivedData/Build/Intermediates.noindex/sqlcipher.build/Debug-watchos/sqlcipher-t.build/Objects-normal/arm64_32/vdbeblob.d --serialize-diagnostics /Users/admin/builder/spi-builder-workspace/.derivedData/Build/Intermediates.noindex/sqlcipher.build/Debug-watchos/sqlcipher-t.build/Objects-normal/arm64_32/vdbeblob.dia -c /Users/admin/builder/spi-builder-workspace/.dependencies/checkouts/sqlcipher/src/vdbeblob.c -o /Users/admin/builder/spi-builder-workspace/.derivedData/Build/Intermediates.noindex/sqlcipher.build/Debug-watchos/sqlcipher-t.build/Objects-normal/arm64_32/vdbeblob.o -index-unit-output-path /sqlcipher.build/Debug-watchos/sqlcipher-t.build/Objects-normal/arm64_32/vdbeblob.o
ScanDependencies /Users/admin/builder/spi-builder-workspace/.derivedData/Build/Intermediates.noindex/sqlcipher.build/Debug-watchos/sqlcipher-t.build/Objects-normal/arm64_32/vdbeaux.o /Users/admin/builder/spi-builder-workspace/.dependencies/checkouts/sqlcipher/src/vdbeaux.c normal arm64_32 c com.apple.compilers.llvm.clang.1_0.compiler (in target 'sqlcipher' from project 'sqlcipher')
    cd /Users/admin/builder/spi-builder-workspace/.swiftpm/xcode

    Using response file: /Users/admin/builder/spi-builder-workspace/.derivedData/Build/Intermediates.noindex/sqlcipher.build/Debug-watchos/sqlcipher-t.build/Objects-normal/arm64_32/7187679823f38a2a940e0043cdf9d637-common-args.resp

    builtin-ScanDependencies -o /Users/admin/builder/spi-builder-workspace/.derivedData/Build/Intermediates.noindex/sqlcipher.build/Debug-watchos/sqlcipher-t.build/Objects-normal/arm64_32/vdbeaux.o.scan -- /Applications/Xcode-27.0.0-Release.Candidate.app/Contents/Developer/Toolchains/XcodeDefault.xctoolchain/usr/bin/clang -x c -ivfsstatcache /Users/admin/builder/spi-builder-workspace/.derivedData/SDKStatCaches.noindex/watchos27.0-24R360-e829b21a6f8c9b70876ba0858053c04477534ef55a1706bf4c1112bbb242f0a2.sdkstatcache -target arm64_32-apple-watchos9.0 -fmessage-length\=0 -fdiagnostics-show-note-include-stack -fmacro-backtrace-limit\=0 -fno-color-diagnostics -fmodules-prune-interval\=86400 -fmodules-prune-after\=345600 -fbuild-session-file\=/Users/admin/builder/spi-builder-workspace/.derivedData/ModuleCache.noindex/Session.modulevalidation -fmodules-validate-once-per-build-session -Wnon-modular-include-in-framework-module -Werror\=non-modular-include-in-framework-module -Wno-trigraphs -Wno-missing-field-initializers -Wno-missing-prototypes -Wno-return-type -Wno-missing-braces -Wparentheses -Wswitch -Wno-unused-function -Wno-unused-label -Wno-unused-parameter -Wno-unused-variable -Wunused-value -Wno-empty-body -Wno-uninitialized -Wno-unknown-pragmas -w -Wno-shadow -Wno-four-char-constants -Wno-conversion -Wno-constant-conversion -Wno-int-conversion -Wno-bool-conversion -Wno-enum-conversion -Wno-float-conversion -Wno-non-literal-null-conversion -Wno-objc-literal-conversion -Wno-shorten-64-to-32 -Wpointer-sign -Wno-newline-eof -Wno-implicit-fallthrough -isysroot /Applications/Xcode-27.0.0-Release.Candidate.app/Contents/Developer/Platforms/WatchOS.platform/Developer/SDKs/WatchOS27.0.sdk -fstrict-aliasing -Wdeprecated-declarations -Wno-sign-conversion -Wno-infinite-recursion -Wno-comma -Wno-block-capture-autoreleasing -Wno-strict-prototypes -Wno-semicolon-before-method-body -index-store-path /Users/admin/builder/spi-builder-workspace/.derivedData/Index.noindex/DataStore @/Users/admin/builder/spi-builder-workspace/.derivedData/Build/Intermediates.noindex/sqlcipher.build/Debug-watchos/sqlcipher-t.build/Objects-normal/arm64_32/7187679823f38a2a940e0043cdf9d637-common-args.resp -MMD -MT dependencies -MF /Users/admin/builder/spi-builder-workspace/.derivedData/Build/Intermediates.noindex/sqlcipher.build/Debug-watchos/sqlcipher-t.build/Objects-normal/arm64_32/vdbeaux.d --serialize-diagnostics /Users/admin/builder/spi-builder-workspace/.derivedData/Build/Intermediates.noindex/sqlcipher.build/Debug-watchos/sqlcipher-t.build/Objects-normal/arm64_32/vdbeaux.dia -c /Users/admin/builder/spi-builder-workspace/.dependencies/checkouts/sqlcipher/src/vdbeaux.c -o /Users/admin/builder/spi-builder-workspace/.derivedData/Build/Intermediates.noindex/sqlcipher.build/Debug-watchos/sqlcipher-t.build/Objects-normal/arm64_32/vdbeaux.o -index-unit-output-path /sqlcipher.build/Debug-watchos/sqlcipher-t.build/Objects-normal/arm64_32/vdbeaux.o
ScanDependencies /Users/admin/builder/spi-builder-workspace/.derivedData/Build/Intermediates.noindex/sqlcipher.build/Debug-watchos/sqlcipher-t.build/Objects-normal/arm64_32/vdbe.o /Users/admin/builder/spi-builder-workspace/.dependencies/checkouts/sqlcipher/src/vdbe.c normal arm64_32 c com.apple.compilers.llvm.clang.1_0.compiler (in target 'sqlcipher' from project 'sqlcipher')
    cd /Users/admin/builder/spi-builder-workspace/.swiftpm/xcode

    Using response file: /Users/admin/builder/spi-builder-workspace/.derivedData/Build/Intermediates.noindex/sqlcipher.build/Debug-watchos/sqlcipher-t.build/Objects-normal/arm64_32/7187679823f38a2a940e0043cdf9d637-common-args.resp

    builtin-ScanDependencies -o /Users/admin/builder/spi-builder-workspace/.derivedData/Build/Intermediates.noindex/sqlcipher.build/Debug-watchos/sqlcipher-t.build/Objects-normal/arm64_32/vdbe.o.scan -- /Applications/Xcode-27.0.0-Release.Candidate.app/Contents/Developer/Toolchains/XcodeDefault.xctoolchain/usr/bin/clang -x c -ivfsstatcache /Users/admin/builder/spi-builder-workspace/.derivedData/SDKStatCaches.noindex/watchos27.0-24R360-e829b21a6f8c9b70876ba0858053c04477534ef55a1706bf4c1112bbb242f0a2.sdkstatcache -target arm64_32-apple-watchos9.0 -fmessage-length\=0 -fdiagnostics-show-note-include-stack -fmacro-backtrace-limit\=0 -fno-color-diagnostics -fmodules-prune-interval\=86400 -fmodules-prune-after\=345600 -fbuild-session-file\=/Users/admin/builder/spi-builder-workspace/.derivedData/ModuleCache.noindex/Session.modulevalidation -fmodules-validate-once-per-build-session -Wnon-modular-include-in-framework-module -Werror\=non-modular-include-in-framework-module -Wno-trigraphs -Wno-missing-field-initializers -Wno-missing-prototypes -Wno-return-type -Wno-missing-braces -Wparentheses -Wswitch -Wno-unused-function -Wno-unused-label -Wno-unused-parameter -Wno-unused-variable -Wunused-value -Wno-empty-body -Wno-uninitialized -Wno-unknown-pragmas -w -Wno-shadow -Wno-four-char-constants -Wno-conversion -Wno-constant-conversion -Wno-int-conversion -Wno-bool-conversion -Wno-enum-conversion -Wno-float-conversion -Wno-non-literal-null-conversion -Wno-objc-literal-conversion -Wno-shorten-64-to-32 -Wpointer-sign -Wno-newline-eof -Wno-implicit-fallthrough -isysroot /Applications/Xcode-27.0.0-Release.Candidate.app/Contents/Developer/Platforms/WatchOS.platform/Developer/SDKs/WatchOS27.0.sdk -fstrict-aliasing -Wdeprecated-declarations -Wno-sign-conversion -Wno-infinite-recursion -Wno-comma -Wno-block-capture-autoreleasing -Wno-strict-prototypes -Wno-semicolon-before-method-body -index-store-path /Users/admin/builder/spi-builder-workspace/.derivedData/Index.noindex/DataStore @/Users/admin/builder/spi-builder-workspace/.derivedData/Build/Intermediates.noindex/sqlcipher.build/Debug-watchos/sqlcipher-t.build/Objects-normal/arm64_32/7187679823f38a2a940e0043cdf9d637-common-args.resp -MMD -MT dependencies -MF /Users/admin/builder/spi-builder-workspace/.derivedData/Build/Intermediates.noindex/sqlcipher.build/Debug-watchos/sqlcipher-t.build/Objects-normal/arm64_32/vdbe.d --serialize-diagnostics /Users/admin/builder/spi-builder-workspace/.derivedData/Build/Intermediates.noindex/sqlcipher.build/Debug-watchos/sqlcipher-t.build/Objects-normal/arm64_32/vdbe.dia -c /Users/admin/builder/spi-builder-workspace/.dependencies/checkouts/sqlcipher/src/vdbe.c -o /Users/admin/builder/spi-builder-workspace/.derivedData/Build/Intermediates.noindex/sqlcipher.build/Debug-watchos/sqlcipher-t.build/Objects-normal/arm64_32/vdbe.o -index-unit-output-path /sqlcipher.build/Debug-watchos/sqlcipher-t.build/Objects-normal/arm64_32/vdbe.o
ScanDependencies /Users/admin/builder/spi-builder-workspace/.derivedData/Build/Intermediates.noindex/sqlcipher.build/Debug-watchos/sqlcipher-t.build/Objects-normal/arm64_32/vacuum.o /Users/admin/builder/spi-builder-workspace/.dependencies/checkouts/sqlcipher/src/vacuum.c normal arm64_32 c com.apple.compilers.llvm.clang.1_0.compiler (in target 'sqlcipher' from project 'sqlcipher')
    cd /Users/admin/builder/spi-builder-workspace/.swiftpm/xcode

    Using response file: /Users/admin/builder/spi-builder-workspace/.derivedData/Build/Intermediates.noindex/sqlcipher.build/Debug-watchos/sqlcipher-t.build/Objects-normal/arm64_32/7187679823f38a2a940e0043cdf9d637-common-args.resp

    builtin-ScanDependencies -o /Users/admin/builder/spi-builder-workspace/.derivedData/Build/Intermediates.noindex/sqlcipher.build/Debug-watchos/sqlcipher-t.build/Objects-normal/arm64_32/vacuum.o.scan -- /Applications/Xcode-27.0.0-Release.Candidate.app/Contents/Developer/Toolchains/XcodeDefault.xctoolchain/usr/bin/clang -x c -ivfsstatcache /Users/admin/builder/spi-builder-workspace/.derivedData/SDKStatCaches.noindex/watchos27.0-24R360-e829b21a6f8c9b70876ba0858053c04477534ef55a1706bf4c1112bbb242f0a2.sdkstatcache -target arm64_32-apple-watchos9.0 -fmessage-length\=0 -fdiagnostics-show-note-include-stack -fmacro-backtrace-limit\=0 -fno-color-diagnostics -fmodules-prune-interval\=86400 -fmodules-prune-after\=345600 -fbuild-session-file\=/Users/admin/builder/spi-builder-workspace/.derivedData/ModuleCache.noindex/Session.modulevalidation -fmodules-validate-once-per-build-session -Wnon-modular-include-in-framework-module -Werror\=non-modular-include-in-framework-module -Wno-trigraphs -Wno-missing-field-initializers -Wno-missing-prototypes -Wno-return-type -Wno-missing-braces -Wparentheses -Wswitch -Wno-unused-function -Wno-unused-label -Wno-unused-parameter -Wno-unused-variable -Wunused-value -Wno-empty-body -Wno-uninitialized -Wno-unknown-pragmas -w -Wno-shadow -Wno-four-char-constants -Wno-conversion -Wno-constant-conversion -Wno-int-conversion -Wno-bool-conversion -Wno-enum-conversion -Wno-float-conversion -Wno-non-literal-null-conversion -Wno-objc-literal-conversion -Wno-shorten-64-to-32 -Wpointer-sign -Wno-newline-eof -Wno-implicit-fallthrough -isysroot /Applications/Xcode-27.0.0-Release.Candidate.app/Contents/Developer/Platforms/WatchOS.platform/Developer/SDKs/WatchOS27.0.sdk -fstrict-aliasing -Wdeprecated-declarations -Wno-sign-conversion -Wno-infinite-recursion -Wno-comma -Wno-block-capture-autoreleasing -Wno-strict-prototypes -Wno-semicolon-before-method-body -index-store-path /Users/admin/builder/spi-builder-workspace/.derivedData/Index.noindex/DataStore @/Users/admin/builder/spi-builder-workspace/.derivedData/Build/Intermediates.noindex/sqlcipher.build/Debug-watchos/sqlcipher-t.build/Objects-normal/arm64_32/7187679823f38a2a940e0043cdf9d637-common-args.resp -MMD -MT dependencies -MF /Users/admin/builder/spi-builder-workspace/.derivedData/Build/Intermediates.noindex/sqlcipher.build/Debug-watchos/sqlcipher-t.build/Objects-normal/arm64_32/vacuum.d --serialize-diagnostics /Users/admin/builder/spi-builder-workspace/.derivedData/Build/Intermediates.noindex/sqlcipher.build/Debug-watchos/sqlcipher-t.build/Objects-normal/arm64_32/vacuum.dia -c /Users/admin/builder/spi-builder-workspace/.dependencies/checkouts/sqlcipher/src/vacuum.c -o /Users/admin/builder/spi-builder-workspace/.derivedData/Build/Intermediates.noindex/sqlcipher.build/Debug-watchos/sqlcipher-t.build/Objects-normal/arm64_32/vacuum.o -index-unit-output-path /sqlcipher.build/Debug-watchos/sqlcipher-t.build/Objects-normal/arm64_32/vacuum.o
ScanDependencies /Users/admin/builder/spi-builder-workspace/.derivedData/Build/Intermediates.noindex/sqlcipher.build/Debug-watchos/sqlcipher-t.build/Objects-normal/arm64_32/util.o /Users/admin/builder/spi-builder-workspace/.dependencies/checkouts/sqlcipher/src/util.c normal arm64_32 c com.apple.compilers.llvm.clang.1_0.compiler (in target 'sqlcipher' from project 'sqlcipher')
    cd /Users/admin/builder/spi-builder-workspace/.swiftpm/xcode

    Using response file: /Users/admin/builder/spi-builder-workspace/.derivedData/Build/Intermediates.noindex/sqlcipher.build/Debug-watchos/sqlcipher-t.build/Objects-normal/arm64_32/7187679823f38a2a940e0043cdf9d637-common-args.resp

    builtin-ScanDependencies -o /Users/admin/builder/spi-builder-workspace/.derivedData/Build/Intermediates.noindex/sqlcipher.build/Debug-watchos/sqlcipher-t.build/Objects-normal/arm64_32/util.o.scan -- /Applications/Xcode-27.0.0-Release.Candidate.app/Contents/Developer/Toolchains/XcodeDefault.xctoolchain/usr/bin/clang -x c -ivfsstatcache /Users/admin/builder/spi-builder-workspace/.derivedData/SDKStatCaches.noindex/watchos27.0-24R360-e829b21a6f8c9b70876ba0858053c04477534ef55a1706bf4c1112bbb242f0a2.sdkstatcache -target arm64_32-apple-watchos9.0 -fmessage-length\=0 -fdiagnostics-show-note-include-stack -fmacro-backtrace-limit\=0 -fno-color-diagnostics -fmodules-prune-interval\=86400 -fmodules-prune-after\=345600 -fbuild-session-file\=/Users/admin/builder/spi-builder-workspace/.derivedData/ModuleCache.noindex/Session.modulevalidation -fmodules-validate-once-per-build-session -Wnon-modular-include-in-framework-module -Werror\=non-modular-include-in-framework-module -Wno-trigraphs -Wno-missing-field-initializers -Wno-missing-prototypes -Wno-return-type -Wno-missing-braces -Wparentheses -Wswitch -Wno-unused-function -Wno-unused-label -Wno-unused-parameter -Wno-unused-variable -Wunused-value -Wno-empty-body -Wno-uninitialized -Wno-unknown-pragmas -w -Wno-shadow -Wno-four-char-constants -Wno-conversion -Wno-constant-conversion -Wno-int-conversion -Wno-bool-conversion -Wno-enum-conversion -Wno-float-conversion -Wno-non-literal-null-conversion -Wno-objc-literal-conversion -Wno-shorten-64-to-32 -Wpointer-sign -Wno-newline-eof -Wno-implicit-fallthrough -isysroot /Applications/Xcode-27.0.0-Release.Candidate.app/Contents/Developer/Platforms/WatchOS.platform/Developer/SDKs/WatchOS27.0.sdk -fstrict-aliasing -Wdeprecated-declarations -Wno-sign-conversion -Wno-infinite-recursion -Wno-comma -Wno-block-capture-autoreleasing -Wno-strict-prototypes -Wno-semicolon-before-method-body -index-store-path /Users/admin/builder/spi-builder-workspace/.derivedData/Index.noindex/DataStore @/Users/admin/builder/spi-builder-workspace/.derivedData/Build/Intermediates.noindex/sqlcipher.build/Debug-watchos/sqlcipher-t.build/Objects-normal/arm64_32/7187679823f38a2a940e0043cdf9d637-common-args.resp -MMD -MT dependencies -MF /Users/admin/builder/spi-builder-workspace/.derivedData/Build/Intermediates.noindex/sqlcipher.build/Debug-watchos/sqlcipher-t.build/Objects-normal/arm64_32/util.d --serialize-diagnostics /Users/admin/builder/spi-builder-workspace/.derivedData/Build/Intermediates.noindex/sqlcipher.build/Debug-watchos/sqlcipher-t.build/Objects-normal/arm64_32/util.dia -c /Users/admin/builder/spi-builder-workspace/.dependencies/checkouts/sqlcipher/src/util.c -o /Users/admin/builder/spi-builder-workspace/.derivedData/Build/Intermediates.noindex/sqlcipher.build/Debug-watchos/sqlcipher-t.build/Objects-normal/arm64_32/util.o -index-unit-output-path /sqlcipher.build/Debug-watchos/sqlcipher-t.build/Objects-normal/arm64_32/util.o
ScanDependencies /Users/admin/builder/spi-builder-workspace/.derivedData/Build/Intermediates.noindex/sqlcipher.build/Debug-watchos/sqlcipher-t.build/Objects-normal/arm64_32/vdbeapi.o /Users/admin/builder/spi-builder-workspace/.dependencies/checkouts/sqlcipher/src/vdbeapi.c normal arm64_32 c com.apple.compilers.llvm.clang.1_0.compiler (in target 'sqlcipher' from project 'sqlcipher')
    cd /Users/admin/builder/spi-builder-workspace/.swiftpm/xcode

    Using response file: /Users/admin/builder/spi-builder-workspace/.derivedData/Build/Intermediates.noindex/sqlcipher.build/Debug-watchos/sqlcipher-t.build/Objects-normal/arm64_32/7187679823f38a2a940e0043cdf9d637-common-args.resp

    builtin-ScanDependencies -o /Users/admin/builder/spi-builder-workspace/.derivedData/Build/Intermediates.noindex/sqlcipher.build/Debug-watchos/sqlcipher-t.build/Objects-normal/arm64_32/vdbeapi.o.scan -- /Applications/Xcode-27.0.0-Release.Candidate.app/Contents/Developer/Toolchains/XcodeDefault.xctoolchain/usr/bin/clang -x c -ivfsstatcache /Users/admin/builder/spi-builder-workspace/.derivedData/SDKStatCaches.noindex/watchos27.0-24R360-e829b21a6f8c9b70876ba0858053c04477534ef55a1706bf4c1112bbb242f0a2.sdkstatcache -target arm64_32-apple-watchos9.0 -fmessage-length\=0 -fdiagnostics-show-note-include-stack -fmacro-backtrace-limit\=0 -fno-color-diagnostics -fmodules-prune-interval\=86400 -fmodules-prune-after\=345600 -fbuild-session-file\=/Users/admin/builder/spi-builder-workspace/.derivedData/ModuleCache.noindex/Session.modulevalidation -fmodules-validate-once-per-build-session -Wnon-modular-include-in-framework-module -Werror\=non-modular-include-in-framework-module -Wno-trigraphs -Wno-missing-field-initializers -Wno-missing-prototypes -Wno-return-type -Wno-missing-braces -Wparentheses -Wswitch -Wno-unused-function -Wno-unused-label -Wno-unused-parameter -Wno-unused-variable -Wunused-value -Wno-empty-body -Wno-uninitialized -Wno-unknown-pragmas -w -Wno-shadow -Wno-four-char-constants -Wno-conversion -Wno-constant-conversion -Wno-int-conversion -Wno-bool-conversion -Wno-enum-conversion -Wno-float-conversion -Wno-non-literal-null-conversion -Wno-objc-literal-conversion -Wno-shorten-64-to-32 -Wpointer-sign -Wno-newline-eof -Wno-implicit-fallthrough -isysroot /Applications/Xcode-27.0.0-Release.Candidate.app/Contents/Developer/Platforms/WatchOS.platform/Developer/SDKs/WatchOS27.0.sdk -fstrict-aliasing -Wdeprecated-declarations -Wno-sign-conversion -Wno-infinite-recursion -Wno-comma -Wno-block-capture-autoreleasing -Wno-strict-prototypes -Wno-semicolon-before-method-body -index-store-path /Users/admin/builder/spi-builder-workspace/.derivedData/Index.noindex/DataStore @/Users/admin/builder/spi-builder-workspace/.derivedData/Build/Intermediates.noindex/sqlcipher.build/Debug-watchos/sqlcipher-t.build/Objects-normal/arm64_32/7187679823f38a2a940e0043cdf9d637-common-args.resp -MMD -MT dependencies -MF /Users/admin/builder/spi-builder-workspace/.derivedData/Build/Intermediates.noindex/sqlcipher.build/Debug-watchos/sqlcipher-t.build/Objects-normal/arm64_32/vdbeapi.d --serialize-diagnostics /Users/admin/builder/spi-builder-workspace/.derivedData/Build/Intermediates.noindex/sqlcipher.build/Debug-watchos/sqlcipher-t.build/Objects-normal/arm64_32/vdbeapi.dia -c /Users/admin/builder/spi-builder-workspace/.dependencies/checkouts/sqlcipher/src/vdbeapi.c -o /Users/admin/builder/spi-builder-workspace/.derivedData/Build/Intermediates.noindex/sqlcipher.build/Debug-watchos/sqlcipher-t.build/Objects-normal/arm64_32/vdbeapi.o -index-unit-output-path /sqlcipher.build/Debug-watchos/sqlcipher-t.build/Objects-normal/arm64_32/vdbeapi.o
ScanDependencies /Users/admin/builder/spi-builder-workspace/.derivedData/Build/Intermediates.noindex/sqlcipher.build/Debug-watchos/sqlcipher-t.build/Objects-normal/arm64_32/utf.o /Users/admin/builder/spi-builder-workspace/.dependencies/checkouts/sqlcipher/src/utf.c normal arm64_32 c com.apple.compilers.llvm.clang.1_0.compiler (in target 'sqlcipher' from project 'sqlcipher')
    cd /Users/admin/builder/spi-builder-workspace/.swiftpm/xcode

    Using response file: /Users/admin/builder/spi-builder-workspace/.derivedData/Build/Intermediates.noindex/sqlcipher.build/Debug-watchos/sqlcipher-t.build/Objects-normal/arm64_32/7187679823f38a2a940e0043cdf9d637-common-args.resp

    builtin-ScanDependencies -o /Users/admin/builder/spi-builder-workspace/.derivedData/Build/Intermediates.noindex/sqlcipher.build/Debug-watchos/sqlcipher-t.build/Objects-normal/arm64_32/utf.o.scan -- /Applications/Xcode-27.0.0-Release.Candidate.app/Contents/Developer/Toolchains/XcodeDefault.xctoolchain/usr/bin/clang -x c -ivfsstatcache /Users/admin/builder/spi-builder-workspace/.derivedData/SDKStatCaches.noindex/watchos27.0-24R360-e829b21a6f8c9b70876ba0858053c04477534ef55a1706bf4c1112bbb242f0a2.sdkstatcache -target arm64_32-apple-watchos9.0 -fmessage-length\=0 -fdiagnostics-show-note-include-stack -fmacro-backtrace-limit\=0 -fno-color-diagnostics -fmodules-prune-interval\=86400 -fmodules-prune-after\=345600 -fbuild-session-file\=/Users/admin/builder/spi-builder-workspace/.derivedData/ModuleCache.noindex/Session.modulevalidation -fmodules-validate-once-per-build-session -Wnon-modular-include-in-framework-module -Werror\=non-modular-include-in-framework-module -Wno-trigraphs -Wno-missing-field-initializers -Wno-missing-prototypes -Wno-return-type -Wno-missing-braces -Wparentheses -Wswitch -Wno-unused-function -Wno-unused-label -Wno-unused-parameter -Wno-unused-variable -Wunused-value -Wno-empty-body -Wno-uninitialized -Wno-unknown-pragmas -w -Wno-shadow -Wno-four-char-constants -Wno-conversion -Wno-constant-conversion -Wno-int-conversion -Wno-bool-conversion -Wno-enum-conversion -Wno-float-conversion -Wno-non-literal-null-conversion -Wno-objc-literal-conversion -Wno-shorten-64-to-32 -Wpointer-sign -Wno-newline-eof -Wno-implicit-fallthrough -isysroot /Applications/Xcode-27.0.0-Release.Candidate.app/Contents/Developer/Platforms/WatchOS.platform/Developer/SDKs/WatchOS27.0.sdk -fstrict-aliasing -Wdeprecated-declarations -Wno-sign-conversion -Wno-infinite-recursion -Wno-comma -Wno-block-capture-autoreleasing -Wno-strict-prototypes -Wno-semicolon-before-method-body -index-store-path /Users/admin/builder/spi-builder-workspace/.derivedData/Index.noindex/DataStore @/Users/admin/builder/spi-builder-workspace/.derivedData/Build/Intermediates.noindex/sqlcipher.build/Debug-watchos/sqlcipher-t.build/Objects-normal/arm64_32/7187679823f38a2a940e0043cdf9d637-common-args.resp -MMD -MT dependencies -MF /Users/admin/builder/spi-builder-workspace/.derivedData/Build/Intermediates.noindex/sqlcipher.build/Debug-watchos/sqlcipher-t.build/Objects-normal/arm64_32/utf.d --serialize-diagnostics /Users/admin/builder/spi-builder-workspace/.derivedData/Build/Intermediates.noindex/sqlcipher.build/Debug-watchos/sqlcipher-t.build/Objects-normal/arm64_32/utf.dia -c /Users/admin/builder/spi-builder-workspace/.dependencies/checkouts/sqlcipher/src/utf.c -o /Users/admin/builder/spi-builder-workspace/.derivedData/Build/Intermediates.noindex/sqlcipher.build/Debug-watchos/sqlcipher-t.build/Objects-normal/arm64_32/utf.o -index-unit-output-path /sqlcipher.build/Debug-watchos/sqlcipher-t.build/Objects-normal/arm64_32/utf.o
ScanDependencies /Users/admin/builder/spi-builder-workspace/.derivedData/Build/Intermediates.noindex/sqlcipher.build/Debug-watchos/sqlcipher-t.build/Objects-normal/arm64_32/userauth.o /Users/admin/builder/spi-builder-workspace/.dependencies/checkouts/sqlcipher/ext/userauth/userauth.c normal arm64_32 c com.apple.compilers.llvm.clang.1_0.compiler (in target 'sqlcipher' from project 'sqlcipher')
    cd /Users/admin/builder/spi-builder-workspace/.swiftpm/xcode

    Using response file: /Users/admin/builder/spi-builder-workspace/.derivedData/Build/Intermediates.noindex/sqlcipher.build/Debug-watchos/sqlcipher-t.build/Objects-normal/arm64_32/7187679823f38a2a940e0043cdf9d637-common-args.resp

    builtin-ScanDependencies -o /Users/admin/builder/spi-builder-workspace/.derivedData/Build/Intermediates.noindex/sqlcipher.build/Debug-watchos/sqlcipher-t.build/Objects-normal/arm64_32/userauth.o.scan -- /Applications/Xcode-27.0.0-Release.Candidate.app/Contents/Developer/Toolchains/XcodeDefault.xctoolchain/usr/bin/clang -x c -ivfsstatcache /Users/admin/builder/spi-builder-workspace/.derivedData/SDKStatCaches.noindex/watchos27.0-24R360-e829b21a6f8c9b70876ba0858053c04477534ef55a1706bf4c1112bbb242f0a2.sdkstatcache -target arm64_32-apple-watchos9.0 -fmessage-length\=0 -fdiagnostics-show-note-include-stack -fmacro-backtrace-limit\=0 -fno-color-diagnostics -fmodules-prune-interval\=86400 -fmodules-prune-after\=345600 -fbuild-session-file\=/Users/admin/builder/spi-builder-workspace/.derivedData/ModuleCache.noindex/Session.modulevalidation -fmodules-validate-once-per-build-session -Wnon-modular-include-in-framework-module -Werror\=non-modular-include-in-framework-module -Wno-trigraphs -Wno-missing-field-initializers -Wno-missing-prototypes -Wno-return-type -Wno-missing-braces -Wparentheses -Wswitch -Wno-unused-function -Wno-unused-label -Wno-unused-parameter -Wno-unused-variable -Wunused-value -Wno-empty-body -Wno-uninitialized -Wno-unknown-pragmas -w -Wno-shadow -Wno-four-char-constants -Wno-conversion -Wno-constant-conversion -Wno-int-conversion -Wno-bool-conversion -Wno-enum-conversion -Wno-float-conversion -Wno-non-literal-null-conversion -Wno-objc-literal-conversion -Wno-shorten-64-to-32 -Wpointer-sign -Wno-newline-eof -Wno-implicit-fallthrough -isysroot /Applications/Xcode-27.0.0-Release.Candidate.app/Contents/Developer/Platforms/WatchOS.platform/Developer/SDKs/WatchOS27.0.sdk -fstrict-aliasing -Wdeprecated-declarations -Wno-sign-conversion -Wno-infinite-recursion -Wno-comma -Wno-block-capture-autoreleasing -Wno-strict-prototypes -Wno-semicolon-before-method-body -index-store-path /Users/admin/builder/spi-builder-workspace/.derivedData/Index.noindex/DataStore @/Users/admin/builder/spi-builder-workspace/.derivedData/Build/Intermediates.noindex/sqlcipher.build/Debug-watchos/sqlcipher-t.build/Objects-normal/arm64_32/7187679823f38a2a940e0043cdf9d637-common-args.resp -MMD -MT dependencies -MF /Users/admin/builder/spi-builder-workspace/.derivedData/Build/Intermediates.noindex/sqlcipher.build/Debug-watchos/sqlcipher-t.build/Objects-normal/arm64_32/userauth.d --serialize-diagnostics /Users/admin/builder/spi-builder-workspace/.derivedData/Build/Intermediates.noindex/sqlcipher.build/Debug-watchos/sqlcipher-t.build/Objects-normal/arm64_32/userauth.dia -c /Users/admin/builder/spi-builder-workspace/.dependencies/checkouts/sqlcipher/ext/userauth/userauth.c -o /Users/admin/builder/spi-builder-workspace/.derivedData/Build/Intermediates.noindex/sqlcipher.build/Debug-watchos/sqlcipher-t.build/Objects-normal/arm64_32/userauth.o -index-unit-output-path /sqlcipher.build/Debug-watchos/sqlcipher-t.build/Objects-normal/arm64_32/userauth.o
ScanDependencies /Users/admin/builder/spi-builder-workspace/.derivedData/Build/Intermediates.noindex/sqlcipher.build/Debug-watchos/sqlcipher-t.build/Objects-normal/arm64_32/upsert.o /Users/admin/builder/spi-builder-workspace/.dependencies/checkouts/sqlcipher/src/upsert.c normal arm64_32 c com.apple.compilers.llvm.clang.1_0.compiler (in target 'sqlcipher' from project 'sqlcipher')
    cd /Users/admin/builder/spi-builder-workspace/.swiftpm/xcode

    Using response file: /Users/admin/builder/spi-builder-workspace/.derivedData/Build/Intermediates.noindex/sqlcipher.build/Debug-watchos/sqlcipher-t.build/Objects-normal/arm64_32/7187679823f38a2a940e0043cdf9d637-common-args.resp

    builtin-ScanDependencies -o /Users/admin/builder/spi-builder-workspace/.derivedData/Build/Intermediates.noindex/sqlcipher.build/Debug-watchos/sqlcipher-t.build/Objects-normal/arm64_32/upsert.o.scan -- /Applications/Xcode-27.0.0-Release.Candidate.app/Contents/Developer/Toolchains/XcodeDefault.xctoolchain/usr/bin/clang -x c -ivfsstatcache /Users/admin/builder/spi-builder-workspace/.derivedData/SDKStatCaches.noindex/watchos27.0-24R360-e829b21a6f8c9b70876ba0858053c04477534ef55a1706bf4c1112bbb242f0a2.sdkstatcache -target arm64_32-apple-watchos9.0 -fmessage-length\=0 -fdiagnostics-show-note-include-stack -fmacro-backtrace-limit\=0 -fno-color-diagnostics -fmodules-prune-interval\=86400 -fmodules-prune-after\=345600 -fbuild-session-file\=/Users/admin/builder/spi-builder-workspace/.derivedData/ModuleCache.noindex/Session.modulevalidation -fmodules-validate-once-per-build-session -Wnon-modular-include-in-framework-module -Werror\=non-modular-include-in-framework-module -Wno-trigraphs -Wno-missing-field-initializers -Wno-missing-prototypes -Wno-return-type -Wno-missing-braces -Wparentheses -Wswitch -Wno-unused-function -Wno-unused-label -Wno-unused-parameter -Wno-unused-variable -Wunused-value -Wno-empty-body -Wno-uninitialized -Wno-unknown-pragmas -w -Wno-shadow -Wno-four-char-constants -Wno-conversion -Wno-constant-conversion -Wno-int-conversion -Wno-bool-conversion -Wno-enum-conversion -Wno-float-conversion -Wno-non-literal-null-conversion -Wno-objc-literal-conversion -Wno-shorten-64-to-32 -Wpointer-sign -Wno-newline-eof -Wno-implicit-fallthrough -isysroot /Applications/Xcode-27.0.0-Release.Candidate.app/Contents/Developer/Platforms/WatchOS.platform/Developer/SDKs/WatchOS27.0.sdk -fstrict-aliasing -Wdeprecated-declarations -Wno-sign-conversion -Wno-infinite-recursion -Wno-comma -Wno-block-capture-autoreleasing -Wno-strict-prototypes -Wno-semicolon-before-method-body -index-store-path /Users/admin/builder/spi-builder-workspace/.derivedData/Index.noindex/DataStore @/Users/admin/builder/spi-builder-workspace/.derivedData/Build/Intermediates.noindex/sqlcipher.build/Debug-watchos/sqlcipher-t.build/Objects-normal/arm64_32/7187679823f38a2a940e0043cdf9d637-common-args.resp -MMD -MT dependencies -MF /Users/admin/builder/spi-builder-workspace/.derivedData/Build/Intermediates.noindex/sqlcipher.build/Debug-watchos/sqlcipher-t.build/Objects-normal/arm64_32/upsert.d --serialize-diagnostics /Users/admin/builder/spi-builder-workspace/.derivedData/Build/Intermediates.noindex/sqlcipher.build/Debug-watchos/sqlcipher-t.build/Objects-normal/arm64_32/upsert.dia -c /Users/admin/builder/spi-builder-workspace/.dependencies/checkouts/sqlcipher/src/upsert.c -o /Users/admin/builder/spi-builder-workspace/.derivedData/Build/Intermediates.noindex/sqlcipher.build/Debug-watchos/sqlcipher-t.build/Objects-normal/arm64_32/upsert.o -index-unit-output-path /sqlcipher.build/Debug-watchos/sqlcipher-t.build/Objects-normal/arm64_32/upsert.o
CompileC /Users/admin/builder/spi-builder-workspace/.derivedData/Build/Intermediates.noindex/WCDBSwift.build/Debug-watchos/common-t.build/Objects-normal/arm64_32/TableAttribute.o /Users/admin/builder/spi-builder-workspace/.dependencies/checkouts/wcdb/src/common/core/sqlite/TableAttribute.cpp normal arm64_32 c++ com.apple.compilers.llvm.clang.1_0.compiler (in target 'common' from project 'WCDBSwift')
    cd /Users/admin/builder/spi-builder-workspace/.swiftpm/xcode

    Using response file: /Users/admin/builder/spi-builder-workspace/.derivedData/Build/Intermediates.noindex/WCDBSwift.build/Debug-watchos/common-t.build/Objects-normal/arm64_32/82b82416624d2658e5098eb0a28c15c5-common-args.resp

    /Applications/Xcode-27.0.0-Release.Candidate.app/Contents/Developer/Toolchains/XcodeDefault.xctoolchain/usr/bin/clang -x c++ -ivfsstatcache /Users/admin/builder/spi-builder-workspace/.derivedData/SDKStatCaches.noindex/watchos27.0-24R360-e829b21a6f8c9b70876ba0858053c04477534ef55a1706bf4c1112bbb242f0a2.sdkstatcache -target arm64_32-apple-watchos9.0 -fmessage-length\=0 -fdiagnostics-show-note-include-stack -fmacro-backtrace-limit\=0 -fno-color-diagnostics -fmodules-prune-interval\=86400 -fmodules-prune-after\=345600 -fbuild-session-file\=/Users/admin/builder/spi-builder-workspace/.derivedData/ModuleCache.noindex/Session.modulevalidation -fmodules-validate-once-per-build-session -Wnon-modular-include-in-framework-module -Werror\=non-modular-include-in-framework-module -Wno-trigraphs -Wno-missing-field-initializers -Wno-missing-prototypes -Wno-return-type -Wno-non-virtual-dtor -Wno-overloaded-virtual -Wno-exit-time-destructors -Wno-missing-braces -Wparentheses -Wswitch -Wno-unused-function -Wno-unused-label -Wno-unused-parameter -Wno-unused-variable -Wunused-value -Wno-empty-body -Wno-uninitialized -Wno-unknown-pragmas -w -Wno-shadow -Wno-four-char-constants -Wno-conversion -Wno-constant-conversion -Wno-int-conversion -Wno-bool-conversion -Wno-enum-conversion -Wno-float-conversion -Wno-non-literal-null-conversion -Wno-objc-literal-conversion -Wno-shorten-64-to-32 -Wno-newline-eof -Wno-c++11-extensions -Wno-implicit-fallthrough -isysroot /Applications/Xcode-27.0.0-Release.Candidate.app/Contents/Developer/Platforms/WatchOS.platform/Developer/SDKs/WatchOS27.0.sdk -fstrict-aliasing -Wdeprecated-declarations -Winvalid-offsetof -Wno-sign-conversion -Wno-infinite-recursion -Wno-move -Wno-comma -Wno-block-capture-autoreleasing -Wno-strict-prototypes -Wno-range-loop-analysis -Wno-semicolon-before-method-body -index-store-path /Users/admin/builder/spi-builder-workspace/.derivedData/Index.noindex/DataStore @/Users/admin/builder/spi-builder-workspace/.derivedData/Build/Intermediates.noindex/WCDBSwift.build/Debug-watchos/common-t.build/Objects-normal/arm64_32/82b82416624d2658e5098eb0a28c15c5-common-args.resp -MMD -MT dependencies -MF /Users/admin/builder/spi-builder-workspace/.derivedData/Build/Intermediates.noindex/WCDBSwift.build/Debug-watchos/common-t.build/Objects-normal/arm64_32/TableAttribute.d --serialize-diagnostics /Users/admin/builder/spi-builder-workspace/.derivedData/Build/Intermediates.noindex/WCDBSwift.build/Debug-watchos/common-t.build/Objects-normal/arm64_32/TableAttribute.dia -c /Users/admin/builder/spi-builder-workspace/.dependencies/checkouts/wcdb/src/common/core/sqlite/TableAttribute.cpp -o /Users/admin/builder/spi-builder-workspace/.derivedData/Build/Intermediates.noindex/WCDBSwift.build/Debug-watchos/common-t.build/Objects-normal/arm64_32/TableAttribute.o -index-unit-output-path /WCDBSwift.build/Debug-watchos/common-t.build/Objects-normal/arm64_32/TableAttribute.o
SwiftDriver WCDBSwift normal arm64 com.apple.xcode.tools.swift.compiler (in target 'WCDBSwift' from project 'WCDBSwift')
    cd /Users/admin/builder/spi-builder-workspace/.swiftpm/xcode
    builtin-SwiftDriver -- /Applications/Xcode-27.0.0-Release.Candidate.app/Contents/Developer/Toolchains/XcodeDefault.xctoolchain/usr/bin/swiftc -parse-as-library -module-name WCDBSwift -Onone @/Users/admin/builder/spi-builder-workspace/.derivedData/Build/Intermediates.noindex/WCDBSwift.build/Debug-watchos/WCDBSwift-t.build/Objects-normal/arm64/WCDBSwift.SwiftFileList -DSWIFT_PACKAGE -DDEBUG -DSWIFT_MODULE_RESOURCE_BUNDLE_UNAVAILABLE -Xcc -fmodule-map-file\=/Users/admin/builder/spi-builder-workspace/.derivedData/Build/Intermediates.noindex/GeneratedModuleMaps-watchos/sqlcipher.modulemap -Xcc -fmodule-map-file\=/Users/admin/builder/spi-builder-workspace/.dependencies/checkouts/wcdb/src/bridge/include/module.modulemap -Xcc -fmodule-map-file\=/Users/admin/builder/spi-builder-workspace/.derivedData/Build/Intermediates.noindex/GeneratedModuleMaps-watchos/common.modulemap -Xcc -fmodule-map-file\=/Users/admin/builder/spi-builder-workspace/.derivedData/Build/Intermediates.noindex/GeneratedModuleMaps-watchos/objc-core.modulemap -DXcode -plugin-path /Applications/Xcode-27.0.0-Release.Candidate.app/Contents/Developer/Toolchains/XcodeDefault.xctoolchain/usr/lib/swift/host/plugins/testing -enable-experimental-feature DebugDescriptionMacro -sdk /Applications/Xcode-27.0.0-Release.Candidate.app/Contents/Developer/Platforms/WatchOS.platform/Developer/SDKs/WatchOS27.0.sdk -target arm64-apple-watchos9.0 -g -module-cache-path /Users/admin/builder/spi-builder-workspace/.derivedData/ModuleCache.noindex -Xfrontend -serialize-debugging-options -profile-coverage-mapping -profile-generate -enable-testing -suppress-warnings -index-store-path /Users/admin/builder/spi-builder-workspace/.derivedData/Index.noindex/DataStore -Xcc -D_LIBCPP_HARDENING_MODE\=_LIBCPP_HARDENING_MODE_DEBUG -swift-version 5 -I /Users/admin/builder/spi-builder-workspace/.derivedData/Build/Products/Debug-watchos -Isystem /Applications/Xcode-27.0.0-Release.Candidate.app/Contents/Developer/Platforms/WatchOS.platform/Developer/usr/lib -F /Users/admin/builder/spi-builder-workspace/.derivedData/Build/Products/Debug-watchos/PackageFrameworks -F /Users/admin/builder/spi-builder-workspace/.derivedData/Build/Products/Debug-watchos -F /Applications/Xcode-27.0.0-Release.Candidate.app/Contents/Developer/Platforms/WatchOS.platform/Developer/Library/Frameworks -F /Applications/Xcode-27.0.0-Release.Candidate.app/Contents/Developer/Platforms/WatchOS.platform/Developer/SDKs/WatchOS27.0.sdk/Developer/Library/Frameworks -c -j10 -enable-batch-mode -incremental -Xcc -ivfsstatcache -Xcc /Users/admin/builder/spi-builder-workspace/.derivedData/SDKStatCaches.noindex/watchos27.0-24R360-e829b21a6f8c9b70876ba0858053c04477534ef55a1706bf4c1112bbb242f0a2.sdkstatcache -output-file-map /Users/admin/builder/spi-builder-workspace/.derivedData/Build/Intermediates.noindex/WCDBSwift.build/Debug-watchos/WCDBSwift-t.build/Objects-normal/arm64/WCDBSwift-OutputFileMap.json -save-temps -no-color-diagnostics -explicit-module-build -module-cache-path /Users/admin/builder/spi-builder-workspace/.derivedData/Build/Intermediates.noindex/SwiftExplicitPrecompiledModules -clang-scanner-module-cache-path /Users/admin/builder/spi-builder-workspace/.derivedData/ModuleCache.noindex -sdk-module-cache-path /Users/admin/builder/spi-builder-workspace/.derivedData/SDKExplicitPrecompiledModules -emit-dependencies -emit-module -emit-module-path /Users/admin/builder/spi-builder-workspace/.derivedData/Build/Intermediates.noindex/WCDBSwift.build/Debug-watchos/WCDBSwift-t.build/Objects-normal/arm64/WCDBSwift.swiftmodule -serialize-diagnostics -dependency-scan-serialize-diagnostics-path /Users/admin/builder/spi-builder-workspace/.derivedData/Build/Intermediates.noindex/WCDBSwift.build/Debug-watchos/WCDBSwift-t.build/Objects-normal/arm64/WCDBSwift-dependency-scan.dia -validate-clang-modules-once -clang-build-session-file /Users/admin/builder/spi-builder-workspace/.derivedData/ModuleCache.noindex/Session.modulevalidation -Xcc -fmodules-prune-interval\=86400 -Xcc -fmodules-prune-after\=345600 -emit-const-values -const-gather-protocols-list /Users/admin/builder/spi-builder-workspace/.derivedData/Build/Intermediates.noindex/WCDBSwift.build/Debug-watchos/WCDBSwift-t.build/Objects-normal/arm64/WCDBSwift_const_extract_protocols.json -Xcc -I/Users/admin/builder/spi-builder-workspace/.dependencies/checkouts/sqlcipher/include -Xcc -I/Users/admin/builder/spi-builder-workspace/.dependencies/checkouts/wcdb/src/bridge/include -Xcc -I/Users/admin/builder/spi-builder-workspace/.dependencies/checkouts/wcdb/src/common -Xcc -I/Users/admin/builder/spi-builder-workspace/.dependencies/checkouts/wcdb/src/objc/core -Xcc -I/Users/admin/builder/spi-builder-workspace/.derivedData/Build/Products/Debug-watchos/include -Xcc -I/Users/admin/builder/spi-builder-workspace/.dependencies/checkouts/wcdb/src/bridge -Xcc -I/Users/admin/builder/spi-builder-workspace/.dependencies/checkouts/wcdb/src/bridge/objcbridge -Xcc -I/Users/admin/builder/spi-builder-workspace/.dependencies/checkouts/wcdb/src/bridge/cppbridge -Xcc -I/Users/admin/builder/spi-builder-workspace/.dependencies/checkouts/wcdb/src/bridge/winqbridge -Xcc -I/Users/admin/builder/spi-builder-workspace/.dependencies/checkouts/wcdb/src/bridge/base -Xcc -I/Users/admin/builder/spi-builder-workspace/.dependencies/checkouts/wcdb/src/bridge/winqbridge/statement -Xcc -I/Users/admin/builder/spi-builder-workspace/.dependencies/checkouts/wcdb/src/bridge/winqbridge/identifier -Xcc -I/Users/admin/builder/spi-builder-workspace/.derivedData/Build/Intermediates.noindex/WCDBSwift.build/Debug-watchos/WCDBSwift-t.build/DerivedSources-normal/arm64 -Xcc -I/Users/admin/builder/spi-builder-workspace/.derivedData/Build/Intermediates.noindex/WCDBSwift.build/Debug-watchos/WCDBSwift-t.build/DerivedSources/arm64 -Xcc -I/Users/admin/builder/spi-builder-workspace/.derivedData/Build/Intermediates.noindex/WCDBSwift.build/Debug-watchos/WCDBSwift-t.build/DerivedSources -Xcc -DSWIFT_PACKAGE -Xcc -DDEBUG\=1 -emit-objc-header -emit-objc-header-path /Users/admin/builder/spi-builder-workspace/.derivedData/Build/Intermediates.noindex/WCDBSwift.build/Debug-watchos/WCDBSwift-t.build/Objects-normal/arm64/WCDBSwift-Swift.h -working-directory /Users/admin/builder/spi-builder-workspace/.swiftpm/xcode -experimental-emit-module-separately -disable-cmo
SwiftDriver WCDBSwift normal arm64_32 com.apple.xcode.tools.swift.compiler (in target 'WCDBSwift' from project 'WCDBSwift')
    cd /Users/admin/builder/spi-builder-workspace/.swiftpm/xcode
    builtin-SwiftDriver -- /Applications/Xcode-27.0.0-Release.Candidate.app/Contents/Developer/Toolchains/XcodeDefault.xctoolchain/usr/bin/swiftc -parse-as-library -module-name WCDBSwift -Onone @/Users/admin/builder/spi-builder-workspace/.derivedData/Build/Intermediates.noindex/WCDBSwift.build/Debug-watchos/WCDBSwift-t.build/Objects-normal/arm64_32/WCDBSwift.SwiftFileList -DSWIFT_PACKAGE -DDEBUG -DSWIFT_MODULE_RESOURCE_BUNDLE_UNAVAILABLE -Xcc -fmodule-map-file\=/Users/admin/builder/spi-builder-workspace/.derivedData/Build/Intermediates.noindex/GeneratedModuleMaps-watchos/sqlcipher.modulemap -Xcc -fmodule-map-file\=/Users/admin/builder/spi-builder-workspace/.dependencies/checkouts/wcdb/src/bridge/include/module.modulemap -Xcc -fmodule-map-file\=/Users/admin/builder/spi-builder-workspace/.derivedData/Build/Intermediates.noindex/GeneratedModuleMaps-watchos/common.modulemap -Xcc -fmodule-map-file\=/Users/admin/builder/spi-builder-workspace/.derivedData/Build/Intermediates.noindex/GeneratedModuleMaps-watchos/objc-core.modulemap -DXcode -plugin-path /Applications/Xcode-27.0.0-Release.Candidate.app/Contents/Developer/Toolchains/XcodeDefault.xctoolchain/usr/lib/swift/host/plugins/testing -enable-experimental-feature DebugDescriptionMacro -sdk /Applications/Xcode-27.0.0-Release.Candidate.app/Contents/Developer/Platforms/WatchOS.platform/Developer/SDKs/WatchOS27.0.sdk -target arm64_32-apple-watchos9.0 -g -module-cache-path /Users/admin/builder/spi-builder-workspace/.derivedData/ModuleCache.noindex -Xfrontend -serialize-debugging-options -profile-coverage-mapping -profile-generate -enable-testing -suppress-warnings -index-store-path /Users/admin/builder/spi-builder-workspace/.derivedData/Index.noindex/DataStore -Xcc -D_LIBCPP_HARDENING_MODE\=_LIBCPP_HARDENING_MODE_DEBUG -swift-version 5 -I /Users/admin/builder/spi-builder-workspace/.derivedData/Build/Products/Debug-watchos -Isystem /Applications/Xcode-27.0.0-Release.Candidate.app/Contents/Developer/Platforms/WatchOS.platform/Developer/usr/lib -F /Users/admin/builder/spi-builder-workspace/.derivedData/Build/Products/Debug-watchos/PackageFrameworks -F /Users/admin/builder/spi-builder-workspace/.derivedData/Build/Products/Debug-watchos -F /Applications/Xcode-27.0.0-Release.Candidate.app/Contents/Developer/Platforms/WatchOS.platform/Developer/Library/Frameworks -F /Applications/Xcode-27.0.0-Release.Candidate.app/Contents/Developer/Platforms/WatchOS.platform/Developer/SDKs/WatchOS27.0.sdk/Developer/Library/Frameworks -c -j10 -enable-batch-mode -incremental -Xcc -ivfsstatcache -Xcc /Users/admin/builder/spi-builder-workspace/.derivedData/SDKStatCaches.noindex/watchos27.0-24R360-e829b21a6f8c9b70876ba0858053c04477534ef55a1706bf4c1112bbb242f0a2.sdkstatcache -output-file-map /Users/admin/builder/spi-builder-workspace/.derivedData/Build/Intermediates.noindex/WCDBSwift.build/Debug-watchos/WCDBSwift-t.build/Objects-normal/arm64_32/WCDBSwift-OutputFileMap.json -save-temps -no-color-diagnostics -explicit-module-build -module-cache-path /Users/admin/builder/spi-builder-workspace/.derivedData/Build/Intermediates.noindex/SwiftExplicitPrecompiledModules -clang-scanner-module-cache-path /Users/admin/builder/spi-builder-workspace/.derivedData/ModuleCache.noindex -sdk-module-cache-path /Users/admin/builder/spi-builder-workspace/.derivedData/SDKExplicitPrecompiledModules -emit-dependencies -emit-module -emit-module-path /Users/admin/builder/spi-builder-workspace/.derivedData/Build/Intermediates.noindex/WCDBSwift.build/Debug-watchos/WCDBSwift-t.build/Objects-normal/arm64_32/WCDBSwift.swiftmodule -serialize-diagnostics -dependency-scan-serialize-diagnostics-path /Users/admin/builder/spi-builder-workspace/.derivedData/Build/Intermediates.noindex/WCDBSwift.build/Debug-watchos/WCDBSwift-t.build/Objects-normal/arm64_32/WCDBSwift-dependency-scan.dia -validate-clang-modules-once -clang-build-session-file /Users/admin/builder/spi-builder-workspace/.derivedData/ModuleCache.noindex/Session.modulevalidation -Xcc -fmodules-prune-interval\=86400 -Xcc -fmodules-prune-after\=345600 -emit-const-values -const-gather-protocols-list /Users/admin/builder/spi-builder-workspace/.derivedData/Build/Intermediates.noindex/WCDBSwift.build/Debug-watchos/WCDBSwift-t.build/Objects-normal/arm64_32/WCDBSwift_const_extract_protocols.json -Xcc -I/Users/admin/builder/spi-builder-workspace/.dependencies/checkouts/sqlcipher/include -Xcc -I/Users/admin/builder/spi-builder-workspace/.dependencies/checkouts/wcdb/src/bridge/include -Xcc -I/Users/admin/builder/spi-builder-workspace/.dependencies/checkouts/wcdb/src/common -Xcc -I/Users/admin/builder/spi-builder-workspace/.dependencies/checkouts/wcdb/src/objc/core -Xcc -I/Users/admin/builder/spi-builder-workspace/.derivedData/Build/Products/Debug-watchos/include -Xcc -I/Users/admin/builder/spi-builder-workspace/.dependencies/checkouts/wcdb/src/bridge -Xcc -I/Users/admin/builder/spi-builder-workspace/.dependencies/checkouts/wcdb/src/bridge/objcbridge -Xcc -I/Users/admin/builder/spi-builder-workspace/.dependencies/checkouts/wcdb/src/bridge/cppbridge -Xcc -I/Users/admin/builder/spi-builder-workspace/.dependencies/checkouts/wcdb/src/bridge/winqbridge -Xcc -I/Users/admin/builder/spi-builder-workspace/.dependencies/checkouts/wcdb/src/bridge/base -Xcc -I/Users/admin/builder/spi-builder-workspace/.dependencies/checkouts/wcdb/src/bridge/winqbridge/statement -Xcc -I/Users/admin/builder/spi-builder-workspace/.dependencies/checkouts/wcdb/src/bridge/winqbridge/identifier -Xcc -I/Users/admin/builder/spi-builder-workspace/.derivedData/Build/Intermediates.noindex/WCDBSwift.build/Debug-watchos/WCDBSwift-t.build/DerivedSources-normal/arm64_32 -Xcc -I/Users/admin/builder/spi-builder-workspace/.derivedData/Build/Intermediates.noindex/WCDBSwift.build/Debug-watchos/WCDBSwift-t.build/DerivedSources/arm64_32 -Xcc -I/Users/admin/builder/spi-builder-workspace/.derivedData/Build/Intermediates.noindex/WCDBSwift.build/Debug-watchos/WCDBSwift-t.build/DerivedSources -Xcc -DSWIFT_PACKAGE -Xcc -DDEBUG\=1 -emit-objc-header -emit-objc-header-path /Users/admin/builder/spi-builder-workspace/.derivedData/Build/Intermediates.noindex/WCDBSwift.build/Debug-watchos/WCDBSwift-t.build/Objects-normal/arm64_32/WCDBSwift-Swift.h -working-directory /Users/admin/builder/spi-builder-workspace/.swiftpm/xcode -experimental-emit-module-separately -disable-cmo
SwiftDriver SwiftHEXColors normal arm64 com.apple.xcode.tools.swift.compiler (in target 'SwiftHEXColors' from project 'SwiftHEXColors')
    cd /Users/admin/builder/spi-builder-workspace/.swiftpm/xcode
    builtin-SwiftDriver -- /Applications/Xcode-27.0.0-Release.Candidate.app/Contents/Developer/Toolchains/XcodeDefault.xctoolchain/usr/bin/swiftc -parse-as-library -module-name SwiftHEXColors -Onone @/Users/admin/builder/spi-builder-workspace/.derivedData/Build/Intermediates.noindex/SwiftHEXColors.build/Debug-watchos/SwiftHEXColors-t.build/Objects-normal/arm64/SwiftHEXColors.SwiftFileList -DSWIFT_PACKAGE -DDEBUG -DSWIFT_MODULE_RESOURCE_BUNDLE_UNAVAILABLE -DXcode -plugin-path /Applications/Xcode-27.0.0-Release.Candidate.app/Contents/Developer/Toolchains/XcodeDefault.xctoolchain/usr/lib/swift/host/plugins/testing -enable-experimental-feature DebugDescriptionMacro -sdk /Applications/Xcode-27.0.0-Release.Candidate.app/Contents/Developer/Platforms/WatchOS.platform/Developer/SDKs/WatchOS27.0.sdk -target arm64-apple-watchos9.0 -g -module-cache-path /Users/admin/builder/spi-builder-workspace/.derivedData/ModuleCache.noindex -Xfrontend -serialize-debugging-options -profile-coverage-mapping -profile-generate -enable-testing -suppress-warnings -index-store-path /Users/admin/builder/spi-builder-workspace/.derivedData/Index.noindex/DataStore -Xcc -D_LIBCPP_HARDENING_MODE\=_LIBCPP_HARDENING_MODE_DEBUG -swift-version 5 -I /Users/admin/builder/spi-builder-workspace/.derivedData/Build/Products/Debug-watchos -Isystem /Applications/Xcode-27.0.0-Release.Candidate.app/Contents/Developer/Platforms/WatchOS.platform/Developer/usr/lib -F /Users/admin/builder/spi-builder-workspace/.derivedData/Build/Products/Debug-watchos -F /Applications/Xcode-27.0.0-Release.Candidate.app/Contents/Developer/Platforms/WatchOS.platform/Developer/Library/Frameworks -F /Applications/Xcode-27.0.0-Release.Candidate.app/Contents/Developer/Platforms/WatchOS.platform/Developer/SDKs/WatchOS27.0.sdk/Developer/Library/Frameworks -c -j10 -enable-batch-mode -incremental -Xcc -ivfsstatcache -Xcc /Users/admin/builder/spi-builder-workspace/.derivedData/SDKStatCaches.noindex/watchos27.0-24R360-e829b21a6f8c9b70876ba0858053c04477534ef55a1706bf4c1112bbb242f0a2.sdkstatcache -output-file-map /Users/admin/builder/spi-builder-workspace/.derivedData/Build/Intermediates.noindex/SwiftHEXColors.build/Debug-watchos/SwiftHEXColors-t.build/Objects-normal/arm64/SwiftHEXColors-OutputFileMap.json -save-temps -no-color-diagnostics -explicit-module-build -module-cache-path /Users/admin/builder/spi-builder-workspace/.derivedData/Build/Intermediates.noindex/SwiftExplicitPrecompiledModules -clang-scanner-module-cache-path /Users/admin/builder/spi-builder-workspace/.derivedData/ModuleCache.noindex -sdk-module-cache-path /Users/admin/builder/spi-builder-workspace/.derivedData/SDKExplicitPrecompiledModules -emit-dependencies -emit-module -emit-module-path /Users/admin/builder/spi-builder-workspace/.derivedData/Build/Intermediates.noindex/SwiftHEXColors.build/Debug-watchos/SwiftHEXColors-t.build/Objects-normal/arm64/SwiftHEXColors.swiftmodule -serialize-diagnostics -dependency-scan-serialize-diagnostics-path /Users/admin/builder/spi-builder-workspace/.derivedData/Build/Intermediates.noindex/SwiftHEXColors.build/Debug-watchos/SwiftHEXColors-t.build/Objects-normal/arm64/SwiftHEXColors-dependency-scan.dia -validate-clang-modules-once -clang-build-session-file /Users/admin/builder/spi-builder-workspace/.derivedData/ModuleCache.noindex/Session.modulevalidation -Xcc -fmodules-prune-interval\=86400 -Xcc -fmodules-prune-after\=345600 -emit-const-values -const-gather-protocols-list /Users/admin/builder/spi-builder-workspace/.derivedData/Build/Intermediates.noindex/SwiftHEXColors.build/Debug-watchos/SwiftHEXColors-t.build/Objects-normal/arm64/SwiftHEXColors_const_extract_protocols.json -Xcc -I/Users/admin/builder/spi-builder-workspace/.derivedData/Build/Products/Debug-watchos/include -Xcc -I/Users/admin/builder/spi-builder-workspace/.derivedData/Build/Intermediates.noindex/SwiftHEXColors.build/Debug-watchos/SwiftHEXColors-t.build/DerivedSources-normal/arm64 -Xcc -I/Users/admin/builder/spi-builder-workspace/.derivedData/Build/Intermediates.noindex/SwiftHEXColors.build/Debug-watchos/SwiftHEXColors-t.build/DerivedSources/arm64 -Xcc -I/Users/admin/builder/spi-builder-workspace/.derivedData/Build/Intermediates.noindex/SwiftHEXColors.build/Debug-watchos/SwiftHEXColors-t.build/DerivedSources -Xcc -DSWIFT_PACKAGE -Xcc -DDEBUG\=1 -emit-objc-header -emit-objc-header-path /Users/admin/builder/spi-builder-workspace/.derivedData/Build/Intermediates.noindex/SwiftHEXColors.build/Debug-watchos/SwiftHEXColors-t.build/Objects-normal/arm64/SwiftHEXColors-Swift.h -working-directory /Users/admin/builder/spi-builder-workspace/.swiftpm/xcode -experimental-emit-module-separately -disable-cmo
SwiftDriver SwiftHEXColors normal arm64_32 com.apple.xcode.tools.swift.compiler (in target 'SwiftHEXColors' from project 'SwiftHEXColors')
    cd /Users/admin/builder/spi-builder-workspace/.swiftpm/xcode
    builtin-SwiftDriver -- /Applications/Xcode-27.0.0-Release.Candidate.app/Contents/Developer/Toolchains/XcodeDefault.xctoolchain/usr/bin/swiftc -parse-as-library -module-name SwiftHEXColors -Onone @/Users/admin/builder/spi-builder-workspace/.derivedData/Build/Intermediates.noindex/SwiftHEXColors.build/Debug-watchos/SwiftHEXColors-t.build/Objects-normal/arm64_32/SwiftHEXColors.SwiftFileList -DSWIFT_PACKAGE -DDEBUG -DSWIFT_MODULE_RESOURCE_BUNDLE_UNAVAILABLE -DXcode -plugin-path /Applications/Xcode-27.0.0-Release.Candidate.app/Contents/Developer/Toolchains/XcodeDefault.xctoolchain/usr/lib/swift/host/plugins/testing -enable-experimental-feature DebugDescriptionMacro -sdk /Applications/Xcode-27.0.0-Release.Candidate.app/Contents/Developer/Platforms/WatchOS.platform/Developer/SDKs/WatchOS27.0.sdk -target arm64_32-apple-watchos9.0 -g -module-cache-path /Users/admin/builder/spi-builder-workspace/.derivedData/ModuleCache.noindex -Xfrontend -serialize-debugging-options -profile-coverage-mapping -profile-generate -enable-testing -suppress-warnings -index-store-path /Users/admin/builder/spi-builder-workspace/.derivedData/Index.noindex/DataStore -Xcc -D_LIBCPP_HARDENING_MODE\=_LIBCPP_HARDENING_MODE_DEBUG -swift-version 5 -I /Users/admin/builder/spi-builder-workspace/.derivedData/Build/Products/Debug-watchos -Isystem /Applications/Xcode-27.0.0-Release.Candidate.app/Contents/Developer/Platforms/WatchOS.platform/Developer/usr/lib -F /Users/admin/builder/spi-builder-workspace/.derivedData/Build/Products/Debug-watchos -F /Applications/Xcode-27.0.0-Release.Candidate.app/Contents/Developer/Platforms/WatchOS.platform/Developer/Library/Frameworks -F /Applications/Xcode-27.0.0-Release.Candidate.app/Contents/Developer/Platforms/WatchOS.platform/Developer/SDKs/WatchOS27.0.sdk/Developer/Library/Frameworks -c -j10 -enable-batch-mode -incremental -Xcc -ivfsstatcache -Xcc /Users/admin/builder/spi-builder-workspace/.derivedData/SDKStatCaches.noindex/watchos27.0-24R360-e829b21a6f8c9b70876ba0858053c04477534ef55a1706bf4c1112bbb242f0a2.sdkstatcache -output-file-map /Users/admin/builder/spi-builder-workspace/.derivedData/Build/Intermediates.noindex/SwiftHEXColors.build/Debug-watchos/SwiftHEXColors-t.build/Objects-normal/arm64_32/SwiftHEXColors-OutputFileMap.json -save-temps -no-color-diagnostics -explicit-module-build -module-cache-path /Users/admin/builder/spi-builder-workspace/.derivedData/Build/Intermediates.noindex/SwiftExplicitPrecompiledModules -clang-scanner-module-cache-path /Users/admin/builder/spi-builder-workspace/.derivedData/ModuleCache.noindex -sdk-module-cache-path /Users/admin/builder/spi-builder-workspace/.derivedData/SDKExplicitPrecompiledModules -emit-dependencies -emit-module -emit-module-path /Users/admin/builder/spi-builder-workspace/.derivedData/Build/Intermediates.noindex/SwiftHEXColors.build/Debug-watchos/SwiftHEXColors-t.build/Objects-normal/arm64_32/SwiftHEXColors.swiftmodule -serialize-diagnostics -dependency-scan-serialize-diagnostics-path /Users/admin/builder/spi-builder-workspace/.derivedData/Build/Intermediates.noindex/SwiftHEXColors.build/Debug-watchos/SwiftHEXColors-t.build/Objects-normal/arm64_32/SwiftHEXColors-dependency-scan.dia -validate-clang-modules-once -clang-build-session-file /Users/admin/builder/spi-builder-workspace/.derivedData/ModuleCache.noindex/Session.modulevalidation -Xcc -fmodules-prune-interval\=86400 -Xcc -fmodules-prune-after\=345600 -emit-const-values -const-gather-protocols-list /Users/admin/builder/spi-builder-workspace/.derivedData/Build/Intermediates.noindex/SwiftHEXColors.build/Debug-watchos/SwiftHEXColors-t.build/Objects-normal/arm64_32/SwiftHEXColors_const_extract_protocols.json -Xcc -I/Users/admin/builder/spi-builder-workspace/.derivedData/Build/Products/Debug-watchos/include -Xcc -I/Users/admin/builder/spi-builder-workspace/.derivedData/Build/Intermediates.noindex/SwiftHEXColors.build/Debug-watchos/SwiftHEXColors-t.build/DerivedSources-normal/arm64_32 -Xcc -I/Users/admin/builder/spi-builder-workspace/.derivedData/Build/Intermediates.noindex/SwiftHEXColors.build/Debug-watchos/SwiftHEXColors-t.build/DerivedSources/arm64_32 -Xcc -I/Users/admin/builder/spi-builder-workspace/.derivedData/Build/Intermediates.noindex/SwiftHEXColors.build/Debug-watchos/SwiftHEXColors-t.build/DerivedSources -Xcc -DSWIFT_PACKAGE -Xcc -DDEBUG\=1 -emit-objc-header -emit-objc-header-path /Users/admin/builder/spi-builder-workspace/.derivedData/Build/Intermediates.noindex/SwiftHEXColors.build/Debug-watchos/SwiftHEXColors-t.build/Objects-normal/arm64_32/SwiftHEXColors-Swift.h -working-directory /Users/admin/builder/spi-builder-workspace/.swiftpm/xcode -experimental-emit-module-separately -disable-cmo
SwiftDriver SnapKit normal arm64 com.apple.xcode.tools.swift.compiler (in target 'SnapKit' from project 'SnapKit')
    cd /Users/admin/builder/spi-builder-workspace/.swiftpm/xcode
    builtin-SwiftDriver -- /Applications/Xcode-27.0.0-Release.Candidate.app/Contents/Developer/Toolchains/XcodeDefault.xctoolchain/usr/bin/swiftc -parse-as-library -module-name SnapKit -Onone @/Users/admin/builder/spi-builder-workspace/.derivedData/Build/Intermediates.noindex/SnapKit.build/Debug-watchos/SnapKit-t.build/Objects-normal/arm64/SnapKit.SwiftFileList -DSWIFT_PACKAGE -DDEBUG -DSWIFT_MODULE_RESOURCE_BUNDLE_AVAILABLE -DXcode -plugin-path /Applications/Xcode-27.0.0-Release.Candidate.app/Contents/Developer/Toolchains/XcodeDefault.xctoolchain/usr/lib/swift/host/plugins/testing -enable-experimental-feature DebugDescriptionMacro -sdk /Applications/Xcode-27.0.0-Release.Candidate.app/Contents/Developer/Platforms/WatchOS.platform/Developer/SDKs/WatchOS27.0.sdk -target arm64-apple-watchos9.0 -g -module-cache-path /Users/admin/builder/spi-builder-workspace/.derivedData/ModuleCache.noindex -Xfrontend -serialize-debugging-options -profile-coverage-mapping -profile-generate -enable-testing -suppress-warnings -index-store-path /Users/admin/builder/spi-builder-workspace/.derivedData/Index.noindex/DataStore -Xcc -D_LIBCPP_HARDENING_MODE\=_LIBCPP_HARDENING_MODE_DEBUG -swift-version 5 -I /Users/admin/builder/spi-builder-workspace/.derivedData/Build/Products/Debug-watchos -Isystem /Applications/Xcode-27.0.0-Release.Candidate.app/Contents/Developer/Platforms/WatchOS.platform/Developer/usr/lib -F /Users/admin/builder/spi-builder-workspace/.derivedData/Build/Products/Debug-watchos -F /Applications/Xcode-27.0.0-Release.Candidate.app/Contents/Developer/Platforms/WatchOS.platform/Developer/Library/Frameworks -F /Applications/Xcode-27.0.0-Release.Candidate.app/Contents/Developer/Platforms/WatchOS.platform/Developer/SDKs/WatchOS27.0.sdk/Developer/Library/Frameworks -c -j10 -enable-batch-mode -incremental -Xcc -ivfsstatcache -Xcc /Users/admin/builder/spi-builder-workspace/.derivedData/SDKStatCaches.noindex/watchos27.0-24R360-e829b21a6f8c9b70876ba0858053c04477534ef55a1706bf4c1112bbb242f0a2.sdkstatcache -output-file-map /Users/admin/builder/spi-builder-workspace/.derivedData/Build/Intermediates.noindex/SnapKit.build/Debug-watchos/SnapKit-t.build/Objects-normal/arm64/SnapKit-OutputFileMap.json -save-temps -no-color-diagnostics -explicit-module-build -module-cache-path /Users/admin/builder/spi-builder-workspace/.derivedData/Build/Intermediates.noindex/SwiftExplicitPrecompiledModules -clang-scanner-module-cache-path /Users/admin/builder/spi-builder-workspace/.derivedData/ModuleCache.noindex -sdk-module-cache-path /Users/admin/builder/spi-builder-workspace/.derivedData/SDKExplicitPrecompiledModules -emit-dependencies -emit-module -emit-module-path /Users/admin/builder/spi-builder-workspace/.derivedData/Build/Intermediates.noindex/SnapKit.build/Debug-watchos/SnapKit-t.build/Objects-normal/arm64/SnapKit.swiftmodule -serialize-diagnostics -dependency-scan-serialize-diagnostics-path /Users/admin/builder/spi-builder-workspace/.derivedData/Build/Intermediates.noindex/SnapKit.build/Debug-watchos/SnapKit-t.build/Objects-normal/arm64/SnapKit-dependency-scan.dia -validate-clang-modules-once -clang-build-session-file /Users/admin/builder/spi-builder-workspace/.derivedData/ModuleCache.noindex/Session.modulevalidation -Xcc -fmodules-prune-interval\=86400 -Xcc -fmodules-prune-after\=345600 -emit-const-values -const-gather-protocols-list /Users/admin/builder/spi-builder-workspace/.derivedData/Build/Intermediates.noindex/SnapKit.build/Debug-watchos/SnapKit-t.build/Objects-normal/arm64/SnapKit_const_extract_protocols.json -Xcc -I/Users/admin/builder/spi-builder-workspace/.derivedData/Build/Products/Debug-watchos/include -Xcc -I/Users/admin/builder/spi-builder-workspace/.derivedData/Build/Intermediates.noindex/SnapKit.build/Debug-watchos/SnapKit-t.build/DerivedSources-normal/arm64 -Xcc -I/Users/admin/builder/spi-builder-workspace/.derivedData/Build/Intermediates.noindex/SnapKit.build/Debug-watchos/SnapKit-t.build/DerivedSources/arm64 -Xcc -I/Users/admin/builder/spi-builder-workspace/.derivedData/Build/Intermediates.noindex/SnapKit.build/Debug-watchos/SnapKit-t.build/DerivedSources -Xcc -DSWIFT_PACKAGE -Xcc -DDEBUG\=1 -emit-objc-header -emit-objc-header-path /Users/admin/builder/spi-builder-workspace/.derivedData/Build/Intermediates.noindex/SnapKit.build/Debug-watchos/SnapKit-t.build/Objects-normal/arm64/SnapKit-Swift.h -working-directory /Users/admin/builder/spi-builder-workspace/.swiftpm/xcode -experimental-emit-module-separately -disable-cmo
SwiftDriver SnapKit normal arm64_32 com.apple.xcode.tools.swift.compiler (in target 'SnapKit' from project 'SnapKit')
    cd /Users/admin/builder/spi-builder-workspace/.swiftpm/xcode
    builtin-SwiftDriver -- /Applications/Xcode-27.0.0-Release.Candidate.app/Contents/Developer/Toolchains/XcodeDefault.xctoolchain/usr/bin/swiftc -parse-as-library -module-name SnapKit -Onone @/Users/admin/builder/spi-builder-workspace/.derivedData/Build/Intermediates.noindex/SnapKit.build/Debug-watchos/SnapKit-t.build/Objects-normal/arm64_32/SnapKit.SwiftFileList -DSWIFT_PACKAGE -DDEBUG -DSWIFT_MODULE_RESOURCE_BUNDLE_AVAILABLE -DXcode -plugin-path /Applications/Xcode-27.0.0-Release.Candidate.app/Contents/Developer/Toolchains/XcodeDefault.xctoolchain/usr/lib/swift/host/plugins/testing -enable-experimental-feature DebugDescriptionMacro -sdk /Applications/Xcode-27.0.0-Release.Candidate.app/Contents/Developer/Platforms/WatchOS.platform/Developer/SDKs/WatchOS27.0.sdk -target arm64_32-apple-watchos9.0 -g -module-cache-path /Users/admin/builder/spi-builder-workspace/.derivedData/ModuleCache.noindex -Xfrontend -serialize-debugging-options -profile-coverage-mapping -profile-generate -enable-testing -suppress-warnings -index-store-path /Users/admin/builder/spi-builder-workspace/.derivedData/Index.noindex/DataStore -Xcc -D_LIBCPP_HARDENING_MODE\=_LIBCPP_HARDENING_MODE_DEBUG -swift-version 5 -I /Users/admin/builder/spi-builder-workspace/.derivedData/Build/Products/Debug-watchos -Isystem /Applications/Xcode-27.0.0-Release.Candidate.app/Contents/Developer/Platforms/WatchOS.platform/Developer/usr/lib -F /Users/admin/builder/spi-builder-workspace/.derivedData/Build/Products/Debug-watchos -F /Applications/Xcode-27.0.0-Release.Candidate.app/Contents/Developer/Platforms/WatchOS.platform/Developer/Library/Frameworks -F /Applications/Xcode-27.0.0-Release.Candidate.app/Contents/Developer/Platforms/WatchOS.platform/Developer/SDKs/WatchOS27.0.sdk/Developer/Library/Frameworks -c -j10 -enable-batch-mode -incremental -Xcc -ivfsstatcache -Xcc /Users/admin/builder/spi-builder-workspace/.derivedData/SDKStatCaches.noindex/watchos27.0-24R360-e829b21a6f8c9b70876ba0858053c04477534ef55a1706bf4c1112bbb242f0a2.sdkstatcache -output-file-map /Users/admin/builder/spi-builder-workspace/.derivedData/Build/Intermediates.noindex/SnapKit.build/Debug-watchos/SnapKit-t.build/Objects-normal/arm64_32/SnapKit-OutputFileMap.json -save-temps -no-color-diagnostics -explicit-module-build -module-cache-path /Users/admin/builder/spi-builder-workspace/.derivedData/Build/Intermediates.noindex/SwiftExplicitPrecompiledModules -clang-scanner-module-cache-path /Users/admin/builder/spi-builder-workspace/.derivedData/ModuleCache.noindex -sdk-module-cache-path /Users/admin/builder/spi-builder-workspace/.derivedData/SDKExplicitPrecompiledModules -emit-dependencies -emit-module -emit-module-path /Users/admin/builder/spi-builder-workspace/.derivedData/Build/Intermediates.noindex/SnapKit.build/Debug-watchos/SnapKit-t.build/Objects-normal/arm64_32/SnapKit.swiftmodule -serialize-diagnostics -dependency-scan-serialize-diagnostics-path /Users/admin/builder/spi-builder-workspace/.derivedData/Build/Intermediates.noindex/SnapKit.build/Debug-watchos/SnapKit-t.build/Objects-normal/arm64_32/SnapKit-dependency-scan.dia -validate-clang-modules-once -clang-build-session-file /Users/admin/builder/spi-builder-workspace/.derivedData/ModuleCache.noindex/Session.modulevalidation -Xcc -fmodules-prune-interval\=86400 -Xcc -fmodules-prune-after\=345600 -emit-const-values -const-gather-protocols-list /Users/admin/builder/spi-builder-workspace/.derivedData/Build/Intermediates.noindex/SnapKit.build/Debug-watchos/SnapKit-t.build/Objects-normal/arm64_32/SnapKit_const_extract_protocols.json -Xcc -I/Users/admin/builder/spi-builder-workspace/.derivedData/Build/Products/Debug-watchos/include -Xcc -I/Users/admin/builder/spi-builder-workspace/.derivedData/Build/Intermediates.noindex/SnapKit.build/Debug-watchos/SnapKit-t.build/DerivedSources-normal/arm64_32 -Xcc -I/Users/admin/builder/spi-builder-workspace/.derivedData/Build/Intermediates.noindex/SnapKit.build/Debug-watchos/SnapKit-t.build/DerivedSources/arm64_32 -Xcc -I/Users/admin/builder/spi-builder-workspace/.derivedData/Build/Intermediates.noindex/SnapKit.build/Debug-watchos/SnapKit-t.build/DerivedSources -Xcc -DSWIFT_PACKAGE -Xcc -DDEBUG\=1 -emit-objc-header -emit-objc-header-path /Users/admin/builder/spi-builder-workspace/.derivedData/Build/Intermediates.noindex/SnapKit.build/Debug-watchos/SnapKit-t.build/Objects-normal/arm64_32/SnapKit-Swift.h -working-directory /Users/admin/builder/spi-builder-workspace/.swiftpm/xcode -experimental-emit-module-separately -disable-cmo
SwiftDriver SmartCodable normal arm64 com.apple.xcode.tools.swift.compiler (in target 'SmartCodable' from project 'SmartCodable')
    cd /Users/admin/builder/spi-builder-workspace/.swiftpm/xcode
    builtin-SwiftDriver -- /Applications/Xcode-27.0.0-Release.Candidate.app/Contents/Developer/Toolchains/XcodeDefault.xctoolchain/usr/bin/swiftc -parse-as-library -module-name SmartCodable -Onone @/Users/admin/builder/spi-builder-workspace/.derivedData/Build/Intermediates.noindex/SmartCodable.build/Debug-watchos/SmartCodable-t.build/Objects-normal/arm64/SmartCodable.SwiftFileList -DSWIFT_PACKAGE -DDEBUG -DSWIFT_MODULE_RESOURCE_BUNDLE_UNAVAILABLE -DXcode -plugin-path /Applications/Xcode-27.0.0-Release.Candidate.app/Contents/Developer/Toolchains/XcodeDefault.xctoolchain/usr/lib/swift/host/plugins/testing -enable-experimental-feature DebugDescriptionMacro -sdk /Applications/Xcode-27.0.0-Release.Candidate.app/Contents/Developer/Platforms/WatchOS.platform/Developer/SDKs/WatchOS27.0.sdk -target arm64-apple-watchos9.0 -g -module-cache-path /Users/admin/builder/spi-builder-workspace/.derivedData/ModuleCache.noindex -Xfrontend -serialize-debugging-options -profile-coverage-mapping -profile-generate -enable-testing -suppress-warnings -index-store-path /Users/admin/builder/spi-builder-workspace/.derivedData/Index.noindex/DataStore -Xcc -D_LIBCPP_HARDENING_MODE\=_LIBCPP_HARDENING_MODE_DEBUG -swift-version 5 -I /Users/admin/builder/spi-builder-workspace/.derivedData/Build/Products/Debug-watchos -Isystem /Applications/Xcode-27.0.0-Release.Candidate.app/Contents/Developer/Platforms/WatchOS.platform/Developer/usr/lib -F /Users/admin/builder/spi-builder-workspace/.derivedData/Build/Products/Debug-watchos -F /Applications/Xcode-27.0.0-Release.Candidate.app/Contents/Developer/Platforms/WatchOS.platform/Developer/Library/Frameworks -F /Applications/Xcode-27.0.0-Release.Candidate.app/Contents/Developer/Platforms/WatchOS.platform/Developer/SDKs/WatchOS27.0.sdk/Developer/Library/Frameworks -c -j10 -enable-batch-mode -incremental -Xcc -ivfsstatcache -Xcc /Users/admin/builder/spi-builder-workspace/.derivedData/SDKStatCaches.noindex/watchos27.0-24R360-e829b21a6f8c9b70876ba0858053c04477534ef55a1706bf4c1112bbb242f0a2.sdkstatcache -output-file-map /Users/admin/builder/spi-builder-workspace/.derivedData/Build/Intermediates.noindex/SmartCodable.build/Debug-watchos/SmartCodable-t.build/Objects-normal/arm64/SmartCodable-OutputFileMap.json -save-temps -no-color-diagnostics -explicit-module-build -module-cache-path /Users/admin/builder/spi-builder-workspace/.derivedData/Build/Intermediates.noindex/SwiftExplicitPrecompiledModules -clang-scanner-module-cache-path /Users/admin/builder/spi-builder-workspace/.derivedData/ModuleCache.noindex -sdk-module-cache-path /Users/admin/builder/spi-builder-workspace/.derivedData/SDKExplicitPrecompiledModules -emit-dependencies -emit-module -emit-module-path /Users/admin/builder/spi-builder-workspace/.derivedData/Build/Intermediates.noindex/SmartCodable.build/Debug-watchos/SmartCodable-t.build/Objects-normal/arm64/SmartCodable.swiftmodule -serialize-diagnostics -dependency-scan-serialize-diagnostics-path /Users/admin/builder/spi-builder-workspace/.derivedData/Build/Intermediates.noindex/SmartCodable.build/Debug-watchos/SmartCodable-t.build/Objects-normal/arm64/SmartCodable-dependency-scan.dia -validate-clang-modules-once -clang-build-session-file /Users/admin/builder/spi-builder-workspace/.derivedData/ModuleCache.noindex/Session.modulevalidation -Xcc -fmodules-prune-interval\=86400 -Xcc -fmodules-prune-after\=345600 -package-name smartcodable -emit-const-values -const-gather-protocols-list /Users/admin/builder/spi-builder-workspace/.derivedData/Build/Intermediates.noindex/SmartCodable.build/Debug-watchos/SmartCodable-t.build/Objects-normal/arm64/SmartCodable_const_extract_protocols.json -Xcc -I/Users/admin/builder/spi-builder-workspace/.derivedData/Build/Products/Debug-watchos/include -Xcc -I/Users/admin/builder/spi-builder-workspace/.derivedData/Build/Intermediates.noindex/SmartCodable.build/Debug-watchos/SmartCodable-t.build/DerivedSources-normal/arm64 -Xcc -I/Users/admin/builder/spi-builder-workspace/.derivedData/Build/Intermediates.noindex/SmartCodable.build/Debug-watchos/SmartCodable-t.build/DerivedSources/arm64 -Xcc -I/Users/admin/builder/spi-builder-workspace/.derivedData/Build/Intermediates.noindex/SmartCodable.build/Debug-watchos/SmartCodable-t.build/DerivedSources -Xcc -DSWIFT_PACKAGE -Xcc -DDEBUG\=1 -emit-objc-header -emit-objc-header-path /Users/admin/builder/spi-builder-workspace/.derivedData/Build/Intermediates.noindex/SmartCodable.build/Debug-watchos/SmartCodable-t.build/Objects-normal/arm64/SmartCodable-Swift.h -working-directory /Users/admin/builder/spi-builder-workspace/.swiftpm/xcode -experimental-emit-module-separately -disable-cmo
SwiftDriver SmartCodable normal arm64_32 com.apple.xcode.tools.swift.compiler (in target 'SmartCodable' from project 'SmartCodable')
    cd /Users/admin/builder/spi-builder-workspace/.swiftpm/xcode
    builtin-SwiftDriver -- /Applications/Xcode-27.0.0-Release.Candidate.app/Contents/Developer/Toolchains/XcodeDefault.xctoolchain/usr/bin/swiftc -parse-as-library -module-name SmartCodable -Onone @/Users/admin/builder/spi-builder-workspace/.derivedData/Build/Intermediates.noindex/SmartCodable.build/Debug-watchos/SmartCodable-t.build/Objects-normal/arm64_32/SmartCodable.SwiftFileList -DSWIFT_PACKAGE -DDEBUG -DSWIFT_MODULE_RESOURCE_BUNDLE_UNAVAILABLE -DXcode -plugin-path /Applications/Xcode-27.0.0-Release.Candidate.app/Contents/Developer/Toolchains/XcodeDefault.xctoolchain/usr/lib/swift/host/plugins/testing -enable-experimental-feature DebugDescriptionMacro -sdk /Applications/Xcode-27.0.0-Release.Candidate.app/Contents/Developer/Platforms/WatchOS.platform/Developer/SDKs/WatchOS27.0.sdk -target arm64_32-apple-watchos9.0 -g -module-cache-path /Users/admin/builder/spi-builder-workspace/.derivedData/ModuleCache.noindex -Xfrontend -serialize-debugging-options -profile-coverage-mapping -profile-generate -enable-testing -suppress-warnings -index-store-path /Users/admin/builder/spi-builder-workspace/.derivedData/Index.noindex/DataStore -Xcc -D_LIBCPP_HARDENING_MODE\=_LIBCPP_HARDENING_MODE_DEBUG -swift-version 5 -I /Users/admin/builder/spi-builder-workspace/.derivedData/Build/Products/Debug-watchos -Isystem /Applications/Xcode-27.0.0-Release.Candidate.app/Contents/Developer/Platforms/WatchOS.platform/Developer/usr/lib -F /Users/admin/builder/spi-builder-workspace/.derivedData/Build/Products/Debug-watchos -F /Applications/Xcode-27.0.0-Release.Candidate.app/Contents/Developer/Platforms/WatchOS.platform/Developer/Library/Frameworks -F /Applications/Xcode-27.0.0-Release.Candidate.app/Contents/Developer/Platforms/WatchOS.platform/Developer/SDKs/WatchOS27.0.sdk/Developer/Library/Frameworks -c -j10 -enable-batch-mode -incremental -Xcc -ivfsstatcache -Xcc /Users/admin/builder/spi-builder-workspace/.derivedData/SDKStatCaches.noindex/watchos27.0-24R360-e829b21a6f8c9b70876ba0858053c04477534ef55a1706bf4c1112bbb242f0a2.sdkstatcache -output-file-map /Users/admin/builder/spi-builder-workspace/.derivedData/Build/Intermediates.noindex/SmartCodable.build/Debug-watchos/SmartCodable-t.build/Objects-normal/arm64_32/SmartCodable-OutputFileMap.json -save-temps -no-color-diagnostics -explicit-module-build -module-cache-path /Users/admin/builder/spi-builder-workspace/.derivedData/Build/Intermediates.noindex/SwiftExplicitPrecompiledModules -clang-scanner-module-cache-path /Users/admin/builder/spi-builder-workspace/.derivedData/ModuleCache.noindex -sdk-module-cache-path /Users/admin/builder/spi-builder-workspace/.derivedData/SDKExplicitPrecompiledModules -emit-dependencies -emit-module -emit-module-path /Users/admin/builder/spi-builder-workspace/.derivedData/Build/Intermediates.noindex/SmartCodable.build/Debug-watchos/SmartCodable-t.build/Objects-normal/arm64_32/SmartCodable.swiftmodule -serialize-diagnostics -dependency-scan-serialize-diagnostics-path /Users/admin/builder/spi-builder-workspace/.derivedData/Build/Intermediates.noindex/SmartCodable.build/Debug-watchos/SmartCodable-t.build/Objects-normal/arm64_32/SmartCodable-dependency-scan.dia -validate-clang-modules-once -clang-build-session-file /Users/admin/builder/spi-builder-workspace/.derivedData/ModuleCache.noindex/Session.modulevalidation -Xcc -fmodules-prune-interval\=86400 -Xcc -fmodules-prune-after\=345600 -package-name smartcodable -emit-const-values -const-gather-protocols-list /Users/admin/builder/spi-builder-workspace/.derivedData/Build/Intermediates.noindex/SmartCodable.build/Debug-watchos/SmartCodable-t.build/Objects-normal/arm64_32/SmartCodable_const_extract_protocols.json -Xcc -I/Users/admin/builder/spi-builder-workspace/.derivedData/Build/Products/Debug-watchos/include -Xcc -I/Users/admin/builder/spi-builder-workspace/.derivedData/Build/Intermediates.noindex/SmartCodable.build/Debug-watchos/SmartCodable-t.build/DerivedSources-normal/arm64_32 -Xcc -I/Users/admin/builder/spi-builder-workspace/.derivedData/Build/Intermediates.noindex/SmartCodable.build/Debug-watchos/SmartCodable-t.build/DerivedSources/arm64_32 -Xcc -I/Users/admin/builder/spi-builder-workspace/.derivedData/Build/Intermediates.noindex/SmartCodable.build/Debug-watchos/SmartCodable-t.build/DerivedSources -Xcc -DSWIFT_PACKAGE -Xcc -DDEBUG\=1 -emit-objc-header -emit-objc-header-path /Users/admin/builder/spi-builder-workspace/.derivedData/Build/Intermediates.noindex/SmartCodable.build/Debug-watchos/SmartCodable-t.build/Objects-normal/arm64_32/SmartCodable-Swift.h -working-directory /Users/admin/builder/spi-builder-workspace/.swiftpm/xcode -experimental-emit-module-separately -disable-cmo
SwiftDriver ReactiveSwift normal arm64_32 com.apple.xcode.tools.swift.compiler (in target 'ReactiveSwift' from project 'ReactiveSwift')
    cd /Users/admin/builder/spi-builder-workspace/.swiftpm/xcode
    builtin-SwiftDriver -- /Applications/Xcode-27.0.0-Release.Candidate.app/Contents/Developer/Toolchains/XcodeDefault.xctoolchain/usr/bin/swiftc -parse-as-library -module-name ReactiveSwift -Onone @/Users/admin/builder/spi-builder-workspace/.derivedData/Build/Intermediates.noindex/ReactiveSwift.build/Debug-watchos/ReactiveSwift-t.build/Objects-normal/arm64_32/ReactiveSwift.SwiftFileList -DSWIFT_PACKAGE -DDEBUG -DSWIFT_MODULE_RESOURCE_BUNDLE_UNAVAILABLE -DXcode -plugin-path /Applications/Xcode-27.0.0-Release.Candidate.app/Contents/Developer/Toolchains/XcodeDefault.xctoolchain/usr/lib/swift/host/plugins/testing -enable-experimental-feature DebugDescriptionMacro -sdk /Applications/Xcode-27.0.0-Release.Candidate.app/Contents/Developer/Platforms/WatchOS.platform/Developer/SDKs/WatchOS27.0.sdk -target arm64_32-apple-watchos9.0 -g -module-cache-path /Users/admin/builder/spi-builder-workspace/.derivedData/ModuleCache.noindex -Xfrontend -serialize-debugging-options -profile-coverage-mapping -profile-generate -enable-testing -suppress-warnings -index-store-path /Users/admin/builder/spi-builder-workspace/.derivedData/Index.noindex/DataStore -Xcc -D_LIBCPP_HARDENING_MODE\=_LIBCPP_HARDENING_MODE_DEBUG -swift-version 5 -I /Users/admin/builder/spi-builder-workspace/.derivedData/Build/Products/Debug-watchos -Isystem /Applications/Xcode-27.0.0-Release.Candidate.app/Contents/Developer/Platforms/WatchOS.platform/Developer/usr/lib -F /Users/admin/builder/spi-builder-workspace/.derivedData/Build/Products/Debug-watchos -F /Applications/Xcode-27.0.0-Release.Candidate.app/Contents/Developer/Platforms/WatchOS.platform/Developer/Library/Frameworks -F /Applications/Xcode-27.0.0-Release.Candidate.app/Contents/Developer/Platforms/WatchOS.platform/Developer/SDKs/WatchOS27.0.sdk/Developer/Library/Frameworks -c -j10 -enable-batch-mode -incremental -Xcc -ivfsstatcache -Xcc /Users/admin/builder/spi-builder-workspace/.derivedData/SDKStatCaches.noindex/watchos27.0-24R360-e829b21a6f8c9b70876ba0858053c04477534ef55a1706bf4c1112bbb242f0a2.sdkstatcache -output-file-map /Users/admin/builder/spi-builder-workspace/.derivedData/Build/Intermediates.noindex/ReactiveSwift.build/Debug-watchos/ReactiveSwift-t.build/Objects-normal/arm64_32/ReactiveSwift-OutputFileMap.json -save-temps -no-color-diagnostics -explicit-module-build -module-cache-path /Users/admin/builder/spi-builder-workspace/.derivedData/Build/Intermediates.noindex/SwiftExplicitPrecompiledModules -clang-scanner-module-cache-path /Users/admin/builder/spi-builder-workspace/.derivedData/ModuleCache.noindex -sdk-module-cache-path /Users/admin/builder/spi-builder-workspace/.derivedData/SDKExplicitPrecompiledModules -emit-dependencies -emit-module -emit-module-path /Users/admin/builder/spi-builder-workspace/.derivedData/Build/Intermediates.noindex/ReactiveSwift.build/Debug-watchos/ReactiveSwift-t.build/Objects-normal/arm64_32/ReactiveSwift.swiftmodule -serialize-diagnostics -dependency-scan-serialize-diagnostics-path /Users/admin/builder/spi-builder-workspace/.derivedData/Build/Intermediates.noindex/ReactiveSwift.build/Debug-watchos/ReactiveSwift-t.build/Objects-normal/arm64_32/ReactiveSwift-dependency-scan.dia -validate-clang-modules-once -clang-build-session-file /Users/admin/builder/spi-builder-workspace/.derivedData/ModuleCache.noindex/Session.modulevalidation -Xcc -fmodules-prune-interval\=86400 -Xcc -fmodules-prune-after\=345600 -emit-const-values -const-gather-protocols-list /Users/admin/builder/spi-builder-workspace/.derivedData/Build/Intermediates.noindex/ReactiveSwift.build/Debug-watchos/ReactiveSwift-t.build/Objects-normal/arm64_32/ReactiveSwift_const_extract_protocols.json -Xcc -I/Users/admin/builder/spi-builder-workspace/.derivedData/Build/Products/Debug-watchos/include -Xcc -I/Users/admin/builder/spi-builder-workspace/.derivedData/Build/Intermediates.noindex/ReactiveSwift.build/Debug-watchos/ReactiveSwift-t.build/DerivedSources-normal/arm64_32 -Xcc -I/Users/admin/builder/spi-builder-workspace/.derivedData/Build/Intermediates.noindex/ReactiveSwift.build/Debug-watchos/ReactiveSwift-t.build/DerivedSources/arm64_32 -Xcc -I/Users/admin/builder/spi-builder-workspace/.derivedData/Build/Intermediates.noindex/ReactiveSwift.build/Debug-watchos/ReactiveSwift-t.build/DerivedSources -Xcc -DSWIFT_PACKAGE -Xcc -DDEBUG\=1 -emit-objc-header -emit-objc-header-path /Users/admin/builder/spi-builder-workspace/.derivedData/Build/Intermediates.noindex/ReactiveSwift.build/Debug-watchos/ReactiveSwift-t.build/Objects-normal/arm64_32/ReactiveSwift-Swift.h -working-directory /Users/admin/builder/spi-builder-workspace/.swiftpm/xcode -experimental-emit-module-separately -disable-cmo
SwiftDriver ReactiveSwift normal arm64 com.apple.xcode.tools.swift.compiler (in target 'ReactiveSwift' from project 'ReactiveSwift')
    cd /Users/admin/builder/spi-builder-workspace/.swiftpm/xcode
    builtin-SwiftDriver -- /Applications/Xcode-27.0.0-Release.Candidate.app/Contents/Developer/Toolchains/XcodeDefault.xctoolchain/usr/bin/swiftc -parse-as-library -module-name ReactiveSwift -Onone @/Users/admin/builder/spi-builder-workspace/.derivedData/Build/Intermediates.noindex/ReactiveSwift.build/Debug-watchos/ReactiveSwift-t.build/Objects-normal/arm64/ReactiveSwift.SwiftFileList -DSWIFT_PACKAGE -DDEBUG -DSWIFT_MODULE_RESOURCE_BUNDLE_UNAVAILABLE -DXcode -plugin-path /Applications/Xcode-27.0.0-Release.Candidate.app/Contents/Developer/Toolchains/XcodeDefault.xctoolchain/usr/lib/swift/host/plugins/testing -enable-experimental-feature DebugDescriptionMacro -sdk /Applications/Xcode-27.0.0-Release.Candidate.app/Contents/Developer/Platforms/WatchOS.platform/Developer/SDKs/WatchOS27.0.sdk -target arm64-apple-watchos9.0 -g -module-cache-path /Users/admin/builder/spi-builder-workspace/.derivedData/ModuleCache.noindex -Xfrontend -serialize-debugging-options -profile-coverage-mapping -profile-generate -enable-testing -suppress-warnings -index-store-path /Users/admin/builder/spi-builder-workspace/.derivedData/Index.noindex/DataStore -Xcc -D_LIBCPP_HARDENING_MODE\=_LIBCPP_HARDENING_MODE_DEBUG -swift-version 5 -I /Users/admin/builder/spi-builder-workspace/.derivedData/Build/Products/Debug-watchos -Isystem /Applications/Xcode-27.0.0-Release.Candidate.app/Contents/Developer/Platforms/WatchOS.platform/Developer/usr/lib -F /Users/admin/builder/spi-builder-workspace/.derivedData/Build/Products/Debug-watchos -F /Applications/Xcode-27.0.0-Release.Candidate.app/Contents/Developer/Platforms/WatchOS.platform/Developer/Library/Frameworks -F /Applications/Xcode-27.0.0-Release.Candidate.app/Contents/Developer/Platforms/WatchOS.platform/Developer/SDKs/WatchOS27.0.sdk/Developer/Library/Frameworks -c -j10 -enable-batch-mode -incremental -Xcc -ivfsstatcache -Xcc /Users/admin/builder/spi-builder-workspace/.derivedData/SDKStatCaches.noindex/watchos27.0-24R360-e829b21a6f8c9b70876ba0858053c04477534ef55a1706bf4c1112bbb242f0a2.sdkstatcache -output-file-map /Users/admin/builder/spi-builder-workspace/.derivedData/Build/Intermediates.noindex/ReactiveSwift.build/Debug-watchos/ReactiveSwift-t.build/Objects-normal/arm64/ReactiveSwift-OutputFileMap.json -save-temps -no-color-diagnostics -explicit-module-build -module-cache-path /Users/admin/builder/spi-builder-workspace/.derivedData/Build/Intermediates.noindex/SwiftExplicitPrecompiledModules -clang-scanner-module-cache-path /Users/admin/builder/spi-builder-workspace/.derivedData/ModuleCache.noindex -sdk-module-cache-path /Users/admin/builder/spi-builder-workspace/.derivedData/SDKExplicitPrecompiledModules -emit-dependencies -emit-module -emit-module-path /Users/admin/builder/spi-builder-workspace/.derivedData/Build/Intermediates.noindex/ReactiveSwift.build/Debug-watchos/ReactiveSwift-t.build/Objects-normal/arm64/ReactiveSwift.swiftmodule -serialize-diagnostics -dependency-scan-serialize-diagnostics-path /Users/admin/builder/spi-builder-workspace/.derivedData/Build/Intermediates.noindex/ReactiveSwift.build/Debug-watchos/ReactiveSwift-t.build/Objects-normal/arm64/ReactiveSwift-dependency-scan.dia -validate-clang-modules-once -clang-build-session-file /Users/admin/builder/spi-builder-workspace/.derivedData/ModuleCache.noindex/Session.modulevalidation -Xcc -fmodules-prune-interval\=86400 -Xcc -fmodules-prune-after\=345600 -emit-const-values -const-gather-protocols-list /Users/admin/builder/spi-builder-workspace/.derivedData/Build/Intermediates.noindex/ReactiveSwift.build/Debug-watchos/ReactiveSwift-t.build/Objects-normal/arm64/ReactiveSwift_const_extract_protocols.json -Xcc -I/Users/admin/builder/spi-builder-workspace/.derivedData/Build/Products/Debug-watchos/include -Xcc -I/Users/admin/builder/spi-builder-workspace/.derivedData/Build/Intermediates.noindex/ReactiveSwift.build/Debug-watchos/ReactiveSwift-t.build/DerivedSources-normal/arm64 -Xcc -I/Users/admin/builder/spi-builder-workspace/.derivedData/Build/Intermediates.noindex/ReactiveSwift.build/Debug-watchos/ReactiveSwift-t.build/DerivedSources/arm64 -Xcc -I/Users/admin/builder/spi-builder-workspace/.derivedData/Build/Intermediates.noindex/ReactiveSwift.build/Debug-watchos/ReactiveSwift-t.build/DerivedSources -Xcc -DSWIFT_PACKAGE -Xcc -DDEBUG\=1 -emit-objc-header -emit-objc-header-path /Users/admin/builder/spi-builder-workspace/.derivedData/Build/Intermediates.noindex/ReactiveSwift.build/Debug-watchos/ReactiveSwift-t.build/Objects-normal/arm64/ReactiveSwift-Swift.h -working-directory /Users/admin/builder/spi-builder-workspace/.swiftpm/xcode -experimental-emit-module-separately -disable-cmo
SwiftDriver RSKPlaceholderTextView normal arm64_32 com.apple.xcode.tools.swift.compiler (in target 'RSKPlaceholderTextView' from project 'RSKPlaceholderTextView')
    cd /Users/admin/builder/spi-builder-workspace/.swiftpm/xcode
    builtin-SwiftDriver -- /Applications/Xcode-27.0.0-Release.Candidate.app/Contents/Developer/Toolchains/XcodeDefault.xctoolchain/usr/bin/swiftc -parse-as-library -module-name RSKPlaceholderTextView -Onone @/Users/admin/builder/spi-builder-workspace/.derivedData/Build/Intermediates.noindex/RSKPlaceholderTextView.build/Debug-watchos/RSKPlaceholderTextView-t.build/Objects-normal/arm64_32/RSKPlaceholderTextView.SwiftFileList -DSWIFT_PACKAGE -DDEBUG -DSWIFT_MODULE_RESOURCE_BUNDLE_UNAVAILABLE -DXcode -plugin-path /Applications/Xcode-27.0.0-Release.Candidate.app/Contents/Developer/Toolchains/XcodeDefault.xctoolchain/usr/lib/swift/host/plugins/testing -enable-experimental-feature DebugDescriptionMacro -sdk /Applications/Xcode-27.0.0-Release.Candidate.app/Contents/Developer/Platforms/WatchOS.platform/Developer/SDKs/WatchOS27.0.sdk -target arm64_32-apple-watchos9.0 -g -module-cache-path /Users/admin/builder/spi-builder-workspace/.derivedData/ModuleCache.noindex -Xfrontend -serialize-debugging-options -profile-coverage-mapping -profile-generate -enable-testing -suppress-warnings -index-store-path /Users/admin/builder/spi-builder-workspace/.derivedData/Index.noindex/DataStore -Xcc -D_LIBCPP_HARDENING_MODE\=_LIBCPP_HARDENING_MODE_DEBUG -swift-version 5 -I /Users/admin/builder/spi-builder-workspace/.derivedData/Build/Products/Debug-watchos -Isystem /Applications/Xcode-27.0.0-Release.Candidate.app/Contents/Developer/Platforms/WatchOS.platform/Developer/usr/lib -F /Users/admin/builder/spi-builder-workspace/.derivedData/Build/Products/Debug-watchos -F /Applications/Xcode-27.0.0-Release.Candidate.app/Contents/Developer/Platforms/WatchOS.platform/Developer/Library/Frameworks -F /Applications/Xcode-27.0.0-Release.Candidate.app/Contents/Developer/Platforms/WatchOS.platform/Developer/SDKs/WatchOS27.0.sdk/Developer/Library/Frameworks -c -j10 -enable-batch-mode -incremental -Xcc -ivfsstatcache -Xcc /Users/admin/builder/spi-builder-workspace/.derivedData/SDKStatCaches.noindex/watchos27.0-24R360-e829b21a6f8c9b70876ba0858053c04477534ef55a1706bf4c1112bbb242f0a2.sdkstatcache -output-file-map /Users/admin/builder/spi-builder-workspace/.derivedData/Build/Intermediates.noindex/RSKPlaceholderTextView.build/Debug-watchos/RSKPlaceholderTextView-t.build/Objects-normal/arm64_32/RSKPlaceholderTextView-OutputFileMap.json -save-temps -no-color-diagnostics -explicit-module-build -module-cache-path /Users/admin/builder/spi-builder-workspace/.derivedData/Build/Intermediates.noindex/SwiftExplicitPrecompiledModules -clang-scanner-module-cache-path /Users/admin/builder/spi-builder-workspace/.derivedData/ModuleCache.noindex -sdk-module-cache-path /Users/admin/builder/spi-builder-workspace/.derivedData/SDKExplicitPrecompiledModules -emit-dependencies -emit-module -emit-module-path /Users/admin/builder/spi-builder-workspace/.derivedData/Build/Intermediates.noindex/RSKPlaceholderTextView.build/Debug-watchos/RSKPlaceholderTextView-t.build/Objects-normal/arm64_32/RSKPlaceholderTextView.swiftmodule -serialize-diagnostics -dependency-scan-serialize-diagnostics-path /Users/admin/builder/spi-builder-workspace/.derivedData/Build/Intermediates.noindex/RSKPlaceholderTextView.build/Debug-watchos/RSKPlaceholderTextView-t.build/Objects-normal/arm64_32/RSKPlaceholderTextView-dependency-scan.dia -validate-clang-modules-once -clang-build-session-file /Users/admin/builder/spi-builder-workspace/.derivedData/ModuleCache.noindex/Session.modulevalidation -Xcc -fmodules-prune-interval\=86400 -Xcc -fmodules-prune-after\=345600 -emit-const-values -const-gather-protocols-list /Users/admin/builder/spi-builder-workspace/.derivedData/Build/Intermediates.noindex/RSKPlaceholderTextView.build/Debug-watchos/RSKPlaceholderTextView-t.build/Objects-normal/arm64_32/RSKPlaceholderTextView_const_extract_protocols.json -Xcc -I/Users/admin/builder/spi-builder-workspace/.derivedData/Build/Products/Debug-watchos/include -Xcc -I/Users/admin/builder/spi-builder-workspace/.derivedData/Build/Intermediates.noindex/RSKPlaceholderTextView.build/Debug-watchos/RSKPlaceholderTextView-t.build/DerivedSources-normal/arm64_32 -Xcc -I/Users/admin/builder/spi-builder-workspace/.derivedData/Build/Intermediates.noindex/RSKPlaceholderTextView.build/Debug-watchos/RSKPlaceholderTextView-t.build/DerivedSources/arm64_32 -Xcc -I/Users/admin/builder/spi-builder-workspace/.derivedData/Build/Intermediates.noindex/RSKPlaceholderTextView.build/Debug-watchos/RSKPlaceholderTextView-t.build/DerivedSources -Xcc -DSWIFT_PACKAGE -Xcc -DDEBUG\=1 -emit-objc-header -emit-objc-header-path /Users/admin/builder/spi-builder-workspace/.derivedData/Build/Intermediates.noindex/RSKPlaceholderTextView.build/Debug-watchos/RSKPlaceholderTextView-t.build/Objects-normal/arm64_32/RSKPlaceholderTextView-Swift.h -working-directory /Users/admin/builder/spi-builder-workspace/.swiftpm/xcode -experimental-emit-module-separately -disable-cmo
SwiftDriver RSKPlaceholderTextView normal arm64 com.apple.xcode.tools.swift.compiler (in target 'RSKPlaceholderTextView' from project 'RSKPlaceholderTextView')
    cd /Users/admin/builder/spi-builder-workspace/.swiftpm/xcode
    builtin-SwiftDriver -- /Applications/Xcode-27.0.0-Release.Candidate.app/Contents/Developer/Toolchains/XcodeDefault.xctoolchain/usr/bin/swiftc -parse-as-library -module-name RSKPlaceholderTextView -Onone @/Users/admin/builder/spi-builder-workspace/.derivedData/Build/Intermediates.noindex/RSKPlaceholderTextView.build/Debug-watchos/RSKPlaceholderTextView-t.build/Objects-normal/arm64/RSKPlaceholderTextView.SwiftFileList -DSWIFT_PACKAGE -DDEBUG -DSWIFT_MODULE_RESOURCE_BUNDLE_UNAVAILABLE -DXcode -plugin-path /Applications/Xcode-27.0.0-Release.Candidate.app/Contents/Developer/Toolchains/XcodeDefault.xctoolchain/usr/lib/swift/host/plugins/testing -enable-experimental-feature DebugDescriptionMacro -sdk /Applications/Xcode-27.0.0-Release.Candidate.app/Contents/Developer/Platforms/WatchOS.platform/Developer/SDKs/WatchOS27.0.sdk -target arm64-apple-watchos9.0 -g -module-cache-path /Users/admin/builder/spi-builder-workspace/.derivedData/ModuleCache.noindex -Xfrontend -serialize-debugging-options -profile-coverage-mapping -profile-generate -enable-testing -suppress-warnings -index-store-path /Users/admin/builder/spi-builder-workspace/.derivedData/Index.noindex/DataStore -Xcc -D_LIBCPP_HARDENING_MODE\=_LIBCPP_HARDENING_MODE_DEBUG -swift-version 5 -I /Users/admin/builder/spi-builder-workspace/.derivedData/Build/Products/Debug-watchos -Isystem /Applications/Xcode-27.0.0-Release.Candidate.app/Contents/Developer/Platforms/WatchOS.platform/Developer/usr/lib -F /Users/admin/builder/spi-builder-workspace/.derivedData/Build/Products/Debug-watchos -F /Applications/Xcode-27.0.0-Release.Candidate.app/Contents/Developer/Platforms/WatchOS.platform/Developer/Library/Frameworks -F /Applications/Xcode-27.0.0-Release.Candidate.app/Contents/Developer/Platforms/WatchOS.platform/Developer/SDKs/WatchOS27.0.sdk/Developer/Library/Frameworks -c -j10 -enable-batch-mode -incremental -Xcc -ivfsstatcache -Xcc /Users/admin/builder/spi-builder-workspace/.derivedData/SDKStatCaches.noindex/watchos27.0-24R360-e829b21a6f8c9b70876ba0858053c04477534ef55a1706bf4c1112bbb242f0a2.sdkstatcache -output-file-map /Users/admin/builder/spi-builder-workspace/.derivedData/Build/Intermediates.noindex/RSKPlaceholderTextView.build/Debug-watchos/RSKPlaceholderTextView-t.build/Objects-normal/arm64/RSKPlaceholderTextView-OutputFileMap.json -save-temps -no-color-diagnostics -explicit-module-build -module-cache-path /Users/admin/builder/spi-builder-workspace/.derivedData/Build/Intermediates.noindex/SwiftExplicitPrecompiledModules -clang-scanner-module-cache-path /Users/admin/builder/spi-builder-workspace/.derivedData/ModuleCache.noindex -sdk-module-cache-path /Users/admin/builder/spi-builder-workspace/.derivedData/SDKExplicitPrecompiledModules -emit-dependencies -emit-module -emit-module-path /Users/admin/builder/spi-builder-workspace/.derivedData/Build/Intermediates.noindex/RSKPlaceholderTextView.build/Debug-watchos/RSKPlaceholderTextView-t.build/Objects-normal/arm64/RSKPlaceholderTextView.swiftmodule -serialize-diagnostics -dependency-scan-serialize-diagnostics-path /Users/admin/builder/spi-builder-workspace/.derivedData/Build/Intermediates.noindex/RSKPlaceholderTextView.build/Debug-watchos/RSKPlaceholderTextView-t.build/Objects-normal/arm64/RSKPlaceholderTextView-dependency-scan.dia -validate-clang-modules-once -clang-build-session-file /Users/admin/builder/spi-builder-workspace/.derivedData/ModuleCache.noindex/Session.modulevalidation -Xcc -fmodules-prune-interval\=86400 -Xcc -fmodules-prune-after\=345600 -emit-const-values -const-gather-protocols-list /Users/admin/builder/spi-builder-workspace/.derivedData/Build/Intermediates.noindex/RSKPlaceholderTextView.build/Debug-watchos/RSKPlaceholderTextView-t.build/Objects-normal/arm64/RSKPlaceholderTextView_const_extract_protocols.json -Xcc -I/Users/admin/builder/spi-builder-workspace/.derivedData/Build/Products/Debug-watchos/include -Xcc -I/Users/admin/builder/spi-builder-workspace/.derivedData/Build/Intermediates.noindex/RSKPlaceholderTextView.build/Debug-watchos/RSKPlaceholderTextView-t.build/DerivedSources-normal/arm64 -Xcc -I/Users/admin/builder/spi-builder-workspace/.derivedData/Build/Intermediates.noindex/RSKPlaceholderTextView.build/Debug-watchos/RSKPlaceholderTextView-t.build/DerivedSources/arm64 -Xcc -I/Users/admin/builder/spi-builder-workspace/.derivedData/Build/Intermediates.noindex/RSKPlaceholderTextView.build/Debug-watchos/RSKPlaceholderTextView-t.build/DerivedSources -Xcc -DSWIFT_PACKAGE -Xcc -DDEBUG\=1 -emit-objc-header -emit-objc-header-path /Users/admin/builder/spi-builder-workspace/.derivedData/Build/Intermediates.noindex/RSKPlaceholderTextView.build/Debug-watchos/RSKPlaceholderTextView-t.build/Objects-normal/arm64/RSKPlaceholderTextView-Swift.h -working-directory /Users/admin/builder/spi-builder-workspace/.swiftpm/xcode -experimental-emit-module-separately -disable-cmo
SwiftEmitModule normal arm64 Emitting\ module\ for\ SwiftHEXColors (in target 'SwiftHEXColors' from project 'SwiftHEXColors')
SwiftCompile normal arm64 (in target 'SwiftHEXColors' from project 'SwiftHEXColors')
    cd /Users/admin/builder/spi-builder-workspace/.swiftpm/xcode

SwiftEmitModule normal arm64_32 Emitting\ module\ for\ SwiftHEXColors (in target 'SwiftHEXColors' from project 'SwiftHEXColors')
SwiftCompile normal arm64_32 (in target 'SwiftHEXColors' from project 'SwiftHEXColors')
    cd /Users/admin/builder/spi-builder-workspace/.swiftpm/xcode

SwiftEmitModule normal arm64 Emitting\ module\ for\ RSKPlaceholderTextView (in target 'RSKPlaceholderTextView' from project 'RSKPlaceholderTextView')
/Users/admin/builder/spi-builder-workspace/.dependencies/checkouts/RSKPlaceholderTextView/RSKPlaceholderTextView/RSKPlaceholderTextView.swift:56:43: error: 'NSLayoutManager' is unavailable in watchOS
 54 |     }
 55 |
 56 |     private var placeholderLayoutManager: NSLayoutManager?
    |                                           `- error: 'NSLayoutManager' is unavailable in watchOS
 57 |
 58 |     private let placeholderTextContainer = NSTextContainer()
/Applications/Xcode-27.0.0-Release.Candidate.app/Contents/Developer/Platforms/WatchOS.platform/Developer/SDKs/WatchOS27.0.sdk/System/Library/Frameworks/UIKit.framework/Headers/NSLayoutManager.h:58:12: note: 'NSLayoutManager' has been explicitly marked unavailable here
 56 |
 57 | UIKIT_EXTERN API_AVAILABLE(macos(10.0), ios(7.0)) API_UNAVAILABLE(watchos)
 58 | @interface NSLayoutManager : NSObject <NSSecureCoding>
    |            `- note: 'NSLayoutManager' has been explicitly marked unavailable here
 59 |
 60 | /**************************** Initialization ****************************/
/Users/admin/builder/spi-builder-workspace/.dependencies/checkouts/RSKPlaceholderTextView/RSKPlaceholderTextView/RSKPlaceholderTextView.swift:58:44: error: 'NSTextContainer' is unavailable in watchOS
 56 |     private var placeholderLayoutManager: NSLayoutManager?
 57 |
 58 |     private let placeholderTextContainer = NSTextContainer()
    |                                            `- error: 'NSTextContainer' is unavailable in watchOS
 59 |
 60 |     private var _placeholderTextLayoutManager: NSObject?
/Applications/Xcode-27.0.0-Release.Candidate.app/Contents/Developer/Platforms/WatchOS.platform/Developer/SDKs/WatchOS27.0.sdk/System/Library/Frameworks/UIKit.framework/Headers/NSTextContainer.h:36:12: note: 'NSTextContainer' has been explicitly marked unavailable here
 34 | /// restrictions apply to ``NSTextLayoutManager`` and ``NSTextContentStorage``.
 35 | UIKIT_EXTERN API_AVAILABLE(macos(10.0), ios(7.0), tvos(9.0), visionos(1.0)) API_UNAVAILABLE(watchos)
 36 | @interface NSTextContainer : NSObject <NSSecureCoding, NSTextLayoutOrientationProvider>
    |            `- note: 'NSTextContainer' has been explicitly marked unavailable here
 37 |
 38 | /**************************** Initialization ****************************/
/Users/admin/builder/spi-builder-workspace/.dependencies/checkouts/RSKPlaceholderTextView/RSKPlaceholderTextView/RSKPlaceholderTextView.swift:63:47: error: 'NSTextLayoutManager' is unavailable in watchOS
 61 |
 62 |     @available(iOS 16.0, *)
 63 |     private var placeholderTextLayoutManager: NSTextLayoutManager? { self._placeholderTextLayoutManager as? NSTextLayoutManager }
    |                                               `- error: 'NSTextLayoutManager' is unavailable in watchOS
 64 |
 65 |     // MARK: - Open Properties
/Applications/Xcode-27.0.0-Release.Candidate.app/Contents/Developer/Platforms/WatchOS.platform/Developer/SDKs/WatchOS27.0.sdk/System/Library/Frameworks/UIKit.framework/Headers/NSTextLayoutManager.h:66:12: note: 'NSTextLayoutManager' has been explicitly marked unavailable here
 64 | /// participates in the content layout process.
 65 | API_AVAILABLE(macos(12.0), ios(15.0), tvos(15.0), visionos(1.0)) API_UNAVAILABLE(watchos)
 66 | @interface NSTextLayoutManager : NSObject <NSSecureCoding, NSTextSelectionDataSource>
    |            `- note: 'NSTextLayoutManager' has been explicitly marked unavailable here
 67 | #pragma mark Initialization
 68 | /// Creates a new text layout manager.
/Users/admin/builder/spi-builder-workspace/.dependencies/checkouts/RSKPlaceholderTextView/RSKPlaceholderTextView/RSKPlaceholderTextView.swift:231:56: error: 'NSTextContainer' is unavailable in watchOS
229 |     }
230 |
231 |     override public init(frame: CGRect, textContainer: NSTextContainer?) {
    |                                                        `- error: 'NSTextContainer' is unavailable in watchOS
232 |
233 |         if #available(iOS 16.0, *) {
/Applications/Xcode-27.0.0-Release.Candidate.app/Contents/Developer/Platforms/WatchOS.platform/Developer/SDKs/WatchOS27.0.sdk/System/Library/Frameworks/UIKit.framework/Headers/NSTextContainer.h:36:12: note: 'NSTextContainer' has been explicitly marked unavailable here
 34 | /// restrictions apply to ``NSTextLayoutManager`` and ``NSTextContentStorage``.
 35 | UIKIT_EXTERN API_AVAILABLE(macos(10.0), ios(7.0), tvos(9.0), visionos(1.0)) API_UNAVAILABLE(watchos)
 36 | @interface NSTextContainer : NSObject <NSSecureCoding, NSTextLayoutOrientationProvider>
    |            `- note: 'NSTextContainer' has been explicitly marked unavailable here
 37 |
 38 | /**************************** Initialization ****************************/
/Users/admin/builder/spi-builder-workspace/.dependencies/checkouts/RSKPlaceholderTextView/RSKPlaceholderTextView/RSKPlaceholderTextView.swift:272:48: error: 'UITextPosition' is unavailable in watchOS
270 |     // MARK: - Superclass API
271 |
272 |     open override func caretRect(for position: UITextPosition) -> CGRect {
    |                                                `- error: 'UITextPosition' is unavailable in watchOS
273 |
274 |         guard self.text.isEmpty == true,
/Applications/Xcode-27.0.0-Release.Candidate.app/Contents/Developer/Platforms/WatchOS.platform/Developer/SDKs/WatchOS27.0.sdk/System/Library/Frameworks/UIKit.framework/Headers/UITextInput.h:302:12: note: 'UITextPosition' has been explicitly marked unavailable here
300 |  * classes provided to be subclassed when adopting UITextInput */
301 | UIKIT_EXTERN API_AVAILABLE(ios(3.2)) API_UNAVAILABLE(watchos) NS_SWIFT_UI_ACTOR
302 | @interface UITextPosition : NSObject
    |            `- note: 'UITextPosition' has been explicitly marked unavailable here
303 |
304 | @end
/Users/admin/builder/spi-builder-workspace/.dependencies/checkouts/RSKPlaceholderTextView/RSKPlaceholderTextView/RSKPlaceholderTextView.swift:344:80: error: 'NSLayoutManager' is unavailable in watchOS
342 |     }
343 |
344 |     private func configurePlaceholderLayoutManager(_ placeholderLayoutManager: NSLayoutManager, withPlaceholderTextStorage placeholderTextStorage: NSTextStorage, textContainerSize: CGSize) {
    |                                                                                `- error: 'NSLayoutManager' is unavailable in watchOS
345 |
346 |         placeholderTextStorage.addLayoutManager(placeholderLayoutManager)
/Applications/Xcode-27.0.0-Release.Candidate.app/Contents/Developer/Platforms/WatchOS.platform/Developer/SDKs/WatchOS27.0.sdk/System/Library/Frameworks/UIKit.framework/Headers/NSLayoutManager.h:58:12: note: 'NSLayoutManager' has been explicitly marked unavailable here
 56 |
 57 | UIKIT_EXTERN API_AVAILABLE(macos(10.0), ios(7.0)) API_UNAVAILABLE(watchos)
 58 | @interface NSLayoutManager : NSObject <NSSecureCoding>
    |            `- note: 'NSLayoutManager' has been explicitly marked unavailable here
 59 |
 60 | /**************************** Initialization ****************************/
/Users/admin/builder/spi-builder-workspace/.dependencies/checkouts/RSKPlaceholderTextView/RSKPlaceholderTextView/RSKPlaceholderTextView.swift:344:148: error: 'NSTextStorage' is unavailable in watchOS
342 |     }
343 |
344 |     private func configurePlaceholderLayoutManager(_ placeholderLayoutManager: NSLayoutManager, withPlaceholderTextStorage placeholderTextStorage: NSTextStorage, textContainerSize: CGSize) {
    |                                                                                                                                                    `- error: 'NSTextStorage' is unavailable in watchOS
345 |
346 |         placeholderTextStorage.addLayoutManager(placeholderLayoutManager)
/Applications/Xcode-27.0.0-Release.Candidate.app/Contents/Developer/Platforms/WatchOS.platform/Developer/SDKs/WatchOS27.0.sdk/System/Library/Frameworks/UIKit.framework/Headers/NSTextStorage.h:46:12: note: 'NSTextStorage' has been explicitly marked unavailable here
 44 | /// `edited:range:changeInLength:` to get everything else to happen.
 45 | UIKIT_EXTERN API_AVAILABLE(macos(10.0), ios(7.0), tvos(9.0), visionos(1.0)) API_UNAVAILABLE(watchos)
 46 | @interface NSTextStorage : NSMutableAttributedString <NSSecureCoding>
    |            `- note: 'NSTextStorage' has been explicitly marked unavailable here
 47 | /**************************** Pending edit info ****************************/
 48 |
/Users/admin/builder/spi-builder-workspace/.dependencies/checkouts/RSKPlaceholderTextView/RSKPlaceholderTextView/RSKPlaceholderTextView.swift:355:88: error: 'NSTextLayoutManager' is unavailable in watchOS
353 |
354 |     @available(iOS 16.0, *)
355 |     private func configurePlaceholderTextLayoutManager(_ placeholderTextLayoutManager: NSTextLayoutManager, withPlaceholderTextContentStorage placeholderTextContentStorage: NSTextContentStorage, textContainerSize: CGSize) {
    |                                                                                        `- error: 'NSTextLayoutManager' is unavailable in watchOS
356 |
357 |         placeholderTextContentStorage.addTextLayoutManager(placeholderTextLayoutManager)
/Applications/Xcode-27.0.0-Release.Candidate.app/Contents/Developer/Platforms/WatchOS.platform/Developer/SDKs/WatchOS27.0.sdk/System/Library/Frameworks/UIKit.framework/Headers/NSTextLayoutManager.h:66:12: note: 'NSTextLayoutManager' has been explicitly marked unavailable here
 64 | /// participates in the content layout process.
 65 | API_AVAILABLE(macos(12.0), ios(15.0), tvos(15.0), visionos(1.0)) API_UNAVAILABLE(watchos)
 66 | @interface NSTextLayoutManager : NSObject <NSSecureCoding, NSTextSelectionDataSource>
    |            `- note: 'NSTextLayoutManager' has been explicitly marked unavailable here
 67 | #pragma mark Initialization
 68 | /// Creates a new text layout manager.
/Users/admin/builder/spi-builder-workspace/.dependencies/checkouts/RSKPlaceholderTextView/RSKPlaceholderTextView/RSKPlaceholderTextView.swift:355:174: error: 'NSTextContentStorage' is unavailable in watchOS
353 |
354 |     @available(iOS 16.0, *)
355 |     private func configurePlaceholderTextLayoutManager(_ placeholderTextLayoutManager: NSTextLayoutManager, withPlaceholderTextContentStorage placeholderTextContentStorage: NSTextContentStorage, textContainerSize: CGSize) {
    |                                                                                                                                                                              `- error: 'NSTextContentStorage' is unavailable in watchOS
356 |
357 |         placeholderTextContentStorage.addTextLayoutManager(placeholderTextLayoutManager)
/Applications/Xcode-27.0.0-Release.Candidate.app/Contents/Developer/Platforms/WatchOS.platform/Developer/SDKs/WatchOS27.0.sdk/System/Library/Frameworks/UIKit.framework/Headers/NSTextContentManager.h:303:12: note: 'NSTextContentStorage' has been explicitly marked unavailable here
301 | /// the backing store.
302 | API_AVAILABLE(macos(12.0), ios(15.0), tvos(15.0), visionos(1.0)) API_UNAVAILABLE(watchos)
303 | @interface NSTextContentStorage : NSTextContentManager <NSTextStorageObserving>
    |            `- note: 'NSTextContentStorage' has been explicitly marked unavailable here
304 | #pragma mark Basic properties
305 | /// The delegate for the content storage object.
/Users/admin/builder/spi-builder-workspace/.dependencies/checkouts/RSKPlaceholderTextView/RSKPlaceholderTextView/RSKPlaceholderTextView.swift:20:50: error: 'UITextView' is unavailable in watchOS
 18 |
 19 | /// A light-weight UITextView subclass that adds support for placeholder.
 20 | @IBDesignable open class RSKPlaceholderTextView: UITextView {
    |                                                  `- error: 'UITextView' is unavailable in watchOS
 21 |
 22 |     // MARK: - Private Properties
/Applications/Xcode-27.0.0-Release.Candidate.app/Contents/Developer/Platforms/WatchOS.platform/Developer/SDKs/WatchOS27.0.sdk/System/Library/Frameworks/UIKit.framework/Headers/UITextView.h:223:12: note: 'UITextView' has been explicitly marked unavailable here
221 |
222 | UIKIT_EXTERN API_AVAILABLE(ios(2.0)) API_UNAVAILABLE(watchos) NS_SWIFT_UI_ACTOR
223 | @interface UITextView : UIScrollView <UITextInput, UIContentSizeCategoryAdjusting, UILetterformAwareAdjusting, NSTextViewportLayoutControllerDelegate>
    |            `- note: 'UITextView' has been explicitly marked unavailable here
224 |
225 | @property(nullable,nonatomic,weak) id<UITextViewDelegate> delegate;
Failed frontend command:
/Applications/Xcode-27.0.0-Release.Candidate.app/Contents/Developer/Toolchains/XcodeDefault.xctoolchain/usr/bin/swift-frontend -frontend -emit-module -experimental-skip-non-inlinable-function-bodies-without-types /Users/admin/builder/spi-builder-workspace/.dependencies/checkouts/RSKPlaceholderTextView/RSKPlaceholderTextView/RSKPlaceholderTextView.swift -target arm64-apple-watchos9.0 -disable-cross-import-overlay-search -load-resolved-plugin /Applications/Xcode-27.0.0-Release.Candidate.app/Contents/Developer/Platforms/WatchOS.platform/Developer/usr/lib/swift/host/plugins/libFoundationMacros.dylib\#/Applications/Xcode-27.0.0-Release.Candidate.app/Contents/Developer/Platforms/WatchOS.platform/Developer/usr/bin/swift-plugin-server\#FoundationMacros -load-resolved-plugin /Applications/Xcode-27.0.0-Release.Candidate.app/Contents/Developer/Platforms/WatchOS.platform/Developer/usr/lib/swift/host/plugins/libObservationMacros.dylib\#/Applications/Xcode-27.0.0-Release.Candidate.app/Contents/Developer/Platforms/WatchOS.platform/Developer/usr/bin/swift-plugin-server\#ObservationMacros -load-resolved-plugin /Applications/Xcode-27.0.0-Release.Candidate.app/Contents/Developer/Platforms/WatchOS.platform/Developer/usr/lib/swift/host/plugins/libSwiftMacros.dylib\#/Applications/Xcode-27.0.0-Release.Candidate.app/Contents/Developer/Platforms/WatchOS.platform/Developer/usr/bin/swift-plugin-server\#SwiftMacros -load-resolved-plugin /Applications/Xcode-27.0.0-Release.Candidate.app/Contents/Developer/Platforms/WatchOS.platform/Developer/usr/lib/swift/host/plugins/libSwiftUIMacros.dylib\#/Applications/Xcode-27.0.0-Release.Candidate.app/Contents/Developer/Platforms/WatchOS.platform/Developer/usr/bin/swift-plugin-server\#SwiftUIMacros -disable-implicit-swift-modules -Xcc -fno-implicit-modules -Xcc -fno-implicit-module-maps -explicit-swift-module-map-file /Users/admin/builder/spi-builder-workspace/.derivedData/Build/Intermediates.noindex/RSKPlaceholderTextView.build/Debug-watchos/RSKPlaceholderTextView-t.build/Objects-normal/arm64/RSKPlaceholderTextView-dependencies-2.json -Xllvm -aarch64-use-tbi -enable-objc-interop -stack-check -sdk /Applications/Xcode-27.0.0-Release.Candidate.app/Contents/Developer/Platforms/WatchOS.platform/Developer/SDKs/WatchOS27.0.sdk -I /Users/admin/builder/spi-builder-workspace/.derivedData/Build/Products/Debug-watchos -Isystem /Applications/Xcode-27.0.0-Release.Candidate.app/Contents/Developer/Platforms/WatchOS.platform/Developer/usr/lib -F /Users/admin/builder/spi-builder-workspace/.derivedData/Build/Products/Debug-watchos -F /Applications/Xcode-27.0.0-Release.Candidate.app/Contents/Developer/Platforms/WatchOS.platform/Developer/Library/Frameworks -F /Applications/Xcode-27.0.0-Release.Candidate.app/Contents/Developer/Platforms/WatchOS.platform/Developer/SDKs/WatchOS27.0.sdk/Developer/Library/Frameworks -module-cache-path /Users/admin/builder/spi-builder-workspace/.derivedData/Build/Intermediates.noindex/SwiftExplicitPrecompiledModules -no-color-diagnostics -Xcc -fno-color-diagnostics -enable-testing -g -debug-info-format\=dwarf -dwarf-version\=4 -suppress-warnings -profile-generate -profile-coverage-mapping -swift-version 5 -Onone -D SWIFT_PACKAGE -D DEBUG -D SWIFT_MODULE_RESOURCE_BUNDLE_UNAVAILABLE -D Xcode -serialize-debugging-options -enable-experimental-feature DebugDescriptionMacro -empty-abi-descriptor -validate-clang-modules-once -clang-build-session-file /Users/admin/builder/spi-builder-workspace/.derivedData/ModuleCache.noindex/Session.modulevalidation -Xcc -working-directory -Xcc /Users/admin/builder/spi-builder-workspace/.swiftpm/xcode -enable-anonymous-context-mangled-names -file-compilation-dir /Users/admin/builder/spi-builder-workspace/.swiftpm/xcode -Xcc -D_LIBCPP_HARDENING_MODE\=_LIBCPP_HARDENING_MODE_DEBUG -Xcc -ivfsstatcache -Xcc /Users/admin/builder/spi-builder-workspace/.derivedData/SDKStatCaches.noindex/watchos27.0-24R360-e829b21a6f8c9b70876ba0858053c04477534ef55a1706bf4c1112bbb242f0a2.sdkstatcache -Xcc -fmodules-prune-interval\=86400 -Xcc -fmodules-prune-after\=345600 -Xcc -I/Users/admin/builder/spi-builder-workspace/.derivedData/Build/Products/Debug-watchos/include -Xcc -I/Users/admin/builder/spi-builder-workspace/.derivedData/Build/Intermediates.noindex/RSKPlaceholderTextView.build/Debug-watchos/RSKPlaceholderTextView-t.build/DerivedSources-normal/arm64 -Xcc -I/Users/admin/builder/spi-builder-workspace/.derivedData/Build/Intermediates.noindex/RSKPlaceholderTextView.build/Debug-watchos/RSKPlaceholderTextView-t.build/DerivedSources/arm64 -Xcc -I/Users/admin/builder/spi-builder-workspace/.derivedData/Build/Intermediates.noindex/RSKPlaceholderTextView.build/Debug-watchos/RSKPlaceholderTextView-t.build/DerivedSources -Xcc -DSWIFT_PACKAGE -Xcc -DDEBUG\=1 -no-auto-bridging-header-chaining -module-name RSKPlaceholderTextView -const-gather-protocols-file /Users/admin/builder/spi-builder-workspace/.derivedData/Build/Intermediates.noindex/RSKPlaceholderTextView.build/Debug-watchos/RSKPlaceholderTextView-t.build/Objects-normal/arm64/RSKPlaceholderTextView_const_extract_protocols.json -disable-clang-spi -clang-target arm64-apple-watchos27.0 -target-sdk-version 27.0 -target-sdk-name watchos27.0 -in-process-plugin-server-path /Applications/Xcode-27.0.0-Release.Candidate.app/Contents/Developer/Toolchains/XcodeDefault.xctoolchain/usr/lib/swift/host/libSwiftInProcPluginServer.dylib -emit-module-doc-path /Users/admin/builder/spi-builder-workspace/.derivedData/Build/Intermediates.noindex/RSKPlaceholderTextView.build/Debug-watchos/RSKPlaceholderTextView-t.build/Objects-normal/arm64/RSKPlaceholderTextView.swiftdoc -emit-module-source-info-path /Users/admin/builder/spi-builder-workspace/.derivedData/Build/Intermediates.noindex/RSKPlaceholderTextView.build/Debug-watchos/RSKPlaceholderTextView-t.build/Objects-normal/arm64/RSKPlaceholderTextView.swiftsourceinfo -emit-objc-header-path /Users/admin/builder/spi-builder-workspace/.derivedData/Build/Intermediates.noindex/RSKPlaceholderTextView.build/Debug-watchos/RSKPlaceholderTextView-t.build/Objects-normal/arm64/RSKPlaceholderTextView-Swift.h -serialize-diagnostics-path /Users/admin/builder/spi-builder-workspace/.derivedData/Build/Intermediates.noindex/RSKPlaceholderTextView.build/Debug-watchos/RSKPlaceholderTextView-t.build/Objects-normal/arm64/RSKPlaceholderTextView-primary-emit-module.dia -emit-dependencies-path /Users/admin/builder/spi-builder-workspace/.derivedData/Build/Intermediates.noindex/RSKPlaceholderTextView.build/Debug-watchos/RSKPlaceholderTextView-t.build/Objects-normal/arm64/RSKPlaceholderTextView-primary-emit-module.d -parse-as-library -o /Users/admin/builder/spi-builder-workspace/.derivedData/Build/Intermediates.noindex/RSKPlaceholderTextView.build/Debug-watchos/RSKPlaceholderTextView-t.build/Objects-normal/arm64/RSKPlaceholderTextView.swiftmodule -emit-abi-descriptor-path /Users/admin/builder/spi-builder-workspace/.derivedData/Build/Intermediates.noindex/RSKPlaceholderTextView.build/Debug-watchos/RSKPlaceholderTextView-t.build/Objects-normal/arm64/RSKPlaceholderTextView.abi.json
SwiftCompile normal arm64 (in target 'RSKPlaceholderTextView' from project 'RSKPlaceholderTextView')
    cd /Users/admin/builder/spi-builder-workspace/.swiftpm/xcode

SwiftEmitModule normal arm64_32 Emitting\ module\ for\ RSKPlaceholderTextView (in target 'RSKPlaceholderTextView' from project 'RSKPlaceholderTextView')
/Users/admin/builder/spi-builder-workspace/.dependencies/checkouts/RSKPlaceholderTextView/RSKPlaceholderTextView/RSKPlaceholderTextView.swift:56:43: error: 'NSLayoutManager' is unavailable in watchOS
 54 |     }
 55 |
 56 |     private var placeholderLayoutManager: NSLayoutManager?
    |                                           `- error: 'NSLayoutManager' is unavailable in watchOS
 57 |
 58 |     private let placeholderTextContainer = NSTextContainer()
/Applications/Xcode-27.0.0-Release.Candidate.app/Contents/Developer/Platforms/WatchOS.platform/Developer/SDKs/WatchOS27.0.sdk/System/Library/Frameworks/UIKit.framework/Headers/NSLayoutManager.h:58:12: note: 'NSLayoutManager' has been explicitly marked unavailable here
 56 |
 57 | UIKIT_EXTERN API_AVAILABLE(macos(10.0), ios(7.0)) API_UNAVAILABLE(watchos)
 58 | @interface NSLayoutManager : NSObject <NSSecureCoding>
    |            `- note: 'NSLayoutManager' has been explicitly marked unavailable here
 59 |
 60 | /**************************** Initialization ****************************/
/Users/admin/builder/spi-builder-workspace/.dependencies/checkouts/RSKPlaceholderTextView/RSKPlaceholderTextView/RSKPlaceholderTextView.swift:58:44: error: 'NSTextContainer' is unavailable in watchOS
 56 |     private var placeholderLayoutManager: NSLayoutManager?
 57 |
 58 |     private let placeholderTextContainer = NSTextContainer()
    |                                            `- error: 'NSTextContainer' is unavailable in watchOS
 59 |
 60 |     private var _placeholderTextLayoutManager: NSObject?
/Applications/Xcode-27.0.0-Release.Candidate.app/Contents/Developer/Platforms/WatchOS.platform/Developer/SDKs/WatchOS27.0.sdk/System/Library/Frameworks/UIKit.framework/Headers/NSTextContainer.h:36:12: note: 'NSTextContainer' has been explicitly marked unavailable here
 34 | /// restrictions apply to ``NSTextLayoutManager`` and ``NSTextContentStorage``.
 35 | UIKIT_EXTERN API_AVAILABLE(macos(10.0), ios(7.0), tvos(9.0), visionos(1.0)) API_UNAVAILABLE(watchos)
 36 | @interface NSTextContainer : NSObject <NSSecureCoding, NSTextLayoutOrientationProvider>
    |            `- note: 'NSTextContainer' has been explicitly marked unavailable here
 37 |
 38 | /**************************** Initialization ****************************/
/Users/admin/builder/spi-builder-workspace/.dependencies/checkouts/RSKPlaceholderTextView/RSKPlaceholderTextView/RSKPlaceholderTextView.swift:63:47: error: 'NSTextLayoutManager' is unavailable in watchOS
 61 |
 62 |     @available(iOS 16.0, *)
 63 |     private var placeholderTextLayoutManager: NSTextLayoutManager? { self._placeholderTextLayoutManager as? NSTextLayoutManager }
    |                                               `- error: 'NSTextLayoutManager' is unavailable in watchOS
 64 |
 65 |     // MARK: - Open Properties
/Applications/Xcode-27.0.0-Release.Candidate.app/Contents/Developer/Platforms/WatchOS.platform/Developer/SDKs/WatchOS27.0.sdk/System/Library/Frameworks/UIKit.framework/Headers/NSTextLayoutManager.h:66:12: note: 'NSTextLayoutManager' has been explicitly marked unavailable here
 64 | /// participates in the content layout process.
 65 | API_AVAILABLE(macos(12.0), ios(15.0), tvos(15.0), visionos(1.0)) API_UNAVAILABLE(watchos)
 66 | @interface NSTextLayoutManager : NSObject <NSSecureCoding, NSTextSelectionDataSource>
    |            `- note: 'NSTextLayoutManager' has been explicitly marked unavailable here
 67 | #pragma mark Initialization
 68 | /// Creates a new text layout manager.
/Users/admin/builder/spi-builder-workspace/.dependencies/checkouts/RSKPlaceholderTextView/RSKPlaceholderTextView/RSKPlaceholderTextView.swift:231:56: error: 'NSTextContainer' is unavailable in watchOS
229 |     }
230 |
231 |     override public init(frame: CGRect, textContainer: NSTextContainer?) {
    |                                                        `- error: 'NSTextContainer' is unavailable in watchOS
232 |
233 |         if #available(iOS 16.0, *) {
/Applications/Xcode-27.0.0-Release.Candidate.app/Contents/Developer/Platforms/WatchOS.platform/Developer/SDKs/WatchOS27.0.sdk/System/Library/Frameworks/UIKit.framework/Headers/NSTextContainer.h:36:12: note: 'NSTextContainer' has been explicitly marked unavailable here
 34 | /// restrictions apply to ``NSTextLayoutManager`` and ``NSTextContentStorage``.
 35 | UIKIT_EXTERN API_AVAILABLE(macos(10.0), ios(7.0), tvos(9.0), visionos(1.0)) API_UNAVAILABLE(watchos)
 36 | @interface NSTextContainer : NSObject <NSSecureCoding, NSTextLayoutOrientationProvider>
    |            `- note: 'NSTextContainer' has been explicitly marked unavailable here
 37 |
 38 | /**************************** Initialization ****************************/
/Users/admin/builder/spi-builder-workspace/.dependencies/checkouts/RSKPlaceholderTextView/RSKPlaceholderTextView/RSKPlaceholderTextView.swift:272:48: error: 'UITextPosition' is unavailable in watchOS
270 |     // MARK: - Superclass API
271 |
272 |     open override func caretRect(for position: UITextPosition) -> CGRect {
    |                                                `- error: 'UITextPosition' is unavailable in watchOS
273 |
274 |         guard self.text.isEmpty == true,
/Applications/Xcode-27.0.0-Release.Candidate.app/Contents/Developer/Platforms/WatchOS.platform/Developer/SDKs/WatchOS27.0.sdk/System/Library/Frameworks/UIKit.framework/Headers/UITextInput.h:302:12: note: 'UITextPosition' has been explicitly marked unavailable here
300 |  * classes provided to be subclassed when adopting UITextInput */
301 | UIKIT_EXTERN API_AVAILABLE(ios(3.2)) API_UNAVAILABLE(watchos) NS_SWIFT_UI_ACTOR
302 | @interface UITextPosition : NSObject
    |            `- note: 'UITextPosition' has been explicitly marked unavailable here
303 |
304 | @end
/Users/admin/builder/spi-builder-workspace/.dependencies/checkouts/RSKPlaceholderTextView/RSKPlaceholderTextView/RSKPlaceholderTextView.swift:344:80: error: 'NSLayoutManager' is unavailable in watchOS
342 |     }
343 |
344 |     private func configurePlaceholderLayoutManager(_ placeholderLayoutManager: NSLayoutManager, withPlaceholderTextStorage placeholderTextStorage: NSTextStorage, textContainerSize: CGSize) {
    |                                                                                `- error: 'NSLayoutManager' is unavailable in watchOS
345 |
346 |         placeholderTextStorage.addLayoutManager(placeholderLayoutManager)
/Applications/Xcode-27.0.0-Release.Candidate.app/Contents/Developer/Platforms/WatchOS.platform/Developer/SDKs/WatchOS27.0.sdk/System/Library/Frameworks/UIKit.framework/Headers/NSLayoutManager.h:58:12: note: 'NSLayoutManager' has been explicitly marked unavailable here
 56 |
 57 | UIKIT_EXTERN API_AVAILABLE(macos(10.0), ios(7.0)) API_UNAVAILABLE(watchos)
 58 | @interface NSLayoutManager : NSObject <NSSecureCoding>
    |            `- note: 'NSLayoutManager' has been explicitly marked unavailable here
 59 |
 60 | /**************************** Initialization ****************************/
/Users/admin/builder/spi-builder-workspace/.dependencies/checkouts/RSKPlaceholderTextView/RSKPlaceholderTextView/RSKPlaceholderTextView.swift:344:148: error: 'NSTextStorage' is unavailable in watchOS
342 |     }
343 |
344 |     private func configurePlaceholderLayoutManager(_ placeholderLayoutManager: NSLayoutManager, withPlaceholderTextStorage placeholderTextStorage: NSTextStorage, textContainerSize: CGSize) {
    |                                                                                                                                                    `- error: 'NSTextStorage' is unavailable in watchOS
345 |
346 |         placeholderTextStorage.addLayoutManager(placeholderLayoutManager)
/Applications/Xcode-27.0.0-Release.Candidate.app/Contents/Developer/Platforms/WatchOS.platform/Developer/SDKs/WatchOS27.0.sdk/System/Library/Frameworks/UIKit.framework/Headers/NSTextStorage.h:46:12: note: 'NSTextStorage' has been explicitly marked unavailable here
 44 | /// `edited:range:changeInLength:` to get everything else to happen.
 45 | UIKIT_EXTERN API_AVAILABLE(macos(10.0), ios(7.0), tvos(9.0), visionos(1.0)) API_UNAVAILABLE(watchos)
 46 | @interface NSTextStorage : NSMutableAttributedString <NSSecureCoding>
    |            `- note: 'NSTextStorage' has been explicitly marked unavailable here
 47 | /**************************** Pending edit info ****************************/
 48 |
/Users/admin/builder/spi-builder-workspace/.dependencies/checkouts/RSKPlaceholderTextView/RSKPlaceholderTextView/RSKPlaceholderTextView.swift:355:88: error: 'NSTextLayoutManager' is unavailable in watchOS
353 |
354 |     @available(iOS 16.0, *)
355 |     private func configurePlaceholderTextLayoutManager(_ placeholderTextLayoutManager: NSTextLayoutManager, withPlaceholderTextContentStorage placeholderTextContentStorage: NSTextContentStorage, textContainerSize: CGSize) {
    |                                                                                        `- error: 'NSTextLayoutManager' is unavailable in watchOS
356 |
357 |         placeholderTextContentStorage.addTextLayoutManager(placeholderTextLayoutManager)
/Applications/Xcode-27.0.0-Release.Candidate.app/Contents/Developer/Platforms/WatchOS.platform/Developer/SDKs/WatchOS27.0.sdk/System/Library/Frameworks/UIKit.framework/Headers/NSTextLayoutManager.h:66:12: note: 'NSTextLayoutManager' has been explicitly marked unavailable here
 64 | /// participates in the content layout process.
 65 | API_AVAILABLE(macos(12.0), ios(15.0), tvos(15.0), visionos(1.0)) API_UNAVAILABLE(watchos)
 66 | @interface NSTextLayoutManager : NSObject <NSSecureCoding, NSTextSelectionDataSource>
    |            `- note: 'NSTextLayoutManager' has been explicitly marked unavailable here
 67 | #pragma mark Initialization
 68 | /// Creates a new text layout manager.
/Users/admin/builder/spi-builder-workspace/.dependencies/checkouts/RSKPlaceholderTextView/RSKPlaceholderTextView/RSKPlaceholderTextView.swift:355:174: error: 'NSTextContentStorage' is unavailable in watchOS
353 |
354 |     @available(iOS 16.0, *)
355 |     private func configurePlaceholderTextLayoutManager(_ placeholderTextLayoutManager: NSTextLayoutManager, withPlaceholderTextContentStorage placeholderTextContentStorage: NSTextContentStorage, textContainerSize: CGSize) {
    |                                                                                                                                                                              `- error: 'NSTextContentStorage' is unavailable in watchOS
356 |
357 |         placeholderTextContentStorage.addTextLayoutManager(placeholderTextLayoutManager)
/Applications/Xcode-27.0.0-Release.Candidate.app/Contents/Developer/Platforms/WatchOS.platform/Developer/SDKs/WatchOS27.0.sdk/System/Library/Frameworks/UIKit.framework/Headers/NSTextContentManager.h:303:12: note: 'NSTextContentStorage' has been explicitly marked unavailable here
301 | /// the backing store.
302 | API_AVAILABLE(macos(12.0), ios(15.0), tvos(15.0), visionos(1.0)) API_UNAVAILABLE(watchos)
303 | @interface NSTextContentStorage : NSTextContentManager <NSTextStorageObserving>
    |            `- note: 'NSTextContentStorage' has been explicitly marked unavailable here
304 | #pragma mark Basic properties
305 | /// The delegate for the content storage object.
/Users/admin/builder/spi-builder-workspace/.dependencies/checkouts/RSKPlaceholderTextView/RSKPlaceholderTextView/RSKPlaceholderTextView.swift:20:50: error: 'UITextView' is unavailable in watchOS
 18 |
 19 | /// A light-weight UITextView subclass that adds support for placeholder.
 20 | @IBDesignable open class RSKPlaceholderTextView: UITextView {
    |                                                  `- error: 'UITextView' is unavailable in watchOS
 21 |
 22 |     // MARK: - Private Properties
/Applications/Xcode-27.0.0-Release.Candidate.app/Contents/Developer/Platforms/WatchOS.platform/Developer/SDKs/WatchOS27.0.sdk/System/Library/Frameworks/UIKit.framework/Headers/UITextView.h:223:12: note: 'UITextView' has been explicitly marked unavailable here
221 |
222 | UIKIT_EXTERN API_AVAILABLE(ios(2.0)) API_UNAVAILABLE(watchos) NS_SWIFT_UI_ACTOR
223 | @interface UITextView : UIScrollView <UITextInput, UIContentSizeCategoryAdjusting, UILetterformAwareAdjusting, NSTextViewportLayoutControllerDelegate>
    |            `- note: 'UITextView' has been explicitly marked unavailable here
224 |
225 | @property(nullable,nonatomic,weak) id<UITextViewDelegate> delegate;
Failed frontend command:
/Applications/Xcode-27.0.0-Release.Candidate.app/Contents/Developer/Toolchains/XcodeDefault.xctoolchain/usr/bin/swift-frontend -frontend -emit-module -experimental-skip-non-inlinable-function-bodies-without-types /Users/admin/builder/spi-builder-workspace/.dependencies/checkouts/RSKPlaceholderTextView/RSKPlaceholderTextView/RSKPlaceholderTextView.swift -target arm64_32-apple-watchos9.0 -disable-cross-import-overlay-search -load-resolved-plugin /Applications/Xcode-27.0.0-Release.Candidate.app/Contents/Developer/Platforms/WatchOS.platform/Developer/usr/lib/swift/host/plugins/libFoundationMacros.dylib\#/Applications/Xcode-27.0.0-Release.Candidate.app/Contents/Developer/Platforms/WatchOS.platform/Developer/usr/bin/swift-plugin-server\#FoundationMacros -load-resolved-plugin /Applications/Xcode-27.0.0-Release.Candidate.app/Contents/Developer/Platforms/WatchOS.platform/Developer/usr/lib/swift/host/plugins/libObservationMacros.dylib\#/Applications/Xcode-27.0.0-Release.Candidate.app/Contents/Developer/Platforms/WatchOS.platform/Developer/usr/bin/swift-plugin-server\#ObservationMacros -load-resolved-plugin /Applications/Xcode-27.0.0-Release.Candidate.app/Contents/Developer/Platforms/WatchOS.platform/Developer/usr/lib/swift/host/plugins/libSwiftMacros.dylib\#/Applications/Xcode-27.0.0-Release.Candidate.app/Contents/Developer/Platforms/WatchOS.platform/Developer/usr/bin/swift-plugin-server\#SwiftMacros -load-resolved-plugin /Applications/Xcode-27.0.0-Release.Candidate.app/Contents/Developer/Platforms/WatchOS.platform/Developer/usr/lib/swift/host/plugins/libSwiftUIMacros.dylib\#/Applications/Xcode-27.0.0-Release.Candidate.app/Contents/Developer/Platforms/WatchOS.platform/Developer/usr/bin/swift-plugin-server\#SwiftUIMacros -disable-implicit-swift-modules -Xcc -fno-implicit-modules -Xcc -fno-implicit-module-maps -explicit-swift-module-map-file /Users/admin/builder/spi-builder-workspace/.derivedData/Build/Intermediates.noindex/RSKPlaceholderTextView.build/Debug-watchos/RSKPlaceholderTextView-t.build/Objects-normal/arm64_32/RSKPlaceholderTextView-dependencies-1.json -enable-objc-interop -sdk /Applications/Xcode-27.0.0-Release.Candidate.app/Contents/Developer/Platforms/WatchOS.platform/Developer/SDKs/WatchOS27.0.sdk -I /Users/admin/builder/spi-builder-workspace/.derivedData/Build/Products/Debug-watchos -Isystem /Applications/Xcode-27.0.0-Release.Candidate.app/Contents/Developer/Platforms/WatchOS.platform/Developer/usr/lib -F /Users/admin/builder/spi-builder-workspace/.derivedData/Build/Products/Debug-watchos -F /Applications/Xcode-27.0.0-Release.Candidate.app/Contents/Developer/Platforms/WatchOS.platform/Developer/Library/Frameworks -F /Applications/Xcode-27.0.0-Release.Candidate.app/Contents/Developer/Platforms/WatchOS.platform/Developer/SDKs/WatchOS27.0.sdk/Developer/Library/Frameworks -module-cache-path /Users/admin/builder/spi-builder-workspace/.derivedData/Build/Intermediates.noindex/SwiftExplicitPrecompiledModules -no-color-diagnostics -Xcc -fno-color-diagnostics -enable-testing -g -debug-info-format\=dwarf -dwarf-version\=4 -suppress-warnings -profile-generate -profile-coverage-mapping -swift-version 5 -Onone -D SWIFT_PACKAGE -D DEBUG -D SWIFT_MODULE_RESOURCE_BUNDLE_UNAVAILABLE -D Xcode -serialize-debugging-options -enable-experimental-feature DebugDescriptionMacro -empty-abi-descriptor -validate-clang-modules-once -clang-build-session-file /Users/admin/builder/spi-builder-workspace/.derivedData/ModuleCache.noindex/Session.modulevalidation -Xcc -working-directory -Xcc /Users/admin/builder/spi-builder-workspace/.swiftpm/xcode -enable-anonymous-context-mangled-names -file-compilation-dir /Users/admin/builder/spi-builder-workspace/.swiftpm/xcode -Xcc -D_LIBCPP_HARDENING_MODE\=_LIBCPP_HARDENING_MODE_DEBUG -Xcc -ivfsstatcache -Xcc /Users/admin/builder/spi-builder-workspace/.derivedData/SDKStatCaches.noindex/watchos27.0-24R360-e829b21a6f8c9b70876ba0858053c04477534ef55a1706bf4c1112bbb242f0a2.sdkstatcache -Xcc -fmodules-prune-interval\=86400 -Xcc -fmodules-prune-after\=345600 -Xcc -I/Users/admin/builder/spi-builder-workspace/.derivedData/Build/Products/Debug-watchos/include -Xcc -I/Users/admin/builder/spi-builder-workspace/.derivedData/Build/Intermediates.noindex/RSKPlaceholderTextView.build/Debug-watchos/RSKPlaceholderTextView-t.build/DerivedSources-normal/arm64_32 -Xcc -I/Users/admin/builder/spi-builder-workspace/.derivedData/Build/Intermediates.noindex/RSKPlaceholderTextView.build/Debug-watchos/RSKPlaceholderTextView-t.build/DerivedSources/arm64_32 -Xcc -I/Users/admin/builder/spi-builder-workspace/.derivedData/Build/Intermediates.noindex/RSKPlaceholderTextView.build/Debug-watchos/RSKPlaceholderTextView-t.build/DerivedSources -Xcc -DSWIFT_PACKAGE -Xcc -DDEBUG\=1 -no-auto-bridging-header-chaining -module-name RSKPlaceholderTextView -const-gather-protocols-file /Users/admin/builder/spi-builder-workspace/.derivedData/Build/Intermediates.noindex/RSKPlaceholderTextView.build/Debug-watchos/RSKPlaceholderTextView-t.build/Objects-normal/arm64_32/RSKPlaceholderTextView_const_extract_protocols.json -disable-clang-spi -clang-target arm64_32-apple-watchos27.0 -target-sdk-version 27.0 -target-sdk-name watchos27.0 -in-process-plugin-server-path /Applications/Xcode-27.0.0-Release.Candidate.app/Contents/Developer/Toolchains/XcodeDefault.xctoolchain/usr/lib/swift/host/libSwiftInProcPluginServer.dylib -emit-module-doc-path /Users/admin/builder/spi-builder-workspace/.derivedData/Build/Intermediates.noindex/RSKPlaceholderTextView.build/Debug-watchos/RSKPlaceholderTextView-t.build/Objects-normal/arm64_32/RSKPlaceholderTextView.swiftdoc -emit-module-source-info-path /Users/admin/builder/spi-builder-workspace/.derivedData/Build/Intermediates.noindex/RSKPlaceholderTextView.build/Debug-watchos/RSKPlaceholderTextView-t.build/Objects-normal/arm64_32/RSKPlaceholderTextView.swiftsourceinfo -emit-objc-header-path /Users/admin/builder/spi-builder-workspace/.derivedData/Build/Intermediates.noindex/RSKPlaceholderTextView.build/Debug-watchos/RSKPlaceholderTextView-t.build/Objects-normal/arm64_32/RSKPlaceholderTextView-Swift.h -serialize-diagnostics-path /Users/admin/builder/spi-builder-workspace/.derivedData/Build/Intermediates.noindex/RSKPlaceholderTextView.build/Debug-watchos/RSKPlaceholderTextView-t.build/Objects-normal/arm64_32/RSKPlaceholderTextView-primary-emit-module.dia -emit-dependencies-path /Users/admin/builder/spi-builder-workspace/.derivedData/Build/Intermediates.noindex/RSKPlaceholderTextView.build/Debug-watchos/RSKPlaceholderTextView-t.build/Objects-normal/arm64_32/RSKPlaceholderTextView-primary-emit-module.d -parse-as-library -o /Users/admin/builder/spi-builder-workspace/.derivedData/Build/Intermediates.noindex/RSKPlaceholderTextView.build/Debug-watchos/RSKPlaceholderTextView-t.build/Objects-normal/arm64_32/RSKPlaceholderTextView.swiftmodule -emit-abi-descriptor-path /Users/admin/builder/spi-builder-workspace/.derivedData/Build/Intermediates.noindex/RSKPlaceholderTextView.build/Debug-watchos/RSKPlaceholderTextView-t.build/Objects-normal/arm64_32/RSKPlaceholderTextView.abi.json
SwiftCompile normal arm64_32 (in target 'RSKPlaceholderTextView' from project 'RSKPlaceholderTextView')
    cd /Users/admin/builder/spi-builder-workspace/.swiftpm/xcode

SwiftDriver IQKeyboardManagerSwift normal arm64 com.apple.xcode.tools.swift.compiler (in target 'IQKeyboardManagerSwift' from project 'IQKeyboardManagerSwift')
    cd /Users/admin/builder/spi-builder-workspace/.swiftpm/xcode
    builtin-SwiftDriver -- /Applications/Xcode-27.0.0-Release.Candidate.app/Contents/Developer/Toolchains/XcodeDefault.xctoolchain/usr/bin/swiftc -parse-as-library -module-name IQKeyboardManagerSwift -Onone @/Users/admin/builder/spi-builder-workspace/.derivedData/Build/Intermediates.noindex/IQKeyboardManagerSwift.build/Debug-watchos/IQKeyboardManagerSwift-t.build/Objects-normal/arm64/IQKeyboardManagerSwift.SwiftFileList -DSWIFT_PACKAGE -DDEBUG -DSWIFT_MODULE_RESOURCE_BUNDLE_UNAVAILABLE -DXcode -plugin-path /Applications/Xcode-27.0.0-Release.Candidate.app/Contents/Developer/Toolchains/XcodeDefault.xctoolchain/usr/lib/swift/host/plugins/testing -enable-experimental-feature DebugDescriptionMacro -sdk /Applications/Xcode-27.0.0-Release.Candidate.app/Contents/Developer/Platforms/WatchOS.platform/Developer/SDKs/WatchOS27.0.sdk -target arm64-apple-watchos9.0 -g -module-cache-path /Users/admin/builder/spi-builder-workspace/.derivedData/ModuleCache.noindex -Xfrontend -serialize-debugging-options -profile-coverage-mapping -profile-generate -enable-testing -suppress-warnings -index-store-path /Users/admin/builder/spi-builder-workspace/.derivedData/Index.noindex/DataStore -Xcc -D_LIBCPP_HARDENING_MODE\=_LIBCPP_HARDENING_MODE_DEBUG -swift-version 5 -I /Users/admin/builder/spi-builder-workspace/.derivedData/Build/Products/Debug-watchos -Isystem /Applications/Xcode-27.0.0-Release.Candidate.app/Contents/Developer/Platforms/WatchOS.platform/Developer/usr/lib -F /Users/admin/builder/spi-builder-workspace/.derivedData/Build/Products/Debug-watchos -F /Applications/Xcode-27.0.0-Release.Candidate.app/Contents/Developer/Platforms/WatchOS.platform/Developer/Library/Frameworks -F /Applications/Xcode-27.0.0-Release.Candidate.app/Contents/Developer/Platforms/WatchOS.platform/Developer/SDKs/WatchOS27.0.sdk/Developer/Library/Frameworks -c -j10 -enable-batch-mode -incremental -Xcc -ivfsstatcache -Xcc /Users/admin/builder/spi-builder-workspace/.derivedData/SDKStatCaches.noindex/watchos27.0-24R360-e829b21a6f8c9b70876ba0858053c04477534ef55a1706bf4c1112bbb242f0a2.sdkstatcache -output-file-map /Users/admin/builder/spi-builder-workspace/.derivedData/Build/Intermediates.noindex/IQKeyboardManagerSwift.build/Debug-watchos/IQKeyboardManagerSwift-t.build/Objects-normal/arm64/IQKeyboardManagerSwift-OutputFileMap.json -save-temps -no-color-diagnostics -explicit-module-build -module-cache-path /Users/admin/builder/spi-builder-workspace/.derivedData/Build/Intermediates.noindex/SwiftExplicitPrecompiledModules -clang-scanner-module-cache-path /Users/admin/builder/spi-builder-workspace/.derivedData/ModuleCache.noindex -sdk-module-cache-path /Users/admin/builder/spi-builder-workspace/.derivedData/SDKExplicitPrecompiledModules -emit-dependencies -emit-module -emit-module-path /Users/admin/builder/spi-builder-workspace/.derivedData/Build/Intermediates.noindex/IQKeyboardManagerSwift.build/Debug-watchos/IQKeyboardManagerSwift-t.build/Objects-normal/arm64/IQKeyboardManagerSwift.swiftmodule -serialize-diagnostics -dependency-scan-serialize-diagnostics-path /Users/admin/builder/spi-builder-workspace/.derivedData/Build/Intermediates.noindex/IQKeyboardManagerSwift.build/Debug-watchos/IQKeyboardManagerSwift-t.build/Objects-normal/arm64/IQKeyboardManagerSwift-dependency-scan.dia -validate-clang-modules-once -clang-build-session-file /Users/admin/builder/spi-builder-workspace/.derivedData/ModuleCache.noindex/Session.modulevalidation -Xcc -fmodules-prune-interval\=86400 -Xcc -fmodules-prune-after\=345600 -emit-const-values -const-gather-protocols-list /Users/admin/builder/spi-builder-workspace/.derivedData/Build/Intermediates.noindex/IQKeyboardManagerSwift.build/Debug-watchos/IQKeyboardManagerSwift-t.build/Objects-normal/arm64/IQKeyboardManagerSwift_const_extract_protocols.json -Xcc -I/Users/admin/builder/spi-builder-workspace/.derivedData/Build/Products/Debug-watchos/include -Xcc -I/Users/admin/builder/spi-builder-workspace/.derivedData/Build/Intermediates.noindex/IQKeyboardManagerSwift.build/Debug-watchos/IQKeyboardManagerSwift-t.build/DerivedSources-normal/arm64 -Xcc -I/Users/admin/builder/spi-builder-workspace/.derivedData/Build/Intermediates.noindex/IQKeyboardManagerSwift.build/Debug-watchos/IQKeyboardManagerSwift-t.build/DerivedSources/arm64 -Xcc -I/Users/admin/builder/spi-builder-workspace/.derivedData/Build/Intermediates.noindex/IQKeyboardManagerSwift.build/Debug-watchos/IQKeyboardManagerSwift-t.build/DerivedSources -Xcc -DSWIFT_PACKAGE -Xcc -DDEBUG\=1 -emit-objc-header -emit-objc-header-path /Users/admin/builder/spi-builder-workspace/.derivedData/Build/Intermediates.noindex/IQKeyboardManagerSwift.build/Debug-watchos/IQKeyboardManagerSwift-t.build/Objects-normal/arm64/IQKeyboardManagerSwift-Swift.h -working-directory /Users/admin/builder/spi-builder-workspace/.swiftpm/xcode -experimental-emit-module-separately -disable-cmo
SwiftDriver IQKeyboardManagerSwift normal arm64_32 com.apple.xcode.tools.swift.compiler (in target 'IQKeyboardManagerSwift' from project 'IQKeyboardManagerSwift')
    cd /Users/admin/builder/spi-builder-workspace/.swiftpm/xcode
    builtin-SwiftDriver -- /Applications/Xcode-27.0.0-Release.Candidate.app/Contents/Developer/Toolchains/XcodeDefault.xctoolchain/usr/bin/swiftc -parse-as-library -module-name IQKeyboardManagerSwift -Onone @/Users/admin/builder/spi-builder-workspace/.derivedData/Build/Intermediates.noindex/IQKeyboardManagerSwift.build/Debug-watchos/IQKeyboardManagerSwift-t.build/Objects-normal/arm64_32/IQKeyboardManagerSwift.SwiftFileList -DSWIFT_PACKAGE -DDEBUG -DSWIFT_MODULE_RESOURCE_BUNDLE_UNAVAILABLE -DXcode -plugin-path /Applications/Xcode-27.0.0-Release.Candidate.app/Contents/Developer/Toolchains/XcodeDefault.xctoolchain/usr/lib/swift/host/plugins/testing -enable-experimental-feature DebugDescriptionMacro -sdk /Applications/Xcode-27.0.0-Release.Candidate.app/Contents/Developer/Platforms/WatchOS.platform/Developer/SDKs/WatchOS27.0.sdk -target arm64_32-apple-watchos9.0 -g -module-cache-path /Users/admin/builder/spi-builder-workspace/.derivedData/ModuleCache.noindex -Xfrontend -serialize-debugging-options -profile-coverage-mapping -profile-generate -enable-testing -suppress-warnings -index-store-path /Users/admin/builder/spi-builder-workspace/.derivedData/Index.noindex/DataStore -Xcc -D_LIBCPP_HARDENING_MODE\=_LIBCPP_HARDENING_MODE_DEBUG -swift-version 5 -I /Users/admin/builder/spi-builder-workspace/.derivedData/Build/Products/Debug-watchos -Isystem /Applications/Xcode-27.0.0-Release.Candidate.app/Contents/Developer/Platforms/WatchOS.platform/Developer/usr/lib -F /Users/admin/builder/spi-builder-workspace/.derivedData/Build/Products/Debug-watchos -F /Applications/Xcode-27.0.0-Release.Candidate.app/Contents/Developer/Platforms/WatchOS.platform/Developer/Library/Frameworks -F /Applications/Xcode-27.0.0-Release.Candidate.app/Contents/Developer/Platforms/WatchOS.platform/Developer/SDKs/WatchOS27.0.sdk/Developer/Library/Frameworks -c -j10 -enable-batch-mode -incremental -Xcc -ivfsstatcache -Xcc /Users/admin/builder/spi-builder-workspace/.derivedData/SDKStatCaches.noindex/watchos27.0-24R360-e829b21a6f8c9b70876ba0858053c04477534ef55a1706bf4c1112bbb242f0a2.sdkstatcache -output-file-map /Users/admin/builder/spi-builder-workspace/.derivedData/Build/Intermediates.noindex/IQKeyboardManagerSwift.build/Debug-watchos/IQKeyboardManagerSwift-t.build/Objects-normal/arm64_32/IQKeyboardManagerSwift-OutputFileMap.json -save-temps -no-color-diagnostics -explicit-module-build -module-cache-path /Users/admin/builder/spi-builder-workspace/.derivedData/Build/Intermediates.noindex/SwiftExplicitPrecompiledModules -clang-scanner-module-cache-path /Users/admin/builder/spi-builder-workspace/.derivedData/ModuleCache.noindex -sdk-module-cache-path /Users/admin/builder/spi-builder-workspace/.derivedData/SDKExplicitPrecompiledModules -emit-dependencies -emit-module -emit-module-path /Users/admin/builder/spi-builder-workspace/.derivedData/Build/Intermediates.noindex/IQKeyboardManagerSwift.build/Debug-watchos/IQKeyboardManagerSwift-t.build/Objects-normal/arm64_32/IQKeyboardManagerSwift.swiftmodule -serialize-diagnostics -dependency-scan-serialize-diagnostics-path /Users/admin/builder/spi-builder-workspace/.derivedData/Build/Intermediates.noindex/IQKeyboardManagerSwift.build/Debug-watchos/IQKeyboardManagerSwift-t.build/Objects-normal/arm64_32/IQKeyboardManagerSwift-dependency-scan.dia -validate-clang-modules-once -clang-build-session-file /Users/admin/builder/spi-builder-workspace/.derivedData/ModuleCache.noindex/Session.modulevalidation -Xcc -fmodules-prune-interval\=86400 -Xcc -fmodules-prune-after\=345600 -emit-const-values -const-gather-protocols-list /Users/admin/builder/spi-builder-workspace/.derivedData/Build/Intermediates.noindex/IQKeyboardManagerSwift.build/Debug-watchos/IQKeyboardManagerSwift-t.build/Objects-normal/arm64_32/IQKeyboardManagerSwift_const_extract_protocols.json -Xcc -I/Users/admin/builder/spi-builder-workspace/.derivedData/Build/Products/Debug-watchos/include -Xcc -I/Users/admin/builder/spi-builder-workspace/.derivedData/Build/Intermediates.noindex/IQKeyboardManagerSwift.build/Debug-watchos/IQKeyboardManagerSwift-t.build/DerivedSources-normal/arm64_32 -Xcc -I/Users/admin/builder/spi-builder-workspace/.derivedData/Build/Intermediates.noindex/IQKeyboardManagerSwift.build/Debug-watchos/IQKeyboardManagerSwift-t.build/DerivedSources/arm64_32 -Xcc -I/Users/admin/builder/spi-builder-workspace/.derivedData/Build/Intermediates.noindex/IQKeyboardManagerSwift.build/Debug-watchos/IQKeyboardManagerSwift-t.build/DerivedSources -Xcc -DSWIFT_PACKAGE -Xcc -DDEBUG\=1 -emit-objc-header -emit-objc-header-path /Users/admin/builder/spi-builder-workspace/.derivedData/Build/Intermediates.noindex/IQKeyboardManagerSwift.build/Debug-watchos/IQKeyboardManagerSwift-t.build/Objects-normal/arm64_32/IQKeyboardManagerSwift-Swift.h -working-directory /Users/admin/builder/spi-builder-workspace/.swiftpm/xcode -experimental-emit-module-separately -disable-cmo
SwiftEmitModule normal arm64_32 Emitting\ module\ for\ SnapKit (in target 'SnapKit' from project 'SnapKit')
SwiftCompile normal arm64_32 (in target 'SnapKit' from project 'SnapKit')
    cd /Users/admin/builder/spi-builder-workspace/.swiftpm/xcode

SwiftEmitModule normal arm64 Emitting\ module\ for\ SnapKit (in target 'SnapKit' from project 'SnapKit')
SwiftCompile normal arm64 (in target 'SnapKit' from project 'SnapKit')
    cd /Users/admin/builder/spi-builder-workspace/.swiftpm/xcode

SwiftEmitModule normal arm64 Emitting\ module\ for\ ReactiveSwift (in target 'ReactiveSwift' from project 'ReactiveSwift')
SwiftCompile normal arm64 (in target 'ReactiveSwift' from project 'ReactiveSwift')
    cd /Users/admin/builder/spi-builder-workspace/.swiftpm/xcode

PruneExplicitPrecompiledModules /Users/admin/builder/spi-builder-workspace/.derivedData/Build/Intermediates.noindex/ExplicitPrecompiledModules
PruneExplicitPrecompiledModules /Users/admin/builder/spi-builder-workspace/.derivedData/SDKExplicitPrecompiledModules
PruneExplicitPrecompiledModules /Users/admin/builder/spi-builder-workspace/.derivedData/Build/Intermediates.noindex/SwiftExplicitPrecompiledModules
2026-09-21 21:44:35.857 xcodebuild[1874:9660] [MT] IDERunDestination: Supported platforms for the buildables in the current scheme is empty.
2026-09-21 21:44:35.956 xcodebuild[1874:9660] [MT] IDERunDestination: Supported platforms for the buildables in the current scheme is empty.
** BUILD FAILED **
The following build commands failed:
	SwiftEmitModule normal arm64 Emitting\ module\ for\ RSKPlaceholderTextView (in target 'RSKPlaceholderTextView' from project 'RSKPlaceholderTextView')
	SwiftCompile normal arm64 (in target 'RSKPlaceholderTextView' from project 'RSKPlaceholderTextView')
	SwiftEmitModule normal arm64_32 Emitting\ module\ for\ RSKPlaceholderTextView (in target 'RSKPlaceholderTextView' from project 'RSKPlaceholderTextView')
	SwiftCompile normal arm64_32 (in target 'RSKPlaceholderTextView' from project 'RSKPlaceholderTextView')
	Building workspace MoneyMaker with scheme MoneyMaker
(5 failures)
BUILD FAILURE 6.4 watchOS