Build Information
Failed to build elementary-components, reference 1.0.1 (03519c), with Swift 6.4 for visionOS using Xcode 27.0 on 23 Sep 2026 13:33:02 UTC.
Build Command
env DEVELOPER_DIR=/Applications/Xcode-27.0.0-Release.Candidate.app xcrun xcodebuild -IDEClonedSourcePackagesDirPathOverride=$PWD/.dependencies -skipMacroValidation -skipPackagePluginValidation -derivedDataPath $PWD/.derivedData build -scheme elementary-components -destination generic/platform=xrOSBuild Log
"schemes" : [
"elementary-components"
]
}
}
2026-09-23 09:32:49.651 xcodebuild[659:3970] [MT] IDERunDestination: Supported platforms for the buildables in the current scheme is empty.
Running build ...
env DEVELOPER_DIR=/Applications/Xcode-27.0.0-Release.Candidate.app xcrun xcodebuild -IDEClonedSourcePackagesDirPathOverride=$PWD/.dependencies -skipMacroValidation -skipPackagePluginValidation -derivedDataPath $PWD/.derivedData build -scheme elementary-components -destination generic/platform=xrOS
Command line invocation:
/Applications/Xcode-27.0.0-Release.Candidate.app/Contents/Developer/usr/bin/xcodebuild -IDEClonedSourcePackagesDirPathOverride=/Users/admin/builder/spi-builder-workspace/.dependencies -skipMacroValidation -skipPackagePluginValidation -derivedDataPath /Users/admin/builder/spi-builder-workspace/.derivedData build -scheme elementary-components -destination generic/platform=xrOS
Resolve Package Graph
Resolve Package Graph
Resolved source packages:
elementary: https://github.com/elementary-swift/elementary.git @ 0.8.1
elementary-components: /Users/admin/builder/spi-builder-workspace
ComputePackagePrebuildTargetDependencyGraph
Prepare packages
CreateBuildRequest
SendProjectDescription
CreateBuildOperation
ComputeTargetDependencyGraph
note: Building targets in dependency order
note: Target dependency graph (4 targets)
Target 'ElementaryShoelace-product' in project 'elementary-components'
➜ Explicit dependency on target 'ElementaryShoelace' in project 'elementary-components'
➜ Explicit dependency on target 'Elementary-product' in project 'elementary'
Target 'ElementaryShoelace' in project 'elementary-components'
➜ Explicit dependency on target 'Elementary-product' in project 'elementary'
Target 'Elementary-product' in project 'elementary'
➜ Explicit dependency on target 'Elementary' in project 'elementary'
Target 'Elementary' in project 'elementary' (no dependencies)
GatherProvisioningInputs
CreateBuildDescription
ExecuteExternalTool /Applications/Xcode-27.0.0-Release.Candidate.app/Contents/Developer/Toolchains/XcodeDefault.xctoolchain/usr/bin/clang -v -E -dM -isysroot /Applications/Xcode-27.0.0-Release.Candidate.app/Contents/Developer/Platforms/XROS.platform/Developer/SDKs/XROS27.0.sdk -x c -c /dev/null
ExecuteExternalTool /Applications/Xcode-27.0.0-Release.Candidate.app/Contents/Developer/Toolchains/XcodeDefault.xctoolchain/usr/bin/swiftc --version
ExecuteExternalTool /Applications/Xcode-27.0.0-Release.Candidate.app/Contents/Developer/Toolchains/XcodeDefault.xctoolchain/usr/bin/ld -version_details
Build description signature: b5dcc8d97520ba397e3d006a857879ca
Build description path: /Users/admin/builder/spi-builder-workspace/.derivedData/Build/Intermediates.noindex/XCBuildData/b5dcc8d97520ba397e3d006a857879ca.xcbuilddata
CreateBuildDirectory /Users/admin/builder/spi-builder-workspace/.derivedData/ModuleCache.noindex
cd /Users/admin/builder/spi-builder-workspace/.swiftpm/xcode
builtin-create-build-directory /Users/admin/builder/spi-builder-workspace/.derivedData/ModuleCache.noindex
CreateBuildDirectory /Users/admin/builder/spi-builder-workspace/.derivedData/SDKExplicitPrecompiledModules
cd /Users/admin/builder/spi-builder-workspace/.swiftpm/xcode
builtin-create-build-directory /Users/admin/builder/spi-builder-workspace/.derivedData/SDKExplicitPrecompiledModules
CreateBuildDirectory /Users/admin/builder/spi-builder-workspace/.derivedData/CompilationCache.noindex
cd /Users/admin/builder/spi-builder-workspace/.swiftpm/xcode
builtin-create-build-directory /Users/admin/builder/spi-builder-workspace/.derivedData/CompilationCache.noindex
ClangStatCache /Applications/Xcode-27.0.0-Release.Candidate.app/Contents/Developer/Toolchains/XcodeDefault.xctoolchain/usr/bin/clang-stat-cache /Applications/Xcode-27.0.0-Release.Candidate.app/Contents/Developer/Platforms/XROS.platform/Developer/SDKs/XROS27.0.sdk /Users/admin/builder/spi-builder-workspace/.derivedData/SDKStatCaches.noindex/xros27.0-24M361-e829b21a6f8c9b70876ba0858053c044735bd543db762f57723cac368afd1ce4.sdkstatcache
cd /Users/admin/builder/spi-builder-workspace/.swiftpm/xcode
/Applications/Xcode-27.0.0-Release.Candidate.app/Contents/Developer/Toolchains/XcodeDefault.xctoolchain/usr/bin/clang-stat-cache /Applications/Xcode-27.0.0-Release.Candidate.app/Contents/Developer/Platforms/XROS.platform/Developer/SDKs/XROS27.0.sdk -o /Users/admin/builder/spi-builder-workspace/.derivedData/SDKStatCaches.noindex/xros27.0-24M361-e829b21a6f8c9b70876ba0858053c044735bd543db762f57723cac368afd1ce4.sdkstatcache
CreateBuildDirectory /Users/admin/builder/spi-builder-workspace/.derivedData/Build/Products
cd /Users/admin/builder/spi-builder-workspace/.swiftpm/xcode
builtin-create-build-directory /Users/admin/builder/spi-builder-workspace/.derivedData/Build/Products
CreateBuildDirectory /Users/admin/builder/spi-builder-workspace/.derivedData/Build/Intermediates.noindex
cd /Users/admin/builder/spi-builder-workspace/.swiftpm/xcode
builtin-create-build-directory /Users/admin/builder/spi-builder-workspace/.derivedData/Build/Intermediates.noindex
CreateBuildDirectory /Users/admin/builder/spi-builder-workspace/.derivedData/Build/Intermediates.noindex/SwiftExplicitPrecompiledModules
cd /Users/admin/builder/spi-builder-workspace/.swiftpm/xcode
builtin-create-build-directory /Users/admin/builder/spi-builder-workspace/.derivedData/Build/Intermediates.noindex/SwiftExplicitPrecompiledModules
CreateBuildDirectory /Users/admin/builder/spi-builder-workspace/.derivedData/Build/Intermediates.noindex/PrecompiledHeaders
cd /Users/admin/builder/spi-builder-workspace/.swiftpm/xcode
builtin-create-build-directory /Users/admin/builder/spi-builder-workspace/.derivedData/Build/Intermediates.noindex/PrecompiledHeaders
CreateBuildDirectory /Users/admin/builder/spi-builder-workspace/.derivedData/Build/Products/Debug-xros
cd /Users/admin/builder/spi-builder-workspace/.swiftpm/xcode
builtin-create-build-directory /Users/admin/builder/spi-builder-workspace/.derivedData/Build/Products/Debug-xros
CreateBuildDirectory /Users/admin/builder/spi-builder-workspace/.derivedData/Build/Intermediates.noindex/ExplicitPrecompiledModules
cd /Users/admin/builder/spi-builder-workspace/.swiftpm/xcode
builtin-create-build-directory /Users/admin/builder/spi-builder-workspace/.derivedData/Build/Intermediates.noindex/ExplicitPrecompiledModules
CreateBuildDirectory /Users/admin/builder/spi-builder-workspace/.derivedData/Build/Intermediates.noindex/EagerLinkingTBDs/Debug-xros
cd /Users/admin/builder/spi-builder-workspace/.swiftpm/xcode
builtin-create-build-directory /Users/admin/builder/spi-builder-workspace/.derivedData/Build/Intermediates.noindex/EagerLinkingTBDs/Debug-xros
CreateBuildDirectory /Users/admin/builder/spi-builder-workspace/.derivedData/Build/Products/Debug-xros/PackageFrameworks
cd /Users/admin/builder/spi-builder-workspace/.swiftpm/xcode
builtin-create-build-directory /Users/admin/builder/spi-builder-workspace/.derivedData/Build/Products/Debug-xros/PackageFrameworks
WriteAuxiliaryFile /Users/admin/builder/spi-builder-workspace/.derivedData/Build/Intermediates.noindex/elementary.build/Debug-xros/Elementary-t.build/Objects-normal/arm64/Elementary_const_extract_protocols.json (in target 'Elementary' from project 'elementary')
cd /Users/admin/builder/spi-builder-workspace/.dependencies/checkouts/elementary
write-file /Users/admin/builder/spi-builder-workspace/.derivedData/Build/Intermediates.noindex/elementary.build/Debug-xros/Elementary-t.build/Objects-normal/arm64/Elementary_const_extract_protocols.json
WriteAuxiliaryFile /Users/admin/builder/spi-builder-workspace/.derivedData/Build/Intermediates.noindex/elementary.build/Debug-xros/Elementary-t.build/Objects-normal/arm64/Elementary-OutputFileMap.json (in target 'Elementary' from project 'elementary')
cd /Users/admin/builder/spi-builder-workspace/.dependencies/checkouts/elementary
write-file /Users/admin/builder/spi-builder-workspace/.derivedData/Build/Intermediates.noindex/elementary.build/Debug-xros/Elementary-t.build/Objects-normal/arm64/Elementary-OutputFileMap.json
WriteAuxiliaryFile /Users/admin/builder/spi-builder-workspace/.derivedData/Build/Intermediates.noindex/elementary.build/Debug-xros/Elementary-t.build/Objects-normal/arm64/Elementary.SwiftFileList (in target 'Elementary' from project 'elementary')
cd /Users/admin/builder/spi-builder-workspace/.dependencies/checkouts/elementary
write-file /Users/admin/builder/spi-builder-workspace/.derivedData/Build/Intermediates.noindex/elementary.build/Debug-xros/Elementary-t.build/Objects-normal/arm64/Elementary.SwiftFileList
WriteAuxiliaryFile /Users/admin/builder/spi-builder-workspace/.derivedData/Build/Intermediates.noindex/elementary.build/Debug-xros/Elementary-t.build/Objects-normal/arm64/Elementary.LinkFileList (in target 'Elementary' from project 'elementary')
cd /Users/admin/builder/spi-builder-workspace/.dependencies/checkouts/elementary
write-file /Users/admin/builder/spi-builder-workspace/.derivedData/Build/Intermediates.noindex/elementary.build/Debug-xros/Elementary-t.build/Objects-normal/arm64/Elementary.LinkFileList
WriteAuxiliaryFile /Users/admin/builder/spi-builder-workspace/.derivedData/Build/Intermediates.noindex/elementary.build/Debug-xros/Elementary-t.build/Objects-normal/arm64/Elementary.SwiftConstValuesFileList (in target 'Elementary' from project 'elementary')
cd /Users/admin/builder/spi-builder-workspace/.dependencies/checkouts/elementary
write-file /Users/admin/builder/spi-builder-workspace/.derivedData/Build/Intermediates.noindex/elementary.build/Debug-xros/Elementary-t.build/Objects-normal/arm64/Elementary.SwiftConstValuesFileList
WriteAuxiliaryFile /Users/admin/builder/spi-builder-workspace/.derivedData/Build/Intermediates.noindex/elementary-components.build/Debug-xros/ElementaryShoelace-t.build/Objects-normal/arm64/ElementaryShoelace_const_extract_protocols.json (in target 'ElementaryShoelace' from project 'elementary-components')
cd /Users/admin/builder/spi-builder-workspace
write-file /Users/admin/builder/spi-builder-workspace/.derivedData/Build/Intermediates.noindex/elementary-components.build/Debug-xros/ElementaryShoelace-t.build/Objects-normal/arm64/ElementaryShoelace_const_extract_protocols.json
WriteAuxiliaryFile /Users/admin/builder/spi-builder-workspace/.derivedData/Build/Intermediates.noindex/elementary-components.build/Debug-xros/ElementaryShoelace-t.build/Objects-normal/arm64/ElementaryShoelace.SwiftFileList (in target 'ElementaryShoelace' from project 'elementary-components')
cd /Users/admin/builder/spi-builder-workspace
write-file /Users/admin/builder/spi-builder-workspace/.derivedData/Build/Intermediates.noindex/elementary-components.build/Debug-xros/ElementaryShoelace-t.build/Objects-normal/arm64/ElementaryShoelace.SwiftFileList
WriteAuxiliaryFile /Users/admin/builder/spi-builder-workspace/.derivedData/Build/Intermediates.noindex/elementary-components.build/Debug-xros/ElementaryShoelace-t.build/Objects-normal/arm64/ElementaryShoelace.SwiftConstValuesFileList (in target 'ElementaryShoelace' from project 'elementary-components')
cd /Users/admin/builder/spi-builder-workspace
write-file /Users/admin/builder/spi-builder-workspace/.derivedData/Build/Intermediates.noindex/elementary-components.build/Debug-xros/ElementaryShoelace-t.build/Objects-normal/arm64/ElementaryShoelace.SwiftConstValuesFileList
WriteAuxiliaryFile /Users/admin/builder/spi-builder-workspace/.derivedData/Build/Intermediates.noindex/elementary-components.build/Debug-xros/ElementaryShoelace-t.build/Objects-normal/arm64/ElementaryShoelace.LinkFileList (in target 'ElementaryShoelace' from project 'elementary-components')
cd /Users/admin/builder/spi-builder-workspace
write-file /Users/admin/builder/spi-builder-workspace/.derivedData/Build/Intermediates.noindex/elementary-components.build/Debug-xros/ElementaryShoelace-t.build/Objects-normal/arm64/ElementaryShoelace.LinkFileList
WriteAuxiliaryFile /Users/admin/builder/spi-builder-workspace/.derivedData/Build/Intermediates.noindex/elementary-components.build/Debug-xros/ElementaryShoelace-t.build/Objects-normal/arm64/ElementaryShoelace-OutputFileMap.json (in target 'ElementaryShoelace' from project 'elementary-components')
cd /Users/admin/builder/spi-builder-workspace
write-file /Users/admin/builder/spi-builder-workspace/.derivedData/Build/Intermediates.noindex/elementary-components.build/Debug-xros/ElementaryShoelace-t.build/Objects-normal/arm64/ElementaryShoelace-OutputFileMap.json
WriteAuxiliaryFile /Users/admin/builder/spi-builder-workspace/.derivedData/Build/Intermediates.noindex/elementary-components.build/Debug-xros/ElementaryShoelace-t.build/ElementaryShoelace.modulemap (in target 'ElementaryShoelace' from project 'elementary-components')
cd /Users/admin/builder/spi-builder-workspace
write-file /Users/admin/builder/spi-builder-workspace/.derivedData/Build/Intermediates.noindex/elementary-components.build/Debug-xros/ElementaryShoelace-t.build/ElementaryShoelace.modulemap
WriteAuxiliaryFile /Users/admin/builder/spi-builder-workspace/.derivedData/Build/Intermediates.noindex/elementary-components.build/Debug-xros/ElementaryShoelace-t.build/ElementaryShoelace.DependencyStaticMetadataFileList (in target 'ElementaryShoelace' from project 'elementary-components')
cd /Users/admin/builder/spi-builder-workspace
write-file /Users/admin/builder/spi-builder-workspace/.derivedData/Build/Intermediates.noindex/elementary-components.build/Debug-xros/ElementaryShoelace-t.build/ElementaryShoelace.DependencyStaticMetadataFileList
WriteAuxiliaryFile /Users/admin/builder/spi-builder-workspace/.derivedData/Build/Intermediates.noindex/elementary-components.build/Debug-xros/ElementaryShoelace-t.build/ElementaryShoelace.DependencyMetadataFileList (in target 'ElementaryShoelace' from project 'elementary-components')
cd /Users/admin/builder/spi-builder-workspace
write-file /Users/admin/builder/spi-builder-workspace/.derivedData/Build/Intermediates.noindex/elementary-components.build/Debug-xros/ElementaryShoelace-t.build/ElementaryShoelace.DependencyMetadataFileList
WriteAuxiliaryFile /Users/admin/builder/spi-builder-workspace/.derivedData/Build/Intermediates.noindex/elementary.build/Debug-xros/Elementary-t.build/Elementary.modulemap (in target 'Elementary' from project 'elementary')
cd /Users/admin/builder/spi-builder-workspace/.dependencies/checkouts/elementary
write-file /Users/admin/builder/spi-builder-workspace/.derivedData/Build/Intermediates.noindex/elementary.build/Debug-xros/Elementary-t.build/Elementary.modulemap
WriteAuxiliaryFile /Users/admin/builder/spi-builder-workspace/.derivedData/Build/Intermediates.noindex/elementary.build/Debug-xros/Elementary-t.build/Elementary.DependencyMetadataFileList (in target 'Elementary' from project 'elementary')
cd /Users/admin/builder/spi-builder-workspace/.dependencies/checkouts/elementary
write-file /Users/admin/builder/spi-builder-workspace/.derivedData/Build/Intermediates.noindex/elementary.build/Debug-xros/Elementary-t.build/Elementary.DependencyMetadataFileList
WriteAuxiliaryFile /Users/admin/builder/spi-builder-workspace/.derivedData/Build/Intermediates.noindex/elementary.build/Debug-xros/Elementary-t.build/Elementary.DependencyStaticMetadataFileList (in target 'Elementary' from project 'elementary')
cd /Users/admin/builder/spi-builder-workspace/.dependencies/checkouts/elementary
write-file /Users/admin/builder/spi-builder-workspace/.derivedData/Build/Intermediates.noindex/elementary.build/Debug-xros/Elementary-t.build/Elementary.DependencyStaticMetadataFileList
Copy /Users/admin/builder/spi-builder-workspace/.derivedData/Build/Intermediates.noindex/GeneratedModuleMaps-xros/Elementary.modulemap /Users/admin/builder/spi-builder-workspace/.derivedData/Build/Intermediates.noindex/elementary.build/Debug-xros/Elementary-t.build/Elementary.modulemap (in target 'Elementary' from project 'elementary')
cd /Users/admin/builder/spi-builder-workspace/.dependencies/checkouts/elementary
builtin-copy -exclude .DS_Store -exclude CVS -exclude .svn -exclude .git -exclude .hg -resolve-src-symlinks /Users/admin/builder/spi-builder-workspace/.derivedData/Build/Intermediates.noindex/elementary.build/Debug-xros/Elementary-t.build/Elementary.modulemap /Users/admin/builder/spi-builder-workspace/.derivedData/Build/Intermediates.noindex/GeneratedModuleMaps-xros
Copy /Users/admin/builder/spi-builder-workspace/.derivedData/Build/Intermediates.noindex/GeneratedModuleMaps-xros/ElementaryShoelace.modulemap /Users/admin/builder/spi-builder-workspace/.derivedData/Build/Intermediates.noindex/elementary-components.build/Debug-xros/ElementaryShoelace-t.build/ElementaryShoelace.modulemap (in target 'ElementaryShoelace' from project 'elementary-components')
cd /Users/admin/builder/spi-builder-workspace
builtin-copy -exclude .DS_Store -exclude CVS -exclude .svn -exclude .git -exclude .hg -resolve-src-symlinks /Users/admin/builder/spi-builder-workspace/.derivedData/Build/Intermediates.noindex/elementary-components.build/Debug-xros/ElementaryShoelace-t.build/ElementaryShoelace.modulemap /Users/admin/builder/spi-builder-workspace/.derivedData/Build/Intermediates.noindex/GeneratedModuleMaps-xros
SwiftDriver Elementary normal arm64 com.apple.xcode.tools.swift.compiler (in target 'Elementary' from project 'elementary')
cd /Users/admin/builder/spi-builder-workspace/.swiftpm/xcode
builtin-SwiftDriver -- /Applications/Xcode-27.0.0-Release.Candidate.app/Contents/Developer/Toolchains/XcodeDefault.xctoolchain/usr/bin/swiftc -parse-as-library -module-name Elementary -Onone @/Users/admin/builder/spi-builder-workspace/.derivedData/Build/Intermediates.noindex/elementary.build/Debug-xros/Elementary-t.build/Objects-normal/arm64/Elementary.SwiftFileList -DSWIFT_PACKAGE -DDEBUG -DSWIFT_MODULE_RESOURCE_BUNDLE_UNAVAILABLE -DXcode -enable-upcoming-feature ExistentialAny -plugin-path /Applications/Xcode-27.0.0-Release.Candidate.app/Contents/Developer/Toolchains/XcodeDefault.xctoolchain/usr/lib/swift/host/plugins/testing -enable-experimental-feature DebugDescriptionMacro -sdk /Applications/Xcode-27.0.0-Release.Candidate.app/Contents/Developer/Platforms/XROS.platform/Developer/SDKs/XROS27.0.sdk -target arm64-apple-xros1.0 -g -module-cache-path /Users/admin/builder/spi-builder-workspace/.derivedData/ModuleCache.noindex -Xfrontend -serialize-debugging-options -profile-coverage-mapping -profile-generate -enable-testing -suppress-warnings -index-store-path /Users/admin/builder/spi-builder-workspace/.derivedData/Index.noindex/DataStore -Xcc -D_LIBCPP_HARDENING_MODE\=_LIBCPP_HARDENING_MODE_DEBUG -swift-version 6 -I /Users/admin/builder/spi-builder-workspace/.derivedData/Build/Products/Debug-xros -Isystem /Applications/Xcode-27.0.0-Release.Candidate.app/Contents/Developer/Platforms/XROS.platform/Developer/usr/lib -F /Users/admin/builder/spi-builder-workspace/.derivedData/Build/Products/Debug-xros -F /Applications/Xcode-27.0.0-Release.Candidate.app/Contents/Developer/Platforms/XROS.platform/Developer/Library/Frameworks -F /Applications/Xcode-27.0.0-Release.Candidate.app/Contents/Developer/Platforms/XROS.platform/Developer/SDKs/XROS27.0.sdk/Developer/Library/Frameworks -c -j10 -enable-batch-mode -incremental -Xcc -ivfsstatcache -Xcc /Users/admin/builder/spi-builder-workspace/.derivedData/SDKStatCaches.noindex/xros27.0-24M361-e829b21a6f8c9b70876ba0858053c044735bd543db762f57723cac368afd1ce4.sdkstatcache -output-file-map /Users/admin/builder/spi-builder-workspace/.derivedData/Build/Intermediates.noindex/elementary.build/Debug-xros/Elementary-t.build/Objects-normal/arm64/Elementary-OutputFileMap.json -save-temps -no-color-diagnostics -explicit-module-build -module-cache-path /Users/admin/builder/spi-builder-workspace/.derivedData/Build/Intermediates.noindex/SwiftExplicitPrecompiledModules -clang-scanner-module-cache-path /Users/admin/builder/spi-builder-workspace/.derivedData/ModuleCache.noindex -sdk-module-cache-path /Users/admin/builder/spi-builder-workspace/.derivedData/SDKExplicitPrecompiledModules -emit-dependencies -emit-module -emit-module-path /Users/admin/builder/spi-builder-workspace/.derivedData/Build/Intermediates.noindex/elementary.build/Debug-xros/Elementary-t.build/Objects-normal/arm64/Elementary.swiftmodule -serialize-diagnostics -dependency-scan-serialize-diagnostics-path /Users/admin/builder/spi-builder-workspace/.derivedData/Build/Intermediates.noindex/elementary.build/Debug-xros/Elementary-t.build/Objects-normal/arm64/Elementary-dependency-scan.dia -user-module-version 0.8.1 -validate-clang-modules-once -clang-build-session-file /Users/admin/builder/spi-builder-workspace/.derivedData/ModuleCache.noindex/Session.modulevalidation -Xcc -fmodules-prune-interval\=86400 -Xcc -fmodules-prune-after\=345600 -package-name elementary -emit-const-values -const-gather-protocols-list /Users/admin/builder/spi-builder-workspace/.derivedData/Build/Intermediates.noindex/elementary.build/Debug-xros/Elementary-t.build/Objects-normal/arm64/Elementary_const_extract_protocols.json -Xcc -I/Users/admin/builder/spi-builder-workspace/.derivedData/Build/Products/Debug-xros/include -Xcc -I/Users/admin/builder/spi-builder-workspace/.derivedData/Build/Intermediates.noindex/elementary.build/Debug-xros/Elementary-t.build/DerivedSources-normal/arm64 -Xcc -I/Users/admin/builder/spi-builder-workspace/.derivedData/Build/Intermediates.noindex/elementary.build/Debug-xros/Elementary-t.build/DerivedSources/arm64 -Xcc -I/Users/admin/builder/spi-builder-workspace/.derivedData/Build/Intermediates.noindex/elementary.build/Debug-xros/Elementary-t.build/DerivedSources -Xcc -DSWIFT_PACKAGE -Xcc -DDEBUG\=1 -emit-objc-header -emit-objc-header-path /Users/admin/builder/spi-builder-workspace/.derivedData/Build/Intermediates.noindex/elementary.build/Debug-xros/Elementary-t.build/Objects-normal/arm64/Elementary-Swift.h -working-directory /Users/admin/builder/spi-builder-workspace/.swiftpm/xcode -experimental-emit-module-separately -disable-cmo
SwiftExplicitDependencyGeneratePcm arm64 /Users/admin/builder/spi-builder-workspace/.derivedData/SDKExplicitPrecompiledModules/SwiftShims-2HAZ94YF1BA79JLFTAIV7APMW.pcm
SwiftExplicitDependencyGeneratePcm arm64 /Users/admin/builder/spi-builder-workspace/.derivedData/SDKExplicitPrecompiledModules/_Builtin_stdarg-62NPPE4D8O3BNLU35D74TGLVQ.pcm
SwiftExplicitDependencyGeneratePcm arm64 /Users/admin/builder/spi-builder-workspace/.derivedData/SDKExplicitPrecompiledModules/_AvailabilityInternal-6BH9T8OE123ARKKFOJFR111NS.pcm
SwiftExplicitDependencyGeneratePcm arm64 /Users/admin/builder/spi-builder-workspace/.derivedData/SDKExplicitPrecompiledModules/_Builtin_stdbool-1Q6BTYNEVHC9M74WL5O5GJ1ZM.pcm
SwiftExplicitDependencyGeneratePcm arm64 /Users/admin/builder/spi-builder-workspace/.derivedData/SDKExplicitPrecompiledModules/ptrcheck-98Y8DWD0HPCMRMDFKAEZCA81O.pcm
SwiftExplicitDependencyGeneratePcm arm64 /Users/admin/builder/spi-builder-workspace/.derivedData/SDKExplicitPrecompiledModules/_Builtin_stddef-2IE0R9M96I5XG0WY72N2UIQ8V.pcm
SwiftExplicitDependencyGeneratePcm arm64 /Users/admin/builder/spi-builder-workspace/.derivedData/SDKExplicitPrecompiledModules/_Builtin_float-1J8SO31WACP82RKV0LOTRKG39.pcm
SwiftExplicitDependencyGeneratePcm arm64 /Users/admin/builder/spi-builder-workspace/.derivedData/SDKExplicitPrecompiledModules/_SwiftConcurrencyShims-9H7TQT237JM0VTD7TXCR6CNM9.pcm
SwiftExplicitDependencyGeneratePcm arm64 /Users/admin/builder/spi-builder-workspace/.derivedData/SDKExplicitPrecompiledModules/_DarwinFoundation1-AVZIQZ8HOAUXTT5CXVE5TNG7E.pcm
SwiftExplicitDependencyGeneratePcm arm64 /Users/admin/builder/spi-builder-workspace/.derivedData/SDKExplicitPrecompiledModules/_DarwinFoundation2-E0NXA4K8N3W3XTJG0EDH15WR2.pcm
SwiftExplicitDependencyGeneratePcm arm64 /Users/admin/builder/spi-builder-workspace/.derivedData/SDKExplicitPrecompiledModules/_Builtin_limits-599EXAY0E7DPK78D1JASUXYCQ.pcm
SwiftExplicitDependencyGeneratePcm arm64 /Users/admin/builder/spi-builder-workspace/.derivedData/SDKExplicitPrecompiledModules/_Builtin_stdint-F1DLW8WMMSOC414RWOQWK8OS8.pcm
SwiftExplicitDependencyGeneratePcm arm64 /Users/admin/builder/spi-builder-workspace/.derivedData/SDKExplicitPrecompiledModules/sys_types-A3BBS6FJZK4C974FRQ5ZCTND7.pcm
SwiftExplicitDependencyGeneratePcm arm64 /Users/admin/builder/spi-builder-workspace/.derivedData/SDKExplicitPrecompiledModules/_DarwinFoundation3-C1P0SZMW1CBYZ1956G2WPAGVQ.pcm
SwiftExplicitDependencyGeneratePcm arm64 /Users/admin/builder/spi-builder-workspace/.derivedData/SDKExplicitPrecompiledModules/_Builtin_inttypes-9DU9NJC5HKVLIXJ97CZROETBU.pcm
SwiftExplicitDependencyGeneratePcm arm64 /Users/admin/builder/spi-builder-workspace/.derivedData/SDKExplicitPrecompiledModules/Darwin-ET1KOXI5QIB2QZ81K0LJ5SCNP.pcm
SwiftEmitModule normal arm64 Emitting\ module\ for\ Elementary (in target 'Elementary' from project 'elementary')
SwiftCompile normal arm64 (in target 'Elementary' from project 'elementary')
cd /Users/admin/builder/spi-builder-workspace/.swiftpm/xcode
SwiftCompile normal arm64 Compiling\ SVGTags.swift,\ SVGValues.swift,\ SendOnceBox.swift,\ SendableAnyHTMLBox.swift /Users/admin/builder/spi-builder-workspace/.dependencies/checkouts/elementary/Sources/Elementary/SVG/SVGTags.swift /Users/admin/builder/spi-builder-workspace/.dependencies/checkouts/elementary/Sources/Elementary/SVG/SVGValues.swift /Users/admin/builder/spi-builder-workspace/.dependencies/checkouts/elementary/Sources/Elementary/ServerSupport/SendOnceBox.swift /Users/admin/builder/spi-builder-workspace/.dependencies/checkouts/elementary/Sources/Elementary/ServerSupport/SendableAnyHTMLBox.swift (in target 'Elementary' from project 'elementary')
SwiftCompile normal arm64 /Users/admin/builder/spi-builder-workspace/.dependencies/checkouts/elementary/Sources/Elementary/SVG/SVGTags.swift (in target 'Elementary' from project 'elementary')
cd /Users/admin/builder/spi-builder-workspace/.swiftpm/xcode
builtin-SwiftPerFileCompile SVGTags.swift
SwiftCompile normal arm64 /Users/admin/builder/spi-builder-workspace/.dependencies/checkouts/elementary/Sources/Elementary/SVG/SVGValues.swift (in target 'Elementary' from project 'elementary')
cd /Users/admin/builder/spi-builder-workspace/.swiftpm/xcode
builtin-SwiftPerFileCompile SVGValues.swift
SwiftCompile normal arm64 /Users/admin/builder/spi-builder-workspace/.dependencies/checkouts/elementary/Sources/Elementary/ServerSupport/SendOnceBox.swift (in target 'Elementary' from project 'elementary')
cd /Users/admin/builder/spi-builder-workspace/.swiftpm/xcode
builtin-SwiftPerFileCompile SendOnceBox.swift
SwiftCompile normal arm64 /Users/admin/builder/spi-builder-workspace/.dependencies/checkouts/elementary/Sources/Elementary/ServerSupport/SendableAnyHTMLBox.swift (in target 'Elementary' from project 'elementary')
cd /Users/admin/builder/spi-builder-workspace/.swiftpm/xcode
builtin-SwiftPerFileCompile SendableAnyHTMLBox.swift
SwiftCompile normal arm64 Compiling\ StoredAttribute+StyleKeyValuePairs.swift,\ StoredAttribute.swift,\ AsyncHTMLRenderer.swift,\ HtmlTextRenderer.swift /Users/admin/builder/spi-builder-workspace/.dependencies/checkouts/elementary/Sources/Elementary/Markup/StoredAttribute+StyleKeyValuePairs.swift /Users/admin/builder/spi-builder-workspace/.dependencies/checkouts/elementary/Sources/Elementary/Markup/StoredAttribute.swift /Users/admin/builder/spi-builder-workspace/.dependencies/checkouts/elementary/Sources/Elementary/Rendering/AsyncHTMLRenderer.swift /Users/admin/builder/spi-builder-workspace/.dependencies/checkouts/elementary/Sources/Elementary/Rendering/HtmlTextRenderer.swift (in target 'Elementary' from project 'elementary')
SwiftCompile normal arm64 /Users/admin/builder/spi-builder-workspace/.dependencies/checkouts/elementary/Sources/Elementary/Markup/StoredAttribute+StyleKeyValuePairs.swift (in target 'Elementary' from project 'elementary')
cd /Users/admin/builder/spi-builder-workspace/.swiftpm/xcode
builtin-SwiftPerFileCompile StoredAttribute+StyleKeyValuePairs.swift
SwiftCompile normal arm64 /Users/admin/builder/spi-builder-workspace/.dependencies/checkouts/elementary/Sources/Elementary/Markup/StoredAttribute.swift (in target 'Elementary' from project 'elementary')
cd /Users/admin/builder/spi-builder-workspace/.swiftpm/xcode
builtin-SwiftPerFileCompile StoredAttribute.swift
SwiftCompile normal arm64 /Users/admin/builder/spi-builder-workspace/.dependencies/checkouts/elementary/Sources/Elementary/Rendering/AsyncHTMLRenderer.swift (in target 'Elementary' from project 'elementary')
cd /Users/admin/builder/spi-builder-workspace/.swiftpm/xcode
builtin-SwiftPerFileCompile AsyncHTMLRenderer.swift
SwiftCompile normal arm64 /Users/admin/builder/spi-builder-workspace/.dependencies/checkouts/elementary/Sources/Elementary/Rendering/HtmlTextRenderer.swift (in target 'Elementary' from project 'elementary')
cd /Users/admin/builder/spi-builder-workspace/.swiftpm/xcode
builtin-SwiftPerFileCompile HtmlTextRenderer.swift
SwiftCompile normal arm64 Compiling\ SVG.swift,\ SVGAttributes.swift,\ SVGContent+Structural.swift,\ SVGElement.swift /Users/admin/builder/spi-builder-workspace/.dependencies/checkouts/elementary/Sources/Elementary/SVG/SVG.swift /Users/admin/builder/spi-builder-workspace/.dependencies/checkouts/elementary/Sources/Elementary/SVG/SVGAttributes.swift /Users/admin/builder/spi-builder-workspace/.dependencies/checkouts/elementary/Sources/Elementary/SVG/SVGContent+Structural.swift /Users/admin/builder/spi-builder-workspace/.dependencies/checkouts/elementary/Sources/Elementary/SVG/SVGElement.swift (in target 'Elementary' from project 'elementary')
SwiftCompile normal arm64 /Users/admin/builder/spi-builder-workspace/.dependencies/checkouts/elementary/Sources/Elementary/SVG/SVG.swift (in target 'Elementary' from project 'elementary')
cd /Users/admin/builder/spi-builder-workspace/.swiftpm/xcode
builtin-SwiftPerFileCompile SVG.swift
SwiftCompile normal arm64 /Users/admin/builder/spi-builder-workspace/.dependencies/checkouts/elementary/Sources/Elementary/SVG/SVGAttributes.swift (in target 'Elementary' from project 'elementary')
cd /Users/admin/builder/spi-builder-workspace/.swiftpm/xcode
builtin-SwiftPerFileCompile SVGAttributes.swift
SwiftCompile normal arm64 /Users/admin/builder/spi-builder-workspace/.dependencies/checkouts/elementary/Sources/Elementary/SVG/SVGContent+Structural.swift (in target 'Elementary' from project 'elementary')
cd /Users/admin/builder/spi-builder-workspace/.swiftpm/xcode
builtin-SwiftPerFileCompile SVGContent+Structural.swift
SwiftCompile normal arm64 /Users/admin/builder/spi-builder-workspace/.dependencies/checkouts/elementary/Sources/Elementary/SVG/SVGElement.swift (in target 'Elementary' from project 'elementary')
cd /Users/admin/builder/spi-builder-workspace/.swiftpm/xcode
builtin-SwiftPerFileCompile SVGElement.swift
SwiftCompile normal arm64 Compiling\ MarkupAttribute.swift,\ MarkupContent+Structural.swift,\ MarkupContent.swift,\ MarkupTagDefinition.swift /Users/admin/builder/spi-builder-workspace/.dependencies/checkouts/elementary/Sources/Elementary/Markup/MarkupAttribute.swift /Users/admin/builder/spi-builder-workspace/.dependencies/checkouts/elementary/Sources/Elementary/Markup/MarkupContent+Structural.swift /Users/admin/builder/spi-builder-workspace/.dependencies/checkouts/elementary/Sources/Elementary/Markup/MarkupContent.swift /Users/admin/builder/spi-builder-workspace/.dependencies/checkouts/elementary/Sources/Elementary/Markup/MarkupTagDefinition.swift (in target 'Elementary' from project 'elementary')
SwiftCompile normal arm64 /Users/admin/builder/spi-builder-workspace/.dependencies/checkouts/elementary/Sources/Elementary/Markup/MarkupAttribute.swift (in target 'Elementary' from project 'elementary')
cd /Users/admin/builder/spi-builder-workspace/.swiftpm/xcode
builtin-SwiftPerFileCompile MarkupAttribute.swift
SwiftCompile normal arm64 /Users/admin/builder/spi-builder-workspace/.dependencies/checkouts/elementary/Sources/Elementary/Markup/MarkupContent+Structural.swift (in target 'Elementary' from project 'elementary')
cd /Users/admin/builder/spi-builder-workspace/.swiftpm/xcode
builtin-SwiftPerFileCompile MarkupContent+Structural.swift
SwiftCompile normal arm64 /Users/admin/builder/spi-builder-workspace/.dependencies/checkouts/elementary/Sources/Elementary/Markup/MarkupContent.swift (in target 'Elementary' from project 'elementary')
cd /Users/admin/builder/spi-builder-workspace/.swiftpm/xcode
builtin-SwiftPerFileCompile MarkupContent.swift
SwiftCompile normal arm64 /Users/admin/builder/spi-builder-workspace/.dependencies/checkouts/elementary/Sources/Elementary/Markup/MarkupTagDefinition.swift (in target 'Elementary' from project 'elementary')
cd /Users/admin/builder/spi-builder-workspace/.swiftpm/xcode
builtin-SwiftPerFileCompile MarkupTagDefinition.swift
SwiftCompile normal arm64 Compiling\ MarkupContent+Render.swift,\ Renderable.swift,\ RenderingUtils.swift,\ SVG+Renderable.swift /Users/admin/builder/spi-builder-workspace/.dependencies/checkouts/elementary/Sources/Elementary/Rendering/MarkupContent+Render.swift /Users/admin/builder/spi-builder-workspace/.dependencies/checkouts/elementary/Sources/Elementary/Rendering/Renderable.swift /Users/admin/builder/spi-builder-workspace/.dependencies/checkouts/elementary/Sources/Elementary/Rendering/RenderingUtils.swift /Users/admin/builder/spi-builder-workspace/.dependencies/checkouts/elementary/Sources/Elementary/SVG/SVG+Renderable.swift (in target 'Elementary' from project 'elementary')
SwiftCompile normal arm64 /Users/admin/builder/spi-builder-workspace/.dependencies/checkouts/elementary/Sources/Elementary/Rendering/MarkupContent+Render.swift (in target 'Elementary' from project 'elementary')
cd /Users/admin/builder/spi-builder-workspace/.swiftpm/xcode
builtin-SwiftPerFileCompile MarkupContent+Render.swift
SwiftCompile normal arm64 /Users/admin/builder/spi-builder-workspace/.dependencies/checkouts/elementary/Sources/Elementary/Rendering/Renderable.swift (in target 'Elementary' from project 'elementary')
cd /Users/admin/builder/spi-builder-workspace/.swiftpm/xcode
builtin-SwiftPerFileCompile Renderable.swift
SwiftCompile normal arm64 /Users/admin/builder/spi-builder-workspace/.dependencies/checkouts/elementary/Sources/Elementary/Rendering/RenderingUtils.swift (in target 'Elementary' from project 'elementary')
cd /Users/admin/builder/spi-builder-workspace/.swiftpm/xcode
builtin-SwiftPerFileCompile RenderingUtils.swift
SwiftCompile normal arm64 /Users/admin/builder/spi-builder-workspace/.dependencies/checkouts/elementary/Sources/Elementary/SVG/SVG+Renderable.swift (in target 'Elementary' from project 'elementary')
cd /Users/admin/builder/spi-builder-workspace/.swiftpm/xcode
builtin-SwiftPerFileCompile SVG+Renderable.swift
SwiftCompile normal arm64 Compiling\ HTML.swift,\ HTMLAttributes+Common.swift,\ HTMLAttributes+Event.swift,\ HTMLAttributes+Global.swift,\ HTMLComment.swift /Users/admin/builder/spi-builder-workspace/.dependencies/checkouts/elementary/Sources/Elementary/HTML/HTML.swift /Users/admin/builder/spi-builder-workspace/.dependencies/checkouts/elementary/Sources/Elementary/HTML/HTMLAttributes+Common.swift /Users/admin/builder/spi-builder-workspace/.dependencies/checkouts/elementary/Sources/Elementary/HTML/HTMLAttributes+Event.swift /Users/admin/builder/spi-builder-workspace/.dependencies/checkouts/elementary/Sources/Elementary/HTML/HTMLAttributes+Global.swift /Users/admin/builder/spi-builder-workspace/.dependencies/checkouts/elementary/Sources/Elementary/HTML/HTMLComment.swift (in target 'Elementary' from project 'elementary')
SwiftCompile normal arm64 /Users/admin/builder/spi-builder-workspace/.dependencies/checkouts/elementary/Sources/Elementary/HTML/HTML.swift (in target 'Elementary' from project 'elementary')
cd /Users/admin/builder/spi-builder-workspace/.swiftpm/xcode
builtin-SwiftPerFileCompile HTML.swift
SwiftCompile normal arm64 /Users/admin/builder/spi-builder-workspace/.dependencies/checkouts/elementary/Sources/Elementary/HTML/HTMLAttributes+Common.swift (in target 'Elementary' from project 'elementary')
cd /Users/admin/builder/spi-builder-workspace/.swiftpm/xcode
builtin-SwiftPerFileCompile HTMLAttributes+Common.swift
SwiftCompile normal arm64 /Users/admin/builder/spi-builder-workspace/.dependencies/checkouts/elementary/Sources/Elementary/HTML/HTMLAttributes+Event.swift (in target 'Elementary' from project 'elementary')
cd /Users/admin/builder/spi-builder-workspace/.swiftpm/xcode
builtin-SwiftPerFileCompile HTMLAttributes+Event.swift
SwiftCompile normal arm64 /Users/admin/builder/spi-builder-workspace/.dependencies/checkouts/elementary/Sources/Elementary/HTML/HTMLAttributes+Global.swift (in target 'Elementary' from project 'elementary')
cd /Users/admin/builder/spi-builder-workspace/.swiftpm/xcode
builtin-SwiftPerFileCompile HTMLAttributes+Global.swift
SwiftCompile normal arm64 /Users/admin/builder/spi-builder-workspace/.dependencies/checkouts/elementary/Sources/Elementary/HTML/HTMLComment.swift (in target 'Elementary' from project 'elementary')
cd /Users/admin/builder/spi-builder-workspace/.swiftpm/xcode
builtin-SwiftPerFileCompile HTMLComment.swift
SwiftCompile normal arm64 Compiling\ ForEach.swift,\ Group.swift,\ HTML+Environment.swift,\ HTML+Renderable.swift,\ HTML+StructuralContent.swift /Users/admin/builder/spi-builder-workspace/.dependencies/checkouts/elementary/Sources/Elementary/Content/ForEach.swift /Users/admin/builder/spi-builder-workspace/.dependencies/checkouts/elementary/Sources/Elementary/Content/Group.swift /Users/admin/builder/spi-builder-workspace/.dependencies/checkouts/elementary/Sources/Elementary/HTML/HTML+Environment.swift /Users/admin/builder/spi-builder-workspace/.dependencies/checkouts/elementary/Sources/Elementary/HTML/HTML+Renderable.swift /Users/admin/builder/spi-builder-workspace/.dependencies/checkouts/elementary/Sources/Elementary/HTML/HTML+StructuralContent.swift (in target 'Elementary' from project 'elementary')
SwiftCompile normal arm64 /Users/admin/builder/spi-builder-workspace/.dependencies/checkouts/elementary/Sources/Elementary/Content/ForEach.swift (in target 'Elementary' from project 'elementary')
cd /Users/admin/builder/spi-builder-workspace/.swiftpm/xcode
builtin-SwiftPerFileCompile ForEach.swift
SwiftCompile normal arm64 /Users/admin/builder/spi-builder-workspace/.dependencies/checkouts/elementary/Sources/Elementary/Content/Group.swift (in target 'Elementary' from project 'elementary')
cd /Users/admin/builder/spi-builder-workspace/.swiftpm/xcode
builtin-SwiftPerFileCompile Group.swift
SwiftCompile normal arm64 /Users/admin/builder/spi-builder-workspace/.dependencies/checkouts/elementary/Sources/Elementary/HTML/HTML+Environment.swift (in target 'Elementary' from project 'elementary')
cd /Users/admin/builder/spi-builder-workspace/.swiftpm/xcode
builtin-SwiftPerFileCompile HTML+Environment.swift
SwiftCompile normal arm64 /Users/admin/builder/spi-builder-workspace/.dependencies/checkouts/elementary/Sources/Elementary/HTML/HTML+Renderable.swift (in target 'Elementary' from project 'elementary')
cd /Users/admin/builder/spi-builder-workspace/.swiftpm/xcode
builtin-SwiftPerFileCompile HTML+Renderable.swift
SwiftCompile normal arm64 /Users/admin/builder/spi-builder-workspace/.dependencies/checkouts/elementary/Sources/Elementary/HTML/HTML+StructuralContent.swift (in target 'Elementary' from project 'elementary')
cd /Users/admin/builder/spi-builder-workspace/.swiftpm/xcode
builtin-SwiftPerFileCompile HTML+StructuralContent.swift
SwiftCompile normal arm64 Compiling\ AsyncContent.swift,\ AsyncForEach.swift,\ Content+Renderable.swift,\ ContentBuilder+Tuples.swift,\ ContentBuilder.swift /Users/admin/builder/spi-builder-workspace/.dependencies/checkouts/elementary/Sources/Elementary/Content/AsyncContent.swift /Users/admin/builder/spi-builder-workspace/.dependencies/checkouts/elementary/Sources/Elementary/Content/AsyncForEach.swift /Users/admin/builder/spi-builder-workspace/.dependencies/checkouts/elementary/Sources/Elementary/Content/Content+Renderable.swift /Users/admin/builder/spi-builder-workspace/.dependencies/checkouts/elementary/Sources/Elementary/Content/ContentBuilder+Tuples.swift /Users/admin/builder/spi-builder-workspace/.dependencies/checkouts/elementary/Sources/Elementary/Content/ContentBuilder.swift (in target 'Elementary' from project 'elementary')
SwiftCompile normal arm64 /Users/admin/builder/spi-builder-workspace/.dependencies/checkouts/elementary/Sources/Elementary/Content/AsyncContent.swift (in target 'Elementary' from project 'elementary')
cd /Users/admin/builder/spi-builder-workspace/.swiftpm/xcode
builtin-SwiftPerFileCompile AsyncContent.swift
SwiftCompile normal arm64 /Users/admin/builder/spi-builder-workspace/.dependencies/checkouts/elementary/Sources/Elementary/Content/AsyncForEach.swift (in target 'Elementary' from project 'elementary')
cd /Users/admin/builder/spi-builder-workspace/.swiftpm/xcode
builtin-SwiftPerFileCompile AsyncForEach.swift
SwiftCompile normal arm64 /Users/admin/builder/spi-builder-workspace/.dependencies/checkouts/elementary/Sources/Elementary/Content/Content+Renderable.swift (in target 'Elementary' from project 'elementary')
cd /Users/admin/builder/spi-builder-workspace/.swiftpm/xcode
builtin-SwiftPerFileCompile Content+Renderable.swift
SwiftCompile normal arm64 /Users/admin/builder/spi-builder-workspace/.dependencies/checkouts/elementary/Sources/Elementary/Content/ContentBuilder+Tuples.swift (in target 'Elementary' from project 'elementary')
cd /Users/admin/builder/spi-builder-workspace/.swiftpm/xcode
builtin-SwiftPerFileCompile ContentBuilder+Tuples.swift
SwiftCompile normal arm64 /Users/admin/builder/spi-builder-workspace/.dependencies/checkouts/elementary/Sources/Elementary/Content/ContentBuilder.swift (in target 'Elementary' from project 'elementary')
cd /Users/admin/builder/spi-builder-workspace/.swiftpm/xcode
builtin-SwiftPerFileCompile ContentBuilder.swift
SwiftCompile normal arm64 Compiling\ HTMLDocument.swift,\ HTMLElement.swift,\ HTMLElements.swift,\ HTMLRaw.swift,\ HTMLTags.swift /Users/admin/builder/spi-builder-workspace/.dependencies/checkouts/elementary/Sources/Elementary/HTML/HTMLDocument.swift /Users/admin/builder/spi-builder-workspace/.dependencies/checkouts/elementary/Sources/Elementary/HTML/HTMLElement.swift /Users/admin/builder/spi-builder-workspace/.dependencies/checkouts/elementary/Sources/Elementary/HTML/HTMLElements.swift /Users/admin/builder/spi-builder-workspace/.dependencies/checkouts/elementary/Sources/Elementary/HTML/HTMLRaw.swift /Users/admin/builder/spi-builder-workspace/.dependencies/checkouts/elementary/Sources/Elementary/HTML/HTMLTags.swift (in target 'Elementary' from project 'elementary')
SwiftCompile normal arm64 /Users/admin/builder/spi-builder-workspace/.dependencies/checkouts/elementary/Sources/Elementary/HTML/HTMLDocument.swift (in target 'Elementary' from project 'elementary')
cd /Users/admin/builder/spi-builder-workspace/.swiftpm/xcode
builtin-SwiftPerFileCompile HTMLDocument.swift
SwiftCompile normal arm64 /Users/admin/builder/spi-builder-workspace/.dependencies/checkouts/elementary/Sources/Elementary/HTML/HTMLElement.swift (in target 'Elementary' from project 'elementary')
cd /Users/admin/builder/spi-builder-workspace/.swiftpm/xcode
builtin-SwiftPerFileCompile HTMLElement.swift
SwiftCompile normal arm64 /Users/admin/builder/spi-builder-workspace/.dependencies/checkouts/elementary/Sources/Elementary/HTML/HTMLElements.swift (in target 'Elementary' from project 'elementary')
cd /Users/admin/builder/spi-builder-workspace/.swiftpm/xcode
builtin-SwiftPerFileCompile HTMLElements.swift
SwiftCompile normal arm64 /Users/admin/builder/spi-builder-workspace/.dependencies/checkouts/elementary/Sources/Elementary/HTML/HTMLRaw.swift (in target 'Elementary' from project 'elementary')
cd /Users/admin/builder/spi-builder-workspace/.swiftpm/xcode
builtin-SwiftPerFileCompile HTMLRaw.swift
SwiftCompile normal arm64 /Users/admin/builder/spi-builder-workspace/.dependencies/checkouts/elementary/Sources/Elementary/HTML/HTMLTags.swift (in target 'Elementary' from project 'elementary')
cd /Users/admin/builder/spi-builder-workspace/.swiftpm/xcode
builtin-SwiftPerFileCompile HTMLTags.swift
SwiftCompile normal arm64 Compiling\ HTMLVoidElement.swift,\ AttributeStorage.swift,\ AttributedElement.swift,\ Environment.swift,\ Markup+Renderable.swift /Users/admin/builder/spi-builder-workspace/.dependencies/checkouts/elementary/Sources/Elementary/HTML/HTMLVoidElement.swift /Users/admin/builder/spi-builder-workspace/.dependencies/checkouts/elementary/Sources/Elementary/Markup/AttributeStorage.swift /Users/admin/builder/spi-builder-workspace/.dependencies/checkouts/elementary/Sources/Elementary/Markup/AttributedElement.swift /Users/admin/builder/spi-builder-workspace/.dependencies/checkouts/elementary/Sources/Elementary/Markup/Environment.swift /Users/admin/builder/spi-builder-workspace/.dependencies/checkouts/elementary/Sources/Elementary/Markup/Markup+Renderable.swift (in target 'Elementary' from project 'elementary')
SwiftCompile normal arm64 /Users/admin/builder/spi-builder-workspace/.dependencies/checkouts/elementary/Sources/Elementary/HTML/HTMLVoidElement.swift (in target 'Elementary' from project 'elementary')
cd /Users/admin/builder/spi-builder-workspace/.swiftpm/xcode
builtin-SwiftPerFileCompile HTMLVoidElement.swift
SwiftCompile normal arm64 /Users/admin/builder/spi-builder-workspace/.dependencies/checkouts/elementary/Sources/Elementary/Markup/AttributeStorage.swift (in target 'Elementary' from project 'elementary')
cd /Users/admin/builder/spi-builder-workspace/.swiftpm/xcode
builtin-SwiftPerFileCompile AttributeStorage.swift
SwiftCompile normal arm64 /Users/admin/builder/spi-builder-workspace/.dependencies/checkouts/elementary/Sources/Elementary/Markup/AttributedElement.swift (in target 'Elementary' from project 'elementary')
cd /Users/admin/builder/spi-builder-workspace/.swiftpm/xcode
builtin-SwiftPerFileCompile AttributedElement.swift
SwiftCompile normal arm64 /Users/admin/builder/spi-builder-workspace/.dependencies/checkouts/elementary/Sources/Elementary/Markup/Environment.swift (in target 'Elementary' from project 'elementary')
cd /Users/admin/builder/spi-builder-workspace/.swiftpm/xcode
builtin-SwiftPerFileCompile Environment.swift
SwiftCompile normal arm64 /Users/admin/builder/spi-builder-workspace/.dependencies/checkouts/elementary/Sources/Elementary/Markup/Markup+Renderable.swift (in target 'Elementary' from project 'elementary')
cd /Users/admin/builder/spi-builder-workspace/.swiftpm/xcode
builtin-SwiftPerFileCompile Markup+Renderable.swift
SwiftDriverJobDiscovery normal arm64 Emitting module for Elementary (in target 'Elementary' from project 'elementary')
SwiftDriver\ Compilation\ Requirements Elementary normal arm64 com.apple.xcode.tools.swift.compiler (in target 'Elementary' from project 'elementary')
cd /Users/admin/builder/spi-builder-workspace/.swiftpm/xcode
builtin-Swift-Compilation-Requirements -- /Applications/Xcode-27.0.0-Release.Candidate.app/Contents/Developer/Toolchains/XcodeDefault.xctoolchain/usr/bin/swiftc -parse-as-library -module-name Elementary -Onone @/Users/admin/builder/spi-builder-workspace/.derivedData/Build/Intermediates.noindex/elementary.build/Debug-xros/Elementary-t.build/Objects-normal/arm64/Elementary.SwiftFileList -DSWIFT_PACKAGE -DDEBUG -DSWIFT_MODULE_RESOURCE_BUNDLE_UNAVAILABLE -DXcode -enable-upcoming-feature ExistentialAny -plugin-path /Applications/Xcode-27.0.0-Release.Candidate.app/Contents/Developer/Toolchains/XcodeDefault.xctoolchain/usr/lib/swift/host/plugins/testing -enable-experimental-feature DebugDescriptionMacro -sdk /Applications/Xcode-27.0.0-Release.Candidate.app/Contents/Developer/Platforms/XROS.platform/Developer/SDKs/XROS27.0.sdk -target arm64-apple-xros1.0 -g -module-cache-path /Users/admin/builder/spi-builder-workspace/.derivedData/ModuleCache.noindex -Xfrontend -serialize-debugging-options -profile-coverage-mapping -profile-generate -enable-testing -suppress-warnings -index-store-path /Users/admin/builder/spi-builder-workspace/.derivedData/Index.noindex/DataStore -Xcc -D_LIBCPP_HARDENING_MODE\=_LIBCPP_HARDENING_MODE_DEBUG -swift-version 6 -I /Users/admin/builder/spi-builder-workspace/.derivedData/Build/Products/Debug-xros -Isystem /Applications/Xcode-27.0.0-Release.Candidate.app/Contents/Developer/Platforms/XROS.platform/Developer/usr/lib -F /Users/admin/builder/spi-builder-workspace/.derivedData/Build/Products/Debug-xros -F /Applications/Xcode-27.0.0-Release.Candidate.app/Contents/Developer/Platforms/XROS.platform/Developer/Library/Frameworks -F /Applications/Xcode-27.0.0-Release.Candidate.app/Contents/Developer/Platforms/XROS.platform/Developer/SDKs/XROS27.0.sdk/Developer/Library/Frameworks -c -j10 -enable-batch-mode -incremental -Xcc -ivfsstatcache -Xcc /Users/admin/builder/spi-builder-workspace/.derivedData/SDKStatCaches.noindex/xros27.0-24M361-e829b21a6f8c9b70876ba0858053c044735bd543db762f57723cac368afd1ce4.sdkstatcache -output-file-map /Users/admin/builder/spi-builder-workspace/.derivedData/Build/Intermediates.noindex/elementary.build/Debug-xros/Elementary-t.build/Objects-normal/arm64/Elementary-OutputFileMap.json -save-temps -no-color-diagnostics -explicit-module-build -module-cache-path /Users/admin/builder/spi-builder-workspace/.derivedData/Build/Intermediates.noindex/SwiftExplicitPrecompiledModules -clang-scanner-module-cache-path /Users/admin/builder/spi-builder-workspace/.derivedData/ModuleCache.noindex -sdk-module-cache-path /Users/admin/builder/spi-builder-workspace/.derivedData/SDKExplicitPrecompiledModules -emit-dependencies -emit-module -emit-module-path /Users/admin/builder/spi-builder-workspace/.derivedData/Build/Intermediates.noindex/elementary.build/Debug-xros/Elementary-t.build/Objects-normal/arm64/Elementary.swiftmodule -serialize-diagnostics -dependency-scan-serialize-diagnostics-path /Users/admin/builder/spi-builder-workspace/.derivedData/Build/Intermediates.noindex/elementary.build/Debug-xros/Elementary-t.build/Objects-normal/arm64/Elementary-dependency-scan.dia -user-module-version 0.8.1 -validate-clang-modules-once -clang-build-session-file /Users/admin/builder/spi-builder-workspace/.derivedData/ModuleCache.noindex/Session.modulevalidation -Xcc -fmodules-prune-interval\=86400 -Xcc -fmodules-prune-after\=345600 -package-name elementary -emit-const-values -const-gather-protocols-list /Users/admin/builder/spi-builder-workspace/.derivedData/Build/Intermediates.noindex/elementary.build/Debug-xros/Elementary-t.build/Objects-normal/arm64/Elementary_const_extract_protocols.json -Xcc -I/Users/admin/builder/spi-builder-workspace/.derivedData/Build/Products/Debug-xros/include -Xcc -I/Users/admin/builder/spi-builder-workspace/.derivedData/Build/Intermediates.noindex/elementary.build/Debug-xros/Elementary-t.build/DerivedSources-normal/arm64 -Xcc -I/Users/admin/builder/spi-builder-workspace/.derivedData/Build/Intermediates.noindex/elementary.build/Debug-xros/Elementary-t.build/DerivedSources/arm64 -Xcc -I/Users/admin/builder/spi-builder-workspace/.derivedData/Build/Intermediates.noindex/elementary.build/Debug-xros/Elementary-t.build/DerivedSources -Xcc -DSWIFT_PACKAGE -Xcc -DDEBUG\=1 -emit-objc-header -emit-objc-header-path /Users/admin/builder/spi-builder-workspace/.derivedData/Build/Intermediates.noindex/elementary.build/Debug-xros/Elementary-t.build/Objects-normal/arm64/Elementary-Swift.h -working-directory /Users/admin/builder/spi-builder-workspace/.swiftpm/xcode -experimental-emit-module-separately -disable-cmo
SwiftDriverJobDiscovery normal arm64 Compiling MarkupAttribute.swift, MarkupContent+Structural.swift, MarkupContent.swift, MarkupTagDefinition.swift (in target 'Elementary' from project 'elementary')
SwiftDriverJobDiscovery normal arm64 Compiling ForEach.swift, Group.swift, HTML+Environment.swift, HTML+Renderable.swift, HTML+StructuralContent.swift (in target 'Elementary' from project 'elementary')
SwiftDriverJobDiscovery normal arm64 Compiling MarkupContent+Render.swift, Renderable.swift, RenderingUtils.swift, SVG+Renderable.swift (in target 'Elementary' from project 'elementary')
SwiftDriverJobDiscovery normal arm64 Compiling HTMLDocument.swift, HTMLElement.swift, HTMLElements.swift, HTMLRaw.swift, HTMLTags.swift (in target 'Elementary' from project 'elementary')
SwiftMergeGeneratedHeaders /Users/admin/builder/spi-builder-workspace/.derivedData/Build/Intermediates.noindex/GeneratedModuleMaps-xros/Elementary-Swift.h /Users/admin/builder/spi-builder-workspace/.derivedData/Build/Intermediates.noindex/elementary.build/Debug-xros/Elementary-t.build/Objects-normal/arm64/Elementary-Swift.h (in target 'Elementary' from project 'elementary')
cd /Users/admin/builder/spi-builder-workspace/.dependencies/checkouts/elementary
builtin-swiftHeaderTool -arch arm64 /Users/admin/builder/spi-builder-workspace/.derivedData/Build/Intermediates.noindex/elementary.build/Debug-xros/Elementary-t.build/Objects-normal/arm64/Elementary-Swift.h -o /Users/admin/builder/spi-builder-workspace/.derivedData/Build/Intermediates.noindex/GeneratedModuleMaps-xros/Elementary-Swift.h
Copy /Users/admin/builder/spi-builder-workspace/.derivedData/Build/Products/Debug-xros/Elementary.swiftmodule/arm64-apple-xros.abi.json /Users/admin/builder/spi-builder-workspace/.derivedData/Build/Intermediates.noindex/elementary.build/Debug-xros/Elementary-t.build/Objects-normal/arm64/Elementary.abi.json (in target 'Elementary' from project 'elementary')
cd /Users/admin/builder/spi-builder-workspace/.dependencies/checkouts/elementary
builtin-copy -exclude .DS_Store -exclude CVS -exclude .svn -exclude .git -exclude .hg -resolve-src-symlinks -rename /Users/admin/builder/spi-builder-workspace/.derivedData/Build/Intermediates.noindex/elementary.build/Debug-xros/Elementary-t.build/Objects-normal/arm64/Elementary.abi.json /Users/admin/builder/spi-builder-workspace/.derivedData/Build/Products/Debug-xros/Elementary.swiftmodule/arm64-apple-xros.abi.json
Copy /Users/admin/builder/spi-builder-workspace/.derivedData/Build/Products/Debug-xros/Elementary.swiftmodule/arm64-apple-xros.swiftmodule /Users/admin/builder/spi-builder-workspace/.derivedData/Build/Intermediates.noindex/elementary.build/Debug-xros/Elementary-t.build/Objects-normal/arm64/Elementary.swiftmodule (in target 'Elementary' from project 'elementary')
cd /Users/admin/builder/spi-builder-workspace/.dependencies/checkouts/elementary
builtin-copy -exclude .DS_Store -exclude CVS -exclude .svn -exclude .git -exclude .hg -resolve-src-symlinks -rename /Users/admin/builder/spi-builder-workspace/.derivedData/Build/Intermediates.noindex/elementary.build/Debug-xros/Elementary-t.build/Objects-normal/arm64/Elementary.swiftmodule /Users/admin/builder/spi-builder-workspace/.derivedData/Build/Products/Debug-xros/Elementary.swiftmodule/arm64-apple-xros.swiftmodule
Copy /Users/admin/builder/spi-builder-workspace/.derivedData/Build/Products/Debug-xros/Elementary.swiftmodule/arm64-apple-xros.swiftdoc /Users/admin/builder/spi-builder-workspace/.derivedData/Build/Intermediates.noindex/elementary.build/Debug-xros/Elementary-t.build/Objects-normal/arm64/Elementary.swiftdoc (in target 'Elementary' from project 'elementary')
cd /Users/admin/builder/spi-builder-workspace/.dependencies/checkouts/elementary
builtin-copy -exclude .DS_Store -exclude CVS -exclude .svn -exclude .git -exclude .hg -resolve-src-symlinks -rename /Users/admin/builder/spi-builder-workspace/.derivedData/Build/Intermediates.noindex/elementary.build/Debug-xros/Elementary-t.build/Objects-normal/arm64/Elementary.swiftdoc /Users/admin/builder/spi-builder-workspace/.derivedData/Build/Products/Debug-xros/Elementary.swiftmodule/arm64-apple-xros.swiftdoc
Copy /Users/admin/builder/spi-builder-workspace/.derivedData/Build/Products/Debug-xros/Elementary.swiftmodule/Project/arm64-apple-xros.swiftsourceinfo /Users/admin/builder/spi-builder-workspace/.derivedData/Build/Intermediates.noindex/elementary.build/Debug-xros/Elementary-t.build/Objects-normal/arm64/Elementary.swiftsourceinfo (in target 'Elementary' from project 'elementary')
cd /Users/admin/builder/spi-builder-workspace/.dependencies/checkouts/elementary
builtin-copy -exclude .DS_Store -exclude CVS -exclude .svn -exclude .git -exclude .hg -resolve-src-symlinks -rename /Users/admin/builder/spi-builder-workspace/.derivedData/Build/Intermediates.noindex/elementary.build/Debug-xros/Elementary-t.build/Objects-normal/arm64/Elementary.swiftsourceinfo /Users/admin/builder/spi-builder-workspace/.derivedData/Build/Products/Debug-xros/Elementary.swiftmodule/Project/arm64-apple-xros.swiftsourceinfo
SwiftDriverJobDiscovery normal arm64 Compiling SVG.swift, SVGAttributes.swift, SVGContent+Structural.swift, SVGElement.swift (in target 'Elementary' from project 'elementary')
SwiftDriver ElementaryShoelace normal arm64 com.apple.xcode.tools.swift.compiler (in target 'ElementaryShoelace' from project 'elementary-components')
cd /Users/admin/builder/spi-builder-workspace/.swiftpm/xcode
builtin-SwiftDriver -- /Applications/Xcode-27.0.0-Release.Candidate.app/Contents/Developer/Toolchains/XcodeDefault.xctoolchain/usr/bin/swiftc -parse-as-library -module-name ElementaryShoelace -Onone @/Users/admin/builder/spi-builder-workspace/.derivedData/Build/Intermediates.noindex/elementary-components.build/Debug-xros/ElementaryShoelace-t.build/Objects-normal/arm64/ElementaryShoelace.SwiftFileList -DSWIFT_PACKAGE -DDEBUG -DSWIFT_MODULE_RESOURCE_BUNDLE_UNAVAILABLE -DXcode -plugin-path /Applications/Xcode-27.0.0-Release.Candidate.app/Contents/Developer/Toolchains/XcodeDefault.xctoolchain/usr/lib/swift/host/plugins/testing -enable-experimental-feature DebugDescriptionMacro -sdk /Applications/Xcode-27.0.0-Release.Candidate.app/Contents/Developer/Platforms/XROS.platform/Developer/SDKs/XROS27.0.sdk -target arm64-apple-xros1.0 -g -module-cache-path /Users/admin/builder/spi-builder-workspace/.derivedData/ModuleCache.noindex -Xfrontend -serialize-debugging-options -profile-coverage-mapping -profile-generate -enable-testing -index-store-path /Users/admin/builder/spi-builder-workspace/.derivedData/Index.noindex/DataStore -Xcc -D_LIBCPP_HARDENING_MODE\=_LIBCPP_HARDENING_MODE_DEBUG -swift-version 5 -I /Users/admin/builder/spi-builder-workspace/.derivedData/Build/Products/Debug-xros -Isystem /Applications/Xcode-27.0.0-Release.Candidate.app/Contents/Developer/Platforms/XROS.platform/Developer/usr/lib -F /Users/admin/builder/spi-builder-workspace/.derivedData/Build/Products/Debug-xros/PackageFrameworks -F /Users/admin/builder/spi-builder-workspace/.derivedData/Build/Products/Debug-xros -F /Applications/Xcode-27.0.0-Release.Candidate.app/Contents/Developer/Platforms/XROS.platform/Developer/Library/Frameworks -F /Applications/Xcode-27.0.0-Release.Candidate.app/Contents/Developer/Platforms/XROS.platform/Developer/SDKs/XROS27.0.sdk/Developer/Library/Frameworks -c -j10 -enable-batch-mode -incremental -Xcc -ivfsstatcache -Xcc /Users/admin/builder/spi-builder-workspace/.derivedData/SDKStatCaches.noindex/xros27.0-24M361-e829b21a6f8c9b70876ba0858053c044735bd543db762f57723cac368afd1ce4.sdkstatcache -output-file-map /Users/admin/builder/spi-builder-workspace/.derivedData/Build/Intermediates.noindex/elementary-components.build/Debug-xros/ElementaryShoelace-t.build/Objects-normal/arm64/ElementaryShoelace-OutputFileMap.json -save-temps -no-color-diagnostics -explicit-module-build -module-cache-path /Users/admin/builder/spi-builder-workspace/.derivedData/Build/Intermediates.noindex/SwiftExplicitPrecompiledModules -clang-scanner-module-cache-path /Users/admin/builder/spi-builder-workspace/.derivedData/ModuleCache.noindex -sdk-module-cache-path /Users/admin/builder/spi-builder-workspace/.derivedData/SDKExplicitPrecompiledModules -emit-dependencies -emit-module -emit-module-path /Users/admin/builder/spi-builder-workspace/.derivedData/Build/Intermediates.noindex/elementary-components.build/Debug-xros/ElementaryShoelace-t.build/Objects-normal/arm64/ElementaryShoelace.swiftmodule -serialize-diagnostics -dependency-scan-serialize-diagnostics-path /Users/admin/builder/spi-builder-workspace/.derivedData/Build/Intermediates.noindex/elementary-components.build/Debug-xros/ElementaryShoelace-t.build/Objects-normal/arm64/ElementaryShoelace-dependency-scan.dia -validate-clang-modules-once -clang-build-session-file /Users/admin/builder/spi-builder-workspace/.derivedData/ModuleCache.noindex/Session.modulevalidation -Xcc -fmodules-prune-interval\=86400 -Xcc -fmodules-prune-after\=345600 -package-name spi_builder_workspace -emit-const-values -const-gather-protocols-list /Users/admin/builder/spi-builder-workspace/.derivedData/Build/Intermediates.noindex/elementary-components.build/Debug-xros/ElementaryShoelace-t.build/Objects-normal/arm64/ElementaryShoelace_const_extract_protocols.json -Xcc -I/Users/admin/builder/spi-builder-workspace/.derivedData/Build/Products/Debug-xros/include -Xcc -I/Users/admin/builder/spi-builder-workspace/.derivedData/Build/Intermediates.noindex/elementary-components.build/Debug-xros/ElementaryShoelace-t.build/DerivedSources-normal/arm64 -Xcc -I/Users/admin/builder/spi-builder-workspace/.derivedData/Build/Intermediates.noindex/elementary-components.build/Debug-xros/ElementaryShoelace-t.build/DerivedSources/arm64 -Xcc -I/Users/admin/builder/spi-builder-workspace/.derivedData/Build/Intermediates.noindex/elementary-components.build/Debug-xros/ElementaryShoelace-t.build/DerivedSources -Xcc -DSWIFT_PACKAGE -Xcc -DDEBUG\=1 -emit-objc-header -emit-objc-header-path /Users/admin/builder/spi-builder-workspace/.derivedData/Build/Intermediates.noindex/elementary-components.build/Debug-xros/ElementaryShoelace-t.build/Objects-normal/arm64/ElementaryShoelace-Swift.h -working-directory /Users/admin/builder/spi-builder-workspace/.swiftpm/xcode -experimental-emit-module-separately -disable-cmo
SwiftDriverJobDiscovery normal arm64 Compiling StoredAttribute+StyleKeyValuePairs.swift, StoredAttribute.swift, AsyncHTMLRenderer.swift, HtmlTextRenderer.swift (in target 'Elementary' from project 'elementary')
SwiftDriverJobDiscovery normal arm64 Compiling HTML.swift, HTMLAttributes+Common.swift, HTMLAttributes+Event.swift, HTMLAttributes+Global.swift, HTMLComment.swift (in target 'Elementary' from project 'elementary')
SwiftDriverJobDiscovery normal arm64 Compiling AsyncContent.swift, AsyncForEach.swift, Content+Renderable.swift, ContentBuilder+Tuples.swift, ContentBuilder.swift (in target 'Elementary' from project 'elementary')
SwiftDriverJobDiscovery normal arm64 Compiling HTMLVoidElement.swift, AttributeStorage.swift, AttributedElement.swift, Environment.swift, Markup+Renderable.swift (in target 'Elementary' from project 'elementary')
SwiftDriverJobDiscovery normal arm64 Compiling SVGTags.swift, SVGValues.swift, SendOnceBox.swift, SendableAnyHTMLBox.swift (in target 'Elementary' from project 'elementary')
SwiftDriver\ Compilation Elementary normal arm64 com.apple.xcode.tools.swift.compiler (in target 'Elementary' from project 'elementary')
cd /Users/admin/builder/spi-builder-workspace/.swiftpm/xcode
builtin-Swift-Compilation -- /Applications/Xcode-27.0.0-Release.Candidate.app/Contents/Developer/Toolchains/XcodeDefault.xctoolchain/usr/bin/swiftc -parse-as-library -module-name Elementary -Onone @/Users/admin/builder/spi-builder-workspace/.derivedData/Build/Intermediates.noindex/elementary.build/Debug-xros/Elementary-t.build/Objects-normal/arm64/Elementary.SwiftFileList -DSWIFT_PACKAGE -DDEBUG -DSWIFT_MODULE_RESOURCE_BUNDLE_UNAVAILABLE -DXcode -enable-upcoming-feature ExistentialAny -plugin-path /Applications/Xcode-27.0.0-Release.Candidate.app/Contents/Developer/Toolchains/XcodeDefault.xctoolchain/usr/lib/swift/host/plugins/testing -enable-experimental-feature DebugDescriptionMacro -sdk /Applications/Xcode-27.0.0-Release.Candidate.app/Contents/Developer/Platforms/XROS.platform/Developer/SDKs/XROS27.0.sdk -target arm64-apple-xros1.0 -g -module-cache-path /Users/admin/builder/spi-builder-workspace/.derivedData/ModuleCache.noindex -Xfrontend -serialize-debugging-options -profile-coverage-mapping -profile-generate -enable-testing -suppress-warnings -index-store-path /Users/admin/builder/spi-builder-workspace/.derivedData/Index.noindex/DataStore -Xcc -D_LIBCPP_HARDENING_MODE\=_LIBCPP_HARDENING_MODE_DEBUG -swift-version 6 -I /Users/admin/builder/spi-builder-workspace/.derivedData/Build/Products/Debug-xros -Isystem /Applications/Xcode-27.0.0-Release.Candidate.app/Contents/Developer/Platforms/XROS.platform/Developer/usr/lib -F /Users/admin/builder/spi-builder-workspace/.derivedData/Build/Products/Debug-xros -F /Applications/Xcode-27.0.0-Release.Candidate.app/Contents/Developer/Platforms/XROS.platform/Developer/Library/Frameworks -F /Applications/Xcode-27.0.0-Release.Candidate.app/Contents/Developer/Platforms/XROS.platform/Developer/SDKs/XROS27.0.sdk/Developer/Library/Frameworks -c -j10 -enable-batch-mode -incremental -Xcc -ivfsstatcache -Xcc /Users/admin/builder/spi-builder-workspace/.derivedData/SDKStatCaches.noindex/xros27.0-24M361-e829b21a6f8c9b70876ba0858053c044735bd543db762f57723cac368afd1ce4.sdkstatcache -output-file-map /Users/admin/builder/spi-builder-workspace/.derivedData/Build/Intermediates.noindex/elementary.build/Debug-xros/Elementary-t.build/Objects-normal/arm64/Elementary-OutputFileMap.json -save-temps -no-color-diagnostics -explicit-module-build -module-cache-path /Users/admin/builder/spi-builder-workspace/.derivedData/Build/Intermediates.noindex/SwiftExplicitPrecompiledModules -clang-scanner-module-cache-path /Users/admin/builder/spi-builder-workspace/.derivedData/ModuleCache.noindex -sdk-module-cache-path /Users/admin/builder/spi-builder-workspace/.derivedData/SDKExplicitPrecompiledModules -emit-dependencies -emit-module -emit-module-path /Users/admin/builder/spi-builder-workspace/.derivedData/Build/Intermediates.noindex/elementary.build/Debug-xros/Elementary-t.build/Objects-normal/arm64/Elementary.swiftmodule -serialize-diagnostics -dependency-scan-serialize-diagnostics-path /Users/admin/builder/spi-builder-workspace/.derivedData/Build/Intermediates.noindex/elementary.build/Debug-xros/Elementary-t.build/Objects-normal/arm64/Elementary-dependency-scan.dia -user-module-version 0.8.1 -validate-clang-modules-once -clang-build-session-file /Users/admin/builder/spi-builder-workspace/.derivedData/ModuleCache.noindex/Session.modulevalidation -Xcc -fmodules-prune-interval\=86400 -Xcc -fmodules-prune-after\=345600 -package-name elementary -emit-const-values -const-gather-protocols-list /Users/admin/builder/spi-builder-workspace/.derivedData/Build/Intermediates.noindex/elementary.build/Debug-xros/Elementary-t.build/Objects-normal/arm64/Elementary_const_extract_protocols.json -Xcc -I/Users/admin/builder/spi-builder-workspace/.derivedData/Build/Products/Debug-xros/include -Xcc -I/Users/admin/builder/spi-builder-workspace/.derivedData/Build/Intermediates.noindex/elementary.build/Debug-xros/Elementary-t.build/DerivedSources-normal/arm64 -Xcc -I/Users/admin/builder/spi-builder-workspace/.derivedData/Build/Intermediates.noindex/elementary.build/Debug-xros/Elementary-t.build/DerivedSources/arm64 -Xcc -I/Users/admin/builder/spi-builder-workspace/.derivedData/Build/Intermediates.noindex/elementary.build/Debug-xros/Elementary-t.build/DerivedSources -Xcc -DSWIFT_PACKAGE -Xcc -DDEBUG\=1 -emit-objc-header -emit-objc-header-path /Users/admin/builder/spi-builder-workspace/.derivedData/Build/Intermediates.noindex/elementary.build/Debug-xros/Elementary-t.build/Objects-normal/arm64/Elementary-Swift.h -working-directory /Users/admin/builder/spi-builder-workspace/.swiftpm/xcode -experimental-emit-module-separately -disable-cmo
Ld /Users/admin/builder/spi-builder-workspace/.derivedData/Build/Products/Debug-xros/Elementary.o normal (in target 'Elementary' from project 'elementary')
cd /Users/admin/builder/spi-builder-workspace/.dependencies/checkouts/elementary
/Applications/Xcode-27.0.0-Release.Candidate.app/Contents/Developer/Toolchains/XcodeDefault.xctoolchain/usr/bin/clang -Xlinker -reproducible -target arm64-apple-xros1.0 -r -isysroot /Applications/Xcode-27.0.0-Release.Candidate.app/Contents/Developer/Platforms/XROS.platform/Developer/SDKs/XROS27.0.sdk -O0 -w -Xlinker -no_warn_duplicate_libraries -F/Users/admin/builder/spi-builder-workspace/.derivedData/Build/Intermediates.noindex/EagerLinkingTBDs/Debug-xros -F/Users/admin/builder/spi-builder-workspace/.derivedData/Build/Products/Debug-xros -iframework /Applications/Xcode-27.0.0-Release.Candidate.app/Contents/Developer/Platforms/XROS.platform/Developer/Library/Frameworks -iframework /Applications/Xcode-27.0.0-Release.Candidate.app/Contents/Developer/Platforms/XROS.platform/Developer/SDKs/XROS27.0.sdk/Developer/Library/Frameworks -filelist /Users/admin/builder/spi-builder-workspace/.derivedData/Build/Intermediates.noindex/elementary.build/Debug-xros/Elementary-t.build/Objects-normal/arm64/Elementary.LinkFileList -nostdlib -Xlinker -object_path_lto -Xlinker /Users/admin/builder/spi-builder-workspace/.derivedData/Build/Intermediates.noindex/elementary.build/Debug-xros/Elementary-t.build/Objects-normal/arm64/Elementary_lto.o -Xlinker -no_deduplicate -Xlinker -debug_variant -Xlinker -dependency_info -Xlinker /Users/admin/builder/spi-builder-workspace/.derivedData/Build/Intermediates.noindex/elementary.build/Debug-xros/Elementary-t.build/Objects-normal/arm64/Elementary_dependency_info.dat -fobjc-link-runtime -L/Applications/Xcode-27.0.0-Release.Candidate.app/Contents/Developer/Toolchains/XcodeDefault.xctoolchain/usr/lib/swift/xros -L/usr/lib/swift -Xlinker -add_ast_path -Xlinker /Users/admin/builder/spi-builder-workspace/.derivedData/Build/Intermediates.noindex/elementary.build/Debug-xros/Elementary-t.build/Objects-normal/arm64/Elementary.swiftmodule -o /Users/admin/builder/spi-builder-workspace/.derivedData/Build/Products/Debug-xros/Elementary.o
SwiftExplicitDependencyGeneratePcm arm64 /Users/admin/builder/spi-builder-workspace/.derivedData/SDKExplicitPrecompiledModules/_Builtin_stdbool-5BU2ADS7JXQMYENKQHW9X8XOU.pcm
SwiftExplicitDependencyGeneratePcm arm64 /Users/admin/builder/spi-builder-workspace/.derivedData/SDKExplicitPrecompiledModules/ptrcheck-BXA97MNLI4BB0HF5I8MJE403D.pcm
SwiftExplicitDependencyGeneratePcm arm64 /Users/admin/builder/spi-builder-workspace/.derivedData/SDKExplicitPrecompiledModules/_SwiftConcurrencyShims-C8XHKSHX96D5YYALNM4W70Z0O.pcm
SwiftExplicitDependencyGeneratePcm arm64 /Users/admin/builder/spi-builder-workspace/.derivedData/SDKExplicitPrecompiledModules/ptrauth-1WBA714DZSVUL5JQDJ08CLKZ.pcm
SwiftExplicitDependencyGeneratePcm arm64 /Users/admin/builder/spi-builder-workspace/.derivedData/SDKExplicitPrecompiledModules/_AvailabilityInternal-1Q8IQP6M38UWSGZ95UCEY2M44.pcm
SwiftExplicitDependencyGeneratePcm arm64 /Users/admin/builder/spi-builder-workspace/.derivedData/SDKExplicitPrecompiledModules/_Builtin_stdarg-CDA349K2K4US766844K8E0PVA.pcm
SwiftExplicitDependencyGeneratePcm arm64 /Users/admin/builder/spi-builder-workspace/.derivedData/SDKExplicitPrecompiledModules/_Builtin_float-6WKHNW5S40U2QGHXXGETUDIRA.pcm
SwiftExplicitDependencyGeneratePcm arm64 /Users/admin/builder/spi-builder-workspace/.derivedData/SDKExplicitPrecompiledModules/_Builtin_stddef-5NQ9Z1GV07GBSRQGAQCGXGVRI.pcm
SwiftExplicitDependencyGeneratePcm arm64 /Users/admin/builder/spi-builder-workspace/.derivedData/SDKExplicitPrecompiledModules/SwiftShims-CI4H5RO9IYFFWQ2COB512Q2S9.pcm
ExtractAppIntentsMetadata (in target 'Elementary' from project 'elementary')
cd /Users/admin/builder/spi-builder-workspace/.dependencies/checkouts/elementary
/Applications/Xcode-27.0.0-Release.Candidate.app/Contents/Developer/Toolchains/XcodeDefault.xctoolchain/usr/bin/appintentsmetadataprocessor --toolchain-dir /var/run/com.apple.security.cryptexd/mnt/com.apple.MobileAsset.MetalToolchain-v27.1.266.1.W9JPLc/Metal.xctoolchain --module-name Elementary --sdk-root /Applications/Xcode-27.0.0-Release.Candidate.app/Contents/Developer/Platforms/XROS.platform/Developer/SDKs/XROS27.0.sdk --xcode-version 27A266a --platform-family xrOS --deployment-target 1.0 --bundle-identifier elementary.Elementary --output /Users/admin/builder/spi-builder-workspace/.derivedData/Build/Products/Debug-xros/Elementary.appintents --target-triple arm64-apple-xros1.0 --binary-file /Users/admin/builder/spi-builder-workspace/.derivedData/Build/Products/Debug-xros/Elementary.o --dependency-file /Users/admin/builder/spi-builder-workspace/.derivedData/Build/Intermediates.noindex/elementary.build/Debug-xros/Elementary-t.build/Objects-normal/arm64/Elementary_dependency_info.dat --stringsdata-file /Users/admin/builder/spi-builder-workspace/.derivedData/Build/Intermediates.noindex/elementary.build/Debug-xros/Elementary-t.build/Objects-normal/arm64/ExtractedAppShortcutsMetadata.stringsdata --source-file-list /Users/admin/builder/spi-builder-workspace/.derivedData/Build/Intermediates.noindex/elementary.build/Debug-xros/Elementary-t.build/Objects-normal/arm64/Elementary.SwiftFileList --metadata-file-list /Users/admin/builder/spi-builder-workspace/.derivedData/Build/Intermediates.noindex/elementary.build/Debug-xros/Elementary-t.build/Elementary.DependencyMetadataFileList --static-metadata-file-list /Users/admin/builder/spi-builder-workspace/.derivedData/Build/Intermediates.noindex/elementary.build/Debug-xros/Elementary-t.build/Elementary.DependencyStaticMetadataFileList --swift-const-vals-list /Users/admin/builder/spi-builder-workspace/.derivedData/Build/Intermediates.noindex/elementary.build/Debug-xros/Elementary-t.build/Objects-normal/arm64/Elementary.SwiftConstValuesFileList --force --compile-time-extraction --deployment-aware-processing --no-app-shortcuts-localization
2026-09-23 09:32:56.794 appintentsmetadataprocessor[754:4569] Starting appintentsmetadataprocessor export
2026-09-23 09:32:56.887 appintentsmetadataprocessor[754:4569] Extracted no relevant App Intents symbols, skipping writing output
SwiftExplicitDependencyGeneratePcm arm64 /Users/admin/builder/spi-builder-workspace/.derivedData/SDKExplicitPrecompiledModules/_DarwinFoundation1-5RGRVV2TZ6WC4WZW5IXF8NQ04.pcm
SwiftExplicitDependencyGeneratePcm arm64 /Users/admin/builder/spi-builder-workspace/.derivedData/SDKExplicitPrecompiledModules/_Builtin_limits-425JDMN5HPM3D0UEI8LEHP6NM.pcm
SwiftExplicitDependencyGeneratePcm arm64 /Users/admin/builder/spi-builder-workspace/.derivedData/SDKExplicitPrecompiledModules/_DarwinFoundation2-ENTECK156YEWITZRRBTOCE4KR.pcm
SwiftExplicitDependencyGeneratePcm arm64 /Users/admin/builder/spi-builder-workspace/.derivedData/SDKExplicitPrecompiledModules/string_h-2GT67HHHHK5CF1V1S31LH0PU2.pcm
SwiftExplicitDependencyGeneratePcm arm64 /Users/admin/builder/spi-builder-workspace/.derivedData/SDKExplicitPrecompiledModules/_Builtin_stdint-8OR6T47OOYJA90ZBO3N1USDE.pcm
SwiftExplicitDependencyGeneratePcm arm64 /Users/admin/builder/spi-builder-workspace/.derivedData/SDKExplicitPrecompiledModules/sys_types-AYM0BHR77VKMWZCO2T0XGV2HF.pcm
SwiftExplicitDependencyGeneratePcm arm64 /Users/admin/builder/spi-builder-workspace/.derivedData/SDKExplicitPrecompiledModules/_DarwinFoundation3-9ZHN6JKBS40BBA81RQMV8H0IC.pcm
SwiftExplicitDependencyGeneratePcm arm64 /Users/admin/builder/spi-builder-workspace/.derivedData/SDKExplicitPrecompiledModules/_Builtin_inttypes-11B64KJD36B3YOHBR1BBXBJY8.pcm
SwiftExplicitDependencyGeneratePcm arm64 /Users/admin/builder/spi-builder-workspace/.derivedData/SDKExplicitPrecompiledModules/Darwin-60P5LVNQO3ESRRM5DCJ05PFNK.pcm
SwiftExplicitDependencyGeneratePcm arm64 /Users/admin/builder/spi-builder-workspace/.derivedData/SDKExplicitPrecompiledModules/ObjectiveC-26TIBFYCEJZVP216ZZAU1X8KN.pcm
SwiftExplicitDependencyGeneratePcm arm64 /Users/admin/builder/spi-builder-workspace/.derivedData/SDKExplicitPrecompiledModules/os_object-692CJ8BG6RE5H04487EJJOVXW.pcm
SwiftExplicitDependencyGeneratePcm arm64 /Users/admin/builder/spi-builder-workspace/.derivedData/SDKExplicitPrecompiledModules/os_workgroup-4U1VXMWIZD80E7PRUQF2G7P9X.pcm
SwiftExplicitDependencyGeneratePcm arm64 /Users/admin/builder/spi-builder-workspace/.derivedData/SDKExplicitPrecompiledModules/Dispatch-CLT3466HKC22GCKAWSCNG0H7T.pcm
SwiftExplicitDependencyGeneratePcm arm64 /Users/admin/builder/spi-builder-workspace/.derivedData/SDKExplicitPrecompiledModules/XPC-EP5EU7FNGP4VOA3EDM18P1KHO.pcm
SwiftExplicitDependencyGeneratePcm arm64 /Users/admin/builder/spi-builder-workspace/.derivedData/SDKExplicitPrecompiledModules/CoreFoundation-AVLTZVCXBU2TO75JCN4AGU8XJ.pcm
SwiftExplicitDependencyGeneratePcm arm64 /Users/admin/builder/spi-builder-workspace/.derivedData/SDKExplicitPrecompiledModules/Security-8TH2M8WJIQMET4SADWX0N8372.pcm
SwiftExplicitDependencyGeneratePcm arm64 /Users/admin/builder/spi-builder-workspace/.derivedData/SDKExplicitPrecompiledModules/CFNetwork-5MI70N1VLDQSWTX4COWLMSIRO.pcm
SwiftExplicitDependencyGeneratePcm arm64 /Users/admin/builder/spi-builder-workspace/.derivedData/SDKExplicitPrecompiledModules/Foundation-8GON1KVEKRN3NOQI8RETBRWJP.pcm
SwiftEmitModule normal arm64 Emitting\ module\ for\ ElementaryShoelace (in target 'ElementaryShoelace' from project 'elementary-components')
SwiftCompile normal arm64 (in target 'ElementaryShoelace' from project 'elementary-components')
cd /Users/admin/builder/spi-builder-workspace/.swiftpm/xcode
/Users/admin/builder/spi-builder-workspace/Sources/ElementaryShoelace/SLAttributes.swift:253:47: error: ambiguous type name 'readonly' in 'HTMLTrait.Attributes'
242 |
243 | public extension HTMLTrait.Attributes {
244 | protocol readonly {}
| `- note: found candidate with type 'HTMLTrait.Attributes.readonly'
245 | }
246 |
:
251 | }
252 |
253 | extension HTMLTag.input: HTMLTrait.Attributes.readonly {}
| `- error: ambiguous type name 'readonly' in 'HTMLTrait.Attributes'
254 |
255 | public extension HTMLTrait.Attributes {
Elementary.HTMLTrait.Attributes.readonly:3:17: note: found candidate with type 'HTMLTrait.Attributes.readonly'
1 | enum HTMLTrait {
2 | enum Attributes {
3 | public protocol readonly {
| `- note: found candidate with type 'HTMLTrait.Attributes.readonly'
4 | } }
5 | }
/Users/admin/builder/spi-builder-workspace/Sources/ElementaryShoelace/SLAttributes.swift:253:47: warning: conformance of 'HTMLTag.input' to protocol 'readonly' was already stated in the type's module 'Elementary'
251 | }
252 |
253 | extension HTMLTag.input: HTMLTrait.Attributes.readonly {}
| `- warning: conformance of 'HTMLTag.input' to protocol 'readonly' was already stated in the type's module 'Elementary'
254 |
255 | public extension HTMLTrait.Attributes {
Elementary.HTMLTag.input:1:11: note: 'HTMLTag.input' declares conformance to protocol 'readonly' here
1 | extension HTMLTag.input : Elementary.HTMLTrait.Attributes.readonly {
| `- note: 'HTMLTag.input' declares conformance to protocol 'readonly' here
2 | }
SwiftCompile normal arm64 Compiling\ SLMenu.swift,\ SLMenuItem.swift,\ SLMenuLabel.swift,\ SLMutationObserver.swift,\ SLOption.swift,\ SLPopup.swift /Users/admin/builder/spi-builder-workspace/Sources/ElementaryShoelace/components/SLMenu.swift /Users/admin/builder/spi-builder-workspace/Sources/ElementaryShoelace/components/SLMenuItem.swift /Users/admin/builder/spi-builder-workspace/Sources/ElementaryShoelace/components/SLMenuLabel.swift /Users/admin/builder/spi-builder-workspace/Sources/ElementaryShoelace/components/SLMutationObserver.swift /Users/admin/builder/spi-builder-workspace/Sources/ElementaryShoelace/components/SLOption.swift /Users/admin/builder/spi-builder-workspace/Sources/ElementaryShoelace/components/SLPopup.swift (in target 'ElementaryShoelace' from project 'elementary-components')
SwiftCompile normal arm64 /Users/admin/builder/spi-builder-workspace/Sources/ElementaryShoelace/components/SLMenu.swift (in target 'ElementaryShoelace' from project 'elementary-components')
cd /Users/admin/builder/spi-builder-workspace/.swiftpm/xcode
builtin-SwiftPerFileCompile SLMenu.swift
SwiftCompile normal arm64 /Users/admin/builder/spi-builder-workspace/Sources/ElementaryShoelace/components/SLMenuItem.swift (in target 'ElementaryShoelace' from project 'elementary-components')
cd /Users/admin/builder/spi-builder-workspace/.swiftpm/xcode
builtin-SwiftPerFileCompile SLMenuItem.swift
SwiftCompile normal arm64 /Users/admin/builder/spi-builder-workspace/Sources/ElementaryShoelace/components/SLMenuLabel.swift (in target 'ElementaryShoelace' from project 'elementary-components')
cd /Users/admin/builder/spi-builder-workspace/.swiftpm/xcode
builtin-SwiftPerFileCompile SLMenuLabel.swift
SwiftCompile normal arm64 /Users/admin/builder/spi-builder-workspace/Sources/ElementaryShoelace/components/SLMutationObserver.swift (in target 'ElementaryShoelace' from project 'elementary-components')
cd /Users/admin/builder/spi-builder-workspace/.swiftpm/xcode
builtin-SwiftPerFileCompile SLMutationObserver.swift
SwiftCompile normal arm64 /Users/admin/builder/spi-builder-workspace/Sources/ElementaryShoelace/components/SLOption.swift (in target 'ElementaryShoelace' from project 'elementary-components')
cd /Users/admin/builder/spi-builder-workspace/.swiftpm/xcode
builtin-SwiftPerFileCompile SLOption.swift
SwiftCompile normal arm64 /Users/admin/builder/spi-builder-workspace/Sources/ElementaryShoelace/components/SLPopup.swift (in target 'ElementaryShoelace' from project 'elementary-components')
cd /Users/admin/builder/spi-builder-workspace/.swiftpm/xcode
builtin-SwiftPerFileCompile SLPopup.swift
SwiftCompile normal arm64 Compiling\ SLSplitPanel.swift,\ SLSwitch.swift,\ SLTab.swift,\ SLTabGroup.swift,\ SLTabPanel.swift,\ SLTag.swift /Users/admin/builder/spi-builder-workspace/Sources/ElementaryShoelace/components/SLSplitPanel.swift /Users/admin/builder/spi-builder-workspace/Sources/ElementaryShoelace/components/SLSwitch.swift /Users/admin/builder/spi-builder-workspace/Sources/ElementaryShoelace/components/SLTab.swift /Users/admin/builder/spi-builder-workspace/Sources/ElementaryShoelace/components/SLTabGroup.swift /Users/admin/builder/spi-builder-workspace/Sources/ElementaryShoelace/components/SLTabPanel.swift /Users/admin/builder/spi-builder-workspace/Sources/ElementaryShoelace/components/SLTag.swift (in target 'ElementaryShoelace' from project 'elementary-components')
SwiftCompile normal arm64 /Users/admin/builder/spi-builder-workspace/Sources/ElementaryShoelace/components/SLSplitPanel.swift (in target 'ElementaryShoelace' from project 'elementary-components')
cd /Users/admin/builder/spi-builder-workspace/.swiftpm/xcode
builtin-SwiftPerFileCompile SLSplitPanel.swift
SwiftCompile normal arm64 /Users/admin/builder/spi-builder-workspace/Sources/ElementaryShoelace/components/SLSwitch.swift (in target 'ElementaryShoelace' from project 'elementary-components')
cd /Users/admin/builder/spi-builder-workspace/.swiftpm/xcode
builtin-SwiftPerFileCompile SLSwitch.swift
SwiftCompile normal arm64 /Users/admin/builder/spi-builder-workspace/Sources/ElementaryShoelace/components/SLTab.swift (in target 'ElementaryShoelace' from project 'elementary-components')
cd /Users/admin/builder/spi-builder-workspace/.swiftpm/xcode
builtin-SwiftPerFileCompile SLTab.swift
SwiftCompile normal arm64 /Users/admin/builder/spi-builder-workspace/Sources/ElementaryShoelace/components/SLTabGroup.swift (in target 'ElementaryShoelace' from project 'elementary-components')
cd /Users/admin/builder/spi-builder-workspace/.swiftpm/xcode
builtin-SwiftPerFileCompile SLTabGroup.swift
SwiftCompile normal arm64 /Users/admin/builder/spi-builder-workspace/Sources/ElementaryShoelace/components/SLTabPanel.swift (in target 'ElementaryShoelace' from project 'elementary-components')
cd /Users/admin/builder/spi-builder-workspace/.swiftpm/xcode
builtin-SwiftPerFileCompile SLTabPanel.swift
SwiftCompile normal arm64 /Users/admin/builder/spi-builder-workspace/Sources/ElementaryShoelace/components/SLTag.swift (in target 'ElementaryShoelace' from project 'elementary-components')
cd /Users/admin/builder/spi-builder-workspace/.swiftpm/xcode
builtin-SwiftPerFileCompile SLTag.swift
/Users/admin/builder/spi-builder-workspace/Sources/ElementaryShoelace/components/SLTag.swift:27:56: error: reference to generic type 'HTMLAttribute' (aka 'MarkupAttribute') requires arguments in <...>
25 | /// - Parameter value: The variant value. Options: (`primary`, `success`, `neutral`, `warning`, `danger`, `text`).
26 | /// - Returns: The HTMLAttribute (`variant="(value)"`)
27 | static func variant(_ value: SLTagVariantValue) -> HTMLAttribute {
| `- error: reference to generic type 'HTMLAttribute' (aka 'MarkupAttribute') requires arguments in <...>
28 | HTMLAttribute(name: "variant", value: value.rawValue)
29 | }
Elementary.MarkupAttribute:1:15: note: generic struct 'MarkupAttribute' declared here
1 | public struct MarkupAttribute<Tag> : Sendable where Tag : Elementary.MarkupTagDefinition {
| `- note: generic struct 'MarkupAttribute' declared here
2 | public var name: String { get }
3 | public var value: String? { get }
SwiftCompile normal arm64 Compiling\ SLDialog.swift,\ SLDivider.swift,\ SLDrawer.swift,\ SLDropdown.swift,\ SLFormatBytes.swift,\ SLFormatDate.swift /Users/admin/builder/spi-builder-workspace/Sources/ElementaryShoelace/components/SLDialog.swift /Users/admin/builder/spi-builder-workspace/Sources/ElementaryShoelace/components/SLDivider.swift /Users/admin/builder/spi-builder-workspace/Sources/ElementaryShoelace/components/SLDrawer.swift /Users/admin/builder/spi-builder-workspace/Sources/ElementaryShoelace/components/SLDropdown.swift /Users/admin/builder/spi-builder-workspace/Sources/ElementaryShoelace/components/SLFormatBytes.swift /Users/admin/builder/spi-builder-workspace/Sources/ElementaryShoelace/components/SLFormatDate.swift (in target 'ElementaryShoelace' from project 'elementary-components')
SwiftCompile normal arm64 /Users/admin/builder/spi-builder-workspace/Sources/ElementaryShoelace/components/SLDialog.swift (in target 'ElementaryShoelace' from project 'elementary-components')
cd /Users/admin/builder/spi-builder-workspace/.swiftpm/xcode
builtin-SwiftPerFileCompile SLDialog.swift
SwiftCompile normal arm64 /Users/admin/builder/spi-builder-workspace/Sources/ElementaryShoelace/components/SLDivider.swift (in target 'ElementaryShoelace' from project 'elementary-components')
cd /Users/admin/builder/spi-builder-workspace/.swiftpm/xcode
builtin-SwiftPerFileCompile SLDivider.swift
SwiftCompile normal arm64 /Users/admin/builder/spi-builder-workspace/Sources/ElementaryShoelace/components/SLDrawer.swift (in target 'ElementaryShoelace' from project 'elementary-components')
cd /Users/admin/builder/spi-builder-workspace/.swiftpm/xcode
builtin-SwiftPerFileCompile SLDrawer.swift
SwiftCompile normal arm64 /Users/admin/builder/spi-builder-workspace/Sources/ElementaryShoelace/components/SLDropdown.swift (in target 'ElementaryShoelace' from project 'elementary-components')
cd /Users/admin/builder/spi-builder-workspace/.swiftpm/xcode
builtin-SwiftPerFileCompile SLDropdown.swift
SwiftCompile normal arm64 /Users/admin/builder/spi-builder-workspace/Sources/ElementaryShoelace/components/SLFormatBytes.swift (in target 'ElementaryShoelace' from project 'elementary-components')
cd /Users/admin/builder/spi-builder-workspace/.swiftpm/xcode
builtin-SwiftPerFileCompile SLFormatBytes.swift
SwiftCompile normal arm64 /Users/admin/builder/spi-builder-workspace/Sources/ElementaryShoelace/components/SLFormatDate.swift (in target 'ElementaryShoelace' from project 'elementary-components')
cd /Users/admin/builder/spi-builder-workspace/.swiftpm/xcode
builtin-SwiftPerFileCompile SLFormatDate.swift
SwiftCompile normal arm64 Compiling\ SLCarousel.swift,\ SLCarouselItem.swift,\ SLCheckbox.swift,\ SLColorPicker.swift,\ SLCopyButton.swift,\ SLDetails.swift /Users/admin/builder/spi-builder-workspace/Sources/ElementaryShoelace/components/SLCarousel.swift /Users/admin/builder/spi-builder-workspace/Sources/ElementaryShoelace/components/SLCarouselItem.swift /Users/admin/builder/spi-builder-workspace/Sources/ElementaryShoelace/components/SLCheckbox.swift /Users/admin/builder/spi-builder-workspace/Sources/ElementaryShoelace/components/SLColorPicker.swift /Users/admin/builder/spi-builder-workspace/Sources/ElementaryShoelace/components/SLCopyButton.swift /Users/admin/builder/spi-builder-workspace/Sources/ElementaryShoelace/components/SLDetails.swift (in target 'ElementaryShoelace' from project 'elementary-components')
SwiftCompile normal arm64 /Users/admin/builder/spi-builder-workspace/Sources/ElementaryShoelace/components/SLCarousel.swift (in target 'ElementaryShoelace' from project 'elementary-components')
cd /Users/admin/builder/spi-builder-workspace/.swiftpm/xcode
builtin-SwiftPerFileCompile SLCarousel.swift
SwiftCompile normal arm64 /Users/admin/builder/spi-builder-workspace/Sources/ElementaryShoelace/components/SLCarouselItem.swift (in target 'ElementaryShoelace' from project 'elementary-components')
cd /Users/admin/builder/spi-builder-workspace/.swiftpm/xcode
builtin-SwiftPerFileCompile SLCarouselItem.swift
SwiftCompile normal arm64 /Users/admin/builder/spi-builder-workspace/Sources/ElementaryShoelace/components/SLCheckbox.swift (in target 'ElementaryShoelace' from project 'elementary-components')
cd /Users/admin/builder/spi-builder-workspace/.swiftpm/xcode
builtin-SwiftPerFileCompile SLCheckbox.swift
SwiftCompile normal arm64 /Users/admin/builder/spi-builder-workspace/Sources/ElementaryShoelace/components/SLColorPicker.swift (in target 'ElementaryShoelace' from project 'elementary-components')
cd /Users/admin/builder/spi-builder-workspace/.swiftpm/xcode
builtin-SwiftPerFileCompile SLColorPicker.swift
SwiftCompile normal arm64 /Users/admin/builder/spi-builder-workspace/Sources/ElementaryShoelace/components/SLCopyButton.swift (in target 'ElementaryShoelace' from project 'elementary-components')
cd /Users/admin/builder/spi-builder-workspace/.swiftpm/xcode
builtin-SwiftPerFileCompile SLCopyButton.swift
SwiftCompile normal arm64 /Users/admin/builder/spi-builder-workspace/Sources/ElementaryShoelace/components/SLDetails.swift (in target 'ElementaryShoelace' from project 'elementary-components')
cd /Users/admin/builder/spi-builder-workspace/.swiftpm/xcode
builtin-SwiftPerFileCompile SLDetails.swift
SwiftCompile normal arm64 Compiling\ SLTextarea.swift,\ SLTooltip.swift,\ SLTree.swift,\ SLTreeItem.swift,\ SLVisuallyHidden.swift,\ SLIconProtocol.swift /Users/admin/builder/spi-builder-workspace/Sources/ElementaryShoelace/components/SLTextarea.swift /Users/admin/builder/spi-builder-workspace/Sources/ElementaryShoelace/components/SLTooltip.swift /Users/admin/builder/spi-builder-workspace/Sources/ElementaryShoelace/components/SLTree.swift /Users/admin/builder/spi-builder-workspace/Sources/ElementaryShoelace/components/SLTreeItem.swift /Users/admin/builder/spi-builder-workspace/Sources/ElementaryShoelace/components/SLVisuallyHidden.swift /Users/admin/builder/spi-builder-workspace/Sources/ElementaryShoelace/protocols/SLIconProtocol.swift (in target 'ElementaryShoelace' from project 'elementary-components')
/Users/admin/builder/spi-builder-workspace/Sources/ElementaryShoelace/components/SLTextarea.swift:30:52: error: ambiguous type name 'readonly' in 'HTMLTrait.Attributes'
28 | extension HTMLTag.SLTextarea: HTMLTrait.Attributes.placeholder {}
29 | extension HTMLTag.SLTextarea: HTMLTrait.Attributes.disabled {}
30 | extension HTMLTag.SLTextarea: HTMLTrait.Attributes.readonly {}
| `- error: ambiguous type name 'readonly' in 'HTMLTrait.Attributes'
31 | extension HTMLTag.SLTextarea: HTMLTrait.Attributes.form {}
32 | extension HTMLTag.SLTextarea: HTMLTrait.Attributes.required {}
/Users/admin/builder/spi-builder-workspace/Sources/ElementaryShoelace/SLAttributes.swift:244:14: note: found candidate with type 'HTMLTrait.Attributes.readonly'
242 |
243 | public extension HTMLTrait.Attributes {
244 | protocol readonly {}
| `- note: found candidate with type 'HTMLTrait.Attributes.readonly'
245 | }
246 |
Elementary.HTMLTrait.Attributes.readonly:3:17: note: found candidate with type 'HTMLTrait.Attributes.readonly'
1 | enum HTMLTrait {
2 | enum Attributes {
3 | public protocol readonly {
| `- note: found candidate with type 'HTMLTrait.Attributes.readonly'
4 | } }
5 | }
SwiftCompile normal arm64 /Users/admin/builder/spi-builder-workspace/Sources/ElementaryShoelace/components/SLTextarea.swift (in target 'ElementaryShoelace' from project 'elementary-components')
cd /Users/admin/builder/spi-builder-workspace/.swiftpm/xcode
builtin-SwiftPerFileCompile SLTextarea.swift
SwiftCompile normal arm64 /Users/admin/builder/spi-builder-workspace/Sources/ElementaryShoelace/components/SLTooltip.swift (in target 'ElementaryShoelace' from project 'elementary-components')
cd /Users/admin/builder/spi-builder-workspace/.swiftpm/xcode
builtin-SwiftPerFileCompile SLTooltip.swift
SwiftCompile normal arm64 /Users/admin/builder/spi-builder-workspace/Sources/ElementaryShoelace/components/SLTree.swift (in target 'ElementaryShoelace' from project 'elementary-components')
cd /Users/admin/builder/spi-builder-workspace/.swiftpm/xcode
builtin-SwiftPerFileCompile SLTree.swift
SwiftCompile normal arm64 /Users/admin/builder/spi-builder-workspace/Sources/ElementaryShoelace/components/SLTreeItem.swift (in target 'ElementaryShoelace' from project 'elementary-components')
cd /Users/admin/builder/spi-builder-workspace/.swiftpm/xcode
builtin-SwiftPerFileCompile SLTreeItem.swift
SwiftCompile normal arm64 /Users/admin/builder/spi-builder-workspace/Sources/ElementaryShoelace/components/SLVisuallyHidden.swift (in target 'ElementaryShoelace' from project 'elementary-components')
cd /Users/admin/builder/spi-builder-workspace/.swiftpm/xcode
builtin-SwiftPerFileCompile SLVisuallyHidden.swift
SwiftCompile normal arm64 /Users/admin/builder/spi-builder-workspace/Sources/ElementaryShoelace/protocols/SLIconProtocol.swift (in target 'ElementaryShoelace' from project 'elementary-components')
cd /Users/admin/builder/spi-builder-workspace/.swiftpm/xcode
builtin-SwiftPerFileCompile SLIconProtocol.swift
SwiftCompile normal arm64 Compiling\ SLProgressBar.swift,\ SLProgressRing.swift,\ SLQRCode.swift,\ SLRadio.swift,\ SLRadioButton.swift,\ SLRange.swift /Users/admin/builder/spi-builder-workspace/Sources/ElementaryShoelace/components/SLProgressBar.swift /Users/admin/builder/spi-builder-workspace/Sources/ElementaryShoelace/components/SLProgressRing.swift /Users/admin/builder/spi-builder-workspace/Sources/ElementaryShoelace/components/SLQRCode.swift /Users/admin/builder/spi-builder-workspace/Sources/ElementaryShoelace/components/SLRadio.swift /Users/admin/builder/spi-builder-workspace/Sources/ElementaryShoelace/components/SLRadioButton.swift /Users/admin/builder/spi-builder-workspace/Sources/ElementaryShoelace/components/SLRange.swift (in target 'ElementaryShoelace' from project 'elementary-components')
SwiftCompile normal arm64 /Users/admin/builder/spi-builder-workspace/Sources/ElementaryShoelace/components/SLProgressBar.swift (in target 'ElementaryShoelace' from project 'elementary-components')
cd /Users/admin/builder/spi-builder-workspace/.swiftpm/xcode
builtin-SwiftPerFileCompile SLProgressBar.swift
SwiftCompile normal arm64 /Users/admin/builder/spi-builder-workspace/Sources/ElementaryShoelace/components/SLProgressRing.swift (in target 'ElementaryShoelace' from project 'elementary-components')
cd /Users/admin/builder/spi-builder-workspace/.swiftpm/xcode
builtin-SwiftPerFileCompile SLProgressRing.swift
SwiftCompile normal arm64 /Users/admin/builder/spi-builder-workspace/Sources/ElementaryShoelace/components/SLQRCode.swift (in target 'ElementaryShoelace' from project 'elementary-components')
cd /Users/admin/builder/spi-builder-workspace/.swiftpm/xcode
builtin-SwiftPerFileCompile SLQRCode.swift
SwiftCompile normal arm64 /Users/admin/builder/spi-builder-workspace/Sources/ElementaryShoelace/components/SLRadio.swift (in target 'ElementaryShoelace' from project 'elementary-components')
cd /Users/admin/builder/spi-builder-workspace/.swiftpm/xcode
builtin-SwiftPerFileCompile SLRadio.swift
SwiftCompile normal arm64 /Users/admin/builder/spi-builder-workspace/Sources/ElementaryShoelace/components/SLRadioButton.swift (in target 'ElementaryShoelace' from project 'elementary-components')
cd /Users/admin/builder/spi-builder-workspace/.swiftpm/xcode
builtin-SwiftPerFileCompile SLRadioButton.swift
SwiftCompile normal arm64 /Users/admin/builder/spi-builder-workspace/Sources/ElementaryShoelace/components/SLRange.swift (in target 'ElementaryShoelace' from project 'elementary-components')
cd /Users/admin/builder/spi-builder-workspace/.swiftpm/xcode
builtin-SwiftPerFileCompile SLRange.swift
SwiftCompile normal arm64 Compiling\ SLFormatNumber.swift,\ SLIcon.swift,\ SLIconButton.swift,\ SLImageComparer.swift,\ SLInclude.swift,\ SLInput.swift /Users/admin/builder/spi-builder-workspace/Sources/ElementaryShoelace/components/SLFormatNumber.swift /Users/admin/builder/spi-builder-workspace/Sources/ElementaryShoelace/components/SLIcon.swift /Users/admin/builder/spi-builder-workspace/Sources/ElementaryShoelace/components/SLIconButton.swift /Users/admin/builder/spi-builder-workspace/Sources/ElementaryShoelace/components/SLImageComparer.swift /Users/admin/builder/spi-builder-workspace/Sources/ElementaryShoelace/components/SLInclude.swift /Users/admin/builder/spi-builder-workspace/Sources/ElementaryShoelace/components/SLInput.swift (in target 'ElementaryShoelace' from project 'elementary-components')
SwiftCompile normal arm64 /Users/admin/builder/spi-builder-workspace/Sources/ElementaryShoelace/components/SLFormatNumber.swift (in target 'ElementaryShoelace' from project 'elementary-components')
cd /Users/admin/builder/spi-builder-workspace/.swiftpm/xcode
builtin-SwiftPerFileCompile SLFormatNumber.swift
SwiftCompile normal arm64 /Users/admin/builder/spi-builder-workspace/Sources/ElementaryShoelace/components/SLIcon.swift (in target 'ElementaryShoelace' from project 'elementary-components')
cd /Users/admin/builder/spi-builder-workspace/.swiftpm/xcode
builtin-SwiftPerFileCompile SLIcon.swift
SwiftCompile normal arm64 /Users/admin/builder/spi-builder-workspace/Sources/ElementaryShoelace/components/SLIconButton.swift (in target 'ElementaryShoelace' from project 'elementary-components')
cd /Users/admin/builder/spi-builder-workspace/.swiftpm/xcode
builtin-SwiftPerFileCompile SLIconButton.swift
SwiftCompile normal arm64 /Users/admin/builder/spi-builder-workspace/Sources/ElementaryShoelace/components/SLImageComparer.swift (in target 'ElementaryShoelace' from project 'elementary-components')
cd /Users/admin/builder/spi-builder-workspace/.swiftpm/xcode
builtin-SwiftPerFileCompile SLImageComparer.swift
SwiftCompile normal arm64 /Users/admin/builder/spi-builder-workspace/Sources/ElementaryShoelace/components/SLInclude.swift (in target 'ElementaryShoelace' from project 'elementary-components')
cd /Users/admin/builder/spi-builder-workspace/.swiftpm/xcode
builtin-SwiftPerFileCompile SLInclude.swift
SwiftCompile normal arm64 /Users/admin/builder/spi-builder-workspace/Sources/ElementaryShoelace/components/SLInput.swift (in target 'ElementaryShoelace' from project 'elementary-components')
cd /Users/admin/builder/spi-builder-workspace/.swiftpm/xcode
builtin-SwiftPerFileCompile SLInput.swift
SwiftCompile normal arm64 Compiling\ SLAttributeValues.swift,\ SLAttributes.swift,\ SLAlert.swift,\ SLAnimatedImage.swift,\ SLAnimation.swift,\ SLAvatar.swift /Users/admin/builder/spi-builder-workspace/Sources/ElementaryShoelace/SLAttributeValues.swift /Users/admin/builder/spi-builder-workspace/Sources/ElementaryShoelace/SLAttributes.swift /Users/admin/builder/spi-builder-workspace/Sources/ElementaryShoelace/components/SLAlert.swift /Users/admin/builder/spi-builder-workspace/Sources/ElementaryShoelace/components/SLAnimatedImage.swift /Users/admin/builder/spi-builder-workspace/Sources/ElementaryShoelace/components/SLAnimation.swift /Users/admin/builder/spi-builder-workspace/Sources/ElementaryShoelace/components/SLAvatar.swift (in target 'ElementaryShoelace' from project 'elementary-components')
/Users/admin/builder/spi-builder-workspace/Sources/ElementaryShoelace/SLAttributes.swift:253:47: error: ambiguous type name 'readonly' in 'HTMLTrait.Attributes'
242 |
243 | public extension HTMLTrait.Attributes {
244 | protocol readonly {}
| `- note: found candidate with type 'HTMLTrait.Attributes.readonly'
245 | }
246 |
:
251 | }
252 |
253 | extension HTMLTag.input: HTMLTrait.Attributes.readonly {}
| `- error: ambiguous type name 'readonly' in 'HTMLTrait.Attributes'
254 |
255 | public extension HTMLTrait.Attributes {
Elementary.HTMLTrait.Attributes.readonly:3:17: note: found candidate with type 'HTMLTrait.Attributes.readonly'
1 | enum HTMLTrait {
2 | enum Attributes {
3 | public protocol readonly {
| `- note: found candidate with type 'HTMLTrait.Attributes.readonly'
4 | } }
5 | }
SwiftCompile normal arm64 /Users/admin/builder/spi-builder-workspace/Sources/ElementaryShoelace/SLAttributeValues.swift (in target 'ElementaryShoelace' from project 'elementary-components')
cd /Users/admin/builder/spi-builder-workspace/.swiftpm/xcode
builtin-SwiftPerFileCompile SLAttributeValues.swift
SwiftCompile normal arm64 /Users/admin/builder/spi-builder-workspace/Sources/ElementaryShoelace/SLAttributes.swift (in target 'ElementaryShoelace' from project 'elementary-components')
cd /Users/admin/builder/spi-builder-workspace/.swiftpm/xcode
builtin-SwiftPerFileCompile SLAttributes.swift
SwiftCompile normal arm64 /Users/admin/builder/spi-builder-workspace/Sources/ElementaryShoelace/components/SLAlert.swift (in target 'ElementaryShoelace' from project 'elementary-components')
cd /Users/admin/builder/spi-builder-workspace/.swiftpm/xcode
builtin-SwiftPerFileCompile SLAlert.swift
SwiftCompile normal arm64 /Users/admin/builder/spi-builder-workspace/Sources/ElementaryShoelace/components/SLAnimatedImage.swift (in target 'ElementaryShoelace' from project 'elementary-components')
cd /Users/admin/builder/spi-builder-workspace/.swiftpm/xcode
builtin-SwiftPerFileCompile SLAnimatedImage.swift
SwiftCompile normal arm64 /Users/admin/builder/spi-builder-workspace/Sources/ElementaryShoelace/components/SLAnimation.swift (in target 'ElementaryShoelace' from project 'elementary-components')
cd /Users/admin/builder/spi-builder-workspace/.swiftpm/xcode
builtin-SwiftPerFileCompile SLAnimation.swift
SwiftCompile normal arm64 /Users/admin/builder/spi-builder-workspace/Sources/ElementaryShoelace/components/SLAvatar.swift (in target 'ElementaryShoelace' from project 'elementary-components')
cd /Users/admin/builder/spi-builder-workspace/.swiftpm/xcode
builtin-SwiftPerFileCompile SLAvatar.swift
SwiftCompile normal arm64 Compiling\ SLBadge.swift,\ SLBreadcrumb.swift,\ SLBreadcrumbItem.swift,\ SLButton.swift,\ SLButtonGroup.swift,\ SLCard.swift /Users/admin/builder/spi-builder-workspace/Sources/ElementaryShoelace/components/SLBadge.swift /Users/admin/builder/spi-builder-workspace/Sources/ElementaryShoelace/components/SLBreadcrumb.swift /Users/admin/builder/spi-builder-workspace/Sources/ElementaryShoelace/components/SLBreadcrumbItem.swift /Users/admin/builder/spi-builder-workspace/Sources/ElementaryShoelace/components/SLButton.swift /Users/admin/builder/spi-builder-workspace/Sources/ElementaryShoelace/components/SLButtonGroup.swift /Users/admin/builder/spi-builder-workspace/Sources/ElementaryShoelace/components/SLCard.swift (in target 'ElementaryShoelace' from project 'elementary-components')
/Users/admin/builder/spi-builder-workspace/Sources/ElementaryShoelace/components/SLTag.swift:27:56: error: reference to generic type 'HTMLAttribute' (aka 'MarkupAttribute') requires arguments in <...>
25 | /// - Parameter value: The variant value. Options: (`primary`, `success`, `neutral`, `warning`, `danger`, `text`).
26 | /// - Returns: The HTMLAttribute (`variant="(value)"`)
27 | static func variant(_ value: SLTagVariantValue) -> HTMLAttribute {
| `- error: reference to generic type 'HTMLAttribute' (aka 'MarkupAttribute') requires arguments in <...>
28 | HTMLAttribute(name: "variant", value: value.rawValue)
29 | }
Elementary.MarkupAttribute:1:15: note: generic struct 'MarkupAttribute' declared here
1 | public struct MarkupAttribute<Tag> : Sendable where Tag : Elementary.MarkupTagDefinition {
| `- note: generic struct 'MarkupAttribute' declared here
2 | public var name: String { get }
3 | public var value: String? { get }
Failed frontend command:
/Applications/Xcode-27.0.0-Release.Candidate.app/Contents/Developer/Toolchains/XcodeDefault.xctoolchain/usr/bin/swift-frontend -frontend -c /Users/admin/builder/spi-builder-workspace/Sources/ElementaryShoelace/SLAttributeValues.swift /Users/admin/builder/spi-builder-workspace/Sources/ElementaryShoelace/SLAttributes.swift /Users/admin/builder/spi-builder-workspace/Sources/ElementaryShoelace/components/SLAlert.swift /Users/admin/builder/spi-builder-workspace/Sources/ElementaryShoelace/components/SLAnimatedImage.swift /Users/admin/builder/spi-builder-workspace/Sources/ElementaryShoelace/components/SLAnimation.swift /Users/admin/builder/spi-builder-workspace/Sources/ElementaryShoelace/components/SLAvatar.swift -primary-file /Users/admin/builder/spi-builder-workspace/Sources/ElementaryShoelace/components/SLBadge.swift -primary-file /Users/admin/builder/spi-builder-workspace/Sources/ElementaryShoelace/components/SLBreadcrumb.swift -primary-file /Users/admin/builder/spi-builder-workspace/Sources/ElementaryShoelace/components/SLBreadcrumbItem.swift -primary-file /Users/admin/builder/spi-builder-workspace/Sources/ElementaryShoelace/components/SLButton.swift -primary-file /Users/admin/builder/spi-builder-workspace/Sources/ElementaryShoelace/components/SLButtonGroup.swift -primary-file /Users/admin/builder/spi-builder-workspace/Sources/ElementaryShoelace/components/SLCard.swift /Users/admin/builder/spi-builder-workspace/Sources/ElementaryShoelace/components/SLCarousel.swift /Users/admin/builder/spi-builder-workspace/Sources/ElementaryShoelace/components/SLCarouselItem.swift /Users/admin/builder/spi-builder-workspace/Sources/ElementaryShoelace/components/SLCheckbox.swift /Users/admin/builder/spi-builder-workspace/Sources/ElementaryShoelace/components/SLColorPicker.swift /Users/admin/builder/spi-builder-workspace/Sources/ElementaryShoelace/components/SLCopyButton.swift /Users/admin/builder/spi-builder-workspace/Sources/ElementaryShoelace/components/SLDetails.swift /Users/admin/builder/spi-builder-workspace/Sources/ElementaryShoelace/components/SLDialog.swift /Users/admin/builder/spi-builder-workspace/Sources/ElementaryShoelace/components/SLDivider.swift /Users/admin/builder/spi-builder-workspace/Sources/ElementaryShoelace/components/SLDrawer.swift /Users/admin/builder/spi-builder-workspace/Sources/ElementaryShoelace/components/SLDropdown.swift /Users/admin/builder/spi-builder-workspace/Sources/ElementaryShoelace/components/SLFormatBytes.swift /Users/admin/builder/spi-builder-workspace/Sources/ElementaryShoelace/components/SLFormatDate.swift /Users/admin/builder/spi-builder-workspace/Sources/ElementaryShoelace/components/SLFormatNumber.swift /Users/admin/builder/spi-builder-workspace/Sources/ElementaryShoelace/components/SLIcon.swift /Users/admin/builder/spi-builder-workspace/Sources/ElementaryShoelace/components/SLIconButton.swift /Users/admin/builder/spi-builder-workspace/Sources/ElementaryShoelace/components/SLImageComparer.swift /Users/admin/builder/spi-builder-workspace/Sources/ElementaryShoelace/components/SLInclude.swift /Users/admin/builder/spi-builder-workspace/Sources/ElementaryShoelace/components/SLInput.swift /Users/admin/builder/spi-builder-workspace/Sources/ElementaryShoelace/components/SLMenu.swift /Users/admin/builder/spi-builder-workspace/Sources/ElementaryShoelace/components/SLMenuItem.swift /Users/admin/builder/spi-builder-workspace/Sources/ElementaryShoelace/components/SLMenuLabel.swift /Users/admin/builder/spi-builder-workspace/Sources/ElementaryShoelace/components/SLMutationObserver.swift /Users/admin/builder/spi-builder-workspace/Sources/ElementaryShoelace/components/SLOption.swift /Users/admin/builder/spi-builder-workspace/Sources/ElementaryShoelace/components/SLPopup.swift /Users/admin/builder/spi-builder-workspace/Sources/ElementaryShoelace/components/SLProgressBar.swift /Users/admin/builder/spi-builder-workspace/Sources/ElementaryShoelace/components/SLProgressRing.swift /Users/admin/builder/spi-builder-workspace/Sources/ElementaryShoelace/components/SLQRCode.swift /Users/admin/builder/spi-builder-workspace/Sources/ElementaryShoelace/components/SLRadio.swift /Users/admin/builder/spi-builder-workspace/Sources/ElementaryShoelace/components/SLRadioButton.swift /Users/admin/builder/spi-builder-workspace/Sources/ElementaryShoelace/components/SLRange.swift /Users/admin/builder/spi-builder-workspace/Sources/ElementaryShoelace/components/SLRating.swift /Users/admin/builder/spi-builder-workspace/Sources/ElementaryShoelace/components/SLRelativeTime.swift /Users/admin/builder/spi-builder-workspace/Sources/ElementaryShoelace/components/SLResizeObserver.swift /Users/admin/builder/spi-builder-workspace/Sources/ElementaryShoelace/components/SLSelect.swift /Users/admin/builder/spi-builder-workspace/Sources/ElementaryShoelace/components/SLSkeleton.swift /Users/admin/builder/spi-builder-workspace/Sources/ElementaryShoelace/components/SLSpinner.swift /Users/admin/builder/spi-builder-workspace/Sources/ElementaryShoelace/components/SLSplitPanel.swift /Users/admin/builder/spi-builder-workspace/Sources/ElementaryShoelace/components/SLSwitch.swift /Users/admin/builder/spi-builder-workspace/Sources/ElementaryShoelace/components/SLTab.swift /Users/admin/builder/spi-builder-workspace/Sources/ElementaryShoelace/components/SLTabGroup.swift /Users/admin/builder/spi-builder-workspace/Sources/ElementaryShoelace/components/SLTabPanel.swift /Users/admin/builder/spi-builder-workspace/Sources/ElementaryShoelace/components/SLTag.swift /Users/admin/builder/spi-builder-workspace/Sources/ElementaryShoelace/components/SLTextarea.swift /Users/admin/builder/spi-builder-workspace/Sources/ElementaryShoelace/components/SLTooltip.swift /Users/admin/builder/spi-builder-workspace/Sources/ElementaryShoelace/components/SLTree.swift /Users/admin/builder/spi-builder-workspace/Sources/ElementaryShoelace/components/SLTreeItem.swift /Users/admin/builder/spi-builder-workspace/Sources/ElementaryShoelace/components/SLVisuallyHidden.swift /Users/admin/builder/spi-builder-workspace/Sources/ElementaryShoelace/protocols/SLIconProtocol.swift -supplementary-output-file-map /Users/admin/builder/spi-builder-workspace/.derivedData/Build/Intermediates.noindex/elementary-components.build/Debug-xros/ElementaryShoelace-t.build/Objects-normal/arm64/supplementaryOutputs-12 -target arm64-apple-xros1.0 -disable-cross-import-overlay-search -load-resolved-plugin /Applications/Xcode-27.0.0-Release.Candidate.app/Contents/Developer/Platforms/XROS.platform/Developer/usr/lib/swift/host/plugins/libFoundationMacros.dylib\#/Applications/Xcode-27.0.0-Release.Candidate.app/Contents/Developer/Platforms/XROS.platform/Developer/usr/bin/swift-plugin-server\#FoundationMacros -load-resolved-plugin /Applications/Xcode-27.0.0-Release.Candidate.app/Contents/Developer/Platforms/XROS.platform/Developer/usr/lib/swift/host/plugins/libObservationMacros.dylib\#/Applications/Xcode-27.0.0-Release.Candidate.app/Contents/Developer/Platforms/XROS.platform/Developer/usr/bin/swift-plugin-server\#ObservationMacros -load-resolved-plugin /Applications/Xcode-27.0.0-Release.Candidate.app/Contents/Developer/Platforms/XROS.platform/Developer/usr/lib/swift/host/plugins/libSwiftMacros.dylib\#/Applications/Xcode-27.0.0-Release.Candidate.app/Contents/Developer/Platforms/XROS.platform/Developer/usr/bin/swift-plugin-server\#SwiftMacros -disable-implicit-swift-modules -Xcc -fno-implicit-modules -Xcc -fno-implicit-module-maps -explicit-swift-module-map-file /Users/admin/builder/spi-builder-workspace/.derivedData/Build/Intermediates.noindex/elementary-components.build/Debug-xros/ElementaryShoelace-t.build/Objects-normal/arm64/ElementaryShoelace-dependencies-1.json -Xllvm -aarch64-use-tbi -enable-objc-interop -stack-check -sdk /Applications/Xcode-27.0.0-Release.Candidate.app/Contents/Developer/Platforms/XROS.platform/Developer/SDKs/XROS27.0.sdk -I /Users/admin/builder/spi-builder-workspace/.derivedData/Build/Products/Debug-xros -Isystem /Applications/Xcode-27.0.0-Release.Candidate.app/Contents/Developer/Platforms/XROS.platform/Developer/usr/lib -F /Users/admin/builder/spi-builder-workspace/.derivedData/Build/Products/Debug-xros/PackageFrameworks -F /Users/admin/builder/spi-builder-workspace/.derivedData/Build/Products/Debug-xros -F /Applications/Xcode-27.0.0-Release.Candidate.app/Contents/Developer/Platforms/XROS.platform/Developer/Library/Frameworks -F /Applications/Xcode-27.0.0-Release.Candidate.app/Contents/Developer/Platforms/XROS.platform/Developer/SDKs/XROS27.0.sdk/Developer/Library/Frameworks -module-cache-path /Users/admin/builder/spi-builder-workspace/.derivedData/Build/Intermediates.noindex/SwiftExplicitPrecompiledModules -no-color-diagnostics -Xcc -fno-color-diagnostics -enable-testing -g -debug-info-format\=dwarf -dwarf-version\=4 -profile-generate -profile-coverage-mapping -swift-version 5 -Onone -D SWIFT_PACKAGE -D DEBUG -D SWIFT_MODULE_RESOURCE_BUNDLE_UNAVAILABLE -D Xcode -serialize-debugging-options -enable-experimental-feature DebugDescriptionMacro -empty-abi-descriptor -validate-clang-modules-once -clang-build-session-file /Users/admin/builder/spi-builder-workspace/.derivedData/ModuleCache.noindex/Session.modulevalidation -Xcc -working-directory -Xcc /Users/admin/builder/spi-builder-workspace/.swiftpm/xcode -enable-anonymous-context-mangled-names -file-compilation-dir /Users/admin/builder/spi-builder-workspace/.swiftpm/xcode -Xcc -D_LIBCPP_HARDENING_MODE\=_LIBCPP_HARDENING_MODE_DEBUG -Xcc -ivfsstatcache -Xcc /Users/admin/builder/spi-builder-workspace/.derivedData/SDKStatCaches.noindex/xros27.0-24M361-e829b21a6f8c9b70876ba0858053c044735bd543db762f57723cac368afd1ce4.sdkstatcache -Xcc -fmodules-prune-interval\=86400 -Xcc -fmodules-prune-after\=345600 -Xcc -I/Users/admin/builder/spi-builder-workspace/.derivedData/Build/Products/Debug-xros/include -Xcc -I/Users/admin/builder/spi-builder-workspace/.derivedData/Build/Intermediates.noindex/elementary-components.build/Debug-xros/ElementaryShoelace-t.build/DerivedSources-normal/arm64 -Xcc -I/Users/admin/builder/spi-builder-workspace/.derivedData/Build/Intermediates.noindex/elementary-components.build/Debug-xros/ElementaryShoelace-t.build/DerivedSources/arm64 -Xcc -I/Users/admin/builder/spi-builder-workspace/.derivedData/Build/Intermediates.noindex/elementary-components.build/Debug-xros/ElementaryShoelace-t.build/DerivedSources -Xcc -DSWIFT_PACKAGE -Xcc -DDEBUG\=1 -no-auto-bridging-header-chaining -module-name ElementaryShoelace -package-name spi_builder_workspace -const-gather-protocols-file /Users/admin/builder/spi-builder-workspace/.derivedData/Build/Intermediates.noindex/elementary-components.build/Debug-xros/ElementaryShoelace-t.build/Objects-normal/arm64/ElementaryShoelace_const_extract_protocols.json -disable-clang-spi -clang-target arm64-apple-xros27.0 -target-sdk-version 27.0 -target-sdk-name xros27.0 -in-process-plugin-server-path /Applications/Xcode-27.0.0-Release.Candidate.app/Contents/Developer/Toolchains/XcodeDefault.xctoolchain/usr/lib/swift/host/libSwiftInProcPluginServer.dylib -parse-as-library -o /Users/admin/builder/spi-builder-workspace/.derivedData/Build/Intermediates.noindex/elementary-components.build/Debug-xros/ElementaryShoelace-t.build/Objects-normal/arm64/SLBadge.o -o /Users/admin/builder/spi-builder-workspace/.derivedData/Build/Intermediates.noindex/elementary-components.build/Debug-xros/ElementaryShoelace-t.build/Objects-normal/arm64/SLBreadcrumb.o -o /Users/admin/builder/spi-builder-workspace/.derivedData/Build/Intermediates.noindex/elementary-components.build/Debug-xros/ElementaryShoelace-t.build/Objects-normal/arm64/SLBreadcrumbItem.o -o /Users/admin/builder/spi-builder-workspace/.derivedData/Build/Intermediates.noindex/elementary-components.build/Debug-xros/ElementaryShoelace-t.build/Objects-normal/arm64/SLButton.o -o /Users/admin/builder/spi-builder-workspace/.derivedData/Build/Intermediates.noindex/elementary-components.build/Debug-xros/ElementaryShoelace-t.build/Objects-normal/arm64/SLButtonGroup.o -o /Users/admin/builder/spi-builder-workspace/.derivedData/Build/Intermediates.noindex/elementary-components.build/Debug-xros/ElementaryShoelace-t.build/Objects-normal/arm64/SLCard.o -debug-module-path /Users/admin/builder/spi-builder-workspace/.derivedData/Build/Intermediates.noindex/elementary-components.build/Debug-xros/ElementaryShoelace-t.build/Objects-normal/arm64/ElementaryShoelace.swiftmodule -index-unit-output-path /elementary-components.build/Debug-xros/ElementaryShoelace-t.build/Objects-normal/arm64/SLBadge.o -index-unit-output-path /elementary-components.build/Debug-xros/ElementaryShoelace-t.build/Objects-normal/arm64/SLBreadcrumb.o -index-unit-output-path /elementary-components.build/Debug-xros/ElementaryShoelace-t.build/Objects-normal/arm64/SLBreadcrumbItem.o -index-unit-output-path /elementary-components.build/Debug-xros/ElementaryShoelace-t.build/Objects-normal/arm64/SLButton.o -index-unit-output-path /elementary-components.build/Debug-xros/ElementaryShoelace-t.build/Objects-normal/arm64/SLButtonGroup.o -index-unit-output-path /elementary-components.build/Debug-xros/ElementaryShoelace-t.build/Objects-normal/arm64/SLCard.o -index-store-path /Users/admin/builder/spi-builder-workspace/.derivedData/Index.noindex/DataStore -index-system-modules
SwiftCompile normal arm64 /Users/admin/builder/spi-builder-workspace/Sources/ElementaryShoelace/components/SLBadge.swift (in target 'ElementaryShoelace' from project 'elementary-components')
cd /Users/admin/builder/spi-builder-workspace/.swiftpm/xcode
builtin-SwiftPerFileCompile SLBadge.swift
SwiftCompile normal arm64 /Users/admin/builder/spi-builder-workspace/Sources/ElementaryShoelace/components/SLBreadcrumb.swift (in target 'ElementaryShoelace' from project 'elementary-components')
cd /Users/admin/builder/spi-builder-workspace/.swiftpm/xcode
builtin-SwiftPerFileCompile SLBreadcrumb.swift
SwiftCompile normal arm64 /Users/admin/builder/spi-builder-workspace/Sources/ElementaryShoelace/components/SLBreadcrumbItem.swift (in target 'ElementaryShoelace' from project 'elementary-components')
cd /Users/admin/builder/spi-builder-workspace/.swiftpm/xcode
builtin-SwiftPerFileCompile SLBreadcrumbItem.swift
SwiftCompile normal arm64 /Users/admin/builder/spi-builder-workspace/Sources/ElementaryShoelace/components/SLButton.swift (in target 'ElementaryShoelace' from project 'elementary-components')
cd /Users/admin/builder/spi-builder-workspace/.swiftpm/xcode
builtin-SwiftPerFileCompile SLButton.swift
SwiftCompile normal arm64 /Users/admin/builder/spi-builder-workspace/Sources/ElementaryShoelace/components/SLButtonGroup.swift (in target 'ElementaryShoelace' from project 'elementary-components')
cd /Users/admin/builder/spi-builder-workspace/.swiftpm/xcode
builtin-SwiftPerFileCompile SLButtonGroup.swift
SwiftCompile normal arm64 /Users/admin/builder/spi-builder-workspace/Sources/ElementaryShoelace/components/SLCard.swift (in target 'ElementaryShoelace' from project 'elementary-components')
cd /Users/admin/builder/spi-builder-workspace/.swiftpm/xcode
builtin-SwiftPerFileCompile SLCard.swift
SwiftCompile normal arm64 Compiling\ SLRating.swift,\ SLRelativeTime.swift,\ SLResizeObserver.swift,\ SLSelect.swift,\ SLSkeleton.swift,\ SLSpinner.swift /Users/admin/builder/spi-builder-workspace/Sources/ElementaryShoelace/components/SLRating.swift /Users/admin/builder/spi-builder-workspace/Sources/ElementaryShoelace/components/SLRelativeTime.swift /Users/admin/builder/spi-builder-workspace/Sources/ElementaryShoelace/components/SLResizeObserver.swift /Users/admin/builder/spi-builder-workspace/Sources/ElementaryShoelace/components/SLSelect.swift /Users/admin/builder/spi-builder-workspace/Sources/ElementaryShoelace/components/SLSkeleton.swift /Users/admin/builder/spi-builder-workspace/Sources/ElementaryShoelace/components/SLSpinner.swift (in target 'ElementaryShoelace' from project 'elementary-components')
SwiftCompile normal arm64 /Users/admin/builder/spi-builder-workspace/Sources/ElementaryShoelace/components/SLRating.swift (in target 'ElementaryShoelace' from project 'elementary-components')
cd /Users/admin/builder/spi-builder-workspace/.swiftpm/xcode
builtin-SwiftPerFileCompile SLRating.swift
SwiftCompile normal arm64 /Users/admin/builder/spi-builder-workspace/Sources/ElementaryShoelace/components/SLRelativeTime.swift (in target 'ElementaryShoelace' from project 'elementary-components')
cd /Users/admin/builder/spi-builder-workspace/.swiftpm/xcode
builtin-SwiftPerFileCompile SLRelativeTime.swift
SwiftCompile normal arm64 /Users/admin/builder/spi-builder-workspace/Sources/ElementaryShoelace/components/SLResizeObserver.swift (in target 'ElementaryShoelace' from project 'elementary-components')
cd /Users/admin/builder/spi-builder-workspace/.swiftpm/xcode
builtin-SwiftPerFileCompile SLResizeObserver.swift
SwiftCompile normal arm64 /Users/admin/builder/spi-builder-workspace/Sources/ElementaryShoelace/components/SLSelect.swift (in target 'ElementaryShoelace' from project 'elementary-components')
cd /Users/admin/builder/spi-builder-workspace/.swiftpm/xcode
builtin-SwiftPerFileCompile SLSelect.swift
SwiftCompile normal arm64 /Users/admin/builder/spi-builder-workspace/Sources/ElementaryShoelace/components/SLSkeleton.swift (in target 'ElementaryShoelace' from project 'elementary-components')
cd /Users/admin/builder/spi-builder-workspace/.swiftpm/xcode
builtin-SwiftPerFileCompile SLSkeleton.swift
SwiftCompile normal arm64 /Users/admin/builder/spi-builder-workspace/Sources/ElementaryShoelace/components/SLSpinner.swift (in target 'ElementaryShoelace' from project 'elementary-components')
cd /Users/admin/builder/spi-builder-workspace/.swiftpm/xcode
builtin-SwiftPerFileCompile SLSpinner.swift
PruneExplicitPrecompiledModules /Users/admin/builder/spi-builder-workspace/.derivedData/Build/Intermediates.noindex/SwiftExplicitPrecompiledModules
PruneExplicitPrecompiledModules /Users/admin/builder/spi-builder-workspace/.derivedData/SDKExplicitPrecompiledModules
PruneExplicitPrecompiledModules /Users/admin/builder/spi-builder-workspace/.derivedData/Build/Intermediates.noindex/ExplicitPrecompiledModules
2026-09-23 09:32:51.828 xcodebuild[660:4016] [MT] IDERunDestination: Supported platforms for the buildables in the current scheme is empty.
** BUILD FAILED **
The following build commands failed:
SwiftCompile normal arm64 Compiling\ SLBadge.swift,\ SLBreadcrumb.swift,\ SLBreadcrumbItem.swift,\ SLButton.swift,\ SLButtonGroup.swift,\ SLCard.swift /Users/admin/builder/spi-builder-workspace/Sources/ElementaryShoelace/components/SLBadge.swift /Users/admin/builder/spi-builder-workspace/Sources/ElementaryShoelace/components/SLBreadcrumb.swift /Users/admin/builder/spi-builder-workspace/Sources/ElementaryShoelace/components/SLBreadcrumbItem.swift /Users/admin/builder/spi-builder-workspace/Sources/ElementaryShoelace/components/SLButton.swift /Users/admin/builder/spi-builder-workspace/Sources/ElementaryShoelace/components/SLButtonGroup.swift /Users/admin/builder/spi-builder-workspace/Sources/ElementaryShoelace/components/SLCard.swift (in target 'ElementaryShoelace' from project 'elementary-components')
SwiftCompile normal arm64 /Users/admin/builder/spi-builder-workspace/Sources/ElementaryShoelace/components/SLBadge.swift (in target 'ElementaryShoelace' from project 'elementary-components')
Building workspace elementary-components with scheme elementary-components
(3 failures)
Command line invocation:
/Applications/Xcode-27.0.0-Release.Candidate.app/Contents/Developer/usr/bin/xcodebuild -IDEClonedSourcePackagesDirPathOverride=/Users/admin/builder/spi-builder-workspace/.dependencies -resolvePackageDependencies
Resolve Package Graph
Resolved source packages:
elementary: https://github.com/elementary-swift/elementary.git @ 0.8.1
elementary-components: /Users/admin/builder/spi-builder-workspace
resolved source packages: elementary, elementary-components
2026-09-23 09:32:59.348 xcodebuild[786:4676] [MT] IDERunDestination: Supported platforms for the buildables in the current scheme is empty.
{
"dependencies" : [
{
"identity" : "elementary",
"requirement" : {
"range" : [
{
"lower_bound" : "0.6.0",
"upper_bound" : "1.0.0"
}
]
},
"type" : "sourceControl",
"url" : "https://github.com/elementary-swift/elementary.git"
}
],
"manifest_display_name" : "elementary-components",
"name" : "elementary-components",
"path" : "/Users/admin/builder/spi-builder-workspace",
"platforms" : [
{
"name" : "macos",
"version" : "10.15"
},
{
"name" : "ios",
"version" : "13.0"
},
{
"name" : "tvos",
"version" : "13.0"
},
{
"name" : "watchos",
"version" : "6.0"
},
{
"name" : "maccatalyst",
"version" : "13.0"
}
],
"products" : [
{
"name" : "ElementaryShoelace",
"targets" : [
"ElementaryShoelace"
],
"type" : {
"library" : [
"automatic"
]
}
}
],
"targets" : [
{
"c99name" : "ElementaryShoelaceTests",
"module_type" : "SwiftTarget",
"name" : "ElementaryShoelaceTests",
"path" : "Tests",
"sources" : [
"ElementaryShoelace/Test.swift"
],
"target_dependencies" : [
"ElementaryShoelace"
],
"type" : "test"
},
{
"c99name" : "ElementaryShoelace",
"module_type" : "SwiftTarget",
"name" : "ElementaryShoelace",
"path" : "Sources/ElementaryShoelace",
"product_dependencies" : [
"Elementary"
],
"product_memberships" : [
"ElementaryShoelace"
],
"sources" : [
"SLAttributeValues.swift",
"SLAttributes.swift",
"components/SLAlert.swift",
"components/SLAnimatedImage.swift",
"components/SLAnimation.swift",
"components/SLAvatar.swift",
"components/SLBadge.swift",
"components/SLBreadcrumb.swift",
"components/SLBreadcrumbItem.swift",
"components/SLButton.swift",
"components/SLButtonGroup.swift",
"components/SLCard.swift",
"components/SLCarousel.swift",
"components/SLCarouselItem.swift",
"components/SLCheckbox.swift",
"components/SLColorPicker.swift",
"components/SLCopyButton.swift",
"components/SLDetails.swift",
"components/SLDialog.swift",
"components/SLDivider.swift",
"components/SLDrawer.swift",
"components/SLDropdown.swift",
"components/SLFormatBytes.swift",
"components/SLFormatDate.swift",
"components/SLFormatNumber.swift",
"components/SLIcon.swift",
"components/SLIconButton.swift",
"components/SLImageComparer.swift",
"components/SLInclude.swift",
"components/SLInput.swift",
"components/SLMenu.swift",
"components/SLMenuItem.swift",
"components/SLMenuLabel.swift",
"components/SLMutationObserver.swift",
"components/SLOption.swift",
"components/SLPopup.swift",
"components/SLProgressBar.swift",
"components/SLProgressRing.swift",
"components/SLQRCode.swift",
"components/SLRadio.swift",
"components/SLRadioButton.swift",
"components/SLRange.swift",
"components/SLRating.swift",
"components/SLRelativeTime.swift",
"components/SLResizeObserver.swift",
"components/SLSelect.swift",
"components/SLSkeleton.swift",
"components/SLSpinner.swift",
"components/SLSplitPanel.swift",
"components/SLSwitch.swift",
"components/SLTab.swift",
"components/SLTabGroup.swift",
"components/SLTabPanel.swift",
"components/SLTag.swift",
"components/SLTextarea.swift",
"components/SLTooltip.swift",
"components/SLTree.swift",
"components/SLTreeItem.swift",
"components/SLVisuallyHidden.swift",
"protocols/SLIconProtocol.swift"
],
"type" : "library"
}
],
"tools_version" : "5.10"
}
{
"workspace" : {
"name" : "elementary-components",
"schemes" : [
"elementary-components"
]
}
}
2026-09-23 09:33:00.690 xcodebuild[794:4738] [MT] IDERunDestination: Supported platforms for the buildables in the current scheme is empty.
Running build ...
env DEVELOPER_DIR=/Applications/Xcode-27.0.0-Release.Candidate.app xcrun xcodebuild -IDEClonedSourcePackagesDirPathOverride=$PWD/.dependencies -skipMacroValidation -skipPackagePluginValidation -derivedDataPath $PWD/.derivedData build -scheme elementary-components -destination generic/platform=xrOS
Command line invocation:
/Applications/Xcode-27.0.0-Release.Candidate.app/Contents/Developer/usr/bin/xcodebuild -IDEClonedSourcePackagesDirPathOverride=/Users/admin/builder/spi-builder-workspace/.dependencies -skipMacroValidation -skipPackagePluginValidation -derivedDataPath /Users/admin/builder/spi-builder-workspace/.derivedData build -scheme elementary-components -destination generic/platform=xrOS
Resolve Package Graph
Resolved source packages:
elementary-components: /Users/admin/builder/spi-builder-workspace
elementary: https://github.com/elementary-swift/elementary.git @ 0.8.1
ComputePackagePrebuildTargetDependencyGraph
Prepare packages
CreateBuildRequest
SendProjectDescription
CreateBuildOperation
ComputeTargetDependencyGraph
note: Building targets in dependency order
note: Target dependency graph (4 targets)
Target 'ElementaryShoelace-product' in project 'elementary-components'
➜ Explicit dependency on target 'ElementaryShoelace' in project 'elementary-components'
➜ Explicit dependency on target 'Elementary-product' in project 'elementary'
Target 'ElementaryShoelace' in project 'elementary-components'
➜ Explicit dependency on target 'Elementary-product' in project 'elementary'
Target 'Elementary-product' in project 'elementary'
➜ Explicit dependency on target 'Elementary' in project 'elementary'
Target 'Elementary' in project 'elementary' (no dependencies)
GatherProvisioningInputs
CreateBuildDescription
ClangStatCache /Applications/Xcode-27.0.0-Release.Candidate.app/Contents/Developer/Toolchains/XcodeDefault.xctoolchain/usr/bin/clang-stat-cache /Applications/Xcode-27.0.0-Release.Candidate.app/Contents/Developer/Platforms/XROS.platform/Developer/SDKs/XROS27.0.sdk /Users/admin/builder/spi-builder-workspace/.derivedData/SDKStatCaches.noindex/xros27.0-24M361-e829b21a6f8c9b70876ba0858053c044735bd543db762f57723cac368afd1ce4.sdkstatcache
cd /Users/admin/builder/spi-builder-workspace/.swiftpm/xcode
/Applications/Xcode-27.0.0-Release.Candidate.app/Contents/Developer/Toolchains/XcodeDefault.xctoolchain/usr/bin/clang-stat-cache /Applications/Xcode-27.0.0-Release.Candidate.app/Contents/Developer/Platforms/XROS.platform/Developer/SDKs/XROS27.0.sdk -o /Users/admin/builder/spi-builder-workspace/.derivedData/SDKStatCaches.noindex/xros27.0-24M361-e829b21a6f8c9b70876ba0858053c044735bd543db762f57723cac368afd1ce4.sdkstatcache
SwiftDriver ElementaryShoelace normal arm64 com.apple.xcode.tools.swift.compiler (in target 'ElementaryShoelace' from project 'elementary-components')
cd /Users/admin/builder/spi-builder-workspace/.swiftpm/xcode
builtin-SwiftDriver -- /Applications/Xcode-27.0.0-Release.Candidate.app/Contents/Developer/Toolchains/XcodeDefault.xctoolchain/usr/bin/swiftc -parse-as-library -module-name ElementaryShoelace -Onone @/Users/admin/builder/spi-builder-workspace/.derivedData/Build/Intermediates.noindex/elementary-components.build/Debug-xros/ElementaryShoelace-t.build/Objects-normal/arm64/ElementaryShoelace.SwiftFileList -DSWIFT_PACKAGE -DDEBUG -DSWIFT_MODULE_RESOURCE_BUNDLE_UNAVAILABLE -DXcode -plugin-path /Applications/Xcode-27.0.0-Release.Candidate.app/Contents/Developer/Toolchains/XcodeDefault.xctoolchain/usr/lib/swift/host/plugins/testing -enable-experimental-feature DebugDescriptionMacro -sdk /Applications/Xcode-27.0.0-Release.Candidate.app/Contents/Developer/Platforms/XROS.platform/Developer/SDKs/XROS27.0.sdk -target arm64-apple-xros1.0 -g -module-cache-path /Users/admin/builder/spi-builder-workspace/.derivedData/ModuleCache.noindex -Xfrontend -serialize-debugging-options -profile-coverage-mapping -profile-generate -enable-testing -index-store-path /Users/admin/builder/spi-builder-workspace/.derivedData/Index.noindex/DataStore -Xcc -D_LIBCPP_HARDENING_MODE\=_LIBCPP_HARDENING_MODE_DEBUG -swift-version 5 -I /Users/admin/builder/spi-builder-workspace/.derivedData/Build/Products/Debug-xros -Isystem /Applications/Xcode-27.0.0-Release.Candidate.app/Contents/Developer/Platforms/XROS.platform/Developer/usr/lib -F /Users/admin/builder/spi-builder-workspace/.derivedData/Build/Products/Debug-xros/PackageFrameworks -F /Users/admin/builder/spi-builder-workspace/.derivedData/Build/Products/Debug-xros -F /Applications/Xcode-27.0.0-Release.Candidate.app/Contents/Developer/Platforms/XROS.platform/Developer/Library/Frameworks -F /Applications/Xcode-27.0.0-Release.Candidate.app/Contents/Developer/Platforms/XROS.platform/Developer/SDKs/XROS27.0.sdk/Developer/Library/Frameworks -c -j10 -enable-batch-mode -incremental -Xcc -ivfsstatcache -Xcc /Users/admin/builder/spi-builder-workspace/.derivedData/SDKStatCaches.noindex/xros27.0-24M361-e829b21a6f8c9b70876ba0858053c044735bd543db762f57723cac368afd1ce4.sdkstatcache -output-file-map /Users/admin/builder/spi-builder-workspace/.derivedData/Build/Intermediates.noindex/elementary-components.build/Debug-xros/ElementaryShoelace-t.build/Objects-normal/arm64/ElementaryShoelace-OutputFileMap.json -save-temps -no-color-diagnostics -explicit-module-build -module-cache-path /Users/admin/builder/spi-builder-workspace/.derivedData/Build/Intermediates.noindex/SwiftExplicitPrecompiledModules -clang-scanner-module-cache-path /Users/admin/builder/spi-builder-workspace/.derivedData/ModuleCache.noindex -sdk-module-cache-path /Users/admin/builder/spi-builder-workspace/.derivedData/SDKExplicitPrecompiledModules -emit-dependencies -emit-module -emit-module-path /Users/admin/builder/spi-builder-workspace/.derivedData/Build/Intermediates.noindex/elementary-components.build/Debug-xros/ElementaryShoelace-t.build/Objects-normal/arm64/ElementaryShoelace.swiftmodule -serialize-diagnostics -dependency-scan-serialize-diagnostics-path /Users/admin/builder/spi-builder-workspace/.derivedData/Build/Intermediates.noindex/elementary-components.build/Debug-xros/ElementaryShoelace-t.build/Objects-normal/arm64/ElementaryShoelace-dependency-scan.dia -validate-clang-modules-once -clang-build-session-file /Users/admin/builder/spi-builder-workspace/.derivedData/ModuleCache.noindex/Session.modulevalidation -Xcc -fmodules-prune-interval\=86400 -Xcc -fmodules-prune-after\=345600 -package-name spi_builder_workspace -emit-const-values -const-gather-protocols-list /Users/admin/builder/spi-builder-workspace/.derivedData/Build/Intermediates.noindex/elementary-components.build/Debug-xros/ElementaryShoelace-t.build/Objects-normal/arm64/ElementaryShoelace_const_extract_protocols.json -Xcc -I/Users/admin/builder/spi-builder-workspace/.derivedData/Build/Products/Debug-xros/include -Xcc -I/Users/admin/builder/spi-builder-workspace/.derivedData/Build/Intermediates.noindex/elementary-components.build/Debug-xros/ElementaryShoelace-t.build/DerivedSources-normal/arm64 -Xcc -I/Users/admin/builder/spi-builder-workspace/.derivedData/Build/Intermediates.noindex/elementary-components.build/Debug-xros/ElementaryShoelace-t.build/DerivedSources/arm64 -Xcc -I/Users/admin/builder/spi-builder-workspace/.derivedData/Build/Intermediates.noindex/elementary-components.build/Debug-xros/ElementaryShoelace-t.build/DerivedSources -Xcc -DSWIFT_PACKAGE -Xcc -DDEBUG\=1 -emit-objc-header -emit-objc-header-path /Users/admin/builder/spi-builder-workspace/.derivedData/Build/Intermediates.noindex/elementary-components.build/Debug-xros/ElementaryShoelace-t.build/Objects-normal/arm64/ElementaryShoelace-Swift.h -working-directory /Users/admin/builder/spi-builder-workspace/.swiftpm/xcode -experimental-emit-module-separately -disable-cmo
SwiftCompile normal arm64 Compiling\ SLDialog.swift,\ SLDivider.swift,\ SLDrawer.swift,\ SLDropdown.swift,\ SLFormatBytes.swift,\ SLFormatDate.swift /Users/admin/builder/spi-builder-workspace/Sources/ElementaryShoelace/components/SLDialog.swift /Users/admin/builder/spi-builder-workspace/Sources/ElementaryShoelace/components/SLDivider.swift /Users/admin/builder/spi-builder-workspace/Sources/ElementaryShoelace/components/SLDrawer.swift /Users/admin/builder/spi-builder-workspace/Sources/ElementaryShoelace/components/SLDropdown.swift /Users/admin/builder/spi-builder-workspace/Sources/ElementaryShoelace/components/SLFormatBytes.swift /Users/admin/builder/spi-builder-workspace/Sources/ElementaryShoelace/components/SLFormatDate.swift (in target 'ElementaryShoelace' from project 'elementary-components')
SwiftCompile normal arm64 /Users/admin/builder/spi-builder-workspace/Sources/ElementaryShoelace/components/SLDialog.swift (in target 'ElementaryShoelace' from project 'elementary-components')
cd /Users/admin/builder/spi-builder-workspace/.swiftpm/xcode
builtin-SwiftPerFileCompile SLDialog.swift
SwiftCompile normal arm64 /Users/admin/builder/spi-builder-workspace/Sources/ElementaryShoelace/components/SLDivider.swift (in target 'ElementaryShoelace' from project 'elementary-components')
cd /Users/admin/builder/spi-builder-workspace/.swiftpm/xcode
builtin-SwiftPerFileCompile SLDivider.swift
SwiftCompile normal arm64 /Users/admin/builder/spi-builder-workspace/Sources/ElementaryShoelace/components/SLDrawer.swift (in target 'ElementaryShoelace' from project 'elementary-components')
cd /Users/admin/builder/spi-builder-workspace/.swiftpm/xcode
builtin-SwiftPerFileCompile SLDrawer.swift
SwiftCompile normal arm64 /Users/admin/builder/spi-builder-workspace/Sources/ElementaryShoelace/components/SLDropdown.swift (in target 'ElementaryShoelace' from project 'elementary-components')
cd /Users/admin/builder/spi-builder-workspace/.swiftpm/xcode
builtin-SwiftPerFileCompile SLDropdown.swift
SwiftCompile normal arm64 /Users/admin/builder/spi-builder-workspace/Sources/ElementaryShoelace/components/SLFormatBytes.swift (in target 'ElementaryShoelace' from project 'elementary-components')
cd /Users/admin/builder/spi-builder-workspace/.swiftpm/xcode
builtin-SwiftPerFileCompile SLFormatBytes.swift
SwiftCompile normal arm64 /Users/admin/builder/spi-builder-workspace/Sources/ElementaryShoelace/components/SLFormatDate.swift (in target 'ElementaryShoelace' from project 'elementary-components')
cd /Users/admin/builder/spi-builder-workspace/.swiftpm/xcode
builtin-SwiftPerFileCompile SLFormatDate.swift
SwiftCompile normal arm64 Compiling\ SLFormatNumber.swift,\ SLIcon.swift,\ SLIconButton.swift,\ SLImageComparer.swift,\ SLInclude.swift,\ SLInput.swift /Users/admin/builder/spi-builder-workspace/Sources/ElementaryShoelace/components/SLFormatNumber.swift /Users/admin/builder/spi-builder-workspace/Sources/ElementaryShoelace/components/SLIcon.swift /Users/admin/builder/spi-builder-workspace/Sources/ElementaryShoelace/components/SLIconButton.swift /Users/admin/builder/spi-builder-workspace/Sources/ElementaryShoelace/components/SLImageComparer.swift /Users/admin/builder/spi-builder-workspace/Sources/ElementaryShoelace/components/SLInclude.swift /Users/admin/builder/spi-builder-workspace/Sources/ElementaryShoelace/components/SLInput.swift (in target 'ElementaryShoelace' from project 'elementary-components')
SwiftCompile normal arm64 /Users/admin/builder/spi-builder-workspace/Sources/ElementaryShoelace/components/SLFormatNumber.swift (in target 'ElementaryShoelace' from project 'elementary-components')
cd /Users/admin/builder/spi-builder-workspace/.swiftpm/xcode
builtin-SwiftPerFileCompile SLFormatNumber.swift
SwiftCompile normal arm64 /Users/admin/builder/spi-builder-workspace/Sources/ElementaryShoelace/components/SLIcon.swift (in target 'ElementaryShoelace' from project 'elementary-components')
cd /Users/admin/builder/spi-builder-workspace/.swiftpm/xcode
builtin-SwiftPerFileCompile SLIcon.swift
SwiftCompile normal arm64 /Users/admin/builder/spi-builder-workspace/Sources/ElementaryShoelace/components/SLIconButton.swift (in target 'ElementaryShoelace' from project 'elementary-components')
cd /Users/admin/builder/spi-builder-workspace/.swiftpm/xcode
builtin-SwiftPerFileCompile SLIconButton.swift
SwiftCompile normal arm64 /Users/admin/builder/spi-builder-workspace/Sources/ElementaryShoelace/components/SLImageComparer.swift (in target 'ElementaryShoelace' from project 'elementary-components')
cd /Users/admin/builder/spi-builder-workspace/.swiftpm/xcode
builtin-SwiftPerFileCompile SLImageComparer.swift
SwiftCompile normal arm64 /Users/admin/builder/spi-builder-workspace/Sources/ElementaryShoelace/components/SLInclude.swift (in target 'ElementaryShoelace' from project 'elementary-components')
cd /Users/admin/builder/spi-builder-workspace/.swiftpm/xcode
builtin-SwiftPerFileCompile SLInclude.swift
SwiftCompile normal arm64 /Users/admin/builder/spi-builder-workspace/Sources/ElementaryShoelace/components/SLInput.swift (in target 'ElementaryShoelace' from project 'elementary-components')
cd /Users/admin/builder/spi-builder-workspace/.swiftpm/xcode
builtin-SwiftPerFileCompile SLInput.swift
SwiftCompile normal arm64 Compiling\ SLSplitPanel.swift,\ SLSwitch.swift,\ SLTab.swift,\ SLTabGroup.swift,\ SLTabPanel.swift,\ SLTag.swift /Users/admin/builder/spi-builder-workspace/Sources/ElementaryShoelace/components/SLSplitPanel.swift /Users/admin/builder/spi-builder-workspace/Sources/ElementaryShoelace/components/SLSwitch.swift /Users/admin/builder/spi-builder-workspace/Sources/ElementaryShoelace/components/SLTab.swift /Users/admin/builder/spi-builder-workspace/Sources/ElementaryShoelace/components/SLTabGroup.swift /Users/admin/builder/spi-builder-workspace/Sources/ElementaryShoelace/components/SLTabPanel.swift /Users/admin/builder/spi-builder-workspace/Sources/ElementaryShoelace/components/SLTag.swift (in target 'ElementaryShoelace' from project 'elementary-components')
/Users/admin/builder/spi-builder-workspace/Sources/ElementaryShoelace/components/SLTag.swift:27:56: error: reference to generic type 'HTMLAttribute' (aka 'MarkupAttribute') requires arguments in <...>
25 | /// - Parameter value: The variant value. Options: (`primary`, `success`, `neutral`, `warning`, `danger`, `text`).
26 | /// - Returns: The HTMLAttribute (`variant="(value)"`)
27 | static func variant(_ value: SLTagVariantValue) -> HTMLAttribute {
| `- error: reference to generic type 'HTMLAttribute' (aka 'MarkupAttribute') requires arguments in <...>
28 | HTMLAttribute(name: "variant", value: value.rawValue)
29 | }
Elementary.MarkupAttribute:1:15: note: generic struct 'MarkupAttribute' declared here
1 | public struct MarkupAttribute<Tag> : Sendable where Tag : Elementary.MarkupTagDefinition {
| `- note: generic struct 'MarkupAttribute' declared here
2 | public var name: String { get }
3 | public var value: String? { get }
/Users/admin/builder/spi-builder-workspace/Sources/ElementaryShoelace/components/SLTag.swift:32:27: error: reference to generic type 'HTMLAttribute' (aka 'MarkupAttribute') requires arguments in <...>
30 |
31 | /// Makes the tag removable and shows a remove button.
32 | static var removable: HTMLAttribute {
| `- error: reference to generic type 'HTMLAttribute' (aka 'MarkupAttribute') requires arguments in <...>
33 | HTMLAttribute(name: "removable", value: nil)
34 | }
Elementary.MarkupAttribute:1:15: note: generic struct 'MarkupAttribute' declared here
1 | public struct MarkupAttribute<Tag> : Sendable where Tag : Elementary.MarkupTagDefinition {
| `- note: generic struct 'MarkupAttribute' declared here
2 | public var name: String { get }
3 | public var value: String? { get }
Failed frontend command:
/Applications/Xcode-27.0.0-Release.Candidate.app/Contents/Developer/Toolchains/XcodeDefault.xctoolchain/usr/bin/swift-frontend -frontend -c /Users/admin/builder/spi-builder-workspace/Sources/ElementaryShoelace/SLAttributeValues.swift /Users/admin/builder/spi-builder-workspace/Sources/ElementaryShoelace/SLAttributes.swift /Users/admin/builder/spi-builder-workspace/Sources/ElementaryShoelace/components/SLAlert.swift /Users/admin/builder/spi-builder-workspace/Sources/ElementaryShoelace/components/SLAnimatedImage.swift /Users/admin/builder/spi-builder-workspace/Sources/ElementaryShoelace/components/SLAnimation.swift /Users/admin/builder/spi-builder-workspace/Sources/ElementaryShoelace/components/SLAvatar.swift /Users/admin/builder/spi-builder-workspace/Sources/ElementaryShoelace/components/SLBadge.swift /Users/admin/builder/spi-builder-workspace/Sources/ElementaryShoelace/components/SLBreadcrumb.swift /Users/admin/builder/spi-builder-workspace/Sources/ElementaryShoelace/components/SLBreadcrumbItem.swift /Users/admin/builder/spi-builder-workspace/Sources/ElementaryShoelace/components/SLButton.swift /Users/admin/builder/spi-builder-workspace/Sources/ElementaryShoelace/components/SLButtonGroup.swift /Users/admin/builder/spi-builder-workspace/Sources/ElementaryShoelace/components/SLCard.swift /Users/admin/builder/spi-builder-workspace/Sources/ElementaryShoelace/components/SLCarousel.swift /Users/admin/builder/spi-builder-workspace/Sources/ElementaryShoelace/components/SLCarouselItem.swift /Users/admin/builder/spi-builder-workspace/Sources/ElementaryShoelace/components/SLCheckbox.swift /Users/admin/builder/spi-builder-workspace/Sources/ElementaryShoelace/components/SLColorPicker.swift /Users/admin/builder/spi-builder-workspace/Sources/ElementaryShoelace/components/SLCopyButton.swift /Users/admin/builder/spi-builder-workspace/Sources/ElementaryShoelace/components/SLDetails.swift /Users/admin/builder/spi-builder-workspace/Sources/ElementaryShoelace/components/SLDialog.swift /Users/admin/builder/spi-builder-workspace/Sources/ElementaryShoelace/components/SLDivider.swift /Users/admin/builder/spi-builder-workspace/Sources/ElementaryShoelace/components/SLDrawer.swift /Users/admin/builder/spi-builder-workspace/Sources/ElementaryShoelace/components/SLDropdown.swift /Users/admin/builder/spi-builder-workspace/Sources/ElementaryShoelace/components/SLFormatBytes.swift /Users/admin/builder/spi-builder-workspace/Sources/ElementaryShoelace/components/SLFormatDate.swift /Users/admin/builder/spi-builder-workspace/Sources/ElementaryShoelace/components/SLFormatNumber.swift /Users/admin/builder/spi-builder-workspace/Sources/ElementaryShoelace/components/SLIcon.swift /Users/admin/builder/spi-builder-workspace/Sources/ElementaryShoelace/components/SLIconButton.swift /Users/admin/builder/spi-builder-workspace/Sources/ElementaryShoelace/components/SLImageComparer.swift /Users/admin/builder/spi-builder-workspace/Sources/ElementaryShoelace/components/SLInclude.swift /Users/admin/builder/spi-builder-workspace/Sources/ElementaryShoelace/components/SLInput.swift /Users/admin/builder/spi-builder-workspace/Sources/ElementaryShoelace/components/SLMenu.swift /Users/admin/builder/spi-builder-workspace/Sources/ElementaryShoelace/components/SLMenuItem.swift /Users/admin/builder/spi-builder-workspace/Sources/ElementaryShoelace/components/SLMenuLabel.swift /Users/admin/builder/spi-builder-workspace/Sources/ElementaryShoelace/components/SLMutationObserver.swift /Users/admin/builder/spi-builder-workspace/Sources/ElementaryShoelace/components/SLOption.swift /Users/admin/builder/spi-builder-workspace/Sources/ElementaryShoelace/components/SLPopup.swift /Users/admin/builder/spi-builder-workspace/Sources/ElementaryShoelace/components/SLProgressBar.swift /Users/admin/builder/spi-builder-workspace/Sources/ElementaryShoelace/components/SLProgressRing.swift /Users/admin/builder/spi-builder-workspace/Sources/ElementaryShoelace/components/SLQRCode.swift /Users/admin/builder/spi-builder-workspace/Sources/ElementaryShoelace/components/SLRadio.swift /Users/admin/builder/spi-builder-workspace/Sources/ElementaryShoelace/components/SLRadioButton.swift /Users/admin/builder/spi-builder-workspace/Sources/ElementaryShoelace/components/SLRange.swift /Users/admin/builder/spi-builder-workspace/Sources/ElementaryShoelace/components/SLRating.swift /Users/admin/builder/spi-builder-workspace/Sources/ElementaryShoelace/components/SLRelativeTime.swift /Users/admin/builder/spi-builder-workspace/Sources/ElementaryShoelace/components/SLResizeObserver.swift /Users/admin/builder/spi-builder-workspace/Sources/ElementaryShoelace/components/SLSelect.swift /Users/admin/builder/spi-builder-workspace/Sources/ElementaryShoelace/components/SLSkeleton.swift /Users/admin/builder/spi-builder-workspace/Sources/ElementaryShoelace/components/SLSpinner.swift -primary-file /Users/admin/builder/spi-builder-workspace/Sources/ElementaryShoelace/components/SLSplitPanel.swift -primary-file /Users/admin/builder/spi-builder-workspace/Sources/ElementaryShoelace/components/SLSwitch.swift -primary-file /Users/admin/builder/spi-builder-workspace/Sources/ElementaryShoelace/components/SLTab.swift -primary-file /Users/admin/builder/spi-builder-workspace/Sources/ElementaryShoelace/components/SLTabGroup.swift -primary-file /Users/admin/builder/spi-builder-workspace/Sources/ElementaryShoelace/components/SLTabPanel.swift -primary-file /Users/admin/builder/spi-builder-workspace/Sources/ElementaryShoelace/components/SLTag.swift /Users/admin/builder/spi-builder-workspace/Sources/ElementaryShoelace/components/SLTextarea.swift /Users/admin/builder/spi-builder-workspace/Sources/ElementaryShoelace/components/SLTooltip.swift /Users/admin/builder/spi-builder-workspace/Sources/ElementaryShoelace/components/SLTree.swift /Users/admin/builder/spi-builder-workspace/Sources/ElementaryShoelace/components/SLTreeItem.swift /Users/admin/builder/spi-builder-workspace/Sources/ElementaryShoelace/components/SLVisuallyHidden.swift /Users/admin/builder/spi-builder-workspace/Sources/ElementaryShoelace/protocols/SLIconProtocol.swift -supplementary-output-file-map /Users/admin/builder/spi-builder-workspace/.derivedData/Build/Intermediates.noindex/elementary-components.build/Debug-xros/ElementaryShoelace-t.build/Objects-normal/arm64/supplementaryOutputs-9 -target arm64-apple-xros1.0 -disable-cross-import-overlay-search -load-resolved-plugin /Applications/Xcode-27.0.0-Release.Candidate.app/Contents/Developer/Platforms/XROS.platform/Developer/usr/lib/swift/host/plugins/libFoundationMacros.dylib\#/Applications/Xcode-27.0.0-Release.Candidate.app/Contents/Developer/Platforms/XROS.platform/Developer/usr/bin/swift-plugin-server\#FoundationMacros -load-resolved-plugin /Applications/Xcode-27.0.0-Release.Candidate.app/Contents/Developer/Platforms/XROS.platform/Developer/usr/lib/swift/host/plugins/libObservationMacros.dylib\#/Applications/Xcode-27.0.0-Release.Candidate.app/Contents/Developer/Platforms/XROS.platform/Developer/usr/bin/swift-plugin-server\#ObservationMacros -load-resolved-plugin /Applications/Xcode-27.0.0-Release.Candidate.app/Contents/Developer/Platforms/XROS.platform/Developer/usr/lib/swift/host/plugins/libSwiftMacros.dylib\#/Applications/Xcode-27.0.0-Release.Candidate.app/Contents/Developer/Platforms/XROS.platform/Developer/usr/bin/swift-plugin-server\#SwiftMacros -disable-implicit-swift-modules -Xcc -fno-implicit-modules -Xcc -fno-implicit-module-maps -explicit-swift-module-map-file /Users/admin/builder/spi-builder-workspace/.derivedData/Build/Intermediates.noindex/elementary-components.build/Debug-xros/ElementaryShoelace-t.build/Objects-normal/arm64/ElementaryShoelace-dependencies-1.json -Xllvm -aarch64-use-tbi -enable-objc-interop -stack-check -sdk /Applications/Xcode-27.0.0-Release.Candidate.app/Contents/Developer/Platforms/XROS.platform/Developer/SDKs/XROS27.0.sdk -I /Users/admin/builder/spi-builder-workspace/.derivedData/Build/Products/Debug-xros -Isystem /Applications/Xcode-27.0.0-Release.Candidate.app/Contents/Developer/Platforms/XROS.platform/Developer/usr/lib -F /Users/admin/builder/spi-builder-workspace/.derivedData/Build/Products/Debug-xros/PackageFrameworks -F /Users/admin/builder/spi-builder-workspace/.derivedData/Build/Products/Debug-xros -F /Applications/Xcode-27.0.0-Release.Candidate.app/Contents/Developer/Platforms/XROS.platform/Developer/Library/Frameworks -F /Applications/Xcode-27.0.0-Release.Candidate.app/Contents/Developer/Platforms/XROS.platform/Developer/SDKs/XROS27.0.sdk/Developer/Library/Frameworks -module-cache-path /Users/admin/builder/spi-builder-workspace/.derivedData/Build/Intermediates.noindex/SwiftExplicitPrecompiledModules -no-color-diagnostics -Xcc -fno-color-diagnostics -enable-testing -g -debug-info-format\=dwarf -dwarf-version\=4 -profile-generate -profile-coverage-mapping -swift-version 5 -Onone -D SWIFT_PACKAGE -D DEBUG -D SWIFT_MODULE_RESOURCE_BUNDLE_UNAVAILABLE -D Xcode -serialize-debugging-options -enable-experimental-feature DebugDescriptionMacro -empty-abi-descriptor -validate-clang-modules-once -clang-build-session-file /Users/admin/builder/spi-builder-workspace/.derivedData/ModuleCache.noindex/Session.modulevalidation -Xcc -working-directory -Xcc /Users/admin/builder/spi-builder-workspace/.swiftpm/xcode -enable-anonymous-context-mangled-names -file-compilation-dir /Users/admin/builder/spi-builder-workspace/.swiftpm/xcode -Xcc -D_LIBCPP_HARDENING_MODE\=_LIBCPP_HARDENING_MODE_DEBUG -Xcc -ivfsstatcache -Xcc /Users/admin/builder/spi-builder-workspace/.derivedData/SDKStatCaches.noindex/xros27.0-24M361-e829b21a6f8c9b70876ba0858053c044735bd543db762f57723cac368afd1ce4.sdkstatcache -Xcc -fmodules-prune-interval\=86400 -Xcc -fmodules-prune-after\=345600 -Xcc -I/Users/admin/builder/spi-builder-workspace/.derivedData/Build/Products/Debug-xros/include -Xcc -I/Users/admin/builder/spi-builder-workspace/.derivedData/Build/Intermediates.noindex/elementary-components.build/Debug-xros/ElementaryShoelace-t.build/DerivedSources-normal/arm64 -Xcc -I/Users/admin/builder/spi-builder-workspace/.derivedData/Build/Intermediates.noindex/elementary-components.build/Debug-xros/ElementaryShoelace-t.build/DerivedSources/arm64 -Xcc -I/Users/admin/builder/spi-builder-workspace/.derivedData/Build/Intermediates.noindex/elementary-components.build/Debug-xros/ElementaryShoelace-t.build/DerivedSources -Xcc -DSWIFT_PACKAGE -Xcc -DDEBUG\=1 -no-auto-bridging-header-chaining -module-name ElementaryShoelace -package-name spi_builder_workspace -const-gather-protocols-file /Users/admin/builder/spi-builder-workspace/.derivedData/Build/Intermediates.noindex/elementary-components.build/Debug-xros/ElementaryShoelace-t.build/Objects-normal/arm64/ElementaryShoelace_const_extract_protocols.json -disable-clang-spi -clang-target arm64-apple-xros27.0 -target-sdk-version 27.0 -target-sdk-name xros27.0 -in-process-plugin-server-path /Applications/Xcode-27.0.0-Release.Candidate.app/Contents/Developer/Toolchains/XcodeDefault.xctoolchain/usr/lib/swift/host/libSwiftInProcPluginServer.dylib -parse-as-library -o /Users/admin/builder/spi-builder-workspace/.derivedData/Build/Intermediates.noindex/elementary-components.build/Debug-xros/ElementaryShoelace-t.build/Objects-normal/arm64/SLSplitPanel.o -o /Users/admin/builder/spi-builder-workspace/.derivedData/Build/Intermediates.noindex/elementary-components.build/Debug-xros/ElementaryShoelace-t.build/Objects-normal/arm64/SLSwitch.o -o /Users/admin/builder/spi-builder-workspace/.derivedData/Build/Intermediates.noindex/elementary-components.build/Debug-xros/ElementaryShoelace-t.build/Objects-normal/arm64/SLTab.o -o /Users/admin/builder/spi-builder-workspace/.derivedData/Build/Intermediates.noindex/elementary-components.build/Debug-xros/ElementaryShoelace-t.build/Objects-normal/arm64/SLTabGroup.o -o /Users/admin/builder/spi-builder-workspace/.derivedData/Build/Intermediates.noindex/elementary-components.build/Debug-xros/ElementaryShoelace-t.build/Objects-normal/arm64/SLTabPanel.o -o /Users/admin/builder/spi-builder-workspace/.derivedData/Build/Intermediates.noindex/elementary-components.build/Debug-xros/ElementaryShoelace-t.build/Objects-normal/arm64/SLTag.o -debug-module-path /Users/admin/builder/spi-builder-workspace/.derivedData/Build/Intermediates.noindex/elementary-components.build/Debug-xros/ElementaryShoelace-t.build/Objects-normal/arm64/ElementaryShoelace.swiftmodule -index-unit-output-path /elementary-components.build/Debug-xros/ElementaryShoelace-t.build/Objects-normal/arm64/SLSplitPanel.o -index-unit-output-path /elementary-components.build/Debug-xros/ElementaryShoelace-t.build/Objects-normal/arm64/SLSwitch.o -index-unit-output-path /elementary-components.build/Debug-xros/ElementaryShoelace-t.build/Objects-normal/arm64/SLTab.o -index-unit-output-path /elementary-components.build/Debug-xros/ElementaryShoelace-t.build/Objects-normal/arm64/SLTabGroup.o -index-unit-output-path /elementary-components.build/Debug-xros/ElementaryShoelace-t.build/Objects-normal/arm64/SLTabPanel.o -index-unit-output-path /elementary-components.build/Debug-xros/ElementaryShoelace-t.build/Objects-normal/arm64/SLTag.o -index-store-path /Users/admin/builder/spi-builder-workspace/.derivedData/Index.noindex/DataStore -index-system-modules
SwiftCompile normal arm64 /Users/admin/builder/spi-builder-workspace/Sources/ElementaryShoelace/components/SLSplitPanel.swift (in target 'ElementaryShoelace' from project 'elementary-components')
cd /Users/admin/builder/spi-builder-workspace/.swiftpm/xcode
builtin-SwiftPerFileCompile SLSplitPanel.swift
SwiftCompile normal arm64 /Users/admin/builder/spi-builder-workspace/Sources/ElementaryShoelace/components/SLSwitch.swift (in target 'ElementaryShoelace' from project 'elementary-components')
cd /Users/admin/builder/spi-builder-workspace/.swiftpm/xcode
builtin-SwiftPerFileCompile SLSwitch.swift
SwiftCompile normal arm64 /Users/admin/builder/spi-builder-workspace/Sources/ElementaryShoelace/components/SLTab.swift (in target 'ElementaryShoelace' from project 'elementary-components')
cd /Users/admin/builder/spi-builder-workspace/.swiftpm/xcode
builtin-SwiftPerFileCompile SLTab.swift
SwiftCompile normal arm64 /Users/admin/builder/spi-builder-workspace/Sources/ElementaryShoelace/components/SLTabGroup.swift (in target 'ElementaryShoelace' from project 'elementary-components')
cd /Users/admin/builder/spi-builder-workspace/.swiftpm/xcode
builtin-SwiftPerFileCompile SLTabGroup.swift
SwiftCompile normal arm64 /Users/admin/builder/spi-builder-workspace/Sources/ElementaryShoelace/components/SLTabPanel.swift (in target 'ElementaryShoelace' from project 'elementary-components')
cd /Users/admin/builder/spi-builder-workspace/.swiftpm/xcode
builtin-SwiftPerFileCompile SLTabPanel.swift
SwiftCompile normal arm64 /Users/admin/builder/spi-builder-workspace/Sources/ElementaryShoelace/components/SLTag.swift (in target 'ElementaryShoelace' from project 'elementary-components')
cd /Users/admin/builder/spi-builder-workspace/.swiftpm/xcode
builtin-SwiftPerFileCompile SLTag.swift
SwiftEmitModule normal arm64 Emitting\ module\ for\ ElementaryShoelace (in target 'ElementaryShoelace' from project 'elementary-components')
/Users/admin/builder/spi-builder-workspace/Sources/ElementaryShoelace/SLAttributes.swift:253:47: error: ambiguous type name 'readonly' in 'HTMLTrait.Attributes'
242 |
243 | public extension HTMLTrait.Attributes {
244 | protocol readonly {}
| `- note: found candidate with type 'HTMLTrait.Attributes.readonly'
245 | }
246 |
:
251 | }
252 |
253 | extension HTMLTag.input: HTMLTrait.Attributes.readonly {}
| `- error: ambiguous type name 'readonly' in 'HTMLTrait.Attributes'
254 |
255 | public extension HTMLTrait.Attributes {
Elementary.HTMLTrait.Attributes.readonly:3:17: note: found candidate with type 'HTMLTrait.Attributes.readonly'
1 | enum HTMLTrait {
2 | enum Attributes {
3 | public protocol readonly {
| `- note: found candidate with type 'HTMLTrait.Attributes.readonly'
4 | } }
5 | }
/Users/admin/builder/spi-builder-workspace/Sources/ElementaryShoelace/SLAttributes.swift:253:47: warning: conformance of 'HTMLTag.input' to protocol 'readonly' was already stated in the type's module 'Elementary'
251 | }
252 |
253 | extension HTMLTag.input: HTMLTrait.Attributes.readonly {}
| `- warning: conformance of 'HTMLTag.input' to protocol 'readonly' was already stated in the type's module 'Elementary'
254 |
255 | public extension HTMLTrait.Attributes {
Elementary.HTMLTag.input:1:11: note: 'HTMLTag.input' declares conformance to protocol 'readonly' here
1 | extension HTMLTag.input : Elementary.HTMLTrait.Attributes.readonly {
| `- note: 'HTMLTag.input' declares conformance to protocol 'readonly' here
2 | }
SwiftCompile normal arm64 (in target 'ElementaryShoelace' from project 'elementary-components')
cd /Users/admin/builder/spi-builder-workspace/.swiftpm/xcode
SwiftCompile normal arm64 Compiling\ SLBadge.swift,\ SLBreadcrumb.swift,\ SLBreadcrumbItem.swift,\ SLButton.swift,\ SLButtonGroup.swift,\ SLCard.swift /Users/admin/builder/spi-builder-workspace/Sources/ElementaryShoelace/components/SLBadge.swift /Users/admin/builder/spi-builder-workspace/Sources/ElementaryShoelace/components/SLBreadcrumb.swift /Users/admin/builder/spi-builder-workspace/Sources/ElementaryShoelace/components/SLBreadcrumbItem.swift /Users/admin/builder/spi-builder-workspace/Sources/ElementaryShoelace/components/SLButton.swift /Users/admin/builder/spi-builder-workspace/Sources/ElementaryShoelace/components/SLButtonGroup.swift /Users/admin/builder/spi-builder-workspace/Sources/ElementaryShoelace/components/SLCard.swift (in target 'ElementaryShoelace' from project 'elementary-components')
/Users/admin/builder/spi-builder-workspace/Sources/ElementaryShoelace/components/SLTag.swift:27:56: error: reference to generic type 'HTMLAttribute' (aka 'MarkupAttribute') requires arguments in <...>
25 | /// - Parameter value: The variant value. Options: (`primary`, `success`, `neutral`, `warning`, `danger`, `text`).
26 | /// - Returns: The HTMLAttribute (`variant="(value)"`)
27 | static func variant(_ value: SLTagVariantValue) -> HTMLAttribute {
| `- error: reference to generic type 'HTMLAttribute' (aka 'MarkupAttribute') requires arguments in <...>
28 | HTMLAttribute(name: "variant", value: value.rawValue)
29 | }
Elementary.MarkupAttribute:1:15: note: generic struct 'MarkupAttribute' declared here
1 | public struct MarkupAttribute<Tag> : Sendable where Tag : Elementary.MarkupTagDefinition {
| `- note: generic struct 'MarkupAttribute' declared here
2 | public var name: String { get }
3 | public var value: String? { get }
Failed frontend command:
/Applications/Xcode-27.0.0-Release.Candidate.app/Contents/Developer/Toolchains/XcodeDefault.xctoolchain/usr/bin/swift-frontend -frontend -c /Users/admin/builder/spi-builder-workspace/Sources/ElementaryShoelace/SLAttributeValues.swift /Users/admin/builder/spi-builder-workspace/Sources/ElementaryShoelace/SLAttributes.swift /Users/admin/builder/spi-builder-workspace/Sources/ElementaryShoelace/components/SLAlert.swift /Users/admin/builder/spi-builder-workspace/Sources/ElementaryShoelace/components/SLAnimatedImage.swift /Users/admin/builder/spi-builder-workspace/Sources/ElementaryShoelace/components/SLAnimation.swift /Users/admin/builder/spi-builder-workspace/Sources/ElementaryShoelace/components/SLAvatar.swift -primary-file /Users/admin/builder/spi-builder-workspace/Sources/ElementaryShoelace/components/SLBadge.swift -primary-file /Users/admin/builder/spi-builder-workspace/Sources/ElementaryShoelace/components/SLBreadcrumb.swift -primary-file /Users/admin/builder/spi-builder-workspace/Sources/ElementaryShoelace/components/SLBreadcrumbItem.swift -primary-file /Users/admin/builder/spi-builder-workspace/Sources/ElementaryShoelace/components/SLButton.swift -primary-file /Users/admin/builder/spi-builder-workspace/Sources/ElementaryShoelace/components/SLButtonGroup.swift -primary-file /Users/admin/builder/spi-builder-workspace/Sources/ElementaryShoelace/components/SLCard.swift /Users/admin/builder/spi-builder-workspace/Sources/ElementaryShoelace/components/SLCarousel.swift /Users/admin/builder/spi-builder-workspace/Sources/ElementaryShoelace/components/SLCarouselItem.swift /Users/admin/builder/spi-builder-workspace/Sources/ElementaryShoelace/components/SLCheckbox.swift /Users/admin/builder/spi-builder-workspace/Sources/ElementaryShoelace/components/SLColorPicker.swift /Users/admin/builder/spi-builder-workspace/Sources/ElementaryShoelace/components/SLCopyButton.swift /Users/admin/builder/spi-builder-workspace/Sources/ElementaryShoelace/components/SLDetails.swift /Users/admin/builder/spi-builder-workspace/Sources/ElementaryShoelace/components/SLDialog.swift /Users/admin/builder/spi-builder-workspace/Sources/ElementaryShoelace/components/SLDivider.swift /Users/admin/builder/spi-builder-workspace/Sources/ElementaryShoelace/components/SLDrawer.swift /Users/admin/builder/spi-builder-workspace/Sources/ElementaryShoelace/components/SLDropdown.swift /Users/admin/builder/spi-builder-workspace/Sources/ElementaryShoelace/components/SLFormatBytes.swift /Users/admin/builder/spi-builder-workspace/Sources/ElementaryShoelace/components/SLFormatDate.swift /Users/admin/builder/spi-builder-workspace/Sources/ElementaryShoelace/components/SLFormatNumber.swift /Users/admin/builder/spi-builder-workspace/Sources/ElementaryShoelace/components/SLIcon.swift /Users/admin/builder/spi-builder-workspace/Sources/ElementaryShoelace/components/SLIconButton.swift /Users/admin/builder/spi-builder-workspace/Sources/ElementaryShoelace/components/SLImageComparer.swift /Users/admin/builder/spi-builder-workspace/Sources/ElementaryShoelace/components/SLInclude.swift /Users/admin/builder/spi-builder-workspace/Sources/ElementaryShoelace/components/SLInput.swift /Users/admin/builder/spi-builder-workspace/Sources/ElementaryShoelace/components/SLMenu.swift /Users/admin/builder/spi-builder-workspace/Sources/ElementaryShoelace/components/SLMenuItem.swift /Users/admin/builder/spi-builder-workspace/Sources/ElementaryShoelace/components/SLMenuLabel.swift /Users/admin/builder/spi-builder-workspace/Sources/ElementaryShoelace/components/SLMutationObserver.swift /Users/admin/builder/spi-builder-workspace/Sources/ElementaryShoelace/components/SLOption.swift /Users/admin/builder/spi-builder-workspace/Sources/ElementaryShoelace/components/SLPopup.swift /Users/admin/builder/spi-builder-workspace/Sources/ElementaryShoelace/components/SLProgressBar.swift /Users/admin/builder/spi-builder-workspace/Sources/ElementaryShoelace/components/SLProgressRing.swift /Users/admin/builder/spi-builder-workspace/Sources/ElementaryShoelace/components/SLQRCode.swift /Users/admin/builder/spi-builder-workspace/Sources/ElementaryShoelace/components/SLRadio.swift /Users/admin/builder/spi-builder-workspace/Sources/ElementaryShoelace/components/SLRadioButton.swift /Users/admin/builder/spi-builder-workspace/Sources/ElementaryShoelace/components/SLRange.swift /Users/admin/builder/spi-builder-workspace/Sources/ElementaryShoelace/components/SLRating.swift /Users/admin/builder/spi-builder-workspace/Sources/ElementaryShoelace/components/SLRelativeTime.swift /Users/admin/builder/spi-builder-workspace/Sources/ElementaryShoelace/components/SLResizeObserver.swift /Users/admin/builder/spi-builder-workspace/Sources/ElementaryShoelace/components/SLSelect.swift /Users/admin/builder/spi-builder-workspace/Sources/ElementaryShoelace/components/SLSkeleton.swift /Users/admin/builder/spi-builder-workspace/Sources/ElementaryShoelace/components/SLSpinner.swift /Users/admin/builder/spi-builder-workspace/Sources/ElementaryShoelace/components/SLSplitPanel.swift /Users/admin/builder/spi-builder-workspace/Sources/ElementaryShoelace/components/SLSwitch.swift /Users/admin/builder/spi-builder-workspace/Sources/ElementaryShoelace/components/SLTab.swift /Users/admin/builder/spi-builder-workspace/Sources/ElementaryShoelace/components/SLTabGroup.swift /Users/admin/builder/spi-builder-workspace/Sources/ElementaryShoelace/components/SLTabPanel.swift /Users/admin/builder/spi-builder-workspace/Sources/ElementaryShoelace/components/SLTag.swift /Users/admin/builder/spi-builder-workspace/Sources/ElementaryShoelace/components/SLTextarea.swift /Users/admin/builder/spi-builder-workspace/Sources/ElementaryShoelace/components/SLTooltip.swift /Users/admin/builder/spi-builder-workspace/Sources/ElementaryShoelace/components/SLTree.swift /Users/admin/builder/spi-builder-workspace/Sources/ElementaryShoelace/components/SLTreeItem.swift /Users/admin/builder/spi-builder-workspace/Sources/ElementaryShoelace/components/SLVisuallyHidden.swift /Users/admin/builder/spi-builder-workspace/Sources/ElementaryShoelace/protocols/SLIconProtocol.swift -supplementary-output-file-map /Users/admin/builder/spi-builder-workspace/.derivedData/Build/Intermediates.noindex/elementary-components.build/Debug-xros/ElementaryShoelace-t.build/Objects-normal/arm64/supplementaryOutputs-2 -target arm64-apple-xros1.0 -disable-cross-import-overlay-search -load-resolved-plugin /Applications/Xcode-27.0.0-Release.Candidate.app/Contents/Developer/Platforms/XROS.platform/Developer/usr/lib/swift/host/plugins/libFoundationMacros.dylib\#/Applications/Xcode-27.0.0-Release.Candidate.app/Contents/Developer/Platforms/XROS.platform/Developer/usr/bin/swift-plugin-server\#FoundationMacros -load-resolved-plugin /Applications/Xcode-27.0.0-Release.Candidate.app/Contents/Developer/Platforms/XROS.platform/Developer/usr/lib/swift/host/plugins/libObservationMacros.dylib\#/Applications/Xcode-27.0.0-Release.Candidate.app/Contents/Developer/Platforms/XROS.platform/Developer/usr/bin/swift-plugin-server\#ObservationMacros -load-resolved-plugin /Applications/Xcode-27.0.0-Release.Candidate.app/Contents/Developer/Platforms/XROS.platform/Developer/usr/lib/swift/host/plugins/libSwiftMacros.dylib\#/Applications/Xcode-27.0.0-Release.Candidate.app/Contents/Developer/Platforms/XROS.platform/Developer/usr/bin/swift-plugin-server\#SwiftMacros -disable-implicit-swift-modules -Xcc -fno-implicit-modules -Xcc -fno-implicit-module-maps -explicit-swift-module-map-file /Users/admin/builder/spi-builder-workspace/.derivedData/Build/Intermediates.noindex/elementary-components.build/Debug-xros/ElementaryShoelace-t.build/Objects-normal/arm64/ElementaryShoelace-dependencies-1.json -Xllvm -aarch64-use-tbi -enable-objc-interop -stack-check -sdk /Applications/Xcode-27.0.0-Release.Candidate.app/Contents/Developer/Platforms/XROS.platform/Developer/SDKs/XROS27.0.sdk -I /Users/admin/builder/spi-builder-workspace/.derivedData/Build/Products/Debug-xros -Isystem /Applications/Xcode-27.0.0-Release.Candidate.app/Contents/Developer/Platforms/XROS.platform/Developer/usr/lib -F /Users/admin/builder/spi-builder-workspace/.derivedData/Build/Products/Debug-xros/PackageFrameworks -F /Users/admin/builder/spi-builder-workspace/.derivedData/Build/Products/Debug-xros -F /Applications/Xcode-27.0.0-Release.Candidate.app/Contents/Developer/Platforms/XROS.platform/Developer/Library/Frameworks -F /Applications/Xcode-27.0.0-Release.Candidate.app/Contents/Developer/Platforms/XROS.platform/Developer/SDKs/XROS27.0.sdk/Developer/Library/Frameworks -module-cache-path /Users/admin/builder/spi-builder-workspace/.derivedData/Build/Intermediates.noindex/SwiftExplicitPrecompiledModules -no-color-diagnostics -Xcc -fno-color-diagnostics -enable-testing -g -debug-info-format\=dwarf -dwarf-version\=4 -profile-generate -profile-coverage-mapping -swift-version 5 -Onone -D SWIFT_PACKAGE -D DEBUG -D SWIFT_MODULE_RESOURCE_BUNDLE_UNAVAILABLE -D Xcode -serialize-debugging-options -enable-experimental-feature DebugDescriptionMacro -empty-abi-descriptor -validate-clang-modules-once -clang-build-session-file /Users/admin/builder/spi-builder-workspace/.derivedData/ModuleCache.noindex/Session.modulevalidation -Xcc -working-directory -Xcc /Users/admin/builder/spi-builder-workspace/.swiftpm/xcode -enable-anonymous-context-mangled-names -file-compilation-dir /Users/admin/builder/spi-builder-workspace/.swiftpm/xcode -Xcc -D_LIBCPP_HARDENING_MODE\=_LIBCPP_HARDENING_MODE_DEBUG -Xcc -ivfsstatcache -Xcc /Users/admin/builder/spi-builder-workspace/.derivedData/SDKStatCaches.noindex/xros27.0-24M361-e829b21a6f8c9b70876ba0858053c044735bd543db762f57723cac368afd1ce4.sdkstatcache -Xcc -fmodules-prune-interval\=86400 -Xcc -fmodules-prune-after\=345600 -Xcc -I/Users/admin/builder/spi-builder-workspace/.derivedData/Build/Products/Debug-xros/include -Xcc -I/Users/admin/builder/spi-builder-workspace/.derivedData/Build/Intermediates.noindex/elementary-components.build/Debug-xros/ElementaryShoelace-t.build/DerivedSources-normal/arm64 -Xcc -I/Users/admin/builder/spi-builder-workspace/.derivedData/Build/Intermediates.noindex/elementary-components.build/Debug-xros/ElementaryShoelace-t.build/DerivedSources/arm64 -Xcc -I/Users/admin/builder/spi-builder-workspace/.derivedData/Build/Intermediates.noindex/elementary-components.build/Debug-xros/ElementaryShoelace-t.build/DerivedSources -Xcc -DSWIFT_PACKAGE -Xcc -DDEBUG\=1 -no-auto-bridging-header-chaining -module-name ElementaryShoelace -package-name spi_builder_workspace -const-gather-protocols-file /Users/admin/builder/spi-builder-workspace/.derivedData/Build/Intermediates.noindex/elementary-components.build/Debug-xros/ElementaryShoelace-t.build/Objects-normal/arm64/ElementaryShoelace_const_extract_protocols.json -disable-clang-spi -clang-target arm64-apple-xros27.0 -target-sdk-version 27.0 -target-sdk-name xros27.0 -in-process-plugin-server-path /Applications/Xcode-27.0.0-Release.Candidate.app/Contents/Developer/Toolchains/XcodeDefault.xctoolchain/usr/lib/swift/host/libSwiftInProcPluginServer.dylib -parse-as-library -o /Users/admin/builder/spi-builder-workspace/.derivedData/Build/Intermediates.noindex/elementary-components.build/Debug-xros/ElementaryShoelace-t.build/Objects-normal/arm64/SLBadge.o -o /Users/admin/builder/spi-builder-workspace/.derivedData/Build/Intermediates.noindex/elementary-components.build/Debug-xros/ElementaryShoelace-t.build/Objects-normal/arm64/SLBreadcrumb.o -o /Users/admin/builder/spi-builder-workspace/.derivedData/Build/Intermediates.noindex/elementary-components.build/Debug-xros/ElementaryShoelace-t.build/Objects-normal/arm64/SLBreadcrumbItem.o -o /Users/admin/builder/spi-builder-workspace/.derivedData/Build/Intermediates.noindex/elementary-components.build/Debug-xros/ElementaryShoelace-t.build/Objects-normal/arm64/SLButton.o -o /Users/admin/builder/spi-builder-workspace/.derivedData/Build/Intermediates.noindex/elementary-components.build/Debug-xros/ElementaryShoelace-t.build/Objects-normal/arm64/SLButtonGroup.o -o /Users/admin/builder/spi-builder-workspace/.derivedData/Build/Intermediates.noindex/elementary-components.build/Debug-xros/ElementaryShoelace-t.build/Objects-normal/arm64/SLCard.o -debug-module-path /Users/admin/builder/spi-builder-workspace/.derivedData/Build/Intermediates.noindex/elementary-components.build/Debug-xros/ElementaryShoelace-t.build/Objects-normal/arm64/ElementaryShoelace.swiftmodule -index-unit-output-path /elementary-components.build/Debug-xros/ElementaryShoelace-t.build/Objects-normal/arm64/SLBadge.o -index-unit-output-path /elementary-components.build/Debug-xros/ElementaryShoelace-t.build/Objects-normal/arm64/SLBreadcrumb.o -index-unit-output-path /elementary-components.build/Debug-xros/ElementaryShoelace-t.build/Objects-normal/arm64/SLBreadcrumbItem.o -index-unit-output-path /elementary-components.build/Debug-xros/ElementaryShoelace-t.build/Objects-normal/arm64/SLButton.o -index-unit-output-path /elementary-components.build/Debug-xros/ElementaryShoelace-t.build/Objects-normal/arm64/SLButtonGroup.o -index-unit-output-path /elementary-components.build/Debug-xros/ElementaryShoelace-t.build/Objects-normal/arm64/SLCard.o -index-store-path /Users/admin/builder/spi-builder-workspace/.derivedData/Index.noindex/DataStore -index-system-modules
SwiftCompile normal arm64 /Users/admin/builder/spi-builder-workspace/Sources/ElementaryShoelace/components/SLBadge.swift (in target 'ElementaryShoelace' from project 'elementary-components')
cd /Users/admin/builder/spi-builder-workspace/.swiftpm/xcode
builtin-SwiftPerFileCompile SLBadge.swift
SwiftCompile normal arm64 /Users/admin/builder/spi-builder-workspace/Sources/ElementaryShoelace/components/SLBreadcrumb.swift (in target 'ElementaryShoelace' from project 'elementary-components')
cd /Users/admin/builder/spi-builder-workspace/.swiftpm/xcode
builtin-SwiftPerFileCompile SLBreadcrumb.swift
SwiftCompile normal arm64 /Users/admin/builder/spi-builder-workspace/Sources/ElementaryShoelace/components/SLBreadcrumbItem.swift (in target 'ElementaryShoelace' from project 'elementary-components')
cd /Users/admin/builder/spi-builder-workspace/.swiftpm/xcode
builtin-SwiftPerFileCompile SLBreadcrumbItem.swift
SwiftCompile normal arm64 /Users/admin/builder/spi-builder-workspace/Sources/ElementaryShoelace/components/SLButton.swift (in target 'ElementaryShoelace' from project 'elementary-components')
cd /Users/admin/builder/spi-builder-workspace/.swiftpm/xcode
builtin-SwiftPerFileCompile SLButton.swift
SwiftCompile normal arm64 /Users/admin/builder/spi-builder-workspace/Sources/ElementaryShoelace/components/SLButtonGroup.swift (in target 'ElementaryShoelace' from project 'elementary-components')
cd /Users/admin/builder/spi-builder-workspace/.swiftpm/xcode
builtin-SwiftPerFileCompile SLButtonGroup.swift
SwiftCompile normal arm64 /Users/admin/builder/spi-builder-workspace/Sources/ElementaryShoelace/components/SLCard.swift (in target 'ElementaryShoelace' from project 'elementary-components')
cd /Users/admin/builder/spi-builder-workspace/.swiftpm/xcode
builtin-SwiftPerFileCompile SLCard.swift
SwiftCompile normal arm64 Compiling\ SLMenu.swift,\ SLMenuItem.swift,\ SLMenuLabel.swift,\ SLMutationObserver.swift,\ SLOption.swift,\ SLPopup.swift /Users/admin/builder/spi-builder-workspace/Sources/ElementaryShoelace/components/SLMenu.swift /Users/admin/builder/spi-builder-workspace/Sources/ElementaryShoelace/components/SLMenuItem.swift /Users/admin/builder/spi-builder-workspace/Sources/ElementaryShoelace/components/SLMenuLabel.swift /Users/admin/builder/spi-builder-workspace/Sources/ElementaryShoelace/components/SLMutationObserver.swift /Users/admin/builder/spi-builder-workspace/Sources/ElementaryShoelace/components/SLOption.swift /Users/admin/builder/spi-builder-workspace/Sources/ElementaryShoelace/components/SLPopup.swift (in target 'ElementaryShoelace' from project 'elementary-components')
SwiftCompile normal arm64 /Users/admin/builder/spi-builder-workspace/Sources/ElementaryShoelace/components/SLMenu.swift (in target 'ElementaryShoelace' from project 'elementary-components')
cd /Users/admin/builder/spi-builder-workspace/.swiftpm/xcode
builtin-SwiftPerFileCompile SLMenu.swift
SwiftCompile normal arm64 /Users/admin/builder/spi-builder-workspace/Sources/ElementaryShoelace/components/SLMenuItem.swift (in target 'ElementaryShoelace' from project 'elementary-components')
cd /Users/admin/builder/spi-builder-workspace/.swiftpm/xcode
builtin-SwiftPerFileCompile SLMenuItem.swift
SwiftCompile normal arm64 /Users/admin/builder/spi-builder-workspace/Sources/ElementaryShoelace/components/SLMenuLabel.swift (in target 'ElementaryShoelace' from project 'elementary-components')
cd /Users/admin/builder/spi-builder-workspace/.swiftpm/xcode
builtin-SwiftPerFileCompile SLMenuLabel.swift
SwiftCompile normal arm64 /Users/admin/builder/spi-builder-workspace/Sources/ElementaryShoelace/components/SLMutationObserver.swift (in target 'ElementaryShoelace' from project 'elementary-components')
cd /Users/admin/builder/spi-builder-workspace/.swiftpm/xcode
builtin-SwiftPerFileCompile SLMutationObserver.swift
SwiftCompile normal arm64 /Users/admin/builder/spi-builder-workspace/Sources/ElementaryShoelace/components/SLOption.swift (in target 'ElementaryShoelace' from project 'elementary-components')
cd /Users/admin/builder/spi-builder-workspace/.swiftpm/xcode
builtin-SwiftPerFileCompile SLOption.swift
SwiftCompile normal arm64 /Users/admin/builder/spi-builder-workspace/Sources/ElementaryShoelace/components/SLPopup.swift (in target 'ElementaryShoelace' from project 'elementary-components')
cd /Users/admin/builder/spi-builder-workspace/.swiftpm/xcode
builtin-SwiftPerFileCompile SLPopup.swift
SwiftCompile normal arm64 Compiling\ SLCarousel.swift,\ SLCarouselItem.swift,\ SLCheckbox.swift,\ SLColorPicker.swift,\ SLCopyButton.swift,\ SLDetails.swift /Users/admin/builder/spi-builder-workspace/Sources/ElementaryShoelace/components/SLCarousel.swift /Users/admin/builder/spi-builder-workspace/Sources/ElementaryShoelace/components/SLCarouselItem.swift /Users/admin/builder/spi-builder-workspace/Sources/ElementaryShoelace/components/SLCheckbox.swift /Users/admin/builder/spi-builder-workspace/Sources/ElementaryShoelace/components/SLColorPicker.swift /Users/admin/builder/spi-builder-workspace/Sources/ElementaryShoelace/components/SLCopyButton.swift /Users/admin/builder/spi-builder-workspace/Sources/ElementaryShoelace/components/SLDetails.swift (in target 'ElementaryShoelace' from project 'elementary-components')
SwiftCompile normal arm64 /Users/admin/builder/spi-builder-workspace/Sources/ElementaryShoelace/components/SLCarousel.swift (in target 'ElementaryShoelace' from project 'elementary-components')
cd /Users/admin/builder/spi-builder-workspace/.swiftpm/xcode
builtin-SwiftPerFileCompile SLCarousel.swift
SwiftCompile normal arm64 /Users/admin/builder/spi-builder-workspace/Sources/ElementaryShoelace/components/SLCarouselItem.swift (in target 'ElementaryShoelace' from project 'elementary-components')
cd /Users/admin/builder/spi-builder-workspace/.swiftpm/xcode
builtin-SwiftPerFileCompile SLCarouselItem.swift
SwiftCompile normal arm64 /Users/admin/builder/spi-builder-workspace/Sources/ElementaryShoelace/components/SLCheckbox.swift (in target 'ElementaryShoelace' from project 'elementary-components')
cd /Users/admin/builder/spi-builder-workspace/.swiftpm/xcode
builtin-SwiftPerFileCompile SLCheckbox.swift
SwiftCompile normal arm64 /Users/admin/builder/spi-builder-workspace/Sources/ElementaryShoelace/components/SLColorPicker.swift (in target 'ElementaryShoelace' from project 'elementary-components')
cd /Users/admin/builder/spi-builder-workspace/.swiftpm/xcode
builtin-SwiftPerFileCompile SLColorPicker.swift
SwiftCompile normal arm64 /Users/admin/builder/spi-builder-workspace/Sources/ElementaryShoelace/components/SLCopyButton.swift (in target 'ElementaryShoelace' from project 'elementary-components')
cd /Users/admin/builder/spi-builder-workspace/.swiftpm/xcode
builtin-SwiftPerFileCompile SLCopyButton.swift
SwiftCompile normal arm64 /Users/admin/builder/spi-builder-workspace/Sources/ElementaryShoelace/components/SLDetails.swift (in target 'ElementaryShoelace' from project 'elementary-components')
cd /Users/admin/builder/spi-builder-workspace/.swiftpm/xcode
builtin-SwiftPerFileCompile SLDetails.swift
SwiftCompile normal arm64 Compiling\ SLAttributeValues.swift,\ SLAttributes.swift,\ SLAlert.swift,\ SLAnimatedImage.swift,\ SLAnimation.swift,\ SLAvatar.swift /Users/admin/builder/spi-builder-workspace/Sources/ElementaryShoelace/SLAttributeValues.swift /Users/admin/builder/spi-builder-workspace/Sources/ElementaryShoelace/SLAttributes.swift /Users/admin/builder/spi-builder-workspace/Sources/ElementaryShoelace/components/SLAlert.swift /Users/admin/builder/spi-builder-workspace/Sources/ElementaryShoelace/components/SLAnimatedImage.swift /Users/admin/builder/spi-builder-workspace/Sources/ElementaryShoelace/components/SLAnimation.swift /Users/admin/builder/spi-builder-workspace/Sources/ElementaryShoelace/components/SLAvatar.swift (in target 'ElementaryShoelace' from project 'elementary-components')
/Users/admin/builder/spi-builder-workspace/Sources/ElementaryShoelace/SLAttributes.swift:253:47: error: ambiguous type name 'readonly' in 'HTMLTrait.Attributes'
242 |
243 | public extension HTMLTrait.Attributes {
244 | protocol readonly {}
| `- note: found candidate with type 'HTMLTrait.Attributes.readonly'
245 | }
246 |
:
251 | }
252 |
253 | extension HTMLTag.input: HTMLTrait.Attributes.readonly {}
| `- error: ambiguous type name 'readonly' in 'HTMLTrait.Attributes'
254 |
255 | public extension HTMLTrait.Attributes {
Elementary.HTMLTrait.Attributes.readonly:3:17: note: found candidate with type 'HTMLTrait.Attributes.readonly'
1 | enum HTMLTrait {
2 | enum Attributes {
3 | public protocol readonly {
| `- note: found candidate with type 'HTMLTrait.Attributes.readonly'
4 | } }
5 | }
SwiftCompile normal arm64 /Users/admin/builder/spi-builder-workspace/Sources/ElementaryShoelace/SLAttributeValues.swift (in target 'ElementaryShoelace' from project 'elementary-components')
cd /Users/admin/builder/spi-builder-workspace/.swiftpm/xcode
builtin-SwiftPerFileCompile SLAttributeValues.swift
SwiftCompile normal arm64 /Users/admin/builder/spi-builder-workspace/Sources/ElementaryShoelace/SLAttributes.swift (in target 'ElementaryShoelace' from project 'elementary-components')
cd /Users/admin/builder/spi-builder-workspace/.swiftpm/xcode
builtin-SwiftPerFileCompile SLAttributes.swift
SwiftCompile normal arm64 /Users/admin/builder/spi-builder-workspace/Sources/ElementaryShoelace/components/SLAlert.swift (in target 'ElementaryShoelace' from project 'elementary-components')
cd /Users/admin/builder/spi-builder-workspace/.swiftpm/xcode
builtin-SwiftPerFileCompile SLAlert.swift
SwiftCompile normal arm64 /Users/admin/builder/spi-builder-workspace/Sources/ElementaryShoelace/components/SLAnimatedImage.swift (in target 'ElementaryShoelace' from project 'elementary-components')
cd /Users/admin/builder/spi-builder-workspace/.swiftpm/xcode
builtin-SwiftPerFileCompile SLAnimatedImage.swift
SwiftCompile normal arm64 /Users/admin/builder/spi-builder-workspace/Sources/ElementaryShoelace/components/SLAnimation.swift (in target 'ElementaryShoelace' from project 'elementary-components')
cd /Users/admin/builder/spi-builder-workspace/.swiftpm/xcode
builtin-SwiftPerFileCompile SLAnimation.swift
SwiftCompile normal arm64 /Users/admin/builder/spi-builder-workspace/Sources/ElementaryShoelace/components/SLAvatar.swift (in target 'ElementaryShoelace' from project 'elementary-components')
cd /Users/admin/builder/spi-builder-workspace/.swiftpm/xcode
builtin-SwiftPerFileCompile SLAvatar.swift
SwiftCompile normal arm64 Compiling\ SLProgressBar.swift,\ SLProgressRing.swift,\ SLQRCode.swift,\ SLRadio.swift,\ SLRadioButton.swift,\ SLRange.swift /Users/admin/builder/spi-builder-workspace/Sources/ElementaryShoelace/components/SLProgressBar.swift /Users/admin/builder/spi-builder-workspace/Sources/ElementaryShoelace/components/SLProgressRing.swift /Users/admin/builder/spi-builder-workspace/Sources/ElementaryShoelace/components/SLQRCode.swift /Users/admin/builder/spi-builder-workspace/Sources/ElementaryShoelace/components/SLRadio.swift /Users/admin/builder/spi-builder-workspace/Sources/ElementaryShoelace/components/SLRadioButton.swift /Users/admin/builder/spi-builder-workspace/Sources/ElementaryShoelace/components/SLRange.swift (in target 'ElementaryShoelace' from project 'elementary-components')
SwiftCompile normal arm64 /Users/admin/builder/spi-builder-workspace/Sources/ElementaryShoelace/components/SLProgressBar.swift (in target 'ElementaryShoelace' from project 'elementary-components')
cd /Users/admin/builder/spi-builder-workspace/.swiftpm/xcode
builtin-SwiftPerFileCompile SLProgressBar.swift
SwiftCompile normal arm64 /Users/admin/builder/spi-builder-workspace/Sources/ElementaryShoelace/components/SLProgressRing.swift (in target 'ElementaryShoelace' from project 'elementary-components')
cd /Users/admin/builder/spi-builder-workspace/.swiftpm/xcode
builtin-SwiftPerFileCompile SLProgressRing.swift
SwiftCompile normal arm64 /Users/admin/builder/spi-builder-workspace/Sources/ElementaryShoelace/components/SLQRCode.swift (in target 'ElementaryShoelace' from project 'elementary-components')
cd /Users/admin/builder/spi-builder-workspace/.swiftpm/xcode
builtin-SwiftPerFileCompile SLQRCode.swift
SwiftCompile normal arm64 /Users/admin/builder/spi-builder-workspace/Sources/ElementaryShoelace/components/SLRadio.swift (in target 'ElementaryShoelace' from project 'elementary-components')
cd /Users/admin/builder/spi-builder-workspace/.swiftpm/xcode
builtin-SwiftPerFileCompile SLRadio.swift
SwiftCompile normal arm64 /Users/admin/builder/spi-builder-workspace/Sources/ElementaryShoelace/components/SLRadioButton.swift (in target 'ElementaryShoelace' from project 'elementary-components')
cd /Users/admin/builder/spi-builder-workspace/.swiftpm/xcode
builtin-SwiftPerFileCompile SLRadioButton.swift
SwiftCompile normal arm64 /Users/admin/builder/spi-builder-workspace/Sources/ElementaryShoelace/components/SLRange.swift (in target 'ElementaryShoelace' from project 'elementary-components')
cd /Users/admin/builder/spi-builder-workspace/.swiftpm/xcode
builtin-SwiftPerFileCompile SLRange.swift
SwiftCompile normal arm64 Compiling\ SLRating.swift,\ SLRelativeTime.swift,\ SLResizeObserver.swift,\ SLSelect.swift,\ SLSkeleton.swift,\ SLSpinner.swift /Users/admin/builder/spi-builder-workspace/Sources/ElementaryShoelace/components/SLRating.swift /Users/admin/builder/spi-builder-workspace/Sources/ElementaryShoelace/components/SLRelativeTime.swift /Users/admin/builder/spi-builder-workspace/Sources/ElementaryShoelace/components/SLResizeObserver.swift /Users/admin/builder/spi-builder-workspace/Sources/ElementaryShoelace/components/SLSelect.swift /Users/admin/builder/spi-builder-workspace/Sources/ElementaryShoelace/components/SLSkeleton.swift /Users/admin/builder/spi-builder-workspace/Sources/ElementaryShoelace/components/SLSpinner.swift (in target 'ElementaryShoelace' from project 'elementary-components')
SwiftCompile normal arm64 /Users/admin/builder/spi-builder-workspace/Sources/ElementaryShoelace/components/SLRating.swift (in target 'ElementaryShoelace' from project 'elementary-components')
cd /Users/admin/builder/spi-builder-workspace/.swiftpm/xcode
builtin-SwiftPerFileCompile SLRating.swift
SwiftCompile normal arm64 /Users/admin/builder/spi-builder-workspace/Sources/ElementaryShoelace/components/SLRelativeTime.swift (in target 'ElementaryShoelace' from project 'elementary-components')
cd /Users/admin/builder/spi-builder-workspace/.swiftpm/xcode
builtin-SwiftPerFileCompile SLRelativeTime.swift
SwiftCompile normal arm64 /Users/admin/builder/spi-builder-workspace/Sources/ElementaryShoelace/components/SLResizeObserver.swift (in target 'ElementaryShoelace' from project 'elementary-components')
cd /Users/admin/builder/spi-builder-workspace/.swiftpm/xcode
builtin-SwiftPerFileCompile SLResizeObserver.swift
SwiftCompile normal arm64 /Users/admin/builder/spi-builder-workspace/Sources/ElementaryShoelace/components/SLSelect.swift (in target 'ElementaryShoelace' from project 'elementary-components')
cd /Users/admin/builder/spi-builder-workspace/.swiftpm/xcode
builtin-SwiftPerFileCompile SLSelect.swift
SwiftCompile normal arm64 /Users/admin/builder/spi-builder-workspace/Sources/ElementaryShoelace/components/SLSkeleton.swift (in target 'ElementaryShoelace' from project 'elementary-components')
cd /Users/admin/builder/spi-builder-workspace/.swiftpm/xcode
builtin-SwiftPerFileCompile SLSkeleton.swift
SwiftCompile normal arm64 /Users/admin/builder/spi-builder-workspace/Sources/ElementaryShoelace/components/SLSpinner.swift (in target 'ElementaryShoelace' from project 'elementary-components')
cd /Users/admin/builder/spi-builder-workspace/.swiftpm/xcode
builtin-SwiftPerFileCompile SLSpinner.swift
SwiftCompile normal arm64 Compiling\ SLTextarea.swift,\ SLTooltip.swift,\ SLTree.swift,\ SLTreeItem.swift,\ SLVisuallyHidden.swift,\ SLIconProtocol.swift /Users/admin/builder/spi-builder-workspace/Sources/ElementaryShoelace/components/SLTextarea.swift /Users/admin/builder/spi-builder-workspace/Sources/ElementaryShoelace/components/SLTooltip.swift /Users/admin/builder/spi-builder-workspace/Sources/ElementaryShoelace/components/SLTree.swift /Users/admin/builder/spi-builder-workspace/Sources/ElementaryShoelace/components/SLTreeItem.swift /Users/admin/builder/spi-builder-workspace/Sources/ElementaryShoelace/components/SLVisuallyHidden.swift /Users/admin/builder/spi-builder-workspace/Sources/ElementaryShoelace/protocols/SLIconProtocol.swift (in target 'ElementaryShoelace' from project 'elementary-components')
SwiftCompile normal arm64 /Users/admin/builder/spi-builder-workspace/Sources/ElementaryShoelace/components/SLTextarea.swift (in target 'ElementaryShoelace' from project 'elementary-components')
cd /Users/admin/builder/spi-builder-workspace/.swiftpm/xcode
builtin-SwiftPerFileCompile SLTextarea.swift
SwiftCompile normal arm64 /Users/admin/builder/spi-builder-workspace/Sources/ElementaryShoelace/components/SLTooltip.swift (in target 'ElementaryShoelace' from project 'elementary-components')
cd /Users/admin/builder/spi-builder-workspace/.swiftpm/xcode
builtin-SwiftPerFileCompile SLTooltip.swift
SwiftCompile normal arm64 /Users/admin/builder/spi-builder-workspace/Sources/ElementaryShoelace/components/SLTree.swift (in target 'ElementaryShoelace' from project 'elementary-components')
cd /Users/admin/builder/spi-builder-workspace/.swiftpm/xcode
builtin-SwiftPerFileCompile SLTree.swift
SwiftCompile normal arm64 /Users/admin/builder/spi-builder-workspace/Sources/ElementaryShoelace/components/SLTreeItem.swift (in target 'ElementaryShoelace' from project 'elementary-components')
cd /Users/admin/builder/spi-builder-workspace/.swiftpm/xcode
builtin-SwiftPerFileCompile SLTreeItem.swift
SwiftCompile normal arm64 /Users/admin/builder/spi-builder-workspace/Sources/ElementaryShoelace/components/SLVisuallyHidden.swift (in target 'ElementaryShoelace' from project 'elementary-components')
cd /Users/admin/builder/spi-builder-workspace/.swiftpm/xcode
builtin-SwiftPerFileCompile SLVisuallyHidden.swift
SwiftCompile normal arm64 /Users/admin/builder/spi-builder-workspace/Sources/ElementaryShoelace/protocols/SLIconProtocol.swift (in target 'ElementaryShoelace' from project 'elementary-components')
cd /Users/admin/builder/spi-builder-workspace/.swiftpm/xcode
builtin-SwiftPerFileCompile SLIconProtocol.swift
PruneExplicitPrecompiledModules /Users/admin/builder/spi-builder-workspace/.derivedData/Build/Intermediates.noindex/ExplicitPrecompiledModules
PruneExplicitPrecompiledModules /Users/admin/builder/spi-builder-workspace/.derivedData/Build/Intermediates.noindex/SwiftExplicitPrecompiledModules
PruneExplicitPrecompiledModules /Users/admin/builder/spi-builder-workspace/.derivedData/SDKExplicitPrecompiledModules
2026-09-23 09:33:01.752 xcodebuild[795:4766] [MT] IDERunDestination: Supported platforms for the buildables in the current scheme is empty.
** BUILD FAILED **
The following build commands failed:
SwiftCompile normal arm64 Compiling\ SLSplitPanel.swift,\ SLSwitch.swift,\ SLTab.swift,\ SLTabGroup.swift,\ SLTabPanel.swift,\ SLTag.swift /Users/admin/builder/spi-builder-workspace/Sources/ElementaryShoelace/components/SLSplitPanel.swift /Users/admin/builder/spi-builder-workspace/Sources/ElementaryShoelace/components/SLSwitch.swift /Users/admin/builder/spi-builder-workspace/Sources/ElementaryShoelace/components/SLTab.swift /Users/admin/builder/spi-builder-workspace/Sources/ElementaryShoelace/components/SLTabGroup.swift /Users/admin/builder/spi-builder-workspace/Sources/ElementaryShoelace/components/SLTabPanel.swift /Users/admin/builder/spi-builder-workspace/Sources/ElementaryShoelace/components/SLTag.swift (in target 'ElementaryShoelace' from project 'elementary-components')
SwiftCompile normal arm64 /Users/admin/builder/spi-builder-workspace/Sources/ElementaryShoelace/components/SLTag.swift (in target 'ElementaryShoelace' from project 'elementary-components')
SwiftCompile normal arm64 Compiling\ SLBadge.swift,\ SLBreadcrumb.swift,\ SLBreadcrumbItem.swift,\ SLButton.swift,\ SLButtonGroup.swift,\ SLCard.swift /Users/admin/builder/spi-builder-workspace/Sources/ElementaryShoelace/components/SLBadge.swift /Users/admin/builder/spi-builder-workspace/Sources/ElementaryShoelace/components/SLBreadcrumb.swift /Users/admin/builder/spi-builder-workspace/Sources/ElementaryShoelace/components/SLBreadcrumbItem.swift /Users/admin/builder/spi-builder-workspace/Sources/ElementaryShoelace/components/SLButton.swift /Users/admin/builder/spi-builder-workspace/Sources/ElementaryShoelace/components/SLButtonGroup.swift /Users/admin/builder/spi-builder-workspace/Sources/ElementaryShoelace/components/SLCard.swift (in target 'ElementaryShoelace' from project 'elementary-components')
SwiftCompile normal arm64 /Users/admin/builder/spi-builder-workspace/Sources/ElementaryShoelace/components/SLBadge.swift (in target 'ElementaryShoelace' from project 'elementary-components')
Building workspace elementary-components with scheme elementary-components
(5 failures)
BUILD FAILURE 6.4 visionOS