Build Information
Failed to build Segmentio, reference master (f12bae), with Swift 6.4 for macOS (Xcode) using Xcode 27.0 on 16 Sep 2026 02:16:46 UTC.
Build Command
env DEVELOPER_DIR=/Applications/Xcode-27.0.0-Release.Candidate.app xcrun xcodebuild -IDEClonedSourcePackagesDirPathOverride=$PWD/.dependencies -skipMacroValidation -skipPackagePluginValidation -derivedDataPath $PWD/.derivedData build -scheme Segmentio -destination platform=macOS,arch=arm64Build Log
========================================
RunAll
========================================
Builder version: 5.1.0
Interrupt handler set up.
========================================
Checkout
========================================
Clone URL: https://github.com/Yalantis/Segmentio.git
Reference: master
Initialized empty Git repository in /Users/admin/builder/spi-builder-workspace/.git/
From https://github.com/Yalantis/Segmentio
* branch master -> FETCH_HEAD
* [new branch] master -> origin/master
HEAD is now at f12bae7 Merge pull request #143 from Yalantis/feature/new_options
Cloned https://github.com/Yalantis/Segmentio.git
Revision (git rev-parse @):
f12bae77afc7dbdc5d176cc01ab8f45eb3563e68
SUCCESS checkout https://github.com/Yalantis/Segmentio.git at master
========================================
Build
========================================
Selected platform: macosXcodebuild
Swift version: 6.4
Building package at path: $PWD
https://github.com/Yalantis/Segmentio.git
Command line invocation:
/Applications/Xcode-27.0.0-Release.Candidate.app/Contents/Developer/usr/bin/xcodebuild -IDEClonedSourcePackagesDirPathOverride=/Users/admin/builder/spi-builder-workspace/.dependencies -resolvePackageDependencies
resolved source packages:
{
"dependencies" : [
],
"manifest_display_name" : "Segmentio",
"name" : "Segmentio",
"path" : "/Users/admin/builder/spi-builder-workspace",
"platforms" : [
],
"products" : [
{
"name" : "Segmentio",
"targets" : [
"Segmentio"
],
"type" : {
"library" : [
"automatic"
]
}
}
],
"targets" : [
{
"c99name" : "Segmentio",
"module_type" : "SwiftTarget",
"name" : "Segmentio",
"path" : "Segmentio/Source",
"product_memberships" : [
"Segmentio"
],
"sources" : [
"Badge/BadgeViewPresenter.swift",
"Badge/Views/BadgeWithCounterView.swift",
"Cells/SegmentioCell.swift",
"Cells/SegmentioCellWithImage.swift",
"Cells/SegmentioCellWithImageAfterLabel.swift",
"Cells/SegmentioCellWithImageBeforeLabel.swift",
"Cells/SegmentioCellWithImageOverLabel.swift",
"Cells/SegmentioCellWithImageUnderLabel.swift",
"Cells/SegmentioCellWithLabel.swift",
"Extensions/RoundImageView.swift",
"Extensions/UIView+Appearance.swift",
"Segmentio.swift",
"SegmentioOptions.swift"
],
"type" : "library"
}
],
"tools_version" : "4.0"
}
{
"project" : {
"configurations" : [
"Debug",
"Release"
],
"name" : "Segmentio",
"schemes" : [
"Segmentio"
],
"targets" : [
"Segmentio"
]
}
}
Running build ...
env DEVELOPER_DIR=/Applications/Xcode-27.0.0-Release.Candidate.app xcrun xcodebuild -IDEClonedSourcePackagesDirPathOverride=$PWD/.dependencies -skipMacroValidation -skipPackagePluginValidation -derivedDataPath $PWD/.derivedData build -scheme Segmentio -destination platform=macOS,arch=arm64
Command line invocation:
/Applications/Xcode-27.0.0-Release.Candidate.app/Contents/Developer/usr/bin/xcodebuild -IDEClonedSourcePackagesDirPathOverride=/Users/admin/builder/spi-builder-workspace/.dependencies -skipMacroValidation -skipPackagePluginValidation -derivedDataPath /Users/admin/builder/spi-builder-workspace/.derivedData build -scheme Segmentio -destination platform=macOS,arch=arm64
ComputePackagePrebuildTargetDependencyGraph
Prepare packages
CreateBuildRequest
SendProjectDescription
CreateBuildOperation
ComputeTargetDependencyGraph
note: Building targets in dependency order
note: Target dependency graph (1 target)
Target 'Segmentio' in project 'Segmentio' (no dependencies)
GatherProvisioningInputs
CreateBuildDescription
ExecuteExternalTool /Applications/Xcode-27.0.0-Release.Candidate.app/Contents/Developer/usr/bin/ibtool --version --output-format xml1
ExecuteExternalTool /Applications/Xcode-27.0.0-Release.Candidate.app/Contents/Developer/Toolchains/XcodeDefault.xctoolchain/usr/bin/clang -v -E -dM -arch arm64 -isysroot /Applications/Xcode-27.0.0-Release.Candidate.app/Contents/Developer/Platforms/MacOSX.platform/Developer/SDKs/MacOSX27.0.sdk -x c -c /dev/null
ExecuteExternalTool /Applications/Xcode-27.0.0-Release.Candidate.app/Contents/Developer/Toolchains/XcodeDefault.xctoolchain/usr/bin/clang -v -E -dM -isysroot /Applications/Xcode-27.0.0-Release.Candidate.app/Contents/Developer/Platforms/MacOSX.platform/Developer/SDKs/MacOSX27.0.sdk -x c -c /dev/null
ExecuteExternalTool /Applications/Xcode-27.0.0-Release.Candidate.app/Contents/Developer/Toolchains/XcodeDefault.xctoolchain/usr/bin/swiftc --version
ExecuteExternalTool /Applications/Xcode-27.0.0-Release.Candidate.app/Contents/Developer/Toolchains/XcodeDefault.xctoolchain/usr/bin/ld -version_details
Build description signature: 9f15b7063a00235b90c6580b41884371
Build description path: /Users/admin/builder/spi-builder-workspace/.derivedData/Build/Intermediates.noindex/XCBuildData/9f15b7063a00235b90c6580b41884371.xcbuilddata
/Users/admin/builder/spi-builder-workspace/Segmentio.xcodeproj: error: The macOS deployment target 'MACOSX_DEPLOYMENT_TARGET' is set to 10.15, but the range of supported deployment target versions is 12.0 to 27.0.x. (in target 'Segmentio' from project 'Segmentio')
--- xcodebuild: WARNING: Using the first of multiple matching destinations:
{ platform:macOS, arch:arm64, variant:Mac Catalyst, id:9c6149c7a7eb8dc51f2748e52f39219c0ea1016b, name:My Mac }
{ platform:macOS, arch:arm64, variant:Designed for [iPad,iPhone], id:9c6149c7a7eb8dc51f2748e52f39219c0ea1016b, name:My Mac }
** BUILD FAILED **
The following build commands failed:
Building project Segmentio with scheme Segmentio
(1 failure)
Command line invocation:
/Applications/Xcode-27.0.0-Release.Candidate.app/Contents/Developer/usr/bin/xcodebuild -IDEClonedSourcePackagesDirPathOverride=/Users/admin/builder/spi-builder-workspace/.dependencies -resolvePackageDependencies
resolved source packages:
{
"dependencies" : [
],
"manifest_display_name" : "Segmentio",
"name" : "Segmentio",
"path" : "/Users/admin/builder/spi-builder-workspace",
"platforms" : [
],
"products" : [
{
"name" : "Segmentio",
"targets" : [
"Segmentio"
],
"type" : {
"library" : [
"automatic"
]
}
}
],
"targets" : [
{
"c99name" : "Segmentio",
"module_type" : "SwiftTarget",
"name" : "Segmentio",
"path" : "Segmentio/Source",
"product_memberships" : [
"Segmentio"
],
"sources" : [
"Badge/BadgeViewPresenter.swift",
"Badge/Views/BadgeWithCounterView.swift",
"Cells/SegmentioCell.swift",
"Cells/SegmentioCellWithImage.swift",
"Cells/SegmentioCellWithImageAfterLabel.swift",
"Cells/SegmentioCellWithImageBeforeLabel.swift",
"Cells/SegmentioCellWithImageOverLabel.swift",
"Cells/SegmentioCellWithImageUnderLabel.swift",
"Cells/SegmentioCellWithLabel.swift",
"Extensions/RoundImageView.swift",
"Extensions/UIView+Appearance.swift",
"Segmentio.swift",
"SegmentioOptions.swift"
],
"type" : "library"
}
],
"tools_version" : "4.0"
}
{
"project" : {
"configurations" : [
"Debug",
"Release"
],
"name" : "Segmentio",
"schemes" : [
"Segmentio"
],
"targets" : [
"Segmentio"
]
}
}
Running build ...
env DEVELOPER_DIR=/Applications/Xcode-27.0.0-Release.Candidate.app xcrun xcodebuild -IDEClonedSourcePackagesDirPathOverride=$PWD/.dependencies -skipMacroValidation -skipPackagePluginValidation -derivedDataPath $PWD/.derivedData build -scheme Segmentio -destination platform=macOS,arch=arm64
Command line invocation:
/Applications/Xcode-27.0.0-Release.Candidate.app/Contents/Developer/usr/bin/xcodebuild -IDEClonedSourcePackagesDirPathOverride=/Users/admin/builder/spi-builder-workspace/.dependencies -skipMacroValidation -skipPackagePluginValidation -derivedDataPath /Users/admin/builder/spi-builder-workspace/.derivedData build -scheme Segmentio -destination platform=macOS,arch=arm64
ComputePackagePrebuildTargetDependencyGraph
Prepare packages
CreateBuildRequest
SendProjectDescription
CreateBuildOperation
ComputeTargetDependencyGraph
note: Building targets in dependency order
note: Target dependency graph (1 target)
Target 'Segmentio' in project 'Segmentio' (no dependencies)
GatherProvisioningInputs
CreateBuildDescription
/Users/admin/builder/spi-builder-workspace/Segmentio.xcodeproj: error: The macOS deployment target 'MACOSX_DEPLOYMENT_TARGET' is set to 10.15, but the range of supported deployment target versions is 12.0 to 27.0.x. (in target 'Segmentio' from project 'Segmentio')
--- xcodebuild: WARNING: Using the first of multiple matching destinations:
{ platform:macOS, arch:arm64, variant:Mac Catalyst, id:9c6149c7a7eb8dc51f2748e52f39219c0ea1016b, name:My Mac }
{ platform:macOS, arch:arm64, variant:Designed for [iPad,iPhone], id:9c6149c7a7eb8dc51f2748e52f39219c0ea1016b, name:My Mac }
** BUILD FAILED **
The following build commands failed:
Building project Segmentio with scheme Segmentio
(1 failure)
BUILD FAILURE 6.4 macosXcodebuild