The Swift Package Index logo.Swift Package Index

Build Information

Failed to build Chain, reference main (e693d4), with Swift 6.4 for Wasm on 17 Sep 2026 22:38:11 UTC.

Build Command

bash -c docker run --pull=always --rm -v "checkouts-54344844-0":/host -w "$PWD" -e JAVA_HOME="/root/.sdkman/candidates/java/current" -e SPI_BUILD="1" -e SPI_PROCESSING="1" registry.gitlab.com/saguaro1/spi-images:wasm-6.4-latest swift build --swift-sdk swift-6.4.x-DEVELOPMENT-SNAPSHOT-2026-09-04-a_wasm 2>&1

Build Log

========================================
RunAll
========================================
Builder version: 5.1.0
Interrupt handler set up.
========================================
Checkout
========================================
Clone URL: https://github.com/0xLet/Chain.git
Reference: main
Initialized empty Git repository in /host/spi-builder-workspace/.git/
hint: Using 'master' as the name for the initial branch. This default branch name
hint: is subject to change. To configure the initial branch name to use in all
hint: of your new repositories, which will suppress this warning, call:
hint:
hint: 	git config --global init.defaultBranch <name>
hint:
hint: Names commonly chosen instead of 'master' are 'main', 'trunk' and
hint: 'development'. The just-created branch can be renamed via this command:
hint:
hint: 	git branch -m <name>
From https://github.com/0xLet/Chain
 * branch            main       -> FETCH_HEAD
 * [new branch]      main       -> origin/main
HEAD is now at e693d4d Merge pull request #5 from 0xLeif/develop
Cloned https://github.com/0xLet/Chain.git
Revision (git rev-parse @):
e693d4dcc8b21910299c076346f62d4de80a4aa8
SUCCESS checkout https://github.com/0xLet/Chain.git at main
========================================
Build
========================================
Selected platform:         wasm
Swift version:             6.4
Building package at path:  $PWD
https://github.com/0xLet/Chain.git
Running build ...
bash -c docker run --pull=always --rm -v "checkouts-54344844-0":/host -w "$PWD" -e JAVA_HOME="/root/.sdkman/candidates/java/current" -e SPI_BUILD="1" -e SPI_PROCESSING="1" registry.gitlab.com/saguaro1/spi-images:wasm-6.4-latest swift build --swift-sdk swift-6.4.x-DEVELOPMENT-SNAPSHOT-2026-09-04-a_wasm 2>&1
wasm-6.4-latest: Pulling from saguaro1/spi-images
Digest: sha256:4328fdb43c680d205c1d6761b1e3267aa38277eefdda9ddfb17b6a0f1a77857a
Status: Image is up to date for registry.gitlab.com/saguaro1/spi-images:wasm-6.4-latest
Fetching https://github.com/0xLeif/E.num
[1/130] Fetching e.num
Fetched https://github.com/0xLeif/E.num (0.49s)
Computing version for https://github.com/0xLeif/E.num
Computed https://github.com/0xLeif/E.num at 0.3.0 (0.69s)
Creating working copy for https://github.com/0xLeif/E.num
Working copy of https://github.com/0xLeif/E.num resolved at 0.3.0
Building for debugging...
[Pre-planning 1 / 96]
[23 / 38] E
[28 / 43] E
[36 / 46] Chain
[41 / 46] E
error: SwiftCompile normal wasm32 /host/spi-builder-workspace/Sources/Chain/Chain.swift failed with a nonzero exit code. Command line:     cd /host
    builtin-SwiftPerFileCompile Chain.swift
[44 / 47] Chain
/host/spi-builder-workspace/Sources/Chain/Chain.swift:44:13: error: cannot find 'DispatchQueue' in scope
 42 |         case .background(let action,
 43 |                          let next):
 44 |             DispatchQueue.global().async {
    |             `- error: cannot find 'DispatchQueue' in scope
 45 |                 let actionOutput: Variable = action.run(input) ?? Variable.void
 46 |
/host/spi-builder-workspace/Sources/Chain/Chain.swift:47:17: error: cannot find 'DispatchQueue' in scope
 45 |                 let actionOutput: Variable = action.run(input) ?? Variable.void
 46 |
 47 |                 DispatchQueue.main.async {
    |                 `- error: cannot find 'DispatchQueue' in scope
 48 |                     _ = next.run(name: name,
 49 |                                  input: actionOutput,
Failed frontend command:
/usr/bin/swift-frontend -frontend -c -primary-file /host/spi-builder-workspace/Sources/Chain/Chain.swift -emit-dependencies-path /host/spi-builder-workspace/.build/out/Intermediates.noindex/Chain.build/Debug-webassembly-wasm32/Chain-t.build/Objects-normal/wasm32/Chain.d -emit-const-values-path /host/spi-builder-workspace/.build/out/Intermediates.noindex/Chain.build/Debug-webassembly-wasm32/Chain-t.build/Objects-normal/wasm32/Chain.swiftconstvalues -emit-reference-dependencies-path /host/spi-builder-workspace/.build/out/Intermediates.noindex/Chain.build/Debug-webassembly-wasm32/Chain-t.build/Objects-normal/wasm32/Chain.swiftdeps -serialize-diagnostics-path /host/spi-builder-workspace/.build/out/Intermediates.noindex/Chain.build/Debug-webassembly-wasm32/Chain-t.build/Objects-normal/wasm32/Chain.dia -target wasm32-unknown-wasip1 -disable-objc-interop -sdk /root/.swiftpm/swift-sdks/swift-6.4.x-DEVELOPMENT-SNAPSHOT-2026-09-04-a_wasm.artifactbundle/swift-6.4.x-DEVELOPMENT-SNAPSHOT-2026-09-04-a_wasm/wasm32-unknown-wasip1/WASI.sdk -sysroot /root/.swiftpm/swift-sdks/swift-6.4.x-DEVELOPMENT-SNAPSHOT-2026-09-04-a_wasm.artifactbundle/swift-6.4.x-DEVELOPMENT-SNAPSHOT-2026-09-04-a_wasm/wasm32-unknown-wasip1/WASI.sdk -I /host/spi-builder-workspace/.build/out/Products/Debug-webassembly-wasm32 -module-cache-path /host/spi-builder-workspace/.build/out/ModuleCache.noindex -color-diagnostics -Xcc -fcolor-diagnostics -enable-testing -g -debug-info-format\=dwarf -dwarf-version\=4 -swift-version 5 -Onone -D SWIFT_PACKAGE -D DEBUG -D SWIFT_MODULE_RESOURCE_BUNDLE_UNAVAILABLE -D Xcode -serialize-debugging-options -enable-experimental-feature DebugDescriptionMacro -empty-abi-descriptor -external-plugin-path /usr/lib/swift/host/plugins/testing\#/usr/bin/swift-plugin-server -validate-clang-modules-once -clang-build-session-file /host/spi-builder-workspace/.build/out/ModuleCache.noindex/Session.modulevalidation -Xcc -working-directory -Xcc /host -resource-dir /root/.swiftpm/swift-sdks/swift-6.4.x-DEVELOPMENT-SNAPSHOT-2026-09-04-a_wasm.artifactbundle/swift-6.4.x-DEVELOPMENT-SNAPSHOT-2026-09-04-a_wasm/wasm32-unknown-wasip1/swift.xctoolchain/usr/lib/swift_static -use-static-resource-dir -enable-anonymous-context-mangled-names -file-compilation-dir /host -Xcc -resource-dir -Xcc /root/.swiftpm/swift-sdks/swift-6.4.x-DEVELOPMENT-SNAPSHOT-2026-09-04-a_wasm.artifactbundle/swift-6.4.x-DEVELOPMENT-SNAPSHOT-2026-09-04-a_wasm/wasm32-unknown-wasip1/swift.xctoolchain/usr/lib/swift_static/clang -Xcc -D_LIBCPP_HARDENING_MODE\=_LIBCPP_HARDENING_MODE_DEBUG -Xcc -fmodules-prune-interval\=86400 -Xcc -fmodules-prune-after\=345600 -Xcc -I/host/spi-builder-workspace/.build/out/Products/Debug-webassembly-wasm32/include -Xcc -I/host/spi-builder-workspace/.build/out/Intermediates.noindex/Chain.build/Debug-webassembly-wasm32/Chain-t.build/DerivedSources-normal/wasm32 -Xcc -I/host/spi-builder-workspace/.build/out/Intermediates.noindex/Chain.build/Debug-webassembly-wasm32/Chain-t.build/DerivedSources/wasm32 -Xcc -I/host/spi-builder-workspace/.build/out/Intermediates.noindex/Chain.build/Debug-webassembly-wasm32/Chain-t.build/DerivedSources -Xcc -DSWIFT_PACKAGE -Xcc -DDEBUG\=1 -no-auto-bridging-header-chaining -module-name Chain -const-gather-protocols-file /host/spi-builder-workspace/.build/out/Intermediates.noindex/Chain.build/Debug-webassembly-wasm32/Chain-t.build/Objects-normal/wasm32/Chain_const_extract_protocols.json -in-process-plugin-server-path /usr/lib/swift/host/libSwiftInProcPluginServer.so -plugin-path /usr/lib/swift/host/plugins -plugin-path /usr/local/lib/swift/host/plugins -parse-as-library -o /host/spi-builder-workspace/.build/out/Intermediates.noindex/Chain.build/Debug-webassembly-wasm32/Chain-t.build/Objects-normal/wasm32/Chain.o -index-unit-output-path /Chain.build/Debug-webassembly-wasm32/Chain-t.build/Objects-normal/wasm32/Chain.o -index-store-path /host/spi-builder-workspace/.build/out -index-system-modules
error: Build failed
BUILD FAILURE 6.4 wasm