Build Information
Failed to build TagCommander SDK V5, reference 5.5.1 (6b417c), with Swift 6.2 for watchOS using Xcode 26.3 on 12 Aug 2026 01:00:09 UTC.
Build Command
env DEVELOPER_DIR=/Applications/Xcode-26.3.0.app xcrun xcodebuild -IDEClonedSourcePackagesDirPathOverride=$PWD/.dependencies -skipMacroValidation -skipPackagePluginValidation -derivedDataPath $PWD/.derivedData build -scheme TagCommander SDK V5-Package -destination generic/platform=watchOSBuild Log
========================================
RunAll
========================================
Builder version: undefined version: run 'make version' to update
Interrupt handler set up.
========================================
Checkout
========================================
Clone URL: https://github.com/CommandersAct/iOSV5.git
Reference: 5.5.1
Initialized empty Git repository in /Users/admin/builder/spi-builder-workspace/.git/
From https://github.com/CommandersAct/iOSV5
* tag 5.5.1 -> FETCH_HEAD
HEAD is now at 6b417c6 + Artifacts for: TCCore 5.4.6, TCServerSide 5.5.0, TCConsent 5.4.1, TCPartners 5.0.4, TCIAB 5.2.0
Updating files: 29% (108/368)
Updating files: 30% (111/368)
Updating files: 31% (115/368)
Updating files: 32% (118/368)
Updating files: 33% (122/368)
Updating files: 34% (126/368)
Updating files: 35% (129/368)
Updating files: 36% (133/368)
Updating files: 37% (137/368)
Updating files: 38% (140/368)
Updating files: 39% (144/368)
Updating files: 40% (148/368)
Updating files: 41% (151/368)
Updating files: 42% (155/368)
Updating files: 43% (159/368)
Updating files: 44% (162/368)
Updating files: 45% (166/368)
Updating files: 46% (170/368)
Updating files: 47% (173/368)
Updating files: 48% (177/368)
Updating files: 49% (181/368)
Updating files: 50% (184/368)
Updating files: 51% (188/368)
Updating files: 52% (192/368)
Updating files: 53% (196/368)
Updating files: 54% (199/368)
Updating files: 55% (203/368)
Updating files: 56% (207/368)
Updating files: 57% (210/368)
Updating files: 58% (214/368)
Updating files: 59% (218/368)
Updating files: 60% (221/368)
Updating files: 61% (225/368)
Updating files: 62% (229/368)
Updating files: 63% (232/368)
Updating files: 64% (236/368)
Updating files: 65% (240/368)
Updating files: 66% (243/368)
Updating files: 67% (247/368)
Updating files: 68% (251/368)
Updating files: 69% (254/368)
Updating files: 69% (255/368)
Updating files: 70% (258/368)
Updating files: 71% (262/368)
Updating files: 72% (265/368)
Updating files: 73% (269/368)
Updating files: 74% (273/368)
Updating files: 75% (276/368)
Updating files: 76% (280/368)
Updating files: 77% (284/368)
Updating files: 78% (288/368)
Updating files: 79% (291/368)
Updating files: 80% (295/368)
Updating files: 81% (299/368)
Updating files: 82% (302/368)
Updating files: 83% (306/368)
Updating files: 84% (310/368)
Updating files: 85% (313/368)
Updating files: 86% (317/368)
Updating files: 87% (321/368)
Updating files: 88% (324/368)
Updating files: 89% (328/368)
Updating files: 90% (332/368)
Updating files: 91% (335/368)
Updating files: 92% (339/368)
Updating files: 93% (343/368)
Updating files: 94% (346/368)
Updating files: 95% (350/368)
Updating files: 96% (354/368)
Updating files: 97% (357/368)
Updating files: 98% (361/368)
Updating files: 99% (365/368)
Updating files: 100% (368/368)
Updating files: 100% (368/368), done.
Cloned https://github.com/CommandersAct/iOSV5.git
Revision (git rev-parse @):
6b417c6a4577db8fb2f6ba4d8b9b14b753a52667
SUCCESS checkout https://github.com/CommandersAct/iOSV5.git at 5.5.1
========================================
Build
========================================
Selected platform: watchOS
Swift version: 6.2
Building package at path: $PWD
https://github.com/CommandersAct/iOSV5.git
Command line invocation:
/Applications/Xcode-26.3.0.app/Contents/Developer/usr/bin/xcodebuild -IDEClonedSourcePackagesDirPathOverride=/Users/admin/builder/spi-builder-workspace/.dependencies -resolvePackageDependencies
Resolve Package Graph
Resolve Package Graph
Resolved source packages:
TagCommander SDK V5: /Users/admin/builder/spi-builder-workspace
resolved source packages: TagCommander SDK V5
2026-08-11 20:59:42.554 xcodebuild[628:3731] [MT] IDERunDestination: Supported platforms for the buildables in the current scheme is empty.
{
"dependencies" : [
],
"manifest_display_name" : "TagCommander SDK V5",
"name" : "TagCommander SDK V5",
"path" : "/Users/admin/builder/spi-builder-workspace",
"platforms" : [
{
"name" : "ios",
"version" : "12.0"
},
{
"name" : "tvos",
"version" : "12.0"
}
],
"products" : [
{
"name" : "TCCore",
"targets" : [
"TCCore"
],
"type" : {
"library" : [
"automatic"
]
}
},
{
"name" : "TCConsent",
"targets" : [
"TCConsent"
],
"type" : {
"library" : [
"automatic"
]
}
},
{
"name" : "TCPartners",
"targets" : [
"TCPartners"
],
"type" : {
"library" : [
"automatic"
]
}
},
{
"name" : "TCServerSide_noIDFA",
"targets" : [
"TCServerSide_noIDFA"
],
"type" : {
"library" : [
"automatic"
]
}
},
{
"name" : "TCServerSide",
"targets" : [
"TCServerSide"
],
"type" : {
"library" : [
"automatic"
]
}
},
{
"name" : "TCIAB",
"targets" : [
"TCIAB"
],
"type" : {
"library" : [
"automatic"
]
}
}
],
"targets" : [
{
"c99name" : "TCServerSide_noIDFA",
"module_type" : "BinaryTarget",
"name" : "TCServerSide_noIDFA",
"path" : "remote/archive/TCServerSide_noIDFA.zip",
"product_memberships" : [
"TCServerSide_noIDFA"
],
"sources" : [
],
"type" : "binary"
},
{
"c99name" : "TCServerSide",
"module_type" : "BinaryTarget",
"name" : "TCServerSide",
"path" : "remote/archive/TCServerSide.zip",
"product_memberships" : [
"TCServerSide"
],
"sources" : [
],
"type" : "binary"
},
{
"c99name" : "TCPartners",
"module_type" : "BinaryTarget",
"name" : "TCPartners",
"path" : "remote/archive/TCPartners.zip",
"product_memberships" : [
"TCPartners"
],
"sources" : [
],
"type" : "binary"
},
{
"c99name" : "TCIAB",
"module_type" : "BinaryTarget",
"name" : "TCIAB",
"path" : "remote/archive/TCIAB.zip",
"product_memberships" : [
"TCIAB"
],
"sources" : [
],
"type" : "binary"
},
{
"c99name" : "TCCore",
"module_type" : "BinaryTarget",
"name" : "TCCore",
"path" : "remote/archive/TCCore.zip",
"product_memberships" : [
"TCCore"
],
"sources" : [
],
"type" : "binary"
},
{
"c99name" : "TCConsent",
"module_type" : "BinaryTarget",
"name" : "TCConsent",
"path" : "remote/archive/TCConsent.zip",
"product_memberships" : [
"TCConsent"
],
"sources" : [
],
"type" : "binary"
}
],
"tools_version" : "5.6"
}
{
"workspace" : {
"name" : "spi-builder-workspace",
"schemes" : [
"TagCommander SDK V5-Package",
"TCConsent",
"TCCore",
"TCIAB",
"TCPartners",
"TCServerSide",
"TCServerSide_noIDFA"
]
}
}
2026-08-11 21:00:03.162 xcodebuild[828:4792] [MT] IDERunDestination: Supported platforms for the buildables in the current scheme is empty.
Running build ...
env DEVELOPER_DIR=/Applications/Xcode-26.3.0.app xcrun xcodebuild -IDEClonedSourcePackagesDirPathOverride=$PWD/.dependencies -skipMacroValidation -skipPackagePluginValidation -derivedDataPath $PWD/.derivedData build -scheme TagCommander SDK V5-Package -destination generic/platform=watchOS
Command line invocation:
/Applications/Xcode-26.3.0.app/Contents/Developer/usr/bin/xcodebuild -IDEClonedSourcePackagesDirPathOverride=/Users/admin/builder/spi-builder-workspace/.dependencies -skipMacroValidation -skipPackagePluginValidation -derivedDataPath /Users/admin/builder/spi-builder-workspace/.derivedData build -scheme "TagCommander SDK V5-Package" -destination generic/platform=watchOS
Resolve Package Graph
Resolved source packages:
TagCommander SDK V5: /Users/admin/builder/spi-builder-workspace
ComputePackagePrebuildTargetDependencyGraph
Prepare packages
CreateBuildRequest
SendProjectDescription
CreateBuildOperation
ComputeTargetDependencyGraph
note: Building targets in dependency order
note: Target dependency graph (6 targets)
Target 'TCServerSide_noIDFA' in project 'TagCommander SDK V5' (no dependencies)
Target 'TCServerSide' in project 'TagCommander SDK V5' (no dependencies)
Target 'TCPartners' in project 'TagCommander SDK V5' (no dependencies)
Target 'TCIAB' in project 'TagCommander SDK V5' (no dependencies)
Target 'TCCore' in project 'TagCommander SDK V5' (no dependencies)
Target 'TCConsent' in project 'TagCommander SDK V5' (no dependencies)
GatherProvisioningInputs
CreateBuildDescription
ExecuteExternalTool /Applications/Xcode-26.3.0.app/Contents/Developer/Toolchains/XcodeDefault.xctoolchain/usr/bin/clang -v -E -dM -isysroot /Applications/Xcode-26.3.0.app/Contents/Developer/Platforms/WatchOS.platform/Developer/SDKs/WatchOS26.2.sdk -x c -c /dev/null
Build description signature: ee1048f2c9e4f70b7cba2583e76f7724
Build description path: /Users/admin/builder/spi-builder-workspace/.derivedData/Build/Intermediates.noindex/XCBuildData/ee1048f2c9e4f70b7cba2583e76f7724.xcbuilddata
/Users/admin/builder/spi-builder-workspace/.dependencies/artifacts/spi-builder-workspace/TCConsent/TCConsent.xcframework:1:1: error: While building for watchOS, no library for this platform was found in '/Users/admin/builder/spi-builder-workspace/.dependencies/artifacts/spi-builder-workspace/TCConsent/TCConsent.xcframework'. (in target 'TCConsent' from project 'TagCommander SDK V5')
/Users/admin/builder/spi-builder-workspace/.dependencies/artifacts/spi-builder-workspace/TCPartners/TCPartners.xcframework:1:1: error: While building for watchOS, no library for this platform was found in '/Users/admin/builder/spi-builder-workspace/.dependencies/artifacts/spi-builder-workspace/TCPartners/TCPartners.xcframework'. (in target 'TCPartners' from project 'TagCommander SDK V5')
/Users/admin/builder/spi-builder-workspace/.dependencies/artifacts/spi-builder-workspace/TCCore/TCCore.xcframework:1:1: error: While building for watchOS, no library for this platform was found in '/Users/admin/builder/spi-builder-workspace/.dependencies/artifacts/spi-builder-workspace/TCCore/TCCore.xcframework'. (in target 'TCCore' from project 'TagCommander SDK V5')
/Users/admin/builder/spi-builder-workspace/.dependencies/artifacts/spi-builder-workspace/TCServerSide/TCServerSide.xcframework:1:1: error: While building for watchOS, no library for this platform was found in '/Users/admin/builder/spi-builder-workspace/.dependencies/artifacts/spi-builder-workspace/TCServerSide/TCServerSide.xcframework'. (in target 'TCServerSide' from project 'TagCommander SDK V5')
/Users/admin/builder/spi-builder-workspace/.dependencies/artifacts/spi-builder-workspace/TCServerSide_noIDFA/TCServerSide_noIDFA.xcframework:1:1: error: While building for watchOS, no library for this platform was found in '/Users/admin/builder/spi-builder-workspace/.dependencies/artifacts/spi-builder-workspace/TCServerSide_noIDFA/TCServerSide_noIDFA.xcframework'. (in target 'TCServerSide_noIDFA' from project 'TagCommander SDK V5')
/Users/admin/builder/spi-builder-workspace/.dependencies/artifacts/spi-builder-workspace/TCIAB/TCIAB.xcframework:1:1: error: While building for watchOS, no library for this platform was found in '/Users/admin/builder/spi-builder-workspace/.dependencies/artifacts/spi-builder-workspace/TCIAB/TCIAB.xcframework'. (in target 'TCIAB' from project 'TagCommander SDK V5')
2026-08-11 21:00:04.710 xcodebuild[830:4841] [MT] IDERunDestination: Supported platforms for the buildables in the current scheme is empty.
** BUILD FAILED **
The following build commands failed:
Building workspace spi-builder-workspace with scheme TagCommander SDK V5-Package
(1 failure)
Command line invocation:
/Applications/Xcode-26.3.0.app/Contents/Developer/usr/bin/xcodebuild -IDEClonedSourcePackagesDirPathOverride=/Users/admin/builder/spi-builder-workspace/.dependencies -resolvePackageDependencies
Resolve Package Graph
Resolved source packages:
TagCommander SDK V5: /Users/admin/builder/spi-builder-workspace
resolved source packages: TagCommander SDK V5
2026-08-11 21:00:07.232 xcodebuild[843:4945] [MT] IDERunDestination: Supported platforms for the buildables in the current scheme is empty.
{
"dependencies" : [
],
"manifest_display_name" : "TagCommander SDK V5",
"name" : "TagCommander SDK V5",
"path" : "/Users/admin/builder/spi-builder-workspace",
"platforms" : [
{
"name" : "ios",
"version" : "12.0"
},
{
"name" : "tvos",
"version" : "12.0"
}
],
"products" : [
{
"name" : "TCCore",
"targets" : [
"TCCore"
],
"type" : {
"library" : [
"automatic"
]
}
},
{
"name" : "TCConsent",
"targets" : [
"TCConsent"
],
"type" : {
"library" : [
"automatic"
]
}
},
{
"name" : "TCPartners",
"targets" : [
"TCPartners"
],
"type" : {
"library" : [
"automatic"
]
}
},
{
"name" : "TCServerSide_noIDFA",
"targets" : [
"TCServerSide_noIDFA"
],
"type" : {
"library" : [
"automatic"
]
}
},
{
"name" : "TCServerSide",
"targets" : [
"TCServerSide"
],
"type" : {
"library" : [
"automatic"
]
}
},
{
"name" : "TCIAB",
"targets" : [
"TCIAB"
],
"type" : {
"library" : [
"automatic"
]
}
}
],
"targets" : [
{
"c99name" : "TCServerSide_noIDFA",
"module_type" : "BinaryTarget",
"name" : "TCServerSide_noIDFA",
"path" : "remote/archive/TCServerSide_noIDFA.zip",
"product_memberships" : [
"TCServerSide_noIDFA"
],
"sources" : [
],
"type" : "binary"
},
{
"c99name" : "TCServerSide",
"module_type" : "BinaryTarget",
"name" : "TCServerSide",
"path" : "remote/archive/TCServerSide.zip",
"product_memberships" : [
"TCServerSide"
],
"sources" : [
],
"type" : "binary"
},
{
"c99name" : "TCPartners",
"module_type" : "BinaryTarget",
"name" : "TCPartners",
"path" : "remote/archive/TCPartners.zip",
"product_memberships" : [
"TCPartners"
],
"sources" : [
],
"type" : "binary"
},
{
"c99name" : "TCIAB",
"module_type" : "BinaryTarget",
"name" : "TCIAB",
"path" : "remote/archive/TCIAB.zip",
"product_memberships" : [
"TCIAB"
],
"sources" : [
],
"type" : "binary"
},
{
"c99name" : "TCCore",
"module_type" : "BinaryTarget",
"name" : "TCCore",
"path" : "remote/archive/TCCore.zip",
"product_memberships" : [
"TCCore"
],
"sources" : [
],
"type" : "binary"
},
{
"c99name" : "TCConsent",
"module_type" : "BinaryTarget",
"name" : "TCConsent",
"path" : "remote/archive/TCConsent.zip",
"product_memberships" : [
"TCConsent"
],
"sources" : [
],
"type" : "binary"
}
],
"tools_version" : "5.6"
}
{
"workspace" : {
"name" : "spi-builder-workspace",
"schemes" : [
"TagCommander SDK V5-Package",
"TCConsent",
"TCCore",
"TCIAB",
"TCPartners",
"TCServerSide",
"TCServerSide_noIDFA"
]
}
}
2026-08-11 21:00:08.397 xcodebuild[851:5009] [MT] IDERunDestination: Supported platforms for the buildables in the current scheme is empty.
Running build ...
env DEVELOPER_DIR=/Applications/Xcode-26.3.0.app xcrun xcodebuild -IDEClonedSourcePackagesDirPathOverride=$PWD/.dependencies -skipMacroValidation -skipPackagePluginValidation -derivedDataPath $PWD/.derivedData build -scheme TagCommander SDK V5-Package -destination generic/platform=watchOS
Command line invocation:
/Applications/Xcode-26.3.0.app/Contents/Developer/usr/bin/xcodebuild -IDEClonedSourcePackagesDirPathOverride=/Users/admin/builder/spi-builder-workspace/.dependencies -skipMacroValidation -skipPackagePluginValidation -derivedDataPath /Users/admin/builder/spi-builder-workspace/.derivedData build -scheme "TagCommander SDK V5-Package" -destination generic/platform=watchOS
Resolve Package Graph
Resolved source packages:
TagCommander SDK V5: /Users/admin/builder/spi-builder-workspace
ComputePackagePrebuildTargetDependencyGraph
Prepare packages
CreateBuildRequest
SendProjectDescription
CreateBuildOperation
ComputeTargetDependencyGraph
note: Building targets in dependency order
note: Target dependency graph (6 targets)
Target 'TCServerSide_noIDFA' in project 'TagCommander SDK V5' (no dependencies)
Target 'TCServerSide' in project 'TagCommander SDK V5' (no dependencies)
Target 'TCPartners' in project 'TagCommander SDK V5' (no dependencies)
Target 'TCIAB' in project 'TagCommander SDK V5' (no dependencies)
Target 'TCCore' in project 'TagCommander SDK V5' (no dependencies)
Target 'TCConsent' in project 'TagCommander SDK V5' (no dependencies)
GatherProvisioningInputs
CreateBuildDescription
ExecuteExternalTool /Applications/Xcode-26.3.0.app/Contents/Developer/Toolchains/XcodeDefault.xctoolchain/usr/bin/clang -v -E -dM -isysroot /Applications/Xcode-26.3.0.app/Contents/Developer/Platforms/WatchOS.platform/Developer/SDKs/WatchOS26.2.sdk -x c -c /dev/null
Build description signature: ee1048f2c9e4f70b7cba2583e76f7724
Build description path: /Users/admin/builder/spi-builder-workspace/.derivedData/Build/Intermediates.noindex/XCBuildData/ee1048f2c9e4f70b7cba2583e76f7724.xcbuilddata
/Users/admin/builder/spi-builder-workspace/.dependencies/artifacts/spi-builder-workspace/TCServerSide_noIDFA/TCServerSide_noIDFA.xcframework:1:1: error: While building for watchOS, no library for this platform was found in '/Users/admin/builder/spi-builder-workspace/.dependencies/artifacts/spi-builder-workspace/TCServerSide_noIDFA/TCServerSide_noIDFA.xcframework'. (in target 'TCServerSide_noIDFA' from project 'TagCommander SDK V5')
/Users/admin/builder/spi-builder-workspace/.dependencies/artifacts/spi-builder-workspace/TCConsent/TCConsent.xcframework:1:1: error: While building for watchOS, no library for this platform was found in '/Users/admin/builder/spi-builder-workspace/.dependencies/artifacts/spi-builder-workspace/TCConsent/TCConsent.xcframework'. (in target 'TCConsent' from project 'TagCommander SDK V5')
/Users/admin/builder/spi-builder-workspace/.dependencies/artifacts/spi-builder-workspace/TCCore/TCCore.xcframework:1:1: error: While building for watchOS, no library for this platform was found in '/Users/admin/builder/spi-builder-workspace/.dependencies/artifacts/spi-builder-workspace/TCCore/TCCore.xcframework'. (in target 'TCCore' from project 'TagCommander SDK V5')
/Users/admin/builder/spi-builder-workspace/.dependencies/artifacts/spi-builder-workspace/TCServerSide/TCServerSide.xcframework:1:1: error: While building for watchOS, no library for this platform was found in '/Users/admin/builder/spi-builder-workspace/.dependencies/artifacts/spi-builder-workspace/TCServerSide/TCServerSide.xcframework'. (in target 'TCServerSide' from project 'TagCommander SDK V5')
/Users/admin/builder/spi-builder-workspace/.dependencies/artifacts/spi-builder-workspace/TCPartners/TCPartners.xcframework:1:1: error: While building for watchOS, no library for this platform was found in '/Users/admin/builder/spi-builder-workspace/.dependencies/artifacts/spi-builder-workspace/TCPartners/TCPartners.xcframework'. (in target 'TCPartners' from project 'TagCommander SDK V5')
/Users/admin/builder/spi-builder-workspace/.dependencies/artifacts/spi-builder-workspace/TCIAB/TCIAB.xcframework:1:1: error: While building for watchOS, no library for this platform was found in '/Users/admin/builder/spi-builder-workspace/.dependencies/artifacts/spi-builder-workspace/TCIAB/TCIAB.xcframework'. (in target 'TCIAB' from project 'TagCommander SDK V5')
2026-08-11 21:00:09.340 xcodebuild[853:5040] [MT] IDERunDestination: Supported platforms for the buildables in the current scheme is empty.
** BUILD FAILED **
The following build commands failed:
Building workspace spi-builder-workspace with scheme TagCommander SDK V5-Package
(1 failure)
BUILD FAILURE 6.2 watchOS