Build Information
Failed to build SwiftGlow, reference main (bda8c5), with Swift 6.2 for watchOS using Xcode 26.3 on 2 Jul 2026 18:55:44 UTC.
Build Command
env DEVELOPER_DIR=/Applications/Xcode-26.3.0.app xcrun xcodebuild -IDEClonedSourcePackagesDirPathOverride=$PWD/.dependencies -skipMacroValidation -skipPackagePluginValidation -derivedDataPath $PWD/.derivedData build -scheme SwiftGlow -destination generic/platform=watchOSBuild Log
========================================
RunAll
========================================
Builder version: undefined version: run 'make version' to update
Interrupt handler set up.
========================================
Checkout
========================================
Clone URL: https://github.com/margox/SwiftGlow.git
Reference: main
Initialized empty Git repository in /Users/admin/builder/spi-builder-workspace/.git/
From https://github.com/margox/SwiftGlow
* branch main -> FETCH_HEAD
* [new branch] main -> origin/main
HEAD is now at bda8c5f feat: add hover support to auto status
Cloned https://github.com/margox/SwiftGlow.git
Revision (git rev-parse @):
bda8c5f0e26172ef53e240096bef384128b972e7
SPI manifest file found: $PWD/.spi.yml
SUCCESS checkout https://github.com/margox/SwiftGlow.git at main
========================================
Build
========================================
Selected platform: watchOS
Swift version: 6.2
Building package at path: $PWD
https://github.com/margox/SwiftGlow.git
Command line invocation:
/Applications/Xcode-26.3.0.app/Contents/Developer/usr/bin/xcodebuild -IDEClonedSourcePackagesDirPathOverride=/Users/admin/builder/spi-builder-workspace/.dependencies -resolvePackageDependencies
Resolve Package Graph
Resolve Package Graph
Resolved source packages:
SwiftGlow: /Users/admin/builder/spi-builder-workspace
resolved source packages: SwiftGlow
2026-07-02 14:55:35.636 xcodebuild[538:3095] [MT] IDERunDestination: Supported platforms for the buildables in the current scheme is empty.
Running build ...
env DEVELOPER_DIR=/Applications/Xcode-26.3.0.app xcrun xcodebuild -IDEClonedSourcePackagesDirPathOverride=$PWD/.dependencies -skipMacroValidation -skipPackagePluginValidation -derivedDataPath $PWD/.derivedData build -scheme SwiftGlow -destination generic/platform=watchOS
Command line invocation:
/Applications/Xcode-26.3.0.app/Contents/Developer/usr/bin/xcodebuild -IDEClonedSourcePackagesDirPathOverride=/Users/admin/builder/spi-builder-workspace/.dependencies -skipMacroValidation -skipPackagePluginValidation -derivedDataPath /Users/admin/builder/spi-builder-workspace/.derivedData build -scheme SwiftGlow -destination generic/platform=watchOS
Resolve Package Graph
Resolved source packages:
SwiftGlow: /Users/admin/builder/spi-builder-workspace
ComputePackagePrebuildTargetDependencyGraph
Prepare packages
CreateBuildRequest
SendProjectDescription
CreateBuildOperation
ComputeTargetDependencyGraph
note: Building targets in dependency order
note: Target dependency graph (3 targets)
Target 'SwiftGlow' in project 'SwiftGlow'
➜ Explicit dependency on target 'SwiftGlow' in project 'SwiftGlow'
➜ Explicit dependency on target 'SwiftGlow_SwiftGlow' in project 'SwiftGlow'
Target 'SwiftGlow' in project 'SwiftGlow'
➜ Explicit dependency on target 'SwiftGlow_SwiftGlow' in project 'SwiftGlow'
Target 'SwiftGlow_SwiftGlow' in project 'SwiftGlow' (no dependencies)
GatherProvisioningInputs
CreateBuildDescription
ExecuteExternalTool /Applications/Xcode-26.3.0.app/Contents/Developer/Toolchains/XcodeDefault.xctoolchain/usr/bin/clang -v -E -dM -isysroot /Applications/Xcode-26.3.0.app/Contents/Developer/Platforms/WatchOS.platform/Developer/SDKs/WatchOS26.2.sdk -x c -c /dev/null
ExecuteExternalTool /Applications/Xcode-26.3.0.app/Contents/Developer/Toolchains/XcodeDefault.xctoolchain/usr/bin/swiftc --version
ExecuteExternalTool /Applications/Xcode-26.3.0.app/Contents/Developer/Toolchains/XcodeDefault.xctoolchain/usr/bin/ld -version_details
Build description signature: 83382d881583ca0ebe1de51cc7d8af54
Build description path: /Users/admin/builder/spi-builder-workspace/.derivedData/Build/Intermediates.noindex/XCBuildData/83382d881583ca0ebe1de51cc7d8af54.xcbuilddata
CreateBuildDirectory /Users/admin/builder/spi-builder-workspace/.derivedData/Build/Products
cd /Users/admin/builder/spi-builder-workspace/.swiftpm/xcode
builtin-create-build-directory /Users/admin/builder/spi-builder-workspace/.derivedData/Build/Products
CreateBuildDirectory /Users/admin/builder/spi-builder-workspace/.derivedData/Build/Intermediates.noindex
cd /Users/admin/builder/spi-builder-workspace/.swiftpm/xcode
builtin-create-build-directory /Users/admin/builder/spi-builder-workspace/.derivedData/Build/Intermediates.noindex
ClangStatCache /Applications/Xcode-26.3.0.app/Contents/Developer/Toolchains/XcodeDefault.xctoolchain/usr/bin/clang-stat-cache /Applications/Xcode-26.3.0.app/Contents/Developer/Platforms/WatchOS.platform/Developer/SDKs/WatchOS26.2.sdk /Users/admin/builder/spi-builder-workspace/.derivedData/SDKStatCaches.noindex/watchos26.2-23S303-dc75598d0054f22ec865fa860f139d721753b489057de6bda919edfa1c59a62b.sdkstatcache
cd /Users/admin/builder/spi-builder-workspace/.swiftpm/xcode
/Applications/Xcode-26.3.0.app/Contents/Developer/Toolchains/XcodeDefault.xctoolchain/usr/bin/clang-stat-cache /Applications/Xcode-26.3.0.app/Contents/Developer/Platforms/WatchOS.platform/Developer/SDKs/WatchOS26.2.sdk -o /Users/admin/builder/spi-builder-workspace/.derivedData/SDKStatCaches.noindex/watchos26.2-23S303-dc75598d0054f22ec865fa860f139d721753b489057de6bda919edfa1c59a62b.sdkstatcache
CreateBuildDirectory /Users/admin/builder/spi-builder-workspace/.derivedData/Build/Products/Debug-watchos
cd /Users/admin/builder/spi-builder-workspace/.swiftpm/xcode
builtin-create-build-directory /Users/admin/builder/spi-builder-workspace/.derivedData/Build/Products/Debug-watchos
CreateBuildDirectory /Users/admin/builder/spi-builder-workspace/.derivedData/Build/Intermediates.noindex/ExplicitPrecompiledModules
cd /Users/admin/builder/spi-builder-workspace/.swiftpm/xcode
builtin-create-build-directory /Users/admin/builder/spi-builder-workspace/.derivedData/Build/Intermediates.noindex/ExplicitPrecompiledModules
CreateBuildDirectory /Users/admin/builder/spi-builder-workspace/.derivedData/Build/Intermediates.noindex/SwiftExplicitPrecompiledModules
cd /Users/admin/builder/spi-builder-workspace/.swiftpm/xcode
builtin-create-build-directory /Users/admin/builder/spi-builder-workspace/.derivedData/Build/Intermediates.noindex/SwiftExplicitPrecompiledModules
CreateBuildDirectory /Users/admin/builder/spi-builder-workspace/.derivedData/Build/Intermediates.noindex/EagerLinkingTBDs/Debug-watchos
cd /Users/admin/builder/spi-builder-workspace/.swiftpm/xcode
builtin-create-build-directory /Users/admin/builder/spi-builder-workspace/.derivedData/Build/Intermediates.noindex/EagerLinkingTBDs/Debug-watchos
CreateBuildDirectory /Users/admin/builder/spi-builder-workspace/.derivedData/Build/Products/Debug-watchos/PackageFrameworks
cd /Users/admin/builder/spi-builder-workspace/.swiftpm/xcode
builtin-create-build-directory /Users/admin/builder/spi-builder-workspace/.derivedData/Build/Products/Debug-watchos/PackageFrameworks
MkDir /Users/admin/builder/spi-builder-workspace/.derivedData/Build/Products/Debug-watchos/SwiftGlow_SwiftGlow.bundle (in target 'SwiftGlow_SwiftGlow' from project 'SwiftGlow')
cd /Users/admin/builder/spi-builder-workspace
/bin/mkdir -p /Users/admin/builder/spi-builder-workspace/.derivedData/Build/Products/Debug-watchos/SwiftGlow_SwiftGlow.bundle
WriteAuxiliaryFile /Users/admin/builder/spi-builder-workspace/.derivedData/Build/Intermediates.noindex/SwiftGlow.build/Debug-watchos/SwiftGlow.build/SwiftGlow.DependencyMetadataFileList (in target 'SwiftGlow' from project 'SwiftGlow')
cd /Users/admin/builder/spi-builder-workspace
write-file /Users/admin/builder/spi-builder-workspace/.derivedData/Build/Intermediates.noindex/SwiftGlow.build/Debug-watchos/SwiftGlow.build/SwiftGlow.DependencyMetadataFileList
WriteAuxiliaryFile /Users/admin/builder/spi-builder-workspace/.derivedData/Build/Intermediates.noindex/SwiftGlow.build/Debug-watchos/SwiftGlow.build/SwiftGlow.DependencyStaticMetadataFileList (in target 'SwiftGlow' from project 'SwiftGlow')
cd /Users/admin/builder/spi-builder-workspace
write-file /Users/admin/builder/spi-builder-workspace/.derivedData/Build/Intermediates.noindex/SwiftGlow.build/Debug-watchos/SwiftGlow.build/SwiftGlow.DependencyStaticMetadataFileList
WriteAuxiliaryFile /Users/admin/builder/spi-builder-workspace/.derivedData/Build/Intermediates.noindex/SwiftGlow.build/Debug-watchos/SwiftGlow_SwiftGlow.build/SwiftGlow_SwiftGlow.DependencyMetadataFileList (in target 'SwiftGlow_SwiftGlow' from project 'SwiftGlow')
cd /Users/admin/builder/spi-builder-workspace
write-file /Users/admin/builder/spi-builder-workspace/.derivedData/Build/Intermediates.noindex/SwiftGlow.build/Debug-watchos/SwiftGlow_SwiftGlow.build/SwiftGlow_SwiftGlow.DependencyMetadataFileList
WriteAuxiliaryFile /Users/admin/builder/spi-builder-workspace/.derivedData/Build/Intermediates.noindex/SwiftGlow.build/Debug-watchos/SwiftGlow_SwiftGlow.build/SwiftGlow_SwiftGlow.DependencyStaticMetadataFileList (in target 'SwiftGlow_SwiftGlow' from project 'SwiftGlow')
cd /Users/admin/builder/spi-builder-workspace
write-file /Users/admin/builder/spi-builder-workspace/.derivedData/Build/Intermediates.noindex/SwiftGlow.build/Debug-watchos/SwiftGlow_SwiftGlow.build/SwiftGlow_SwiftGlow.DependencyStaticMetadataFileList
WriteAuxiliaryFile /Users/admin/builder/spi-builder-workspace/.derivedData/Build/Intermediates.noindex/SwiftGlow.build/Debug-watchos/SwiftGlow.build/SwiftGlow.modulemap (in target 'SwiftGlow' from project 'SwiftGlow')
cd /Users/admin/builder/spi-builder-workspace
write-file /Users/admin/builder/spi-builder-workspace/.derivedData/Build/Intermediates.noindex/SwiftGlow.build/Debug-watchos/SwiftGlow.build/SwiftGlow.modulemap
WriteAuxiliaryFile /Users/admin/builder/spi-builder-workspace/.derivedData/Build/Intermediates.noindex/SwiftGlow.build/Debug-watchos/SwiftGlow_SwiftGlow.build/empty-SwiftGlow_SwiftGlow.plist (in target 'SwiftGlow_SwiftGlow' from project 'SwiftGlow')
cd /Users/admin/builder/spi-builder-workspace
write-file /Users/admin/builder/spi-builder-workspace/.derivedData/Build/Intermediates.noindex/SwiftGlow.build/Debug-watchos/SwiftGlow_SwiftGlow.build/empty-SwiftGlow_SwiftGlow.plist
WriteAuxiliaryFile /Users/admin/builder/spi-builder-workspace/.derivedData/Build/Intermediates.noindex/SwiftGlow.build/Debug-watchos/SwiftGlow.build/Objects-normal/armv7k/SwiftGlow.SwiftFileList (in target 'SwiftGlow' from project 'SwiftGlow')
cd /Users/admin/builder/spi-builder-workspace
write-file /Users/admin/builder/spi-builder-workspace/.derivedData/Build/Intermediates.noindex/SwiftGlow.build/Debug-watchos/SwiftGlow.build/Objects-normal/armv7k/SwiftGlow.SwiftFileList
WriteAuxiliaryFile /Users/admin/builder/spi-builder-workspace/.derivedData/Build/Intermediates.noindex/SwiftGlow.build/Debug-watchos/SwiftGlow.build/Objects-normal/armv7k/SwiftGlow_const_extract_protocols.json (in target 'SwiftGlow' from project 'SwiftGlow')
cd /Users/admin/builder/spi-builder-workspace
write-file /Users/admin/builder/spi-builder-workspace/.derivedData/Build/Intermediates.noindex/SwiftGlow.build/Debug-watchos/SwiftGlow.build/Objects-normal/armv7k/SwiftGlow_const_extract_protocols.json
WriteAuxiliaryFile /Users/admin/builder/spi-builder-workspace/.derivedData/Build/Intermediates.noindex/SwiftGlow.build/Debug-watchos/SwiftGlow.build/Objects-normal/armv7k/SwiftGlow.SwiftConstValuesFileList (in target 'SwiftGlow' from project 'SwiftGlow')
cd /Users/admin/builder/spi-builder-workspace
write-file /Users/admin/builder/spi-builder-workspace/.derivedData/Build/Intermediates.noindex/SwiftGlow.build/Debug-watchos/SwiftGlow.build/Objects-normal/armv7k/SwiftGlow.SwiftConstValuesFileList
WriteAuxiliaryFile /Users/admin/builder/spi-builder-workspace/.derivedData/Build/Intermediates.noindex/SwiftGlow.build/Debug-watchos/SwiftGlow.build/Objects-normal/armv7k/SwiftGlow.LinkFileList (in target 'SwiftGlow' from project 'SwiftGlow')
cd /Users/admin/builder/spi-builder-workspace
write-file /Users/admin/builder/spi-builder-workspace/.derivedData/Build/Intermediates.noindex/SwiftGlow.build/Debug-watchos/SwiftGlow.build/Objects-normal/armv7k/SwiftGlow.LinkFileList
WriteAuxiliaryFile /Users/admin/builder/spi-builder-workspace/.derivedData/Build/Intermediates.noindex/SwiftGlow.build/Debug-watchos/SwiftGlow.build/Objects-normal/armv7k/SwiftGlow-OutputFileMap.json (in target 'SwiftGlow' from project 'SwiftGlow')
cd /Users/admin/builder/spi-builder-workspace
write-file /Users/admin/builder/spi-builder-workspace/.derivedData/Build/Intermediates.noindex/SwiftGlow.build/Debug-watchos/SwiftGlow.build/Objects-normal/armv7k/SwiftGlow-OutputFileMap.json
WriteAuxiliaryFile /Users/admin/builder/spi-builder-workspace/.derivedData/Build/Intermediates.noindex/SwiftGlow.build/Debug-watchos/SwiftGlow.build/Objects-normal/arm64_32/SwiftGlow.SwiftConstValuesFileList (in target 'SwiftGlow' from project 'SwiftGlow')
cd /Users/admin/builder/spi-builder-workspace
write-file /Users/admin/builder/spi-builder-workspace/.derivedData/Build/Intermediates.noindex/SwiftGlow.build/Debug-watchos/SwiftGlow.build/Objects-normal/arm64_32/SwiftGlow.SwiftConstValuesFileList
WriteAuxiliaryFile /Users/admin/builder/spi-builder-workspace/.derivedData/Build/Intermediates.noindex/SwiftGlow.build/Debug-watchos/SwiftGlow.build/Objects-normal/arm64_32/SwiftGlow.SwiftFileList (in target 'SwiftGlow' from project 'SwiftGlow')
cd /Users/admin/builder/spi-builder-workspace
write-file /Users/admin/builder/spi-builder-workspace/.derivedData/Build/Intermediates.noindex/SwiftGlow.build/Debug-watchos/SwiftGlow.build/Objects-normal/arm64_32/SwiftGlow.SwiftFileList
WriteAuxiliaryFile /Users/admin/builder/spi-builder-workspace/.derivedData/Build/Intermediates.noindex/SwiftGlow.build/Debug-watchos/SwiftGlow.build/Objects-normal/arm64_32/SwiftGlow_const_extract_protocols.json (in target 'SwiftGlow' from project 'SwiftGlow')
cd /Users/admin/builder/spi-builder-workspace
write-file /Users/admin/builder/spi-builder-workspace/.derivedData/Build/Intermediates.noindex/SwiftGlow.build/Debug-watchos/SwiftGlow.build/Objects-normal/arm64_32/SwiftGlow_const_extract_protocols.json
WriteAuxiliaryFile /Users/admin/builder/spi-builder-workspace/.derivedData/Build/Intermediates.noindex/SwiftGlow.build/Debug-watchos/SwiftGlow.build/Objects-normal/arm64_32/SwiftGlow.LinkFileList (in target 'SwiftGlow' from project 'SwiftGlow')
cd /Users/admin/builder/spi-builder-workspace
write-file /Users/admin/builder/spi-builder-workspace/.derivedData/Build/Intermediates.noindex/SwiftGlow.build/Debug-watchos/SwiftGlow.build/Objects-normal/arm64_32/SwiftGlow.LinkFileList
WriteAuxiliaryFile /Users/admin/builder/spi-builder-workspace/.derivedData/Build/Intermediates.noindex/SwiftGlow.build/Debug-watchos/SwiftGlow.build/Objects-normal/arm64_32/SwiftGlow-OutputFileMap.json (in target 'SwiftGlow' from project 'SwiftGlow')
cd /Users/admin/builder/spi-builder-workspace
write-file /Users/admin/builder/spi-builder-workspace/.derivedData/Build/Intermediates.noindex/SwiftGlow.build/Debug-watchos/SwiftGlow.build/Objects-normal/arm64_32/SwiftGlow-OutputFileMap.json
WriteAuxiliaryFile /Users/admin/builder/spi-builder-workspace/.derivedData/Build/Intermediates.noindex/SwiftGlow.build/Debug-watchos/SwiftGlow.build/Objects-normal/arm64/SwiftGlow_const_extract_protocols.json (in target 'SwiftGlow' from project 'SwiftGlow')
cd /Users/admin/builder/spi-builder-workspace
write-file /Users/admin/builder/spi-builder-workspace/.derivedData/Build/Intermediates.noindex/SwiftGlow.build/Debug-watchos/SwiftGlow.build/Objects-normal/arm64/SwiftGlow_const_extract_protocols.json
WriteAuxiliaryFile /Users/admin/builder/spi-builder-workspace/.derivedData/Build/Intermediates.noindex/SwiftGlow.build/Debug-watchos/SwiftGlow.build/Objects-normal/arm64/SwiftGlow.SwiftFileList (in target 'SwiftGlow' from project 'SwiftGlow')
cd /Users/admin/builder/spi-builder-workspace
write-file /Users/admin/builder/spi-builder-workspace/.derivedData/Build/Intermediates.noindex/SwiftGlow.build/Debug-watchos/SwiftGlow.build/Objects-normal/arm64/SwiftGlow.SwiftFileList
WriteAuxiliaryFile /Users/admin/builder/spi-builder-workspace/.derivedData/Build/Intermediates.noindex/SwiftGlow.build/Debug-watchos/SwiftGlow.build/Objects-normal/arm64/SwiftGlow.SwiftConstValuesFileList (in target 'SwiftGlow' from project 'SwiftGlow')
cd /Users/admin/builder/spi-builder-workspace
write-file /Users/admin/builder/spi-builder-workspace/.derivedData/Build/Intermediates.noindex/SwiftGlow.build/Debug-watchos/SwiftGlow.build/Objects-normal/arm64/SwiftGlow.SwiftConstValuesFileList
WriteAuxiliaryFile /Users/admin/builder/spi-builder-workspace/.derivedData/Build/Intermediates.noindex/SwiftGlow.build/Debug-watchos/SwiftGlow.build/Objects-normal/arm64/SwiftGlow.LinkFileList (in target 'SwiftGlow' from project 'SwiftGlow')
cd /Users/admin/builder/spi-builder-workspace
write-file /Users/admin/builder/spi-builder-workspace/.derivedData/Build/Intermediates.noindex/SwiftGlow.build/Debug-watchos/SwiftGlow.build/Objects-normal/arm64/SwiftGlow.LinkFileList
WriteAuxiliaryFile /Users/admin/builder/spi-builder-workspace/.derivedData/Build/Intermediates.noindex/SwiftGlow.build/Debug-watchos/SwiftGlow.build/Objects-normal/arm64/SwiftGlow-OutputFileMap.json (in target 'SwiftGlow' from project 'SwiftGlow')
cd /Users/admin/builder/spi-builder-workspace
write-file /Users/admin/builder/spi-builder-workspace/.derivedData/Build/Intermediates.noindex/SwiftGlow.build/Debug-watchos/SwiftGlow.build/Objects-normal/arm64/SwiftGlow-OutputFileMap.json
Copy /Users/admin/builder/spi-builder-workspace/.derivedData/Build/Intermediates.noindex/GeneratedModuleMaps-watchos/SwiftGlow.modulemap /Users/admin/builder/spi-builder-workspace/.derivedData/Build/Intermediates.noindex/SwiftGlow.build/Debug-watchos/SwiftGlow.build/SwiftGlow.modulemap (in target 'SwiftGlow' from project 'SwiftGlow')
cd /Users/admin/builder/spi-builder-workspace
builtin-copy -exclude .DS_Store -exclude CVS -exclude .svn -exclude .git -exclude .hg -resolve-src-symlinks /Users/admin/builder/spi-builder-workspace/.derivedData/Build/Intermediates.noindex/SwiftGlow.build/Debug-watchos/SwiftGlow.build/SwiftGlow.modulemap /Users/admin/builder/spi-builder-workspace/.derivedData/Build/Intermediates.noindex/GeneratedModuleMaps-watchos
WriteAuxiliaryFile /Users/admin/builder/spi-builder-workspace/.derivedData/Build/Intermediates.noindex/SwiftGlow.build/Debug-watchos/SwiftGlow.build/DerivedSources/resource_bundle_accessor.swift (in target 'SwiftGlow' from project 'SwiftGlow')
cd /Users/admin/builder/spi-builder-workspace
write-file /Users/admin/builder/spi-builder-workspace/.derivedData/Build/Intermediates.noindex/SwiftGlow.build/Debug-watchos/SwiftGlow.build/DerivedSources/resource_bundle_accessor.swift
ProcessInfoPlistFile /Users/admin/builder/spi-builder-workspace/.derivedData/Build/Products/Debug-watchos/SwiftGlow_SwiftGlow.bundle/Info.plist /Users/admin/builder/spi-builder-workspace/.derivedData/Build/Intermediates.noindex/SwiftGlow.build/Debug-watchos/SwiftGlow_SwiftGlow.build/empty-SwiftGlow_SwiftGlow.plist (in target 'SwiftGlow_SwiftGlow' from project 'SwiftGlow')
cd /Users/admin/builder/spi-builder-workspace
builtin-infoPlistUtility /Users/admin/builder/spi-builder-workspace/.derivedData/Build/Intermediates.noindex/SwiftGlow.build/Debug-watchos/SwiftGlow_SwiftGlow.build/empty-SwiftGlow_SwiftGlow.plist -producttype com.apple.product-type.bundle -expandbuildsettings -format binary -platform watchos -o /Users/admin/builder/spi-builder-workspace/.derivedData/Build/Products/Debug-watchos/SwiftGlow_SwiftGlow.bundle/Info.plist
CompileMetalFile /Users/admin/builder/spi-builder-workspace/Sources/SwiftGlow/Resources/GlowShaders.metal (in target 'SwiftGlow_SwiftGlow' from project 'SwiftGlow')
cd /Users/admin/builder/spi-builder-workspace
/var/run/com.apple.security.cryptexd/mnt/com.apple.MobileAsset.MetalToolchain-v17.3.7003.10.qsqNes/Metal.xctoolchain/usr/bin/metal -c -target air64-apple-watchos8.0 -I/Users/admin/builder/spi-builder-workspace/.derivedData/Build/Products/Debug-watchos/include -F/Users/admin/builder/spi-builder-workspace/.derivedData/Build/Products/Debug-watchos -isysroot /Applications/Xcode-26.3.0.app/Contents/Developer/Platforms/WatchOS.platform/Developer/SDKs/WatchOS26.2.sdk -fmetal-math-mode\=fast -fmetal-math-fp32-functions\=fast -serialize-diagnostics /Users/admin/builder/spi-builder-workspace/.derivedData/Build/Intermediates.noindex/SwiftGlow.build/Debug-watchos/SwiftGlow_SwiftGlow.build/Metal/GlowShaders.dia -o /Users/admin/builder/spi-builder-workspace/.derivedData/Build/Intermediates.noindex/SwiftGlow.build/Debug-watchos/SwiftGlow_SwiftGlow.build/Metal/GlowShaders.air -MMD -MT dependencies -MF /Users/admin/builder/spi-builder-workspace/.derivedData/Build/Intermediates.noindex/SwiftGlow.build/Debug-watchos/SwiftGlow_SwiftGlow.build/Metal/GlowShaders.dat /Users/admin/builder/spi-builder-workspace/Sources/SwiftGlow/Resources/GlowShaders.metal
SwiftDriver SwiftGlow normal armv7k com.apple.xcode.tools.swift.compiler (in target 'SwiftGlow' from project 'SwiftGlow')
cd /Users/admin/builder/spi-builder-workspace/.swiftpm/xcode
builtin-SwiftDriver -- /Applications/Xcode-26.3.0.app/Contents/Developer/Toolchains/XcodeDefault.xctoolchain/usr/bin/swiftc -module-name SwiftGlow -Onone -enforce-exclusivity\=checked @/Users/admin/builder/spi-builder-workspace/.derivedData/Build/Intermediates.noindex/SwiftGlow.build/Debug-watchos/SwiftGlow.build/Objects-normal/armv7k/SwiftGlow.SwiftFileList -DSWIFT_PACKAGE -DDEBUG -DSWIFT_MODULE_RESOURCE_BUNDLE_AVAILABLE -DXcode -plugin-path /Applications/Xcode-26.3.0.app/Contents/Developer/Toolchains/XcodeDefault.xctoolchain/usr/lib/swift/host/plugins/testing -enable-experimental-feature DebugDescriptionMacro -sdk /Applications/Xcode-26.3.0.app/Contents/Developer/Platforms/WatchOS.platform/Developer/SDKs/WatchOS26.2.sdk -target armv7k-apple-watchos8.0 -g -module-cache-path /Users/admin/builder/spi-builder-workspace/.derivedData/ModuleCache.noindex -Xfrontend -serialize-debugging-options -enable-testing -index-store-path /Users/admin/builder/spi-builder-workspace/.derivedData/Index.noindex/DataStore -Xcc -D_LIBCPP_HARDENING_MODE\=_LIBCPP_HARDENING_MODE_DEBUG -swift-version 5 -I /Users/admin/builder/spi-builder-workspace/.derivedData/Build/Products/Debug-watchos -Isystem /Applications/Xcode-26.3.0.app/Contents/Developer/Platforms/WatchOS.platform/Developer/usr/lib -F /Users/admin/builder/spi-builder-workspace/.derivedData/Build/Products/Debug-watchos -F /Applications/Xcode-26.3.0.app/Contents/Developer/Platforms/WatchOS.platform/Developer/Library/Frameworks -F /Applications/Xcode-26.3.0.app/Contents/Developer/Platforms/WatchOS.platform/Developer/SDKs/WatchOS26.2.sdk/Developer/Library/Frameworks -c -j10 -enable-batch-mode -incremental -Xcc -ivfsstatcache -Xcc /Users/admin/builder/spi-builder-workspace/.derivedData/SDKStatCaches.noindex/watchos26.2-23S303-dc75598d0054f22ec865fa860f139d721753b489057de6bda919edfa1c59a62b.sdkstatcache -output-file-map /Users/admin/builder/spi-builder-workspace/.derivedData/Build/Intermediates.noindex/SwiftGlow.build/Debug-watchos/SwiftGlow.build/Objects-normal/armv7k/SwiftGlow-OutputFileMap.json -use-frontend-parseable-output -save-temps -no-color-diagnostics -explicit-module-build -module-cache-path /Users/admin/builder/spi-builder-workspace/.derivedData/Build/Intermediates.noindex/SwiftExplicitPrecompiledModules -clang-scanner-module-cache-path /Users/admin/builder/spi-builder-workspace/.derivedData/ModuleCache.noindex -sdk-module-cache-path /Users/admin/builder/spi-builder-workspace/.derivedData/ModuleCache.noindex -serialize-diagnostics -emit-dependencies -emit-module -emit-module-path /Users/admin/builder/spi-builder-workspace/.derivedData/Build/Intermediates.noindex/SwiftGlow.build/Debug-watchos/SwiftGlow.build/Objects-normal/armv7k/SwiftGlow.swiftmodule -validate-clang-modules-once -clang-build-session-file /Users/admin/builder/spi-builder-workspace/.derivedData/ModuleCache.noindex/Session.modulevalidation -package-name spi_builder_workspace -Xcc -I/Users/admin/builder/spi-builder-workspace/.derivedData/Build/Intermediates.noindex/SwiftGlow.build/Debug-watchos/SwiftGlow.build/swift-overrides.hmap -emit-const-values -Xfrontend -const-gather-protocols-file -Xfrontend /Users/admin/builder/spi-builder-workspace/.derivedData/Build/Intermediates.noindex/SwiftGlow.build/Debug-watchos/SwiftGlow.build/Objects-normal/armv7k/SwiftGlow_const_extract_protocols.json -Xcc -I/Users/admin/builder/spi-builder-workspace/.derivedData/Build/Products/Debug-watchos/include -Xcc -I/Users/admin/builder/spi-builder-workspace/.derivedData/Build/Intermediates.noindex/SwiftGlow.build/Debug-watchos/SwiftGlow.build/DerivedSources-normal/armv7k -Xcc -I/Users/admin/builder/spi-builder-workspace/.derivedData/Build/Intermediates.noindex/SwiftGlow.build/Debug-watchos/SwiftGlow.build/DerivedSources/armv7k -Xcc -I/Users/admin/builder/spi-builder-workspace/.derivedData/Build/Intermediates.noindex/SwiftGlow.build/Debug-watchos/SwiftGlow.build/DerivedSources -Xcc -DSWIFT_PACKAGE -Xcc -DDEBUG\=1 -emit-objc-header -emit-objc-header-path /Users/admin/builder/spi-builder-workspace/.derivedData/Build/Intermediates.noindex/SwiftGlow.build/Debug-watchos/SwiftGlow.build/Objects-normal/armv7k/SwiftGlow-Swift.h -working-directory /Users/admin/builder/spi-builder-workspace/.swiftpm/xcode -experimental-emit-module-separately -disable-cmo
/Users/admin/builder/spi-builder-workspace/Sources/SwiftGlow/GlowRenderer.swift:2:8: error: Unable to find module dependency: 'MetalKit'
import MetalKit
^ (in target 'SwiftGlow' from project 'SwiftGlow')
/Users/admin/builder/spi-builder-workspace/Sources/SwiftGlow/GlowRenderer.swift:2:8: note: A dependency of main module 'SwiftGlow'
import MetalKit
^ (in target 'SwiftGlow' from project 'SwiftGlow')
/Users/admin/builder/spi-builder-workspace/Sources/SwiftGlow/MetalGlowView.swift:1:8: note: Also imported here
import MetalKit
^ (in target 'SwiftGlow' from project 'SwiftGlow')
SwiftDriver SwiftGlow normal arm64_32 com.apple.xcode.tools.swift.compiler (in target 'SwiftGlow' from project 'SwiftGlow')
cd /Users/admin/builder/spi-builder-workspace/.swiftpm/xcode
builtin-SwiftDriver -- /Applications/Xcode-26.3.0.app/Contents/Developer/Toolchains/XcodeDefault.xctoolchain/usr/bin/swiftc -module-name SwiftGlow -Onone -enforce-exclusivity\=checked @/Users/admin/builder/spi-builder-workspace/.derivedData/Build/Intermediates.noindex/SwiftGlow.build/Debug-watchos/SwiftGlow.build/Objects-normal/arm64_32/SwiftGlow.SwiftFileList -DSWIFT_PACKAGE -DDEBUG -DSWIFT_MODULE_RESOURCE_BUNDLE_AVAILABLE -DXcode -plugin-path /Applications/Xcode-26.3.0.app/Contents/Developer/Toolchains/XcodeDefault.xctoolchain/usr/lib/swift/host/plugins/testing -enable-experimental-feature DebugDescriptionMacro -sdk /Applications/Xcode-26.3.0.app/Contents/Developer/Platforms/WatchOS.platform/Developer/SDKs/WatchOS26.2.sdk -target arm64_32-apple-watchos8.0 -g -module-cache-path /Users/admin/builder/spi-builder-workspace/.derivedData/ModuleCache.noindex -Xfrontend -serialize-debugging-options -enable-testing -index-store-path /Users/admin/builder/spi-builder-workspace/.derivedData/Index.noindex/DataStore -Xcc -D_LIBCPP_HARDENING_MODE\=_LIBCPP_HARDENING_MODE_DEBUG -swift-version 5 -I /Users/admin/builder/spi-builder-workspace/.derivedData/Build/Products/Debug-watchos -Isystem /Applications/Xcode-26.3.0.app/Contents/Developer/Platforms/WatchOS.platform/Developer/usr/lib -F /Users/admin/builder/spi-builder-workspace/.derivedData/Build/Products/Debug-watchos -F /Applications/Xcode-26.3.0.app/Contents/Developer/Platforms/WatchOS.platform/Developer/Library/Frameworks -F /Applications/Xcode-26.3.0.app/Contents/Developer/Platforms/WatchOS.platform/Developer/SDKs/WatchOS26.2.sdk/Developer/Library/Frameworks -c -j10 -enable-batch-mode -incremental -Xcc -ivfsstatcache -Xcc /Users/admin/builder/spi-builder-workspace/.derivedData/SDKStatCaches.noindex/watchos26.2-23S303-dc75598d0054f22ec865fa860f139d721753b489057de6bda919edfa1c59a62b.sdkstatcache -output-file-map /Users/admin/builder/spi-builder-workspace/.derivedData/Build/Intermediates.noindex/SwiftGlow.build/Debug-watchos/SwiftGlow.build/Objects-normal/arm64_32/SwiftGlow-OutputFileMap.json -use-frontend-parseable-output -save-temps -no-color-diagnostics -explicit-module-build -module-cache-path /Users/admin/builder/spi-builder-workspace/.derivedData/Build/Intermediates.noindex/SwiftExplicitPrecompiledModules -clang-scanner-module-cache-path /Users/admin/builder/spi-builder-workspace/.derivedData/ModuleCache.noindex -sdk-module-cache-path /Users/admin/builder/spi-builder-workspace/.derivedData/ModuleCache.noindex -serialize-diagnostics -emit-dependencies -emit-module -emit-module-path /Users/admin/builder/spi-builder-workspace/.derivedData/Build/Intermediates.noindex/SwiftGlow.build/Debug-watchos/SwiftGlow.build/Objects-normal/arm64_32/SwiftGlow.swiftmodule -validate-clang-modules-once -clang-build-session-file /Users/admin/builder/spi-builder-workspace/.derivedData/ModuleCache.noindex/Session.modulevalidation -package-name spi_builder_workspace -Xcc -I/Users/admin/builder/spi-builder-workspace/.derivedData/Build/Intermediates.noindex/SwiftGlow.build/Debug-watchos/SwiftGlow.build/swift-overrides.hmap -emit-const-values -Xfrontend -const-gather-protocols-file -Xfrontend /Users/admin/builder/spi-builder-workspace/.derivedData/Build/Intermediates.noindex/SwiftGlow.build/Debug-watchos/SwiftGlow.build/Objects-normal/arm64_32/SwiftGlow_const_extract_protocols.json -Xcc -I/Users/admin/builder/spi-builder-workspace/.derivedData/Build/Products/Debug-watchos/include -Xcc -I/Users/admin/builder/spi-builder-workspace/.derivedData/Build/Intermediates.noindex/SwiftGlow.build/Debug-watchos/SwiftGlow.build/DerivedSources-normal/arm64_32 -Xcc -I/Users/admin/builder/spi-builder-workspace/.derivedData/Build/Intermediates.noindex/SwiftGlow.build/Debug-watchos/SwiftGlow.build/DerivedSources/arm64_32 -Xcc -I/Users/admin/builder/spi-builder-workspace/.derivedData/Build/Intermediates.noindex/SwiftGlow.build/Debug-watchos/SwiftGlow.build/DerivedSources -Xcc -DSWIFT_PACKAGE -Xcc -DDEBUG\=1 -emit-objc-header -emit-objc-header-path /Users/admin/builder/spi-builder-workspace/.derivedData/Build/Intermediates.noindex/SwiftGlow.build/Debug-watchos/SwiftGlow.build/Objects-normal/arm64_32/SwiftGlow-Swift.h -working-directory /Users/admin/builder/spi-builder-workspace/.swiftpm/xcode -experimental-emit-module-separately -disable-cmo
/Users/admin/builder/spi-builder-workspace/Sources/SwiftGlow/GlowRenderer.swift:2:8: error: Unable to find module dependency: 'MetalKit'
import MetalKit
^ (in target 'SwiftGlow' from project 'SwiftGlow')
/Users/admin/builder/spi-builder-workspace/Sources/SwiftGlow/GlowRenderer.swift:2:8: note: A dependency of main module 'SwiftGlow'
import MetalKit
^ (in target 'SwiftGlow' from project 'SwiftGlow')
/Users/admin/builder/spi-builder-workspace/Sources/SwiftGlow/MetalGlowView.swift:1:8: note: Also imported here
import MetalKit
^ (in target 'SwiftGlow' from project 'SwiftGlow')
SwiftDriver SwiftGlow normal arm64 com.apple.xcode.tools.swift.compiler (in target 'SwiftGlow' from project 'SwiftGlow')
cd /Users/admin/builder/spi-builder-workspace/.swiftpm/xcode
builtin-SwiftDriver -- /Applications/Xcode-26.3.0.app/Contents/Developer/Toolchains/XcodeDefault.xctoolchain/usr/bin/swiftc -module-name SwiftGlow -Onone -enforce-exclusivity\=checked @/Users/admin/builder/spi-builder-workspace/.derivedData/Build/Intermediates.noindex/SwiftGlow.build/Debug-watchos/SwiftGlow.build/Objects-normal/arm64/SwiftGlow.SwiftFileList -DSWIFT_PACKAGE -DDEBUG -DSWIFT_MODULE_RESOURCE_BUNDLE_AVAILABLE -DXcode -plugin-path /Applications/Xcode-26.3.0.app/Contents/Developer/Toolchains/XcodeDefault.xctoolchain/usr/lib/swift/host/plugins/testing -enable-experimental-feature DebugDescriptionMacro -sdk /Applications/Xcode-26.3.0.app/Contents/Developer/Platforms/WatchOS.platform/Developer/SDKs/WatchOS26.2.sdk -target arm64-apple-watchos8.0 -g -module-cache-path /Users/admin/builder/spi-builder-workspace/.derivedData/ModuleCache.noindex -Xfrontend -serialize-debugging-options -enable-testing -index-store-path /Users/admin/builder/spi-builder-workspace/.derivedData/Index.noindex/DataStore -Xcc -D_LIBCPP_HARDENING_MODE\=_LIBCPP_HARDENING_MODE_DEBUG -swift-version 5 -I /Users/admin/builder/spi-builder-workspace/.derivedData/Build/Products/Debug-watchos -Isystem /Applications/Xcode-26.3.0.app/Contents/Developer/Platforms/WatchOS.platform/Developer/usr/lib -F /Users/admin/builder/spi-builder-workspace/.derivedData/Build/Products/Debug-watchos -F /Applications/Xcode-26.3.0.app/Contents/Developer/Platforms/WatchOS.platform/Developer/Library/Frameworks -F /Applications/Xcode-26.3.0.app/Contents/Developer/Platforms/WatchOS.platform/Developer/SDKs/WatchOS26.2.sdk/Developer/Library/Frameworks -c -j10 -enable-batch-mode -incremental -Xcc -ivfsstatcache -Xcc /Users/admin/builder/spi-builder-workspace/.derivedData/SDKStatCaches.noindex/watchos26.2-23S303-dc75598d0054f22ec865fa860f139d721753b489057de6bda919edfa1c59a62b.sdkstatcache -output-file-map /Users/admin/builder/spi-builder-workspace/.derivedData/Build/Intermediates.noindex/SwiftGlow.build/Debug-watchos/SwiftGlow.build/Objects-normal/arm64/SwiftGlow-OutputFileMap.json -use-frontend-parseable-output -save-temps -no-color-diagnostics -explicit-module-build -module-cache-path /Users/admin/builder/spi-builder-workspace/.derivedData/Build/Intermediates.noindex/SwiftExplicitPrecompiledModules -clang-scanner-module-cache-path /Users/admin/builder/spi-builder-workspace/.derivedData/ModuleCache.noindex -sdk-module-cache-path /Users/admin/builder/spi-builder-workspace/.derivedData/ModuleCache.noindex -serialize-diagnostics -emit-dependencies -emit-module -emit-module-path /Users/admin/builder/spi-builder-workspace/.derivedData/Build/Intermediates.noindex/SwiftGlow.build/Debug-watchos/SwiftGlow.build/Objects-normal/arm64/SwiftGlow.swiftmodule -validate-clang-modules-once -clang-build-session-file /Users/admin/builder/spi-builder-workspace/.derivedData/ModuleCache.noindex/Session.modulevalidation -package-name spi_builder_workspace -Xcc -I/Users/admin/builder/spi-builder-workspace/.derivedData/Build/Intermediates.noindex/SwiftGlow.build/Debug-watchos/SwiftGlow.build/swift-overrides.hmap -emit-const-values -Xfrontend -const-gather-protocols-file -Xfrontend /Users/admin/builder/spi-builder-workspace/.derivedData/Build/Intermediates.noindex/SwiftGlow.build/Debug-watchos/SwiftGlow.build/Objects-normal/arm64/SwiftGlow_const_extract_protocols.json -Xcc -I/Users/admin/builder/spi-builder-workspace/.derivedData/Build/Products/Debug-watchos/include -Xcc -I/Users/admin/builder/spi-builder-workspace/.derivedData/Build/Intermediates.noindex/SwiftGlow.build/Debug-watchos/SwiftGlow.build/DerivedSources-normal/arm64 -Xcc -I/Users/admin/builder/spi-builder-workspace/.derivedData/Build/Intermediates.noindex/SwiftGlow.build/Debug-watchos/SwiftGlow.build/DerivedSources/arm64 -Xcc -I/Users/admin/builder/spi-builder-workspace/.derivedData/Build/Intermediates.noindex/SwiftGlow.build/Debug-watchos/SwiftGlow.build/DerivedSources -Xcc -DSWIFT_PACKAGE -Xcc -DDEBUG\=1 -emit-objc-header -emit-objc-header-path /Users/admin/builder/spi-builder-workspace/.derivedData/Build/Intermediates.noindex/SwiftGlow.build/Debug-watchos/SwiftGlow.build/Objects-normal/arm64/SwiftGlow-Swift.h -working-directory /Users/admin/builder/spi-builder-workspace/.swiftpm/xcode -experimental-emit-module-separately -disable-cmo
/Users/admin/builder/spi-builder-workspace/Sources/SwiftGlow/GlowRenderer.swift:2:8: error: Unable to find module dependency: 'MetalKit'
import MetalKit
^ (in target 'SwiftGlow' from project 'SwiftGlow')
/Users/admin/builder/spi-builder-workspace/Sources/SwiftGlow/GlowRenderer.swift:2:8: note: A dependency of main module 'SwiftGlow'
import MetalKit
^ (in target 'SwiftGlow' from project 'SwiftGlow')
/Users/admin/builder/spi-builder-workspace/Sources/SwiftGlow/MetalGlowView.swift:1:8: note: Also imported here
import MetalKit
^ (in target 'SwiftGlow' from project 'SwiftGlow')
MetalLink /Users/admin/builder/spi-builder-workspace/.derivedData/Build/Products/Debug-watchos/SwiftGlow_SwiftGlow.bundle/default.metallib (in target 'SwiftGlow_SwiftGlow' from project 'SwiftGlow')
cd /Users/admin/builder/spi-builder-workspace
/var/run/com.apple.security.cryptexd/mnt/com.apple.MobileAsset.MetalToolchain-v17.3.7003.10.qsqNes/Metal.xctoolchain/usr/bin/metal -target air64-apple-watchos8.0 -o /Users/admin/builder/spi-builder-workspace/.derivedData/Build/Products/Debug-watchos/SwiftGlow_SwiftGlow.bundle/default.metallib /Users/admin/builder/spi-builder-workspace/.derivedData/Build/Intermediates.noindex/SwiftGlow.build/Debug-watchos/SwiftGlow_SwiftGlow.build/Metal/GlowShaders.air
RegisterExecutionPolicyException /Users/admin/builder/spi-builder-workspace/.derivedData/Build/Products/Debug-watchos/SwiftGlow_SwiftGlow.bundle (in target 'SwiftGlow_SwiftGlow' from project 'SwiftGlow')
cd /Users/admin/builder/spi-builder-workspace
builtin-RegisterExecutionPolicyException /Users/admin/builder/spi-builder-workspace/.derivedData/Build/Products/Debug-watchos/SwiftGlow_SwiftGlow.bundle
Touch /Users/admin/builder/spi-builder-workspace/.derivedData/Build/Products/Debug-watchos/SwiftGlow_SwiftGlow.bundle (in target 'SwiftGlow_SwiftGlow' from project 'SwiftGlow')
cd /Users/admin/builder/spi-builder-workspace
/usr/bin/touch -c /Users/admin/builder/spi-builder-workspace/.derivedData/Build/Products/Debug-watchos/SwiftGlow_SwiftGlow.bundle
2026-07-02 14:55:37.259 xcodebuild[610:3797] [MT] IDERunDestination: Supported platforms for the buildables in the current scheme is empty.
/Users/admin/builder/spi-builder-workspace/Sources/SwiftGlow/GlowRenderer.swift:2:8: error: Unable to find module dependency: 'MetalKit'
import MetalKit
^
/Users/admin/builder/spi-builder-workspace/Sources/SwiftGlow/GlowRenderer.swift:2:8: note: a dependency of main module 'SwiftGlow'
import MetalKit
^
/Users/admin/builder/spi-builder-workspace/Sources/SwiftGlow/MetalGlowView.swift:1:8: note: also imported here
import MetalKit
^
/Users/admin/builder/spi-builder-workspace/Sources/SwiftGlow/GlowRenderer.swift:2:8: error: Unable to find module dependency: 'MetalKit'
import MetalKit
^
/Users/admin/builder/spi-builder-workspace/Sources/SwiftGlow/GlowRenderer.swift:2:8: note: a dependency of main module 'SwiftGlow'
import MetalKit
^
/Users/admin/builder/spi-builder-workspace/Sources/SwiftGlow/MetalGlowView.swift:1:8: note: also imported here
import MetalKit
^
/Users/admin/builder/spi-builder-workspace/Sources/SwiftGlow/GlowRenderer.swift:2:8: error: Unable to find module dependency: 'MetalKit'
import MetalKit
^
/Users/admin/builder/spi-builder-workspace/Sources/SwiftGlow/GlowRenderer.swift:2:8: note: a dependency of main module 'SwiftGlow'
import MetalKit
^
/Users/admin/builder/spi-builder-workspace/Sources/SwiftGlow/MetalGlowView.swift:1:8: note: also imported here
import MetalKit
^
** BUILD FAILED **
The following build commands failed:
SwiftDriver SwiftGlow normal armv7k com.apple.xcode.tools.swift.compiler (in target 'SwiftGlow' from project 'SwiftGlow')
SwiftDriver SwiftGlow normal arm64_32 com.apple.xcode.tools.swift.compiler (in target 'SwiftGlow' from project 'SwiftGlow')
SwiftDriver SwiftGlow normal arm64 com.apple.xcode.tools.swift.compiler (in target 'SwiftGlow' from project 'SwiftGlow')
Building workspace spi-builder-workspace with scheme SwiftGlow
(4 failures)
Command line invocation:
/Applications/Xcode-26.3.0.app/Contents/Developer/usr/bin/xcodebuild -IDEClonedSourcePackagesDirPathOverride=/Users/admin/builder/spi-builder-workspace/.dependencies -resolvePackageDependencies
Resolve Package Graph
Resolved source packages:
SwiftGlow: /Users/admin/builder/spi-builder-workspace
resolved source packages: SwiftGlow
2026-07-02 14:55:42.130 xcodebuild[630:4178] [MT] IDERunDestination: Supported platforms for the buildables in the current scheme is empty.
Running build ...
env DEVELOPER_DIR=/Applications/Xcode-26.3.0.app xcrun xcodebuild -IDEClonedSourcePackagesDirPathOverride=$PWD/.dependencies -skipMacroValidation -skipPackagePluginValidation -derivedDataPath $PWD/.derivedData build -scheme SwiftGlow -destination generic/platform=watchOS
Command line invocation:
/Applications/Xcode-26.3.0.app/Contents/Developer/usr/bin/xcodebuild -IDEClonedSourcePackagesDirPathOverride=/Users/admin/builder/spi-builder-workspace/.dependencies -skipMacroValidation -skipPackagePluginValidation -derivedDataPath /Users/admin/builder/spi-builder-workspace/.derivedData build -scheme SwiftGlow -destination generic/platform=watchOS
Resolve Package Graph
Resolved source packages:
SwiftGlow: /Users/admin/builder/spi-builder-workspace
ComputePackagePrebuildTargetDependencyGraph
Prepare packages
CreateBuildRequest
SendProjectDescription
CreateBuildOperation
ComputeTargetDependencyGraph
note: Building targets in dependency order
note: Target dependency graph (3 targets)
Target 'SwiftGlow' in project 'SwiftGlow'
➜ Explicit dependency on target 'SwiftGlow' in project 'SwiftGlow'
➜ Explicit dependency on target 'SwiftGlow_SwiftGlow' in project 'SwiftGlow'
Target 'SwiftGlow' in project 'SwiftGlow'
➜ Explicit dependency on target 'SwiftGlow_SwiftGlow' in project 'SwiftGlow'
Target 'SwiftGlow_SwiftGlow' in project 'SwiftGlow' (no dependencies)
GatherProvisioningInputs
CreateBuildDescription
ClangStatCache /Applications/Xcode-26.3.0.app/Contents/Developer/Toolchains/XcodeDefault.xctoolchain/usr/bin/clang-stat-cache /Applications/Xcode-26.3.0.app/Contents/Developer/Platforms/WatchOS.platform/Developer/SDKs/WatchOS26.2.sdk /Users/admin/builder/spi-builder-workspace/.derivedData/SDKStatCaches.noindex/watchos26.2-23S303-dc75598d0054f22ec865fa860f139d721753b489057de6bda919edfa1c59a62b.sdkstatcache
cd /Users/admin/builder/spi-builder-workspace/.swiftpm/xcode
/Applications/Xcode-26.3.0.app/Contents/Developer/Toolchains/XcodeDefault.xctoolchain/usr/bin/clang-stat-cache /Applications/Xcode-26.3.0.app/Contents/Developer/Platforms/WatchOS.platform/Developer/SDKs/WatchOS26.2.sdk -o /Users/admin/builder/spi-builder-workspace/.derivedData/SDKStatCaches.noindex/watchos26.2-23S303-dc75598d0054f22ec865fa860f139d721753b489057de6bda919edfa1c59a62b.sdkstatcache
SwiftDriver SwiftGlow normal armv7k com.apple.xcode.tools.swift.compiler (in target 'SwiftGlow' from project 'SwiftGlow')
cd /Users/admin/builder/spi-builder-workspace/.swiftpm/xcode
builtin-SwiftDriver -- /Applications/Xcode-26.3.0.app/Contents/Developer/Toolchains/XcodeDefault.xctoolchain/usr/bin/swiftc -module-name SwiftGlow -Onone -enforce-exclusivity\=checked @/Users/admin/builder/spi-builder-workspace/.derivedData/Build/Intermediates.noindex/SwiftGlow.build/Debug-watchos/SwiftGlow.build/Objects-normal/armv7k/SwiftGlow.SwiftFileList -DSWIFT_PACKAGE -DDEBUG -DSWIFT_MODULE_RESOURCE_BUNDLE_AVAILABLE -DXcode -plugin-path /Applications/Xcode-26.3.0.app/Contents/Developer/Toolchains/XcodeDefault.xctoolchain/usr/lib/swift/host/plugins/testing -enable-experimental-feature DebugDescriptionMacro -sdk /Applications/Xcode-26.3.0.app/Contents/Developer/Platforms/WatchOS.platform/Developer/SDKs/WatchOS26.2.sdk -target armv7k-apple-watchos8.0 -g -module-cache-path /Users/admin/builder/spi-builder-workspace/.derivedData/ModuleCache.noindex -Xfrontend -serialize-debugging-options -enable-testing -index-store-path /Users/admin/builder/spi-builder-workspace/.derivedData/Index.noindex/DataStore -Xcc -D_LIBCPP_HARDENING_MODE\=_LIBCPP_HARDENING_MODE_DEBUG -swift-version 5 -I /Users/admin/builder/spi-builder-workspace/.derivedData/Build/Products/Debug-watchos -Isystem /Applications/Xcode-26.3.0.app/Contents/Developer/Platforms/WatchOS.platform/Developer/usr/lib -F /Users/admin/builder/spi-builder-workspace/.derivedData/Build/Products/Debug-watchos -F /Applications/Xcode-26.3.0.app/Contents/Developer/Platforms/WatchOS.platform/Developer/Library/Frameworks -F /Applications/Xcode-26.3.0.app/Contents/Developer/Platforms/WatchOS.platform/Developer/SDKs/WatchOS26.2.sdk/Developer/Library/Frameworks -c -j10 -enable-batch-mode -incremental -Xcc -ivfsstatcache -Xcc /Users/admin/builder/spi-builder-workspace/.derivedData/SDKStatCaches.noindex/watchos26.2-23S303-dc75598d0054f22ec865fa860f139d721753b489057de6bda919edfa1c59a62b.sdkstatcache -output-file-map /Users/admin/builder/spi-builder-workspace/.derivedData/Build/Intermediates.noindex/SwiftGlow.build/Debug-watchos/SwiftGlow.build/Objects-normal/armv7k/SwiftGlow-OutputFileMap.json -use-frontend-parseable-output -save-temps -no-color-diagnostics -explicit-module-build -module-cache-path /Users/admin/builder/spi-builder-workspace/.derivedData/Build/Intermediates.noindex/SwiftExplicitPrecompiledModules -clang-scanner-module-cache-path /Users/admin/builder/spi-builder-workspace/.derivedData/ModuleCache.noindex -sdk-module-cache-path /Users/admin/builder/spi-builder-workspace/.derivedData/ModuleCache.noindex -serialize-diagnostics -emit-dependencies -emit-module -emit-module-path /Users/admin/builder/spi-builder-workspace/.derivedData/Build/Intermediates.noindex/SwiftGlow.build/Debug-watchos/SwiftGlow.build/Objects-normal/armv7k/SwiftGlow.swiftmodule -validate-clang-modules-once -clang-build-session-file /Users/admin/builder/spi-builder-workspace/.derivedData/ModuleCache.noindex/Session.modulevalidation -package-name spi_builder_workspace -Xcc -I/Users/admin/builder/spi-builder-workspace/.derivedData/Build/Intermediates.noindex/SwiftGlow.build/Debug-watchos/SwiftGlow.build/swift-overrides.hmap -emit-const-values -Xfrontend -const-gather-protocols-file -Xfrontend /Users/admin/builder/spi-builder-workspace/.derivedData/Build/Intermediates.noindex/SwiftGlow.build/Debug-watchos/SwiftGlow.build/Objects-normal/armv7k/SwiftGlow_const_extract_protocols.json -Xcc -I/Users/admin/builder/spi-builder-workspace/.derivedData/Build/Products/Debug-watchos/include -Xcc -I/Users/admin/builder/spi-builder-workspace/.derivedData/Build/Intermediates.noindex/SwiftGlow.build/Debug-watchos/SwiftGlow.build/DerivedSources-normal/armv7k -Xcc -I/Users/admin/builder/spi-builder-workspace/.derivedData/Build/Intermediates.noindex/SwiftGlow.build/Debug-watchos/SwiftGlow.build/DerivedSources/armv7k -Xcc -I/Users/admin/builder/spi-builder-workspace/.derivedData/Build/Intermediates.noindex/SwiftGlow.build/Debug-watchos/SwiftGlow.build/DerivedSources -Xcc -DSWIFT_PACKAGE -Xcc -DDEBUG\=1 -emit-objc-header -emit-objc-header-path /Users/admin/builder/spi-builder-workspace/.derivedData/Build/Intermediates.noindex/SwiftGlow.build/Debug-watchos/SwiftGlow.build/Objects-normal/armv7k/SwiftGlow-Swift.h -working-directory /Users/admin/builder/spi-builder-workspace/.swiftpm/xcode -experimental-emit-module-separately -disable-cmo
/Users/admin/builder/spi-builder-workspace/Sources/SwiftGlow/GlowRenderer.swift:2:8: error: Unable to find module dependency: 'MetalKit'
import MetalKit
^ (in target 'SwiftGlow' from project 'SwiftGlow')
/Users/admin/builder/spi-builder-workspace/Sources/SwiftGlow/GlowRenderer.swift:2:8: note: A dependency of main module 'SwiftGlow'
import MetalKit
^ (in target 'SwiftGlow' from project 'SwiftGlow')
/Users/admin/builder/spi-builder-workspace/Sources/SwiftGlow/MetalGlowView.swift:1:8: note: Also imported here
import MetalKit
^ (in target 'SwiftGlow' from project 'SwiftGlow')
SwiftDriver SwiftGlow normal arm64 com.apple.xcode.tools.swift.compiler (in target 'SwiftGlow' from project 'SwiftGlow')
cd /Users/admin/builder/spi-builder-workspace/.swiftpm/xcode
builtin-SwiftDriver -- /Applications/Xcode-26.3.0.app/Contents/Developer/Toolchains/XcodeDefault.xctoolchain/usr/bin/swiftc -module-name SwiftGlow -Onone -enforce-exclusivity\=checked @/Users/admin/builder/spi-builder-workspace/.derivedData/Build/Intermediates.noindex/SwiftGlow.build/Debug-watchos/SwiftGlow.build/Objects-normal/arm64/SwiftGlow.SwiftFileList -DSWIFT_PACKAGE -DDEBUG -DSWIFT_MODULE_RESOURCE_BUNDLE_AVAILABLE -DXcode -plugin-path /Applications/Xcode-26.3.0.app/Contents/Developer/Toolchains/XcodeDefault.xctoolchain/usr/lib/swift/host/plugins/testing -enable-experimental-feature DebugDescriptionMacro -sdk /Applications/Xcode-26.3.0.app/Contents/Developer/Platforms/WatchOS.platform/Developer/SDKs/WatchOS26.2.sdk -target arm64-apple-watchos8.0 -g -module-cache-path /Users/admin/builder/spi-builder-workspace/.derivedData/ModuleCache.noindex -Xfrontend -serialize-debugging-options -enable-testing -index-store-path /Users/admin/builder/spi-builder-workspace/.derivedData/Index.noindex/DataStore -Xcc -D_LIBCPP_HARDENING_MODE\=_LIBCPP_HARDENING_MODE_DEBUG -swift-version 5 -I /Users/admin/builder/spi-builder-workspace/.derivedData/Build/Products/Debug-watchos -Isystem /Applications/Xcode-26.3.0.app/Contents/Developer/Platforms/WatchOS.platform/Developer/usr/lib -F /Users/admin/builder/spi-builder-workspace/.derivedData/Build/Products/Debug-watchos -F /Applications/Xcode-26.3.0.app/Contents/Developer/Platforms/WatchOS.platform/Developer/Library/Frameworks -F /Applications/Xcode-26.3.0.app/Contents/Developer/Platforms/WatchOS.platform/Developer/SDKs/WatchOS26.2.sdk/Developer/Library/Frameworks -c -j10 -enable-batch-mode -incremental -Xcc -ivfsstatcache -Xcc /Users/admin/builder/spi-builder-workspace/.derivedData/SDKStatCaches.noindex/watchos26.2-23S303-dc75598d0054f22ec865fa860f139d721753b489057de6bda919edfa1c59a62b.sdkstatcache -output-file-map /Users/admin/builder/spi-builder-workspace/.derivedData/Build/Intermediates.noindex/SwiftGlow.build/Debug-watchos/SwiftGlow.build/Objects-normal/arm64/SwiftGlow-OutputFileMap.json -use-frontend-parseable-output -save-temps -no-color-diagnostics -explicit-module-build -module-cache-path /Users/admin/builder/spi-builder-workspace/.derivedData/Build/Intermediates.noindex/SwiftExplicitPrecompiledModules -clang-scanner-module-cache-path /Users/admin/builder/spi-builder-workspace/.derivedData/ModuleCache.noindex -sdk-module-cache-path /Users/admin/builder/spi-builder-workspace/.derivedData/ModuleCache.noindex -serialize-diagnostics -emit-dependencies -emit-module -emit-module-path /Users/admin/builder/spi-builder-workspace/.derivedData/Build/Intermediates.noindex/SwiftGlow.build/Debug-watchos/SwiftGlow.build/Objects-normal/arm64/SwiftGlow.swiftmodule -validate-clang-modules-once -clang-build-session-file /Users/admin/builder/spi-builder-workspace/.derivedData/ModuleCache.noindex/Session.modulevalidation -package-name spi_builder_workspace -Xcc -I/Users/admin/builder/spi-builder-workspace/.derivedData/Build/Intermediates.noindex/SwiftGlow.build/Debug-watchos/SwiftGlow.build/swift-overrides.hmap -emit-const-values -Xfrontend -const-gather-protocols-file -Xfrontend /Users/admin/builder/spi-builder-workspace/.derivedData/Build/Intermediates.noindex/SwiftGlow.build/Debug-watchos/SwiftGlow.build/Objects-normal/arm64/SwiftGlow_const_extract_protocols.json -Xcc -I/Users/admin/builder/spi-builder-workspace/.derivedData/Build/Products/Debug-watchos/include -Xcc -I/Users/admin/builder/spi-builder-workspace/.derivedData/Build/Intermediates.noindex/SwiftGlow.build/Debug-watchos/SwiftGlow.build/DerivedSources-normal/arm64 -Xcc -I/Users/admin/builder/spi-builder-workspace/.derivedData/Build/Intermediates.noindex/SwiftGlow.build/Debug-watchos/SwiftGlow.build/DerivedSources/arm64 -Xcc -I/Users/admin/builder/spi-builder-workspace/.derivedData/Build/Intermediates.noindex/SwiftGlow.build/Debug-watchos/SwiftGlow.build/DerivedSources -Xcc -DSWIFT_PACKAGE -Xcc -DDEBUG\=1 -emit-objc-header -emit-objc-header-path /Users/admin/builder/spi-builder-workspace/.derivedData/Build/Intermediates.noindex/SwiftGlow.build/Debug-watchos/SwiftGlow.build/Objects-normal/arm64/SwiftGlow-Swift.h -working-directory /Users/admin/builder/spi-builder-workspace/.swiftpm/xcode -experimental-emit-module-separately -disable-cmo
/Users/admin/builder/spi-builder-workspace/Sources/SwiftGlow/GlowRenderer.swift:2:8: error: Unable to find module dependency: 'MetalKit'
import MetalKit
^ (in target 'SwiftGlow' from project 'SwiftGlow')
/Users/admin/builder/spi-builder-workspace/Sources/SwiftGlow/GlowRenderer.swift:2:8: note: A dependency of main module 'SwiftGlow'
import MetalKit
^ (in target 'SwiftGlow' from project 'SwiftGlow')
/Users/admin/builder/spi-builder-workspace/Sources/SwiftGlow/MetalGlowView.swift:1:8: note: Also imported here
import MetalKit
^ (in target 'SwiftGlow' from project 'SwiftGlow')
SwiftDriver SwiftGlow normal arm64_32 com.apple.xcode.tools.swift.compiler (in target 'SwiftGlow' from project 'SwiftGlow')
cd /Users/admin/builder/spi-builder-workspace/.swiftpm/xcode
builtin-SwiftDriver -- /Applications/Xcode-26.3.0.app/Contents/Developer/Toolchains/XcodeDefault.xctoolchain/usr/bin/swiftc -module-name SwiftGlow -Onone -enforce-exclusivity\=checked @/Users/admin/builder/spi-builder-workspace/.derivedData/Build/Intermediates.noindex/SwiftGlow.build/Debug-watchos/SwiftGlow.build/Objects-normal/arm64_32/SwiftGlow.SwiftFileList -DSWIFT_PACKAGE -DDEBUG -DSWIFT_MODULE_RESOURCE_BUNDLE_AVAILABLE -DXcode -plugin-path /Applications/Xcode-26.3.0.app/Contents/Developer/Toolchains/XcodeDefault.xctoolchain/usr/lib/swift/host/plugins/testing -enable-experimental-feature DebugDescriptionMacro -sdk /Applications/Xcode-26.3.0.app/Contents/Developer/Platforms/WatchOS.platform/Developer/SDKs/WatchOS26.2.sdk -target arm64_32-apple-watchos8.0 -g -module-cache-path /Users/admin/builder/spi-builder-workspace/.derivedData/ModuleCache.noindex -Xfrontend -serialize-debugging-options -enable-testing -index-store-path /Users/admin/builder/spi-builder-workspace/.derivedData/Index.noindex/DataStore -Xcc -D_LIBCPP_HARDENING_MODE\=_LIBCPP_HARDENING_MODE_DEBUG -swift-version 5 -I /Users/admin/builder/spi-builder-workspace/.derivedData/Build/Products/Debug-watchos -Isystem /Applications/Xcode-26.3.0.app/Contents/Developer/Platforms/WatchOS.platform/Developer/usr/lib -F /Users/admin/builder/spi-builder-workspace/.derivedData/Build/Products/Debug-watchos -F /Applications/Xcode-26.3.0.app/Contents/Developer/Platforms/WatchOS.platform/Developer/Library/Frameworks -F /Applications/Xcode-26.3.0.app/Contents/Developer/Platforms/WatchOS.platform/Developer/SDKs/WatchOS26.2.sdk/Developer/Library/Frameworks -c -j10 -enable-batch-mode -incremental -Xcc -ivfsstatcache -Xcc /Users/admin/builder/spi-builder-workspace/.derivedData/SDKStatCaches.noindex/watchos26.2-23S303-dc75598d0054f22ec865fa860f139d721753b489057de6bda919edfa1c59a62b.sdkstatcache -output-file-map /Users/admin/builder/spi-builder-workspace/.derivedData/Build/Intermediates.noindex/SwiftGlow.build/Debug-watchos/SwiftGlow.build/Objects-normal/arm64_32/SwiftGlow-OutputFileMap.json -use-frontend-parseable-output -save-temps -no-color-diagnostics -explicit-module-build -module-cache-path /Users/admin/builder/spi-builder-workspace/.derivedData/Build/Intermediates.noindex/SwiftExplicitPrecompiledModules -clang-scanner-module-cache-path /Users/admin/builder/spi-builder-workspace/.derivedData/ModuleCache.noindex -sdk-module-cache-path /Users/admin/builder/spi-builder-workspace/.derivedData/ModuleCache.noindex -serialize-diagnostics -emit-dependencies -emit-module -emit-module-path /Users/admin/builder/spi-builder-workspace/.derivedData/Build/Intermediates.noindex/SwiftGlow.build/Debug-watchos/SwiftGlow.build/Objects-normal/arm64_32/SwiftGlow.swiftmodule -validate-clang-modules-once -clang-build-session-file /Users/admin/builder/spi-builder-workspace/.derivedData/ModuleCache.noindex/Session.modulevalidation -package-name spi_builder_workspace -Xcc -I/Users/admin/builder/spi-builder-workspace/.derivedData/Build/Intermediates.noindex/SwiftGlow.build/Debug-watchos/SwiftGlow.build/swift-overrides.hmap -emit-const-values -Xfrontend -const-gather-protocols-file -Xfrontend /Users/admin/builder/spi-builder-workspace/.derivedData/Build/Intermediates.noindex/SwiftGlow.build/Debug-watchos/SwiftGlow.build/Objects-normal/arm64_32/SwiftGlow_const_extract_protocols.json -Xcc -I/Users/admin/builder/spi-builder-workspace/.derivedData/Build/Products/Debug-watchos/include -Xcc -I/Users/admin/builder/spi-builder-workspace/.derivedData/Build/Intermediates.noindex/SwiftGlow.build/Debug-watchos/SwiftGlow.build/DerivedSources-normal/arm64_32 -Xcc -I/Users/admin/builder/spi-builder-workspace/.derivedData/Build/Intermediates.noindex/SwiftGlow.build/Debug-watchos/SwiftGlow.build/DerivedSources/arm64_32 -Xcc -I/Users/admin/builder/spi-builder-workspace/.derivedData/Build/Intermediates.noindex/SwiftGlow.build/Debug-watchos/SwiftGlow.build/DerivedSources -Xcc -DSWIFT_PACKAGE -Xcc -DDEBUG\=1 -emit-objc-header -emit-objc-header-path /Users/admin/builder/spi-builder-workspace/.derivedData/Build/Intermediates.noindex/SwiftGlow.build/Debug-watchos/SwiftGlow.build/Objects-normal/arm64_32/SwiftGlow-Swift.h -working-directory /Users/admin/builder/spi-builder-workspace/.swiftpm/xcode -experimental-emit-module-separately -disable-cmo
/Users/admin/builder/spi-builder-workspace/Sources/SwiftGlow/GlowRenderer.swift:2:8: error: Unable to find module dependency: 'MetalKit'
import MetalKit
^ (in target 'SwiftGlow' from project 'SwiftGlow')
/Users/admin/builder/spi-builder-workspace/Sources/SwiftGlow/GlowRenderer.swift:2:8: note: A dependency of main module 'SwiftGlow'
import MetalKit
^ (in target 'SwiftGlow' from project 'SwiftGlow')
/Users/admin/builder/spi-builder-workspace/Sources/SwiftGlow/MetalGlowView.swift:1:8: note: Also imported here
import MetalKit
^ (in target 'SwiftGlow' from project 'SwiftGlow')
2026-07-02 14:55:42.937 xcodebuild[632:4216] [MT] IDERunDestination: Supported platforms for the buildables in the current scheme is empty.
/Users/admin/builder/spi-builder-workspace/Sources/SwiftGlow/GlowRenderer.swift:2:8: error: Unable to find module dependency: 'MetalKit'
import MetalKit
^
/Users/admin/builder/spi-builder-workspace/Sources/SwiftGlow/GlowRenderer.swift:2:8: note: a dependency of main module 'SwiftGlow'
import MetalKit
^
/Users/admin/builder/spi-builder-workspace/Sources/SwiftGlow/MetalGlowView.swift:1:8: note: also imported here
import MetalKit
^
/Users/admin/builder/spi-builder-workspace/Sources/SwiftGlow/GlowRenderer.swift:2:8: error: Unable to find module dependency: 'MetalKit'
import MetalKit
^
/Users/admin/builder/spi-builder-workspace/Sources/SwiftGlow/GlowRenderer.swift:2:8: note: a dependency of main module 'SwiftGlow'
import MetalKit
^
/Users/admin/builder/spi-builder-workspace/Sources/SwiftGlow/MetalGlowView.swift:1:8: note: also imported here
import MetalKit
^
/Users/admin/builder/spi-builder-workspace/Sources/SwiftGlow/GlowRenderer.swift:2:8: error: Unable to find module dependency: 'MetalKit'
import MetalKit
^
/Users/admin/builder/spi-builder-workspace/Sources/SwiftGlow/GlowRenderer.swift:2:8: note: a dependency of main module 'SwiftGlow'
import MetalKit
^
/Users/admin/builder/spi-builder-workspace/Sources/SwiftGlow/MetalGlowView.swift:1:8: note: also imported here
import MetalKit
^
** BUILD FAILED **
The following build commands failed:
SwiftDriver SwiftGlow normal armv7k com.apple.xcode.tools.swift.compiler (in target 'SwiftGlow' from project 'SwiftGlow')
SwiftDriver SwiftGlow normal arm64 com.apple.xcode.tools.swift.compiler (in target 'SwiftGlow' from project 'SwiftGlow')
SwiftDriver SwiftGlow normal arm64_32 com.apple.xcode.tools.swift.compiler (in target 'SwiftGlow' from project 'SwiftGlow')
Building workspace spi-builder-workspace with scheme SwiftGlow
(4 failures)
BUILD FAILURE 6.2 watchOS