The Swift Package Index logo.Swift Package Index

Build Information

Failed to build Bounds, reference 9.9.21000 (98b0f6), with Swift 6.4 for watchOS using Xcode 27.0 on 10 Oct 2026 13:16:48 UTC.

Build Command

env DEVELOPER_DIR=/Applications/Xcode-27.0.0-Release.Candidate.app xcrun xcodebuild -IDEClonedSourcePackagesDirPathOverride=$PWD/.dependencies -skipMacroValidation -skipPackagePluginValidation -derivedDataPath $PWD/.derivedData build -scheme Bounds -destination generic/platform=watchOS

Build Log

========================================
RunAll
========================================
Builder version: 5.1.1
Interrupt handler set up.
========================================
Checkout
========================================
Clone URL: https://github.com/regulaforensics/DocumentReaderBounds-Swift-Package.git
Reference: 9.9.21000
Initialized empty Git repository in /Users/admin/builder/spi-builder-workspace/.git/
From https://github.com/regulaforensics/DocumentReaderBounds-Swift-Package
 * tag               9.9.21000  -> FETCH_HEAD
HEAD is now at 98b0f65 Release 9.9.21000
Cloned https://github.com/regulaforensics/DocumentReaderBounds-Swift-Package.git
Revision (git rev-parse @):
98b0f6543dc88ca93ccb72161d4b44549e7ad541
SUCCESS checkout https://github.com/regulaforensics/DocumentReaderBounds-Swift-Package.git at 9.9.21000
========================================
Build
========================================
Selected platform:         watchOS
Swift version:             6.4
Building package at path:  $PWD
https://github.com/regulaforensics/DocumentReaderBounds-Swift-Package.git
Command line invocation:
    /Applications/Xcode-27.0.0.app/Contents/Developer/usr/bin/xcodebuild -IDEClonedSourcePackagesDirPathOverride=/Users/admin/builder/spi-builder-workspace/.dependencies -resolvePackageDependencies
Resolve Package Graph
Resolve Package Graph
Resolved source packages:
  Bounds: /Users/admin/builder/spi-builder-workspace
resolved source packages: Bounds
2026-10-10 09:16:01.767 xcodebuild[524:2990] [MT] IDERunDestination: Supported platforms for the buildables in the current scheme is empty.
{
  "dependencies" : [
  ],
  "manifest_display_name" : "Bounds",
  "name" : "Bounds",
  "path" : "/Users/admin/builder/spi-builder-workspace",
  "platforms" : [
    {
      "name" : "ios",
      "version" : "15.0"
    }
  ],
  "products" : [
    {
      "name" : "Bounds",
      "targets" : [
        "Bounds"
      ],
      "type" : {
        "library" : [
          "automatic"
        ]
      }
    }
  ],
  "targets" : [
    {
      "c99name" : "Bounds",
      "module_type" : "BinaryTarget",
      "name" : "Bounds",
      "path" : "remote/archive/DocumentReaderCore_bounds_9.9.21000.zip",
      "product_memberships" : [
        "Bounds"
      ],
      "sources" : [
      ],
      "type" : "binary"
    }
  ],
  "tools_version" : "5.5"
}
{
  "workspace" : {
    "name" : "Bounds",
    "schemes" : [
      "Bounds"
    ]
  }
}
2026-10-10 09:16:42.621 xcodebuild[655:4108] [MT] IDERunDestination: Supported platforms for the buildables in the current scheme is empty.
Running build ...
env DEVELOPER_DIR=/Applications/Xcode-27.0.0-Release.Candidate.app xcrun xcodebuild -IDEClonedSourcePackagesDirPathOverride=$PWD/.dependencies -skipMacroValidation -skipPackagePluginValidation -derivedDataPath $PWD/.derivedData build -scheme Bounds -destination generic/platform=watchOS
Command line invocation:
    /Applications/Xcode-27.0.0.app/Contents/Developer/usr/bin/xcodebuild -IDEClonedSourcePackagesDirPathOverride=/Users/admin/builder/spi-builder-workspace/.dependencies -skipMacroValidation -skipPackagePluginValidation -derivedDataPath /Users/admin/builder/spi-builder-workspace/.derivedData build -scheme Bounds -destination generic/platform=watchOS
Resolve Package Graph
Resolved source packages:
  Bounds: /Users/admin/builder/spi-builder-workspace
ComputePackagePrebuildTargetDependencyGraph
Prepare packages
CreateBuildRequest
SendProjectDescription
CreateBuildOperation
ComputeTargetDependencyGraph
note: Building targets in dependency order
note: Target dependency graph (1 target)
    Target 'Bounds-product' in project 'Bounds' (no dependencies)
GatherProvisioningInputs
CreateBuildDescription
ExecuteExternalTool /Applications/Xcode-27.0.0.app/Contents/Developer/Toolchains/XcodeDefault.xctoolchain/usr/bin/clang -v -E -dM -isysroot /Applications/Xcode-27.0.0.app/Contents/Developer/Platforms/WatchOS.platform/Developer/SDKs/WatchOS27.0.sdk -x c -c /dev/null
Build description signature: c7a3db6f547b6a820653d390c53b4831
Build description path: /Users/admin/builder/spi-builder-workspace/.derivedData/Build/Intermediates.noindex/XCBuildData/c7a3db6f547b6a820653d390c53b4831.xcbuilddata
/Users/admin/builder/spi-builder-workspace/.dependencies/artifacts/spi-builder-workspace/Bounds/DocumentReaderCore.xcframework:1:1: error: While building for watchOS, no library for this platform was found in '/Users/admin/builder/spi-builder-workspace/.dependencies/artifacts/spi-builder-workspace/Bounds/DocumentReaderCore.xcframework'. (in target 'Bounds-product' from project 'Bounds')
2026-10-10 09:16:44.204 xcodebuild[656:4150] [MT] IDERunDestination: Supported platforms for the buildables in the current scheme is empty.
** BUILD FAILED **
The following build commands failed:
	Building workspace Bounds with scheme Bounds
(1 failure)
Command line invocation:
    /Applications/Xcode-27.0.0.app/Contents/Developer/usr/bin/xcodebuild -IDEClonedSourcePackagesDirPathOverride=/Users/admin/builder/spi-builder-workspace/.dependencies -resolvePackageDependencies
Resolve Package Graph
Resolved source packages:
  Bounds: /Users/admin/builder/spi-builder-workspace
resolved source packages: Bounds
2026-10-10 09:16:45.848 xcodebuild[668:4250] [MT] IDERunDestination: Supported platforms for the buildables in the current scheme is empty.
{
  "dependencies" : [
  ],
  "manifest_display_name" : "Bounds",
  "name" : "Bounds",
  "path" : "/Users/admin/builder/spi-builder-workspace",
  "platforms" : [
    {
      "name" : "ios",
      "version" : "15.0"
    }
  ],
  "products" : [
    {
      "name" : "Bounds",
      "targets" : [
        "Bounds"
      ],
      "type" : {
        "library" : [
          "automatic"
        ]
      }
    }
  ],
  "targets" : [
    {
      "c99name" : "Bounds",
      "module_type" : "BinaryTarget",
      "name" : "Bounds",
      "path" : "remote/archive/DocumentReaderCore_bounds_9.9.21000.zip",
      "product_memberships" : [
        "Bounds"
      ],
      "sources" : [
      ],
      "type" : "binary"
    }
  ],
  "tools_version" : "5.5"
}
{
  "workspace" : {
    "name" : "Bounds",
    "schemes" : [
      "Bounds"
    ]
  }
}
2026-10-10 09:16:47.107 xcodebuild[676:4309] [MT] IDERunDestination: Supported platforms for the buildables in the current scheme is empty.
Running build ...
env DEVELOPER_DIR=/Applications/Xcode-27.0.0-Release.Candidate.app xcrun xcodebuild -IDEClonedSourcePackagesDirPathOverride=$PWD/.dependencies -skipMacroValidation -skipPackagePluginValidation -derivedDataPath $PWD/.derivedData build -scheme Bounds -destination generic/platform=watchOS
Command line invocation:
    /Applications/Xcode-27.0.0.app/Contents/Developer/usr/bin/xcodebuild -IDEClonedSourcePackagesDirPathOverride=/Users/admin/builder/spi-builder-workspace/.dependencies -skipMacroValidation -skipPackagePluginValidation -derivedDataPath /Users/admin/builder/spi-builder-workspace/.derivedData build -scheme Bounds -destination generic/platform=watchOS
Resolve Package Graph
Resolved source packages:
  Bounds: /Users/admin/builder/spi-builder-workspace
ComputePackagePrebuildTargetDependencyGraph
Prepare packages
CreateBuildRequest
SendProjectDescription
CreateBuildOperation
ComputeTargetDependencyGraph
note: Building targets in dependency order
note: Target dependency graph (1 target)
    Target 'Bounds-product' in project 'Bounds' (no dependencies)
GatherProvisioningInputs
CreateBuildDescription
/Users/admin/builder/spi-builder-workspace/.dependencies/artifacts/spi-builder-workspace/Bounds/DocumentReaderCore.xcframework:1:1: error: While building for watchOS, no library for this platform was found in '/Users/admin/builder/spi-builder-workspace/.dependencies/artifacts/spi-builder-workspace/Bounds/DocumentReaderCore.xcframework'. (in target 'Bounds-product' from project 'Bounds')
2026-10-10 09:16:48.003 xcodebuild[677:4342] [MT] IDERunDestination: Supported platforms for the buildables in the current scheme is empty.
** BUILD FAILED **
The following build commands failed:
	Building workspace Bounds with scheme Bounds
(1 failure)
BUILD FAILURE 6.4 watchOS