The Swift Package Index logo.Swift Package Index

Build Information

Failed to build SymSpellSwift, reference 0.1.4 (673246), with Swift 6.4 for Linux on 22 Sep 2026 18:15:42 UTC.

Build Command

bash -c docker run --pull=always --rm -v "checkouts-54344847-0":/host -w "$PWD" -e JAVA_HOME="/root/.sdkman/candidates/java/current" -e SPI_BUILD="1" -e SPI_PROCESSING="1" registry.gitlab.com/saguaro1/spi-images:basic-6.4-latest swift build --triple x86_64-unknown-linux-gnu 2>&1

Build Log

========================================
RunAll
========================================
Builder version: 5.1.0
Interrupt handler set up.
========================================
Checkout
========================================
Clone URL: https://github.com/gdetari/SymSpellSwift.git
Reference: 0.1.4
Initialized empty Git repository in /host/spi-builder-workspace/.git/
hint: Using 'master' as the name for the initial branch. This default branch name
hint: is subject to change. To configure the initial branch name to use in all
hint: of your new repositories, which will suppress this warning, call:
hint:
hint: 	git config --global init.defaultBranch <name>
hint:
hint: Names commonly chosen instead of 'master' are 'main', 'trunk' and
hint: 'development'. The just-created branch can be renamed via this command:
hint:
hint: 	git branch -m <name>
From https://github.com/gdetari/SymSpellSwift
 * tag               0.1.4      -> FETCH_HEAD
HEAD is now at 673246e Merge pull request #1 from achembarpu/patch-1
Cloned https://github.com/gdetari/SymSpellSwift.git
Revision (git rev-parse @):
673246e16338440f6895e119bfacab308d11fce0
SUCCESS checkout https://github.com/gdetari/SymSpellSwift.git at 0.1.4
========================================
Build
========================================
Selected platform:         linux
Swift version:             6.4
Building package at path:  $PWD
https://github.com/gdetari/SymSpellSwift.git
Running build ...
bash -c docker run --pull=always --rm -v "checkouts-54344847-0":/host -w "$PWD" -e JAVA_HOME="/root/.sdkman/candidates/java/current" -e SPI_BUILD="1" -e SPI_PROCESSING="1" registry.gitlab.com/saguaro1/spi-images:basic-6.4-latest swift build --triple x86_64-unknown-linux-gnu 2>&1
basic-6.4-latest: Pulling from saguaro1/spi-images
Digest: sha256:c77fcce225e223ac0fafed844619173fc6de8d62dd560eeb28db3182af6a282b
Status: Image is up to date for registry.gitlab.com/saguaro1/spi-images:basic-6.4-latest
warning: 'spi-builder-workspace': found 4 file(s) which are unhandled; explicitly declare them as resources or exclude from the target
    /host/spi-builder-workspace/Sources/Benchmark/frequency_dictionary_en_30_000.txt
    /host/spi-builder-workspace/Sources/Benchmark/frequency_dictionary_en_500_000.txt
    /host/spi-builder-workspace/Sources/Benchmark/frequency_dictionary_en_82_765.txt
    /host/spi-builder-workspace/Sources/Benchmark/noisy_query_en_1000.txt
Building for debugging...
[Pre-planning 1 / 124]
[6 / 40]
[33 / 45] SymSpellSwift
[41 / 48] Benchmark-product
error: SwiftCompile normal x86_64 /host/spi-builder-workspace/Sources/SymSpellSwift/SymSpell.swift failed with a nonzero exit code. Command line:     cd /host
    builtin-SwiftPerFileCompile SymSpell.swift
/host/spi-builder-workspace/Sources/SymSpellSwift/SymSpell.swift:66:35: error: value of type 'URL' has no member 'lines'
 64 |         let expectedComponentsCount = max(termIndex + 1, countIndex) + 1
 65 |         bigrams.reserveCapacity(termCount)
 66 |         for try await line in url.lines {
    |                                   `- error: value of type 'URL' has no member 'lines'
 67 |             let components = line.split(separator: self.separator, maxSplits: expectedComponentsCount - 1)
 68 |
/host/spi-builder-workspace/Sources/SymSpellSwift/SymSpell.swift:89:35: error: value of type 'URL' has no member 'lines'
 87 |         deletes.reserveCapacity(termCount)
 88 |
 89 |         for try await line in url.lines {
    |                                   `- error: value of type 'URL' has no member 'lines'
 90 |             let components = line.split(separator: self.separator, maxSplits: expectedComponentsCount - 1)
 91 |             if components.count == expectedComponentsCount, let count = Int(components[countIndex]) {
/host/spi-builder-workspace/Sources/SymSpellSwift/SymSpell.swift:505:81: error: 'byWords' is unavailable: Enumeration by words isn't supported in swift-corelibs-foundation
503 |     private func parseWords(_ text: String) -> [String] {
504 |         var words = [String]()
505 |         text.enumerateSubstrings(in: text.startIndex..<text.endIndex, options: .byWords) { substring, _, _, _ in
    |                                                                                 `- error: 'byWords' is unavailable: Enumeration by words isn't supported in swift-corelibs-foundation
506 |             if let substring {
507 |                 words.append(substring)
Foundation.NSString.EnumerationOptions.byWords:4:23: note: 'byWords' has been explicitly marked unavailable here
2 |   struct EnumerationOptions {
3 | @available(*, unavailable, message: "Enumeration by words isn't supported in swift-corelibs-foundation")
4 |     public static let byWords: NSString.EnumerationOptions  }
  |                       `- note: 'byWords' has been explicitly marked unavailable here
5 | }
6 |
Failed frontend command:
/usr/bin/swift-frontend -frontend -c /host/spi-builder-workspace/Sources/SymSpellSwift/String+Extension.swift /host/spi-builder-workspace/Sources/SymSpellSwift/SuggestItem.swift -primary-file /host/spi-builder-workspace/Sources/SymSpellSwift/SymSpell.swift -emit-dependencies-path /host/spi-builder-workspace/.build/out/Intermediates.noindex/SymSpellSwift.build/Debug-linux-x86_64/SymSpellSwift-t.build/Objects-normal/x86_64/SymSpell.d -emit-const-values-path /host/spi-builder-workspace/.build/out/Intermediates.noindex/SymSpellSwift.build/Debug-linux-x86_64/SymSpellSwift-t.build/Objects-normal/x86_64/SymSpell.swiftconstvalues -emit-reference-dependencies-path /host/spi-builder-workspace/.build/out/Intermediates.noindex/SymSpellSwift.build/Debug-linux-x86_64/SymSpellSwift-t.build/Objects-normal/x86_64/SymSpell.swiftdeps -serialize-diagnostics-path /host/spi-builder-workspace/.build/out/Intermediates.noindex/SymSpellSwift.build/Debug-linux-x86_64/SymSpellSwift-t.build/Objects-normal/x86_64/SymSpell.dia -target x86_64-unknown-linux-gnu -disable-objc-interop -I /host/spi-builder-workspace/.build/out/Products/Debug-linux-x86_64 -module-cache-path /host/spi-builder-workspace/.build/out/ModuleCache.noindex -color-diagnostics -Xcc -fcolor-diagnostics -enable-testing -g -debug-info-format\=dwarf -dwarf-version\=4 -swift-version 5 -Onone -D SWIFT_PACKAGE -D DEBUG -D SWIFT_MODULE_RESOURCE_BUNDLE_UNAVAILABLE -D Xcode -serialize-debugging-options -enable-experimental-feature DebugDescriptionMacro -empty-abi-descriptor -external-plugin-path /usr/lib/swift/host/plugins/testing\#/usr/bin/swift-plugin-server -validate-clang-modules-once -clang-build-session-file /host/spi-builder-workspace/.build/out/ModuleCache.noindex/Session.modulevalidation -Xcc -working-directory -Xcc /host -enable-anonymous-context-mangled-names -file-compilation-dir /host -Xcc -fno-omit-frame-pointer -Xcc -D_LIBCPP_HARDENING_MODE\=_LIBCPP_HARDENING_MODE_DEBUG -Xcc -fmodules-prune-interval\=86400 -Xcc -fmodules-prune-after\=345600 -Xcc -I/host/spi-builder-workspace/.build/out/Products/Debug-linux-x86_64/include -Xcc -I/host/spi-builder-workspace/.build/out/Intermediates.noindex/SymSpellSwift.build/Debug-linux-x86_64/SymSpellSwift-t.build/DerivedSources-normal/x86_64 -Xcc -I/host/spi-builder-workspace/.build/out/Intermediates.noindex/SymSpellSwift.build/Debug-linux-x86_64/SymSpellSwift-t.build/DerivedSources/x86_64 -Xcc -I/host/spi-builder-workspace/.build/out/Intermediates.noindex/SymSpellSwift.build/Debug-linux-x86_64/SymSpellSwift-t.build/DerivedSources -Xcc -DSWIFT_PACKAGE -Xcc -DDEBUG\=1 -no-auto-bridging-header-chaining -module-name SymSpellSwift -package-name spi_builder_workspace -const-gather-protocols-file /host/spi-builder-workspace/.build/out/Intermediates.noindex/SymSpellSwift.build/Debug-linux-x86_64/SymSpellSwift-t.build/Objects-normal/x86_64/SymSpellSwift_const_extract_protocols.json -in-process-plugin-server-path /usr/lib/swift/host/libSwiftInProcPluginServer.so -plugin-path /usr/lib/swift/host/plugins -plugin-path /usr/local/lib/swift/host/plugins -parse-as-library -o /host/spi-builder-workspace/.build/out/Intermediates.noindex/SymSpellSwift.build/Debug-linux-x86_64/SymSpellSwift-t.build/Objects-normal/x86_64/SymSpell.o -index-unit-output-path /SymSpellSwift.build/Debug-linux-x86_64/SymSpellSwift-t.build/Objects-normal/x86_64/SymSpell.o -index-store-path /host/spi-builder-workspace/.build/out -index-system-modules
error: Build failed
BUILD FAILURE 6.4 linux