The Swift Package Index logo.Swift Package Index

Build Information

Failed to build Axt, reference master (23a8a9), with Swift 6.4 for macOS (SPM) on 18 Sep 2026 19:14:43 UTC.

Build Command

env DEVELOPER_DIR=/Applications/Xcode-27.0.0-Release.Candidate.app xcrun swift build --arch arm64

Build Log

========================================
RunAll
========================================
Builder version: 5.1.0
Interrupt handler set up.
========================================
Checkout
========================================
Clone URL: https://github.com/soundcloud/Axt.git
Reference: master
Initialized empty Git repository in /Users/admin/builder/spi-builder-workspace/.git/
From https://github.com/soundcloud/Axt
 * branch            master     -> FETCH_HEAD
 * [new branch]      master     -> origin/master
HEAD is now at 23a8a92 Update README.md
Cloned https://github.com/soundcloud/Axt.git
Revision (git rev-parse @):
23a8a92bd77ac9865f8d38f23f07f3ed42ce4da9
SUCCESS checkout https://github.com/soundcloud/Axt.git at master
========================================
Build
========================================
Selected platform:         macosSpm
Swift version:             6.4
Building package at path:  $PWD
https://github.com/soundcloud/Axt.git
Running build ...
env DEVELOPER_DIR=/Applications/Xcode-27.0.0-Release.Candidate.app xcrun swift build --arch arm64
Building for debugging...
[Planning deferred tasks]
[19 / 28]
[20 / 29] Axt
[30 / 106]
[33 / 106]
[41 / 106]
[43 / 106]
[44 / 106]
[49 / 106]
[51 / 106]
[53 / 106]
[56 / 106]
[61 / 106]
[64 / 106]
[66 / 106]
[67 / 106]
[77 / 106]
[79 / 106]
[80 / 106]
[83 / 106]
[85 / 106]
[97 / 106] Axt
error: SwiftCompile normal arm64 failed with a nonzero exit code. Command line:     cd /Users/admin/builder

/Users/admin/builder/spi-builder-workspace/Sources/Axt/AxtTest/AxtTest.swift:7:25: error: cannot find type 'UIWindow' in scope
 5 |
 6 | public final class AxtTest {
 7 |     private var window: UIWindow!
   |                         `- error: cannot find type 'UIWindow' in scope
 8 |     public private(set) var hostingController: UIViewController!
 9 |
/Users/admin/builder/spi-builder-workspace/Sources/Axt/AxtTest/AxtTest.swift:8:48: error: cannot find type 'UIViewController' in scope
 6 | public final class AxtTest {
 7 |     private var window: UIWindow!
 8 |     public private(set) var hostingController: UIViewController!
   |                                                `- error: cannot find type 'UIViewController' in scope
 9 |
10 |     public internal(set) static var sheets: [UUID: AxtTest] = [:]
/Users/admin/builder/spi-builder-workspace/Sources/Axt/hostAxtSheet.swift:24:59: error: cannot find type 'UIViewController' in scope
22 |     }
23 |
24 |     public func makeUIViewController(context: Context) -> UIViewController {
   |                                                           `- error: cannot find type 'UIViewController' in scope
25 |         let test = AxtTest(content)
26 |         AxtTest.sheets[context.coordinator.id] = test
/Users/admin/builder/spi-builder-workspace/Sources/Axt/hostAxtSheet.swift:24:47: error: cannot find type 'Context' in scope
22 |     }
23 |
24 |     public func makeUIViewController(context: Context) -> UIViewController {
   |                                               `- error: cannot find type 'Context' in scope
25 |         let test = AxtTest(content)
26 |         AxtTest.sheets[context.coordinator.id] = test
/Users/admin/builder/spi-builder-workspace/Sources/Axt/hostAxtSheet.swift:30:43: error: cannot find type 'UIViewController' in scope
28 |     }
29 |
30 |     public func updateUIViewController(_: UIViewController, context: Context) {
   |                                           `- error: cannot find type 'UIViewController' in scope
31 |         let test = AxtTest.sheets[context.coordinator.id]
32 |         (test?.hostingController as? UIHostingController<Content>)?.rootView = content
/Users/admin/builder/spi-builder-workspace/Sources/Axt/hostAxtSheet.swift:30:70: error: cannot find type 'Context' in scope
28 |     }
29 |
30 |     public func updateUIViewController(_: UIViewController, context: Context) {
   |                                                                      `- error: cannot find type 'Context' in scope
31 |         let test = AxtTest.sheets[context.coordinator.id]
32 |         (test?.hostingController as? UIHostingController<Content>)?.rootView = content
/Users/admin/builder/spi-builder-workspace/Sources/Axt/hostAxtSheet.swift:35:53: error: cannot find type 'UIViewController' in scope
33 |     }
34 |
35 |     public static func dismantleUIViewController(_: UIViewController, coordinator: Coordinator) {
   |                                                     `- error: cannot find type 'UIViewController' in scope
36 |         AxtTest.sheets.removeValue(forKey: coordinator.id)
37 |     }
/Users/admin/builder/spi-builder-workspace/Sources/Axt/hostAxtSheet.swift:17:33: error: cannot find type 'UIViewControllerRepresentable' in scope
15 | #if TESTABLE
16 |
17 | struct AxtSheet<Content: View>: UIViewControllerRepresentable {
   |                                 `- error: cannot find type 'UIViewControllerRepresentable' in scope
18 |     let content: Content
19 |
Failed frontend command:
/Applications/Xcode-27.0.0-Release.Candidate.app/Contents/Developer/Toolchains/XcodeDefault.xctoolchain/usr/bin/swift-frontend -frontend -emit-module -experimental-skip-non-inlinable-function-bodies-without-types /Users/admin/builder/spi-builder-workspace/Sources/Axt/Axt.swift /Users/admin/builder/spi-builder-workspace/Sources/Axt/AxtTest/Axt+description.swift /Users/admin/builder/spi-builder-workspace/Sources/Axt/AxtTest/Axt+find.swift /Users/admin/builder/spi-builder-workspace/Sources/Axt/AxtTest/AxtChildNode.swift /Users/admin/builder/spi-builder-workspace/Sources/Axt/AxtTest/AxtElement.swift /Users/admin/builder/spi-builder-workspace/Sources/Axt/AxtTest/AxtNode.swift /Users/admin/builder/spi-builder-workspace/Sources/Axt/AxtTest/AxtTest.swift /Users/admin/builder/spi-builder-workspace/Sources/Axt/AxtTest/Publisher+Compatibility.swift /Users/admin/builder/spi-builder-workspace/Sources/Axt/AxtTest/Publisher+firstValue.swift /Users/admin/builder/spi-builder-workspace/Sources/Axt/AxtTest/printHierarchy.swift /Users/admin/builder/spi-builder-workspace/Sources/Axt/AxtView.swift /Users/admin/builder/spi-builder-workspace/Sources/Axt/Modifier.swift /Users/admin/builder/spi-builder-workspace/Sources/Axt/Native/Button.swift /Users/admin/builder/spi-builder-workspace/Sources/Axt/Native/NavigationLink.swift /Users/admin/builder/spi-builder-workspace/Sources/Axt/Native/Text.swift /Users/admin/builder/spi-builder-workspace/Sources/Axt/Native/TextField.swift /Users/admin/builder/spi-builder-workspace/Sources/Axt/Native/Toggle.swift /Users/admin/builder/spi-builder-workspace/Sources/Axt/NativeView.swift /Users/admin/builder/spi-builder-workspace/Sources/Axt/View+testData.swift /Users/admin/builder/spi-builder-workspace/Sources/Axt/View+testId.swift /Users/admin/builder/spi-builder-workspace/Sources/Axt/dig.swift /Users/admin/builder/spi-builder-workspace/Sources/Axt/hostAxtSheet.swift -target arm64-apple-macos12.0 -disable-cross-import-overlay-search -load-resolved-plugin /Applications/Xcode-27.0.0-Release.Candidate.app/Contents/Developer/Platforms/MacOSX.platform/Developer/usr/lib/swift/host/plugins/libFoundationMacros.dylib\#/Applications/Xcode-27.0.0-Release.Candidate.app/Contents/Developer/Platforms/MacOSX.platform/Developer/usr/bin/swift-plugin-server\#FoundationMacros -load-resolved-plugin /Applications/Xcode-27.0.0-Release.Candidate.app/Contents/Developer/Platforms/MacOSX.platform/Developer/usr/lib/swift/host/plugins/libObservationMacros.dylib\#/Applications/Xcode-27.0.0-Release.Candidate.app/Contents/Developer/Platforms/MacOSX.platform/Developer/usr/bin/swift-plugin-server\#ObservationMacros -load-resolved-plugin /Applications/Xcode-27.0.0-Release.Candidate.app/Contents/Developer/Platforms/MacOSX.platform/Developer/usr/lib/swift/host/plugins/libPreviewsMacros.dylib\#/Applications/Xcode-27.0.0-Release.Candidate.app/Contents/Developer/Platforms/MacOSX.platform/Developer/usr/bin/swift-plugin-server\#PreviewsMacros -load-resolved-plugin /Applications/Xcode-27.0.0-Release.Candidate.app/Contents/Developer/Platforms/MacOSX.platform/Developer/usr/lib/swift/host/plugins/libSwiftMacros.dylib\#/Applications/Xcode-27.0.0-Release.Candidate.app/Contents/Developer/Platforms/MacOSX.platform/Developer/usr/bin/swift-plugin-server\#SwiftMacros -load-resolved-plugin /Applications/Xcode-27.0.0-Release.Candidate.app/Contents/Developer/Platforms/MacOSX.platform/Developer/usr/lib/swift/host/plugins/libSwiftUIMacros.dylib\#/Applications/Xcode-27.0.0-Release.Candidate.app/Contents/Developer/Platforms/MacOSX.platform/Developer/usr/bin/swift-plugin-server\#SwiftUIMacros -disable-implicit-swift-modules -Xcc -fno-implicit-modules -Xcc -fno-implicit-module-maps -explicit-swift-module-map-file /Users/admin/builder/spi-builder-workspace/.build/out/Intermediates.noindex/Axt.build/Debug/Axt-t.build/Objects-normal/arm64/Axt-dependencies-1.json -Xllvm -aarch64-use-tbi -enable-objc-interop -stack-check -sdk /Applications/Xcode-27.0.0-Release.Candidate.app/Contents/Developer/Platforms/MacOSX.platform/Developer/SDKs/MacOSX27.0.sdk -I /Users/admin/builder/spi-builder-workspace/.build/out/Products/Debug -Isystem /Applications/Xcode-27.0.0-Release.Candidate.app/Contents/Developer/Platforms/MacOSX.platform/Developer/usr/lib -F /Users/admin/builder/spi-builder-workspace/.build/out/Products/Debug -F /Applications/Xcode-27.0.0-Release.Candidate.app/Contents/Developer/Platforms/MacOSX.platform/Developer/Library/Frameworks -module-cache-path /Users/admin/builder/spi-builder-workspace/.build/out/Intermediates.noindex/SwiftExplicitPrecompiledModules -color-diagnostics -Xcc -fcolor-diagnostics -enable-testing -g -debug-info-format\=dwarf -dwarf-version\=4 -swift-version 5 -Onone -D SWIFT_PACKAGE -D DEBUG -D SWIFT_MODULE_RESOURCE_BUNDLE_UNAVAILABLE -D TESTABLE -D Xcode -serialize-debugging-options -enable-experimental-feature DebugDescriptionMacro -empty-abi-descriptor -validate-clang-modules-once -clang-build-session-file /Users/admin/builder/spi-builder-workspace/.build/out/ModuleCache.noindex/Session.modulevalidation -Xcc -working-directory -Xcc /Users/admin/builder -enable-anonymous-context-mangled-names -file-compilation-dir /Users/admin/builder -Xcc -D_LIBCPP_HARDENING_MODE\=_LIBCPP_HARDENING_MODE_DEBUG -Xcc -ivfsstatcache -Xcc /Users/admin/builder/spi-builder-workspace/.build/out/SDKStatCaches.noindex/macosx27.0-26A425-80c5bbf1d171475443272936d42f90a36a22442a12e9d48fe1a705f55a1adfc4.sdkstatcache -Xcc -fmodules-prune-interval\=86400 -Xcc -fmodules-prune-after\=345600 -Xcc -I/Users/admin/builder/spi-builder-workspace/.build/out/Products/Debug/include -Xcc -I/Users/admin/builder/spi-builder-workspace/.build/out/Intermediates.noindex/Axt.build/Debug/Axt-t.build/DerivedSources-normal/arm64 -Xcc -I/Users/admin/builder/spi-builder-workspace/.build/out/Intermediates.noindex/Axt.build/Debug/Axt-t.build/DerivedSources/arm64 -Xcc -I/Users/admin/builder/spi-builder-workspace/.build/out/Intermediates.noindex/Axt.build/Debug/Axt-t.build/DerivedSources -Xcc -DSWIFT_PACKAGE -Xcc -DDEBUG\=1 -no-auto-bridging-header-chaining -module-name Axt -const-gather-protocols-file /Users/admin/builder/spi-builder-workspace/.build/out/Intermediates.noindex/Axt.build/Debug/Axt-t.build/Objects-normal/arm64/Axt_const_extract_protocols.json -disable-clang-spi -clang-target arm64-apple-macos27.0 -target-sdk-version 27.0 -target-sdk-name macosx27.0 -in-process-plugin-server-path /Applications/Xcode-27.0.0-Release.Candidate.app/Contents/Developer/Toolchains/XcodeDefault.xctoolchain/usr/lib/swift/host/libSwiftInProcPluginServer.dylib -emit-module-doc-path /Users/admin/builder/spi-builder-workspace/.build/out/Intermediates.noindex/Axt.build/Debug/Axt-t.build/Objects-normal/arm64/Axt.swiftdoc -emit-module-source-info-path /Users/admin/builder/spi-builder-workspace/.build/out/Intermediates.noindex/Axt.build/Debug/Axt-t.build/Objects-normal/arm64/Axt.swiftsourceinfo -emit-objc-header-path /Users/admin/builder/spi-builder-workspace/.build/out/Intermediates.noindex/Axt.build/Debug/Axt-t.build/Objects-normal/arm64/Axt-Swift.h -serialize-diagnostics-path /Users/admin/builder/spi-builder-workspace/.build/out/Intermediates.noindex/Axt.build/Debug/Axt-t.build/Objects-normal/arm64/Axt-primary-emit-module.dia -emit-dependencies-path /Users/admin/builder/spi-builder-workspace/.build/out/Intermediates.noindex/Axt.build/Debug/Axt-t.build/Objects-normal/arm64/Axt-primary-emit-module.d -parse-as-library -o /Users/admin/builder/spi-builder-workspace/.build/out/Intermediates.noindex/Axt.build/Debug/Axt-t.build/Objects-normal/arm64/Axt.swiftmodule -emit-abi-descriptor-path /Users/admin/builder/spi-builder-workspace/.build/out/Intermediates.noindex/Axt.build/Debug/Axt-t.build/Objects-normal/arm64/Axt.abi.json
error: Build failed
BUILD FAILURE 6.4 macosSpm