The Swift Package Index logo.Swift Package Index

Build Information

Failed to build Arbiter, reference main (8dddd6), with Swift 6.2 for macOS (SPM) on 4 Sep 2026 10:55:00 UTC.

Build Command

env DEVELOPER_DIR=/Applications/Xcode-26.3.0.app xcrun swift build --arch arm64

Build Log

========================================
RunAll
========================================
Builder version: 5.0.2
Interrupt handler set up.
========================================
Checkout
========================================
Clone URL: https://github.com/sabby3861/Arbiter.git
Reference: main
Initialized empty Git repository in /Users/admin/builder/spi-builder-workspace/.git/
From https://github.com/sabby3861/Arbiter
 * branch            main       -> FETCH_HEAD
 * [new branch]      main       -> origin/main
HEAD is now at 8dddd65 docs: clear remaining DocC warnings on internal symbols and run parameters
Cloned https://github.com/sabby3861/Arbiter.git
Revision (git rev-parse @):
8dddd652fa763eb8f5e99382a4ebeca4828ef671
SUCCESS checkout https://github.com/sabby3861/Arbiter.git at main
========================================
Build
========================================
Selected platform:         macosSpm
Swift version:             6.2
Building package at path:  $PWD
https://github.com/sabby3861/Arbiter.git
Running build ...
env DEVELOPER_DIR=/Applications/Xcode-26.3.0.app xcrun swift build --arch arm64
[1/1] Compiling plugin Swift-DocC Preview
[2/2] Compiling plugin Swift-DocC
Building for debugging...
[2/190] Write sources
[4/190] Copying t5_tokenizer_config.json
[4/190] Copying gpt2_tokenizer_config.json
[6/190] Write sources
[22/190] Compiling _NumericsShims _NumericsShims.c
[23/190] Compiling version.cpp
[24/190] Write swift-version--3CB7CFEC50E0D141.txt
[25/190] Compiling scheduler.cpp
[26/190] Compiling utils.cpp
[27/206] Compiling stream.cpp
[28/210] Compiling string.cpp
[29/220] Compiling export.cpp
[30/220] Compiling fft.cpp
[31/220] Compiling io.cpp
[32/220] Compiling random.cpp
[35/220] Compiling RealModule RealFunctions.swift
[36/221] Emitting module InternalCollectionsUtilities
[37/222] Compiling InternalCollectionsUtilities UInt+first and last set bit.swift
[38/222] Compiling InternalCollectionsUtilities UInt+reversed.swift
[39/222] Compiling RealModule Float80+Real.swift
[40/222] Compiling RealModule Real.swift
[41/222] Compiling RealModule RelaxedArithmetic.swift
[42/222] Compiling InternalCollectionsUtilities UnsafeRawBufferPointer+Extras.swift
[43/222] Compiling InternalCollectionsUtilities _SortedCollection.swift
[44/222] Compiling RealModule Float16+Real.swift
[45/222] Compiling RealModule AugmentedArithmetic.swift
[46/222] Compiling RealModule Double+Real.swift
[47/222] Compiling RealModule ElementaryFunctions.swift
[48/222] Compiling InternalCollectionsUtilities Debugging.swift
[49/222] Compiling InternalCollectionsUtilities Descriptions.swift
[50/222] Emitting module RealModule
[51/222] Compiling RealModule Float+Real.swift
[52/222] Compiling InternalCollectionsUtilities LifetimeOverride.swift
[53/222] Compiling InternalCollectionsUtilities RandomAccessCollection+Offsets.swift
[54/222] Compiling InternalCollectionsUtilities _UniqueCollection.swift
[55/222] Compiling InternalCollectionsUtilities UnsafeMutableBufferPointer+Extras.swift
[56/222] Compiling InternalCollectionsUtilities UnsafeMutableRawBufferPointer+Extras.swift
[59/222] Compiling InternalCollectionsUtilities FixedWidthInteger+roundUpToPowerOfTwo.swift
[60/222] Compiling InternalCollectionsUtilities Integer rank.swift
[61/222] Compiling InternalCollectionsUtilities _UnsafeBitSet+Index.swift
[62/222] Compiling InternalCollectionsUtilities _UnsafeBitSet+_Word.swift
[63/222] Compiling InternalCollectionsUtilities _UnsafeBitSet.swift
[64/222] Compiling InternalCollectionsUtilities UnsafeBufferPointer+Extras.swift
[65/222] Compiling InternalCollectionsUtilities Span+Extras.swift
[66/222] Compiling InternalCollectionsUtilities String+Padding.swift
[66/222] Compiling no_gguf.cpp
[68/291] Compiling ComplexModule Polar.swift
[69/292] Compiling ComplexModule Complex+StringConvertible.swift
[70/292] Compiling ComplexModule Complex+Numeric.swift
[71/292] Compiling ComplexModule Complex+IntegerLiteral.swift
[72/292] Compiling ComplexModule Complex+Hashable.swift
[73/292] Compiling ComplexModule Complex.swift
[74/292] Compiling ComplexModule Scale.swift
[75/292] Compiling ComplexModule Complex+ElementaryFunctions.swift
[76/292] Compiling ComplexModule Complex+Codable.swift
[77/292] Compiling OrderedCollections _HashTable+Bucket.swift
[78/292] Compiling OrderedCollections _HashTable+BucketIterator.swift
[79/292] Emitting module ComplexModule
[80/292] Compiling OrderedCollections OrderedSet+Partial SetAlgebra symmetricDifference.swift
[81/292] Compiling OrderedCollections OrderedSet+Partial SetAlgebra union.swift
[82/292] Compiling OrderedCollections OrderedSet+Partial SetAlgebra+Basics.swift
[83/292] Compiling OrderedCollections OrderedSet+RandomAccessCollection.swift
[84/292] Compiling OrderedCollections OrderedSet+ReserveCapacity.swift
[85/292] Compiling OrderedCollections OrderedSet+Sendable.swift
[86/298] Compiling OrderedCollections OrderedSet+CustomReflectable.swift
[87/298] Compiling OrderedCollections OrderedSet+Descriptions.swift
[88/298] Compiling OrderedCollections OrderedSet+Diffing.swift
[89/298] Compiling OrderedCollections OrderedSet+Equatable.swift
[90/298] Compiling OrderedCollections OrderedSet+ExpressibleByArrayLiteral.swift
[91/298] Compiling OrderedCollections OrderedSet+Hashable.swift
[92/298] Compiling OrderedCollections OrderedDictionary+Equatable.swift
[93/298] Compiling OrderedCollections OrderedDictionary+ExpressibleByDictionaryLiteral.swift
[94/298] Compiling OrderedCollections OrderedDictionary+Hashable.swift
[95/298] Compiling OrderedCollections OrderedDictionary+Initializers.swift
[96/298] Compiling OrderedCollections OrderedDictionary+Invariants.swift
[97/298] Compiling OrderedCollections OrderedDictionary+Move.swift
[98/298] Compiling OrderedCollections OrderedDictionary+Partial MutableCollection.swift
[99/298] Compiling OrderedCollections OrderedDictionary+Partial RangeReplaceableCollection.swift
[100/298] Compiling OrderedCollections OrderedDictionary+Sendable.swift
[101/298] Compiling OrderedCollections OrderedDictionary+Sequence.swift
[102/298] Compiling OrderedCollections OrderedDictionary+Values.swift
[103/298] Compiling OrderedCollections OrderedDictionary.swift
[104/298] Compiling OrderedCollections OrderedSet+Codable.swift
[104/298] Compiling graph_utils.cpp
[106/298] Compiling OrderedCollections _Hashtable+Header.swift
[107/298] Compiling OrderedCollections OrderedDictionary+Codable.swift
[108/298] Compiling OrderedCollections OrderedDictionary+CustomReflectable.swift
[109/298] Compiling OrderedCollections OrderedDictionary+Deprecations.swift
[110/298] Compiling OrderedCollections OrderedDictionary+Descriptions.swift
[111/298] Compiling OrderedCollections OrderedDictionary+Elements.SubSequence.swift
[112/298] Compiling OrderedCollections OrderedDictionary+Elements.swift
[112/300] Compiling load.cpp
[114/300] Compiling Numerics Numerics.swift
[115/300] Emitting module Numerics
[115/300] Compiling transforms.cpp
[119/300] Compiling OrderedCollections _HashTable+Constants.swift
[120/300] Compiling OrderedCollections _HashTable+CustomStringConvertible.swift
[121/300] Compiling OrderedCollections _HashTable+Testing.swift
[122/300] Compiling OrderedCollections _HashTable+UnsafeHandle.swift
[123/300] Compiling OrderedCollections _HashTable.swift
[123/300] Compiling linalg.cpp
[125/300] Compiling OrderedCollections OrderedSet+Partial SetAlgebra formIntersection.swift
[126/300] Compiling OrderedCollections OrderedSet+Partial SetAlgebra formSymmetricDifference.swift
[127/300] Compiling OrderedCollections OrderedSet+Partial SetAlgebra formUnion.swift
[128/300] Compiling OrderedCollections OrderedSet+Partial SetAlgebra intersection.swift
[129/300] Compiling OrderedCollections OrderedSet+Partial SetAlgebra isDisjoint.swift
[130/300] Compiling OrderedCollections OrderedSet+Partial SetAlgebra isEqualSet.swift
[131/300] Compiling OrderedCollections OrderedSet+Initializers.swift
[132/300] Compiling OrderedCollections OrderedSet+Insertions.swift
[133/300] Compiling OrderedCollections OrderedSet+Invariants.swift
[134/300] Compiling OrderedCollections OrderedSet+Move.swift
[135/300] Compiling OrderedCollections OrderedSet+Partial MutableCollection.swift
[136/300] Compiling OrderedCollections OrderedSet+Partial RangeReplaceableCollection.swift
[137/300] Compiling OrderedCollections OrderedSet+Partial SetAlgebra isStrictSubset.swift
[138/300] Compiling OrderedCollections OrderedSet+Partial SetAlgebra isStrictSuperset.swift
[139/300] Compiling OrderedCollections OrderedSet+Partial SetAlgebra isSubset.swift
[140/300] Compiling OrderedCollections OrderedSet+Partial SetAlgebra isSuperset.swift
[141/300] Compiling OrderedCollections OrderedSet+Partial SetAlgebra subtract.swift
[142/300] Compiling OrderedCollections OrderedSet+Partial SetAlgebra subtracting.swift
[143/300] Compiling OrderedCollections OrderedSet+SubSequence.swift
[144/300] Compiling OrderedCollections OrderedSet+Testing.swift
[145/300] Compiling OrderedCollections OrderedSet+UnorderedView.swift
[146/300] Compiling OrderedCollections OrderedSet+UnstableInternals.swift
[147/300] Compiling OrderedCollections OrderedSet.swift
[148/300] Compiling OrderedCollections _UnsafeBitset.swift
[148/300] Compiling fft.cpp
[150/300] Emitting module OrderedCollections
[150/300] Compiling dtype_utils.cpp
[151/300] Compiling dtype.cpp
[152/314] Compiling no_ring.cpp
[153/314] Compiling primitives.cpp
[154/314] Compiling fast.cpp
[155/314] Compiling safetensors.cpp
[156/314] Compiling einsum.cpp
[157/314] Compiling device.cpp
[158/314] Compiling no_nccl.cpp
[159/314] Compiling primitives.cpp
[160/314] Compiling no_mpi.cpp
[161/314] Compiling ops.cpp
[162/314] Compiling distributed.cpp
[163/314] Compiling ops.cpp
[164/314] Compiling utils.cpp
[165/314] Compiling unary.cpp
[166/314] Compiling ternary.cpp
[167/314] Compiling compile.cpp
[168/314] Compiling softmax.cpp
[169/314] Compiling sort.cpp
[171/314] Compiling Jinja Tests.swift
[172/314] Compiling Jinja Token.swift
[173/314] Compiling Jinja Utilities.swift
[173/315] Compiling slicing.cpp
[174/315] Compiling scan.cpp
[175/315] Compiling resident.cpp
[177/315] Compiling Jinja Template.swift
[178/315] Compiling Jinja Macro.swift
[179/315] Compiling Jinja Parser.swift
[180/315] Compiling Jinja Interpreter.swift
[181/315] Compiling Jinja Lexer.swift
[182/315] Compiling Jinja PropertyMembers.swift
[183/315] Compiling Jinja AST.swift
[184/315] Compiling Jinja Error.swift
[185/315] Emitting module Jinja
[186/315] Compiling Jinja Filters.swift
[187/315] Compiling Jinja Globals.swift
[188/315] Compiling Jinja Value.swift
[188/315] Compiling rope.cpp
[189/315] Compiling scaled_dot_product_attention.cpp
[190/323] Compiling reduce.cpp
[191/323] Compiling primitives.cpp
[192/323] Compiling quantized.cpp
[193/323] Compiling normalization.cpp
[194/323] Compiling metal.cpp
[195/323] Compiling export.cpp
[196/323] Compiling logsumexp.cpp
[197/323] Compiling matmul.cpp
[198/323] Compiling fence.cpp
[199/323] Compiling jit_kernels.cpp
[200/323] Compiling hadamard.cpp
[201/323] Compiling indexing.cpp
[202/323] Compiling event.cpp
[204/323] Compiling Hub resource_bundle_accessor.swift
[204/323] Compiling eval.cpp
[205/323] Compiling distributed.cpp
[206/323] Compiling fft.cpp
[207/323] Compiling copy.cpp
[208/323] Compiling slicing.cpp
[209/323] Compiling conv.cpp
[210/323] Compiling compiled.cpp
[211/323] Compiling device.cpp
[212/323] Compiling binary.cpp
[213/323] Compiling threefry.cpp
[214/323] Compiling primitives.cpp
[216/323] Compiling Hub Hub.swift
[217/323] Compiling Hub JSONSerialization+BOM.swift
[218/323] Compiling Hub Downloader.swift
[219/323] Compiling Hub Config.swift
[220/323] Compiling Hub BinaryDistinct.swift
[221/323] Emitting module Hub
[222/323] Compiling Hub HubApi.swift
[222/323] Compiling allocator.cpp
[223/336] Compiling no_cuda.cpp
[224/336] Compiling custom_kernel.cpp
[226/336] Compiling Tokenizers UnigramTokenizer.swift
[227/336] Compiling Tokenizers Trie.swift
[227/337] Compiling copy.cpp
[229/337] Compiling Tokenizers Utils.swift
[230/337] Compiling Tokenizers TokenLattice.swift
[231/337] Compiling Tokenizers String+PreTokenization.swift
[232/337] Compiling Tokenizers ByteEncoder.swift
[233/337] Compiling Tokenizers Decoder.swift
[234/337] Compiling Tokenizers PreTokenizer.swift
[235/337] Compiling Tokenizers Normalizer.swift
[236/337] Compiling Tokenizers PostProcessor.swift
[237/337] Compiling Tokenizers BPETokenizer.swift
[238/337] Compiling Tokenizers BertTokenizer.swift
[239/337] Emitting module Tokenizers
[240/337] Compiling Tokenizers Tokenizer.swift
[240/337] Compiling select.cpp
[241/337] Compiling softmax.cpp
[242/341] Compiling svd.cpp
[243/341] Compiling scan.cpp
[244/341] Compiling quantized.cpp
[245/341] Compiling qrf.cpp
[246/341] Compiling sort.cpp
[247/341] Compiling primitives.cpp
[248/341] Compiling matmul.cpp
[249/341] Compiling jit_compiler.cpp
[251/341] Compiling Generation GenerationConfig.swift
[252/341] Compiling Generation Decoders.swift
[253/341] Emitting module Generation
[254/341] Compiling Generation Generation.swift
[254/341] Compiling unary.cpp
[255/345] Compiling logsumexp.cpp
[256/345] Compiling luf.cpp
[258/345] Compiling Models Weights.swift
[259/345] Compiling Models LanguageModelTypes.swift
[259/345] Compiling masked_mm.cpp
[261/345] Emitting module Models
[262/345] Compiling Models LanguageModel.swift
[262/345] Compiling hadamard.cpp
[263/345] Compiling inverse.cpp
[264/345] Compiling cblas.cpp
[265/345] Compiling encoder.cpp
[266/345] Compiling bnns.cpp
[267/345] Compiling eval.cpp
[268/345] Compiling fft.cpp
[269/345] Compiling available.cpp
[270/345] Compiling reduce.cpp
[271/345] Compiling distributed.cpp
[272/345] Compiling indexing.cpp
[273/345] Compiling eig.cpp
[274/345] Compiling utils.cpp
[275/345] Compiling slicing.cpp
[276/345] Compiling eigh.cpp
[277/345] Compiling arg_reduce.cpp
[278/345] Compiling reduce.cpp
[279/345] Compiling cholesky.cpp
[280/345] Compiling utils.cpp
[281/345] Compiling unary_ops.cpp
[282/345] Compiling unary.cpp
[283/345] Compiling broadcasting.cpp
[284/345] Compiling ternary_ops.cpp
[285/345] Compiling ternary.cpp
[286/345] Compiling steel_gemm_splitk.cpp
[287/345] Compiling steel_gemm_segmented.cpp
[288/345] Compiling steel_gemm_masked.cpp
[289/345] Compiling steel_gemm_gather.cpp
[290/345] Compiling steel_gemm_fused.cpp
[291/345] Compiling steel_conv.cpp
[292/345] Compiling steel_conv_general.cpp
[293/345] Compiling softmax.cpp
[294/345] Compiling sort.cpp
[295/345] Compiling load.cpp
[296/345] Compiling scatter.cpp
[297/345] Compiling scatter_axis.cpp
[298/345] Compiling scan.cpp
[299/345] Compiling reduce.cpp
[300/345] Compiling reduce_utils.cpp
[301/345] Compiling quantized_utils.cpp
[302/345] Compiling quantized.cpp
[303/345] Compiling logsumexp.cpp
[303/345] Compiling hadamard.cpp
[305/345] Compiling allocator.cpp
[306/345] Compiling gemm.cpp
[306/345] Compiling gemv_masked.cpp
[308/345] Compiling gather_front.cpp
[309/345] Compiling compiled.cpp
[310/345] Compiling gather_axis.cpp
[311/345] Compiling common.cpp
[312/345] Compiling fft.cpp
[313/345] Compiling gather.cpp
[313/345] Compiling fp4_quantized.cpp
[315/345] Compiling copy.cpp
[316/345] Compiling conv.cpp
[317/345] Compiling compiled_preamble.cpp
[318/345] Compiling binary_ops.cpp
[319/345] Compiling binary_two.cpp
[319/345] Compiling binary.cpp
[321/345] Compiling arange.cpp
[322/345] Compiling conv.cpp
[323/345] Compiling array.cpp
[324/345] Compiling copy.cpp
[325/345] Compiling version.cpp
[326/345] Compiling transforms_impl.cpp
[327/345] Compiling transforms.cpp
[328/345] Compiling vector.cpp
[329/345] Compiling ops.cpp
[330/345] Compiling metal.cpp
[331/345] Compiling memory.cpp
[332/345] Compiling error.cpp
[333/345] Compiling map.cpp
[334/345] Compiling compiled_conditional.cpp
[334/345] Write sources
[336/345] Compiling linalg.cpp
[337/345] Compiling io_types.cpp
[338/345] Compiling device.cpp
[339/345] Compiling fast.cpp
[340/345] Compiling compile.cpp
[341/345] Compiling format.cc
[342/345] Compiling closure.cpp
[343/345] Compiling array.cpp
[344/345] Compiling binary.cpp
[346/376] Compiling MLX MLXFastKernel.swift
[347/376] Compiling MLX Nested.swift
[348/376] Compiling MLX Ops+Array.swift
[349/379] Compiling MLX Foundation+Util.swift
[350/379] Compiling MLX GPU.swift
[351/379] Compiling MLX IO.swift
[352/379] Compiling MLX Linalg.swift
[353/379] Compiling MLX MLXArray+Ops.swift
/Users/admin/builder/spi-builder-workspace/.build/checkouts/mlx-swift/Source/Cmlx/include/mlx/c/array.h:325:1: note: built-in type 'Complex' not supported
323 |  * Array must be evaluated, otherwise returns NULL.
324 |  */
325 | const float _Complex* mlx_array_data_complex64(const mlx_array arr);
    | `- note: built-in type 'Complex' not supported
326 |
327 | #ifdef HAS_FLOAT16
[354/379] Compiling MLX MLXArray.swift
/Users/admin/builder/spi-builder-workspace/.build/checkouts/mlx-swift/Source/Cmlx/include/mlx/c/array.h:325:1: note: built-in type 'Complex' not supported
323 |  * Array must be evaluated, otherwise returns NULL.
324 |  */
325 | const float _Complex* mlx_array_data_complex64(const mlx_array arr);
    | `- note: built-in type 'Complex' not supported
326 |
327 | #ifdef HAS_FLOAT16
[355/379] Compiling MLX MLXFast.swift
/Users/admin/builder/spi-builder-workspace/.build/checkouts/mlx-swift/Source/Cmlx/include/mlx/c/array.h:325:1: note: built-in type 'Complex' not supported
323 |  * Array must be evaluated, otherwise returns NULL.
324 |  */
325 | const float _Complex* mlx_array_data_complex64(const mlx_array arr);
    | `- note: built-in type 'Complex' not supported
326 |
327 | #ifdef HAS_FLOAT16
[356/379] Compiling MLX Transforms+Internal.swift
[357/379] Compiling MLX Transforms+Vmap.swift
[358/379] Compiling MLX Transforms.swift
[359/379] Emitting module MLX
[360/379] Compiling MLX Random.swift
[361/379] Compiling MLX State.swift
[362/379] Compiling MLX Stream.swift
[363/379] Compiling MLX MLXArray+Bytes.swift
[364/379] Compiling MLX MLXArray+Indexing.swift
[365/379] Compiling MLX MLXArray+Init.swift
[366/379] Compiling MLX Ops.swift
[367/379] Compiling MLX ParameterTypes.swift
[368/379] Compiling MLX Protocols.swift
[369/379] Compiling MLX Transforms+Compile.swift
[370/379] Compiling MLX Transforms+Eval.swift
[371/379] Compiling MLX Transforms+Grad.swift
[372/379] Compiling MLX ArrayAt.swift
[373/379] Compiling MLX Cmlx+Util.swift
[374/379] Compiling MLX DType.swift
[375/379] Compiling MLX Device.swift
[376/379] Compiling MLX ErrorHandler.swift
[377/379] Compiling MLX Export.swift
[378/379] Compiling MLX FFT.swift
[379/379] Compiling MLX Factory.swift
[380/386] Compiling MLXFast MLXFastKernel.swift
[381/386] Compiling MLXFast MLXFast.swift
[382/386] Emitting module MLXFast
[383/386] Compiling MLXLinalg Linalg.swift
[384/386] Emitting module MLXLinalg
[385/386] Compiling MLXRandom Random.swift
[386/386] Emitting module MLXRandom
[387/404] Compiling MLXNN Upsample.swift
[388/404] Compiling MLXNN Recurrent.swift
[389/404] Compiling MLXNN Transformer.swift
[390/404] Compiling MLXNN Normalization.swift
[391/404] Compiling MLXNN Pooling.swift
[392/404] Compiling MLXNN PositionalEncoding.swift
[393/404] Compiling MLXNN Quantized.swift
[394/405] Compiling MLXNN ValueAndGrad.swift
[395/405] Compiling MLXNN Embedding.swift
[396/405] Compiling MLXNN Linear.swift
[397/405] Compiling MLXNN ConvolutionTransposed.swift
[398/405] Compiling MLXNN Dropout.swift
[399/405] Compiling MLXNN Containers.swift
[400/405] Compiling MLXNN Convolution.swift
[401/405] Compiling MLXNN Activations.swift
[402/405] Compiling MLXNN Cache.swift
[403/405] Emitting module MLXNN
[404/405] Compiling MLXNN Losses.swift
[405/405] Compiling MLXNN Module.swift
[406/407] Compiling MLXOptimizers Optimizers.swift
[407/407] Emitting module MLXOptimizers
[408/437] Compiling MLXLMCommon Load.swift
[409/437] Compiling MLXLMCommon ModelConfiguration.swift
[410/437] Compiling MLXLMCommon ModelContainer.swift
[411/440] Emitting module MLXLMCommon
[412/440] Compiling MLXLMCommon DoRA+Layers.swift
[413/440] Compiling MLXLMCommon LoRA+Layers.swift
[414/440] Compiling MLXLMCommon LoRAContainer.swift
[415/440] Compiling MLXLMCommon LoRAModel.swift
[416/440] Compiling MLXLMCommon ModelAdapter.swift
[417/440] Compiling MLXLMCommon ModelAdapterFactory.swift
[418/440] Compiling MLXLMCommon ModelAdapterTypeRegistry.swift
[419/440] Compiling MLXLMCommon AttentionUtils.swift
[420/440] Compiling MLXLMCommon BaseConfiguration.swift
[421/440] Compiling MLXLMCommon Chat.swift
[422/440] Compiling MLXLMCommon Evaluate.swift
[423/440] Compiling MLXLMCommon Tool.swift
[424/440] Compiling MLXLMCommon ToolCall.swift
[425/440] Compiling MLXLMCommon ToolCallProcessor.swift
[426/440] Compiling MLXLMCommon AbstractModelRegistry.swift
[427/440] Compiling MLXLMCommon ModelTypeRegistry.swift
[428/440] Compiling MLXLMCommon ProcessorTypeRegistry.swift
[429/440] Compiling MLXLMCommon ModelFactory.swift
[430/440] Compiling MLXLMCommon Gemma.swift
[431/440] Compiling MLXLMCommon Module+Extensions.swift
[432/440] Compiling MLXLMCommon Streamlined.swift
[433/440] Compiling MLXLMCommon StringOrNumber.swift
[434/440] Compiling MLXLMCommon Tokenizer.swift
[435/440] Compiling MLXLMCommon Encodable+toolResult.swift
[436/440] Compiling MLXLMCommon KVCache.swift
[437/440] Compiling MLXLMCommon LanguageModel.swift
[438/440] Compiling MLXLMCommon ToolParameter.swift
[439/440] Compiling MLXLMCommon Value.swift
[440/440] Compiling MLXLMCommon UserInput.swift
[441/479] Emitting module MLXLLM
[442/483] Compiling MLXLLM LLMModel.swift
[443/483] Compiling MLXLLM LLMModelFactory.swift
[444/483] Compiling MLXLLM Lora+Data.swift
[445/483] Compiling MLXLLM LoraTrain.swift
[446/483] Compiling MLXLLM BaichuanM1.swift
[447/483] Compiling MLXLLM LFM2MoE.swift
[448/483] Compiling MLXLLM Lille130m.swift
[449/483] Compiling MLXLLM Llama.swift
[450/483] Compiling MLXLLM MiMo.swift
[451/483] Compiling MLXLLM NanoChat.swift
[452/483] Compiling MLXLLM Olmo2.swift
[453/483] Compiling MLXLLM OlmoE.swift
[454/483] Compiling MLXLLM OpenELM.swift
[455/483] Compiling MLXLLM Granite.swift
[456/483] Compiling MLXLLM GraniteMoeHybrid.swift
[457/483] Compiling MLXLLM Internlm2.swift
[458/483] Compiling MLXLLM LFM2.swift
[459/483] Compiling MLXLLM Exaone4.swift
[460/483] Compiling MLXLLM FalconH1.swift
[461/483] Compiling MLXLLM GLM4.swift
[462/483] Compiling MLXLLM GPTOSS.swift
[463/483] Compiling MLXLLM Gemma.swift
[464/483] Compiling MLXLLM Gemma2.swift
[465/483] Compiling MLXLLM Gemma3Text.swift
[466/483] Compiling MLXLLM Gemma3nText.swift
[467/483] Compiling MLXLLM BailingMoe.swift
[468/483] Compiling MLXLLM Bitnet.swift
[469/483] Compiling MLXLLM Cohere.swift
[470/483] Compiling MLXLLM DeepseekV3.swift
[471/483] Compiling MLXLLM Ernie4_5.swift
[472/483] Compiling MLXLLM Phi.swift
[473/483] Compiling MLXLLM Phi3.swift
[474/483] Compiling MLXLLM PhiMoE.swift
[475/483] Compiling MLXLLM Qwen2.swift
[476/483] Compiling MLXLLM Qwen3.swift
[477/483] Compiling MLXLLM Qwen3MoE.swift
[478/483] Compiling MLXLLM RoPEUtils.swift
[479/483] Compiling MLXLLM SSM.swift
[480/483] Compiling MLXLLM SmolLM3.swift
[481/483] Compiling MLXLLM Starcoder2.swift
[482/483] Compiling MLXLLM SuScaledRotaryEmbedding.swift
[483/483] Compiling MLXLLM SwitchLayers.swift
[484/564] Emitting module Arbiter
[485/572] Compiling Arbiter OpenAIResponsesMapper.swift
[486/572] Compiling Arbiter CapabilityMatcher.swift
[487/572] Compiling Arbiter ConnectivityMonitor.swift
[488/572] Compiling Arbiter CostTracker.swift
[489/572] Compiling Arbiter DeviceAssessor.swift
[490/572] Compiling Arbiter LexicalSignals.swift
[491/572] Compiling Arbiter PIIDetector.swift
[492/572] Compiling Arbiter PrivacyGuard.swift
[493/572] Compiling Arbiter PrivacyReport.swift
[494/572] Compiling Arbiter LoggingMiddleware.swift
[495/572] Compiling Arbiter RequestSanitiserMiddleware.swift
[496/572] Compiling Arbiter ProviderFactory.swift
[497/572] Compiling Arbiter AnthropicImageResolver.swift
[498/572] Compiling Arbiter AnthropicMapper.swift
[499/572] Compiling Arbiter AnthropicModels.swift
[500/572] Compiling Arbiter AnthropicOptions.swift
[501/572] Compiling Arbiter AnthropicProvider.swift
[502/572] Compiling Arbiter AppleFMAvailability.swift
[503/572] Compiling Arbiter JSONValue.swift
[504/572] Compiling Arbiter Message.swift
[505/572] Compiling Arbiter ProviderCapabilities.swift
[506/572] Compiling Arbiter ProviderID.swift
[507/572] Compiling Arbiter RequestTag.swift
[508/572] Compiling Arbiter SchemaProbe.swift
[509/572] Compiling Arbiter StructuredOutput.swift
[510/572] Compiling Arbiter TokenBudgetPlanner.swift
[511/572] Compiling Arbiter AIMiddleware.swift
[512/572] Compiling Arbiter FMToolAdapter.swift
/Users/admin/builder/spi-builder-workspace/Sources/Arbiter/Providers/AppleFoundation/LiveFMSession.swift:208:47: error: value of type 'SystemLanguageModel' has no member 'tokenCount'
206 |         // Short-circuited rather than asked: `tokenCount(for:)` charges 1 token for an
207 |         // empty collection, which is framing, not content.
208 |         entries.isEmpty ? 0 : try await model.tokenCount(for: entries)
    |                                               `- error: value of type 'SystemLanguageModel' has no member 'tokenCount'
209 |     }
210 |
[513/572] Compiling Arbiter FMTranscript.swift
/Users/admin/builder/spi-builder-workspace/Sources/Arbiter/Providers/AppleFoundation/LiveFMSession.swift:208:47: error: value of type 'SystemLanguageModel' has no member 'tokenCount'
206 |         // Short-circuited rather than asked: `tokenCount(for:)` charges 1 token for an
207 |         // empty collection, which is framing, not content.
208 |         entries.isEmpty ? 0 : try await model.tokenCount(for: entries)
    |                                               `- error: value of type 'SystemLanguageModel' has no member 'tokenCount'
209 |     }
210 |
[514/572] Compiling Arbiter FMTranscriptBuilder.swift
/Users/admin/builder/spi-builder-workspace/Sources/Arbiter/Providers/AppleFoundation/LiveFMSession.swift:208:47: error: value of type 'SystemLanguageModel' has no member 'tokenCount'
206 |         // Short-circuited rather than asked: `tokenCount(for:)` charges 1 token for an
207 |         // empty collection, which is framing, not content.
208 |         entries.isEmpty ? 0 : try await model.tokenCount(for: entries)
    |                                               `- error: value of type 'SystemLanguageModel' has no member 'tokenCount'
209 |     }
210 |
[515/572] Compiling Arbiter LiveFMSession.swift
/Users/admin/builder/spi-builder-workspace/Sources/Arbiter/Providers/AppleFoundation/LiveFMSession.swift:208:47: error: value of type 'SystemLanguageModel' has no member 'tokenCount'
206 |         // Short-circuited rather than asked: `tokenCount(for:)` charges 1 token for an
207 |         // empty collection, which is framing, not content.
208 |         entries.isEmpty ? 0 : try await model.tokenCount(for: entries)
    |                                               `- error: value of type 'SystemLanguageModel' has no member 'tokenCount'
209 |     }
210 |
[516/572] Compiling Arbiter GeminiMapper.swift
/Users/admin/builder/spi-builder-workspace/Sources/Arbiter/Providers/AppleFoundation/LiveFMSession.swift:208:47: error: value of type 'SystemLanguageModel' has no member 'tokenCount'
206 |         // Short-circuited rather than asked: `tokenCount(for:)` charges 1 token for an
207 |         // empty collection, which is framing, not content.
208 |         entries.isEmpty ? 0 : try await model.tokenCount(for: entries)
    |                                               `- error: value of type 'SystemLanguageModel' has no member 'tokenCount'
209 |     }
210 |
[517/572] Compiling Arbiter GeminiModels.swift
/Users/admin/builder/spi-builder-workspace/Sources/Arbiter/Providers/AppleFoundation/LiveFMSession.swift:208:47: error: value of type 'SystemLanguageModel' has no member 'tokenCount'
206 |         // Short-circuited rather than asked: `tokenCount(for:)` charges 1 token for an
207 |         // empty collection, which is framing, not content.
208 |         entries.isEmpty ? 0 : try await model.tokenCount(for: entries)
    |                                               `- error: value of type 'SystemLanguageModel' has no member 'tokenCount'
209 |     }
210 |
[518/572] Compiling Arbiter GeminiOptions.swift
/Users/admin/builder/spi-builder-workspace/Sources/Arbiter/Providers/AppleFoundation/LiveFMSession.swift:208:47: error: value of type 'SystemLanguageModel' has no member 'tokenCount'
206 |         // Short-circuited rather than asked: `tokenCount(for:)` charges 1 token for an
207 |         // empty collection, which is framing, not content.
208 |         entries.isEmpty ? 0 : try await model.tokenCount(for: entries)
    |                                               `- error: value of type 'SystemLanguageModel' has no member 'tokenCount'
209 |     }
210 |
[519/572] Compiling Arbiter GeminiProvider.swift
/Users/admin/builder/spi-builder-workspace/Sources/Arbiter/Providers/AppleFoundation/LiveFMSession.swift:208:47: error: value of type 'SystemLanguageModel' has no member 'tokenCount'
206 |         // Short-circuited rather than asked: `tokenCount(for:)` charges 1 token for an
207 |         // empty collection, which is framing, not content.
208 |         entries.isEmpty ? 0 : try await model.tokenCount(for: entries)
    |                                               `- error: value of type 'SystemLanguageModel' has no member 'tokenCount'
209 |     }
210 |
[520/572] Compiling Arbiter MLXChatText.swift
/Users/admin/builder/spi-builder-workspace/Sources/Arbiter/Providers/AppleFoundation/LiveFMSession.swift:208:47: error: value of type 'SystemLanguageModel' has no member 'tokenCount'
206 |         // Short-circuited rather than asked: `tokenCount(for:)` charges 1 token for an
207 |         // empty collection, which is framing, not content.
208 |         entries.isEmpty ? 0 : try await model.tokenCount(for: entries)
    |                                               `- error: value of type 'SystemLanguageModel' has no member 'tokenCount'
209 |     }
210 |
[521/572] Compiling Arbiter Arbiter.swift
[522/572] Compiling Arbiter AIProvider.swift
[523/572] Compiling Arbiter AIRequest.swift
[524/572] Compiling Arbiter AIResponse.swift
[525/572] Compiling Arbiter AIStreamChunk.swift
[526/572] Compiling Arbiter ArbiterError.swift
[527/572] Compiling Arbiter EmbeddingProvider.swift
[528/572] Compiling Arbiter JSONSchemaBuilder.swift
[529/572] Compiling Arbiter JSONSchemaNormalizer.swift
[530/572] Compiling Arbiter ProviderHealthMonitor.swift
[531/572] Compiling Arbiter ProviderPerformanceTracker.swift
[532/572] Compiling Arbiter RequestAnalyser.swift
[533/572] Compiling Arbiter RoutingDecision.swift
[534/572] Compiling Arbiter RoutingPolicy.swift
[535/572] Compiling Arbiter SmartRouter.swift
[536/572] Compiling Arbiter ArbiterRun.swift
[537/572] Compiling Arbiter ArbiterTool.swift
[538/572] Compiling Arbiter ExecutionPolicy.swift
[539/572] Compiling Arbiter MLXModelRegistry.swift
[540/572] Compiling Arbiter MLXProvider.swift
[541/572] Compiling Arbiter OllamaMapper.swift
[542/572] Compiling Arbiter OllamaOptions.swift
[543/572] Compiling Arbiter OllamaProvider.swift
[544/572] Compiling Arbiter OpenAIMapper.swift
[545/572] Compiling Arbiter OpenAIModels.swift
[546/572] Compiling Arbiter OpenAIOptions.swift
[547/572] Compiling Arbiter OpenAIProvider.swift
[548/572] Compiling Arbiter AppleFMFeedback.swift
/Users/admin/builder/spi-builder-workspace/Sources/Arbiter/Providers/AppleFoundation/FMBridge.swift:19:37: error: value of type 'SystemLanguageModel' has no member 'contextSize'
 17 |     /// always the live value rather than a hardcoded 4096.
 18 |     static var contextSize: Int {
 19 |         SystemLanguageModel.default.contextSize
    |                                     `- error: value of type 'SystemLanguageModel' has no member 'contextSize'
 20 |     }
 21 |
[549/572] Compiling Arbiter AppleFMOptions.swift
/Users/admin/builder/spi-builder-workspace/Sources/Arbiter/Providers/AppleFoundation/FMBridge.swift:19:37: error: value of type 'SystemLanguageModel' has no member 'contextSize'
 17 |     /// always the live value rather than a hardcoded 4096.
 18 |     static var contextSize: Int {
 19 |         SystemLanguageModel.default.contextSize
    |                                     `- error: value of type 'SystemLanguageModel' has no member 'contextSize'
 20 |     }
 21 |
[550/572] Compiling Arbiter AppleFMSessionStore.swift
/Users/admin/builder/spi-builder-workspace/Sources/Arbiter/Providers/AppleFoundation/FMBridge.swift:19:37: error: value of type 'SystemLanguageModel' has no member 'contextSize'
 17 |     /// always the live value rather than a hardcoded 4096.
 18 |     static var contextSize: Int {
 19 |         SystemLanguageModel.default.contextSize
    |                                     `- error: value of type 'SystemLanguageModel' has no member 'contextSize'
 20 |     }
 21 |
[551/572] Compiling Arbiter AppleFoundationProvider.swift
/Users/admin/builder/spi-builder-workspace/Sources/Arbiter/Providers/AppleFoundation/FMBridge.swift:19:37: error: value of type 'SystemLanguageModel' has no member 'contextSize'
 17 |     /// always the live value rather than a hardcoded 4096.
 18 |     static var contextSize: Int {
 19 |         SystemLanguageModel.default.contextSize
    |                                     `- error: value of type 'SystemLanguageModel' has no member 'contextSize'
 20 |     }
 21 |
[552/572] Compiling Arbiter AvailabilityChecker.swift
/Users/admin/builder/spi-builder-workspace/Sources/Arbiter/Providers/AppleFoundation/FMBridge.swift:19:37: error: value of type 'SystemLanguageModel' has no member 'contextSize'
 17 |     /// always the live value rather than a hardcoded 4096.
 18 |     static var contextSize: Int {
 19 |         SystemLanguageModel.default.contextSize
    |                                     `- error: value of type 'SystemLanguageModel' has no member 'contextSize'
 20 |     }
 21 |
[553/572] Compiling Arbiter FMBridge.swift
/Users/admin/builder/spi-builder-workspace/Sources/Arbiter/Providers/AppleFoundation/FMBridge.swift:19:37: error: value of type 'SystemLanguageModel' has no member 'contextSize'
 17 |     /// always the live value rather than a hardcoded 4096.
 18 |     static var contextSize: Int {
 19 |         SystemLanguageModel.default.contextSize
    |                                     `- error: value of type 'SystemLanguageModel' has no member 'contextSize'
 20 |     }
 21 |
[554/572] Compiling Arbiter FMErrorKind.swift
/Users/admin/builder/spi-builder-workspace/Sources/Arbiter/Providers/AppleFoundation/FMBridge.swift:19:37: error: value of type 'SystemLanguageModel' has no member 'contextSize'
 17 |     /// always the live value rather than a hardcoded 4096.
 18 |     static var contextSize: Int {
 19 |         SystemLanguageModel.default.contextSize
    |                                     `- error: value of type 'SystemLanguageModel' has no member 'contextSize'
 20 |     }
 21 |
[555/572] Compiling Arbiter FMSchema.swift
/Users/admin/builder/spi-builder-workspace/Sources/Arbiter/Providers/AppleFoundation/FMBridge.swift:19:37: error: value of type 'SystemLanguageModel' has no member 'contextSize'
 17 |     /// always the live value rather than a hardcoded 4096.
 18 |     static var contextSize: Int {
 19 |         SystemLanguageModel.default.contextSize
    |                                     `- error: value of type 'SystemLanguageModel' has no member 'contextSize'
 20 |     }
 21 |
[556/572] Compiling Arbiter FMSessionRunning.swift
/Users/admin/builder/spi-builder-workspace/Sources/Arbiter/Providers/AppleFoundation/FMBridge.swift:19:37: error: value of type 'SystemLanguageModel' has no member 'contextSize'
 17 |     /// always the live value rather than a hardcoded 4096.
 18 |     static var contextSize: Int {
 19 |         SystemLanguageModel.default.contextSize
    |                                     `- error: value of type 'SystemLanguageModel' has no member 'contextSize'
 20 |     }
 21 |
[557/572] Compiling Arbiter FallbackChain.swift
[558/572] Compiling Arbiter LifecycleManager.swift
[559/572] Compiling Arbiter ResponseCache.swift
[560/572] Compiling Arbiter ResponseValidator.swift
[561/572] Compiling Arbiter RetryEngine.swift
[562/572] Compiling Arbiter ToolApproval.swift
[563/572] Compiling Arbiter ToolLoop.swift
[564/572] Compiling Arbiter UsageAnalytics.swift
[565/572] Compiling Arbiter SecureKeyStorage.swift
[566/572] Compiling Arbiter SpendingGuard.swift
[567/572] Compiling Arbiter ConversationSession.swift
[568/572] Compiling Arbiter ArbiterChatView.swift
[569/572] Compiling Arbiter ArbiterLifecycleModifier.swift
[570/572] Compiling Arbiter ProviderPicker.swift
[571/572] Compiling Arbiter RoutingDebugView.swift
[572/572] Compiling Arbiter UsageDashboard.swift
Fetching https://github.com/ml-explore/mlx-swift-examples.git
Fetching https://github.com/ml-explore/mlx-swift.git
Fetching https://github.com/apple/swift-docc-plugin.git
[1/2345] Fetching swift-docc-plugin
[236/10211] Fetching swift-docc-plugin, mlx-swift-examples
[2168/26410] Fetching swift-docc-plugin, mlx-swift-examples, mlx-swift
Fetched https://github.com/ml-explore/mlx-swift.git from cache (2.67s)
Fetched https://github.com/ml-explore/mlx-swift-examples.git from cache (2.67s)
Fetched https://github.com/apple/swift-docc-plugin.git from cache (2.67s)
Computing version for https://github.com/apple/swift-docc-plugin.git
Computed https://github.com/apple/swift-docc-plugin.git at 1.5.0 (5.52s)
Fetching https://github.com/swiftlang/swift-docc-symbolkit
[1/3818] Fetching swift-docc-symbolkit
Fetched https://github.com/swiftlang/swift-docc-symbolkit from cache (1.36s)
Computing version for https://github.com/swiftlang/swift-docc-symbolkit
Computed https://github.com/swiftlang/swift-docc-symbolkit at 1.0.0 (2.05s)
Computing version for https://github.com/ml-explore/mlx-swift-examples.git
Computed https://github.com/ml-explore/mlx-swift-examples.git at 2.29.1 (0.56s)
Fetching https://github.com/huggingface/swift-transformers
Fetching https://github.com/1024jp/GzipSwift
[1/1762] Fetching gzipswift
[178/8726] Fetching gzipswift, swift-transformers
Fetched https://github.com/1024jp/GzipSwift from cache (1.72s)
Fetched https://github.com/huggingface/swift-transformers from cache (1.72s)
Computing version for https://github.com/ml-explore/mlx-swift.git
Computed https://github.com/ml-explore/mlx-swift.git at 0.29.1 (2.30s)
Fetching https://github.com/apple/swift-numerics
[1/6565] Fetching swift-numerics
Fetched https://github.com/apple/swift-numerics from cache (1.78s)
Computing version for https://github.com/1024jp/GzipSwift
Computed https://github.com/1024jp/GzipSwift at 6.0.1 (2.44s)
Computing version for https://github.com/huggingface/swift-transformers
Computed https://github.com/huggingface/swift-transformers at 1.0.0 (0.51s)
Fetching https://github.com/huggingface/swift-jinja.git
[1/1281] Fetching swift-jinja
Fetched https://github.com/huggingface/swift-jinja.git from cache (1.10s)
Computing version for https://github.com/apple/swift-numerics
Computed https://github.com/apple/swift-numerics at 1.1.1 (1.64s)
Computing version for https://github.com/huggingface/swift-jinja.git
Computed https://github.com/huggingface/swift-jinja.git at 2.4.2 (0.51s)
Fetching https://github.com/apple/swift-collections.git
[1/27133] Fetching swift-collections
Fetched https://github.com/apple/swift-collections.git from cache (2.77s)
Computing version for https://github.com/apple/swift-collections.git
Computed https://github.com/apple/swift-collections.git at 1.6.0 (3.41s)
Creating working copy for https://github.com/swiftlang/swift-docc-symbolkit
Working copy of https://github.com/swiftlang/swift-docc-symbolkit resolved at 1.0.0
Creating working copy for https://github.com/huggingface/swift-jinja.git
Working copy of https://github.com/huggingface/swift-jinja.git resolved at 2.4.2
Creating working copy for https://github.com/ml-explore/mlx-swift.git
Working copy of https://github.com/ml-explore/mlx-swift.git resolved at 0.29.1
Creating working copy for https://github.com/huggingface/swift-transformers
Working copy of https://github.com/huggingface/swift-transformers resolved at 1.0.0
Creating working copy for https://github.com/apple/swift-collections.git
Working copy of https://github.com/apple/swift-collections.git resolved at 1.6.0
Creating working copy for https://github.com/apple/swift-docc-plugin.git
Working copy of https://github.com/apple/swift-docc-plugin.git resolved at 1.5.0
Creating working copy for https://github.com/apple/swift-numerics
Working copy of https://github.com/apple/swift-numerics resolved at 1.1.1
Creating working copy for https://github.com/ml-explore/mlx-swift-examples.git
Working copy of https://github.com/ml-explore/mlx-swift-examples.git resolved at 2.29.1
Creating working copy for https://github.com/1024jp/GzipSwift
Working copy of https://github.com/1024jp/GzipSwift resolved at 6.0.1
BUILD FAILURE 6.2 macosSpm