The Swift Package Index logo.Swift Package Index

Build Information

Failed to build swift-hf-api, reference main (f47460), with Swift 6.4 for watchOS using Xcode 27.0 on 1 Oct 2026 00:10:11 UTC.

Build Command

env DEVELOPER_DIR=/Applications/Xcode-27.0.0-Release.Candidate.app xcrun xcodebuild -IDEClonedSourcePackagesDirPathOverride=$PWD/.dependencies -skipMacroValidation -skipPackagePluginValidation -derivedDataPath $PWD/.derivedData build -scheme swift-hf-api-Package -destination generic/platform=watchOS

Build Log

 205 | // analogous to the Rust trait of the same name.
 206 | fileprivate protocol FfiConverter {
 207 |     associatedtype FfiType
     |                    `- note: protocol requires nested type 'FfiType'
 208 |     associatedtype SwiftType
 209 |
     :
5875 | @_documentation(visibility: private)
5876 | #endif
5877 | struct FfiConverterTypeUserDTO: FfiConverterRustBuffer {
     |        |- error: type 'FfiConverterTypeUserDTO' does not conform to protocol 'FfiConverter'
     |        `- note: add stubs for conformance
5878 |     typealias FfiType = RustBuffer
5879 |
/Users/admin/builder/spi-builder-workspace/Sources/HFAPIFFI/Generated/HFAPIFFI.swift:5936:42: error: cannot find type 'RustBuffer' in scope
5934 | @_documentation(visibility: private)
5935 | #endif
5936 | func FfiConverterTypeUserDTO_lift(_ buf: RustBuffer) throws -> UserDto {
     |                                          `- error: cannot find type 'RustBuffer' in scope
5937 |     return try FfiConverterTypeUserDTO.lift(buf)
5938 | }
/Users/admin/builder/spi-builder-workspace/Sources/HFAPIFFI/Generated/HFAPIFFI.swift:5943:57: error: cannot find type 'RustBuffer' in scope
5941 | @_documentation(visibility: private)
5942 | #endif
5943 | func FfiConverterTypeUserDTO_lower(_ value: UserDto) -> RustBuffer {
     |                                                         `- error: cannot find type 'RustBuffer' in scope
5944 |     return FfiConverterTypeUserDTO.lower(value)
5945 | }
/Users/admin/builder/spi-builder-workspace/Sources/HFAPIFFI/Generated/HFAPIFFI.swift:5979:25: error: cannot find type 'RustBuffer' in scope
5977 | #endif
5978 | struct FfiConverterTypeCacheDeletionErrorFFI: FfiConverterRustBuffer {
5979 |     typealias FfiType = RustBuffer
     |                         `- error: cannot find type 'RustBuffer' in scope
5980 |     typealias SwiftType = CacheDeletionErrorFfi
5981 |
/Users/admin/builder/spi-builder-workspace/Sources/HFAPIFFI/Generated/HFAPIFFI.swift:5978:8: error: type 'FfiConverterTypeCacheDeletionErrorFFI' does not conform to protocol 'FfiConverter'
 205 | // analogous to the Rust trait of the same name.
 206 | fileprivate protocol FfiConverter {
 207 |     associatedtype FfiType
     |                    `- note: protocol requires nested type 'FfiType'
 208 |     associatedtype SwiftType
 209 |
     :
5976 | @_documentation(visibility: private)
5977 | #endif
5978 | struct FfiConverterTypeCacheDeletionErrorFFI: FfiConverterRustBuffer {
     |        |- error: type 'FfiConverterTypeCacheDeletionErrorFFI' does not conform to protocol 'FfiConverter'
     |        `- note: add stubs for conformance
5979 |     typealias FfiType = RustBuffer
5980 |     typealias SwiftType = CacheDeletionErrorFfi
/Users/admin/builder/spi-builder-workspace/Sources/HFAPIFFI/Generated/HFAPIFFI.swift:6016:56: error: cannot find type 'RustBuffer' in scope
6014 | @_documentation(visibility: private)
6015 | #endif
6016 | func FfiConverterTypeCacheDeletionErrorFFI_lift(_ buf: RustBuffer) throws -> CacheDeletionErrorFfi {
     |                                                        `- error: cannot find type 'RustBuffer' in scope
6017 |     return try FfiConverterTypeCacheDeletionErrorFFI.lift(buf)
6018 | }
/Users/admin/builder/spi-builder-workspace/Sources/HFAPIFFI/Generated/HFAPIFFI.swift:6023:85: error: cannot find type 'RustBuffer' in scope
6021 | @_documentation(visibility: private)
6022 | #endif
6023 | func FfiConverterTypeCacheDeletionErrorFFI_lower(_ value: CacheDeletionErrorFfi) -> RustBuffer {
     |                                                                                     `- error: cannot find type 'RustBuffer' in scope
6024 |     return FfiConverterTypeCacheDeletionErrorFFI.lower(value)
6025 | }
/Users/admin/builder/spi-builder-workspace/Sources/HFAPIFFI/Generated/HFAPIFFI.swift:6057:25: error: cannot find type 'RustBuffer' in scope
6055 | #endif
6056 | struct FfiConverterTypeCommitOperationDTO: FfiConverterRustBuffer {
6057 |     typealias FfiType = RustBuffer
     |                         `- error: cannot find type 'RustBuffer' in scope
6058 |     typealias SwiftType = CommitOperationDto
6059 |
/Users/admin/builder/spi-builder-workspace/Sources/HFAPIFFI/Generated/HFAPIFFI.swift:6056:8: error: type 'FfiConverterTypeCommitOperationDTO' does not conform to protocol 'FfiConverter'
 205 | // analogous to the Rust trait of the same name.
 206 | fileprivate protocol FfiConverter {
 207 |     associatedtype FfiType
     |                    `- note: protocol requires nested type 'FfiType'
 208 |     associatedtype SwiftType
 209 |
     :
6054 | @_documentation(visibility: private)
6055 | #endif
6056 | struct FfiConverterTypeCommitOperationDTO: FfiConverterRustBuffer {
     |        |- error: type 'FfiConverterTypeCommitOperationDTO' does not conform to protocol 'FfiConverter'
     |        `- note: add stubs for conformance
6057 |     typealias FfiType = RustBuffer
6058 |     typealias SwiftType = CommitOperationDto
/Users/admin/builder/spi-builder-workspace/Sources/HFAPIFFI/Generated/HFAPIFFI.swift:6096:53: error: cannot find type 'RustBuffer' in scope
6094 | @_documentation(visibility: private)
6095 | #endif
6096 | func FfiConverterTypeCommitOperationDTO_lift(_ buf: RustBuffer) throws -> CommitOperationDto {
     |                                                     `- error: cannot find type 'RustBuffer' in scope
6097 |     return try FfiConverterTypeCommitOperationDTO.lift(buf)
6098 | }
/Users/admin/builder/spi-builder-workspace/Sources/HFAPIFFI/Generated/HFAPIFFI.swift:6103:79: error: cannot find type 'RustBuffer' in scope
6101 | @_documentation(visibility: private)
6102 | #endif
6103 | func FfiConverterTypeCommitOperationDTO_lower(_ value: CommitOperationDto) -> RustBuffer {
     |                                                                               `- error: cannot find type 'RustBuffer' in scope
6104 |     return FfiConverterTypeCommitOperationDTO.lower(value)
6105 | }
/Users/admin/builder/spi-builder-workspace/Sources/HFAPIFFI/Generated/HFAPIFFI.swift:6151:25: error: cannot find type 'RustBuffer' in scope
6149 | #endif
6150 | struct FfiConverterTypeDownloadEventDTO: FfiConverterRustBuffer {
6151 |     typealias FfiType = RustBuffer
     |                         `- error: cannot find type 'RustBuffer' in scope
6152 |     typealias SwiftType = DownloadEventDto
6153 |
/Users/admin/builder/spi-builder-workspace/Sources/HFAPIFFI/Generated/HFAPIFFI.swift:6150:8: error: type 'FfiConverterTypeDownloadEventDTO' does not conform to protocol 'FfiConverter'
 205 | // analogous to the Rust trait of the same name.
 206 | fileprivate protocol FfiConverter {
 207 |     associatedtype FfiType
     |                    `- note: protocol requires nested type 'FfiType'
 208 |     associatedtype SwiftType
 209 |
     :
6148 | @_documentation(visibility: private)
6149 | #endif
6150 | struct FfiConverterTypeDownloadEventDTO: FfiConverterRustBuffer {
     |        |- error: type 'FfiConverterTypeDownloadEventDTO' does not conform to protocol 'FfiConverter'
     |        `- note: add stubs for conformance
6151 |     typealias FfiType = RustBuffer
6152 |     typealias SwiftType = DownloadEventDto
/Users/admin/builder/spi-builder-workspace/Sources/HFAPIFFI/Generated/HFAPIFFI.swift:6209:51: error: cannot find type 'RustBuffer' in scope
6207 | @_documentation(visibility: private)
6208 | #endif
6209 | func FfiConverterTypeDownloadEventDTO_lift(_ buf: RustBuffer) throws -> DownloadEventDto {
     |                                                   `- error: cannot find type 'RustBuffer' in scope
6210 |     return try FfiConverterTypeDownloadEventDTO.lift(buf)
6211 | }
/Users/admin/builder/spi-builder-workspace/Sources/HFAPIFFI/Generated/HFAPIFFI.swift:6216:75: error: cannot find type 'RustBuffer' in scope
6214 | @_documentation(visibility: private)
6215 | #endif
6216 | func FfiConverterTypeDownloadEventDTO_lower(_ value: DownloadEventDto) -> RustBuffer {
     |                                                                           `- error: cannot find type 'RustBuffer' in scope
6217 |     return FfiConverterTypeDownloadEventDTO.lower(value)
6218 | }
/Users/admin/builder/spi-builder-workspace/Sources/HFAPIFFI/Generated/HFAPIFFI.swift:6246:25: error: cannot find type 'RustBuffer' in scope
6244 | #endif
6245 | struct FfiConverterTypeFileStatusDTO: FfiConverterRustBuffer {
6246 |     typealias FfiType = RustBuffer
     |                         `- error: cannot find type 'RustBuffer' in scope
6247 |     typealias SwiftType = FileStatusDto
6248 |
/Users/admin/builder/spi-builder-workspace/Sources/HFAPIFFI/Generated/HFAPIFFI.swift:6245:8: error: type 'FfiConverterTypeFileStatusDTO' does not conform to protocol 'FfiConverter'
 205 | // analogous to the Rust trait of the same name.
 206 | fileprivate protocol FfiConverter {
 207 |     associatedtype FfiType
     |                    `- note: protocol requires nested type 'FfiType'
 208 |     associatedtype SwiftType
 209 |
     :
6243 | @_documentation(visibility: private)
6244 | #endif
6245 | struct FfiConverterTypeFileStatusDTO: FfiConverterRustBuffer {
     |        |- error: type 'FfiConverterTypeFileStatusDTO' does not conform to protocol 'FfiConverter'
     |        `- note: add stubs for conformance
6246 |     typealias FfiType = RustBuffer
6247 |     typealias SwiftType = FileStatusDto
/Users/admin/builder/spi-builder-workspace/Sources/HFAPIFFI/Generated/HFAPIFFI.swift:6286:48: error: cannot find type 'RustBuffer' in scope
6284 | @_documentation(visibility: private)
6285 | #endif
6286 | func FfiConverterTypeFileStatusDTO_lift(_ buf: RustBuffer) throws -> FileStatusDto {
     |                                                `- error: cannot find type 'RustBuffer' in scope
6287 |     return try FfiConverterTypeFileStatusDTO.lift(buf)
6288 | }
/Users/admin/builder/spi-builder-workspace/Sources/HFAPIFFI/Generated/HFAPIFFI.swift:6293:69: error: cannot find type 'RustBuffer' in scope
6291 | @_documentation(visibility: private)
6292 | #endif
6293 | func FfiConverterTypeFileStatusDTO_lower(_ value: FileStatusDto) -> RustBuffer {
     |                                                                     `- error: cannot find type 'RustBuffer' in scope
6294 |     return FfiConverterTypeFileStatusDTO.lower(value)
6295 | }
/Users/admin/builder/spi-builder-workspace/Sources/HFAPIFFI/Generated/HFAPIFFI.swift:6325:25: error: cannot find type 'RustBuffer' in scope
6323 | #endif
6324 | struct FfiConverterTypeGatedApprovalModeDTO: FfiConverterRustBuffer {
6325 |     typealias FfiType = RustBuffer
     |                         `- error: cannot find type 'RustBuffer' in scope
6326 |     typealias SwiftType = GatedApprovalModeDto
6327 |
/Users/admin/builder/spi-builder-workspace/Sources/HFAPIFFI/Generated/HFAPIFFI.swift:6324:8: error: type 'FfiConverterTypeGatedApprovalModeDTO' does not conform to protocol 'FfiConverter'
 205 | // analogous to the Rust trait of the same name.
 206 | fileprivate protocol FfiConverter {
 207 |     associatedtype FfiType
     |                    `- note: protocol requires nested type 'FfiType'
 208 |     associatedtype SwiftType
 209 |
     :
6322 | @_documentation(visibility: private)
6323 | #endif
6324 | struct FfiConverterTypeGatedApprovalModeDTO: FfiConverterRustBuffer {
     |        |- error: type 'FfiConverterTypeGatedApprovalModeDTO' does not conform to protocol 'FfiConverter'
     |        `- note: add stubs for conformance
6325 |     typealias FfiType = RustBuffer
6326 |     typealias SwiftType = GatedApprovalModeDto
/Users/admin/builder/spi-builder-workspace/Sources/HFAPIFFI/Generated/HFAPIFFI.swift:6365:55: error: cannot find type 'RustBuffer' in scope
6363 | @_documentation(visibility: private)
6364 | #endif
6365 | func FfiConverterTypeGatedApprovalModeDTO_lift(_ buf: RustBuffer) throws -> GatedApprovalModeDto {
     |                                                       `- error: cannot find type 'RustBuffer' in scope
6366 |     return try FfiConverterTypeGatedApprovalModeDTO.lift(buf)
6367 | }
/Users/admin/builder/spi-builder-workspace/Sources/HFAPIFFI/Generated/HFAPIFFI.swift:6372:83: error: cannot find type 'RustBuffer' in scope
6370 | @_documentation(visibility: private)
6371 | #endif
6372 | func FfiConverterTypeGatedApprovalModeDTO_lower(_ value: GatedApprovalModeDto) -> RustBuffer {
     |                                                                                   `- error: cannot find type 'RustBuffer' in scope
6373 |     return FfiConverterTypeGatedApprovalModeDTO.lower(value)
6374 | }
/Users/admin/builder/spi-builder-workspace/Sources/HFAPIFFI/Generated/HFAPIFFI.swift:6401:25: error: cannot find type 'RustBuffer' in scope
6399 | #endif
6400 | struct FfiConverterTypeGatedNotificationsModeDTO: FfiConverterRustBuffer {
6401 |     typealias FfiType = RustBuffer
     |                         `- error: cannot find type 'RustBuffer' in scope
6402 |     typealias SwiftType = GatedNotificationsModeDto
6403 |
/Users/admin/builder/spi-builder-workspace/Sources/HFAPIFFI/Generated/HFAPIFFI.swift:6400:8: error: type 'FfiConverterTypeGatedNotificationsModeDTO' does not conform to protocol 'FfiConverter'
 205 | // analogous to the Rust trait of the same name.
 206 | fileprivate protocol FfiConverter {
 207 |     associatedtype FfiType
     |                    `- note: protocol requires nested type 'FfiType'
 208 |     associatedtype SwiftType
 209 |
     :
6398 | @_documentation(visibility: private)
6399 | #endif
6400 | struct FfiConverterTypeGatedNotificationsModeDTO: FfiConverterRustBuffer {
     |        |- error: type 'FfiConverterTypeGatedNotificationsModeDTO' does not conform to protocol 'FfiConverter'
     |        `- note: add stubs for conformance
6401 |     typealias FfiType = RustBuffer
6402 |     typealias SwiftType = GatedNotificationsModeDto
/Users/admin/builder/spi-builder-workspace/Sources/HFAPIFFI/Generated/HFAPIFFI.swift:6435:60: error: cannot find type 'RustBuffer' in scope
6433 | @_documentation(visibility: private)
6434 | #endif
6435 | func FfiConverterTypeGatedNotificationsModeDTO_lift(_ buf: RustBuffer) throws -> GatedNotificationsModeDto {
     |                                                            `- error: cannot find type 'RustBuffer' in scope
6436 |     return try FfiConverterTypeGatedNotificationsModeDTO.lift(buf)
6437 | }
/Users/admin/builder/spi-builder-workspace/Sources/HFAPIFFI/Generated/HFAPIFFI.swift:6442:93: error: cannot find type 'RustBuffer' in scope
6440 | @_documentation(visibility: private)
6441 | #endif
6442 | func FfiConverterTypeGatedNotificationsModeDTO_lower(_ value: GatedNotificationsModeDto) -> RustBuffer {
     |                                                                                             `- error: cannot find type 'RustBuffer' in scope
6443 |     return FfiConverterTypeGatedNotificationsModeDTO.lower(value)
6444 | }
/Users/admin/builder/spi-builder-workspace/Sources/HFAPIFFI/Generated/HFAPIFFI.swift:6478:25: error: cannot find type 'RustBuffer' in scope
6476 | #endif
6477 | struct FfiConverterTypeGitStatusDTO: FfiConverterRustBuffer {
6478 |     typealias FfiType = RustBuffer
     |                         `- error: cannot find type 'RustBuffer' in scope
6479 |     typealias SwiftType = GitStatusDto
6480 |
/Users/admin/builder/spi-builder-workspace/Sources/HFAPIFFI/Generated/HFAPIFFI.swift:6477:8: error: type 'FfiConverterTypeGitStatusDTO' does not conform to protocol 'FfiConverter'
 205 | // analogous to the Rust trait of the same name.
 206 | fileprivate protocol FfiConverter {
 207 |     associatedtype FfiType
     |                    `- note: protocol requires nested type 'FfiType'
 208 |     associatedtype SwiftType
 209 |
     :
6475 | @_documentation(visibility: private)
6476 | #endif
6477 | struct FfiConverterTypeGitStatusDTO: FfiConverterRustBuffer {
     |        |- error: type 'FfiConverterTypeGitStatusDTO' does not conform to protocol 'FfiConverter'
     |        `- note: add stubs for conformance
6478 |     typealias FfiType = RustBuffer
6479 |     typealias SwiftType = GitStatusDto
/Users/admin/builder/spi-builder-workspace/Sources/HFAPIFFI/Generated/HFAPIFFI.swift:6548:47: error: cannot find type 'RustBuffer' in scope
6546 | @_documentation(visibility: private)
6547 | #endif
6548 | func FfiConverterTypeGitStatusDTO_lift(_ buf: RustBuffer) throws -> GitStatusDto {
     |                                               `- error: cannot find type 'RustBuffer' in scope
6549 |     return try FfiConverterTypeGitStatusDTO.lift(buf)
6550 | }
/Users/admin/builder/spi-builder-workspace/Sources/HFAPIFFI/Generated/HFAPIFFI.swift:6555:67: error: cannot find type 'RustBuffer' in scope
6553 | @_documentation(visibility: private)
6554 | #endif
6555 | func FfiConverterTypeGitStatusDTO_lower(_ value: GitStatusDto) -> RustBuffer {
     |                                                                   `- error: cannot find type 'RustBuffer' in scope
6556 |     return FfiConverterTypeGitStatusDTO.lower(value)
6557 | }
/Users/admin/builder/spi-builder-workspace/Sources/HFAPIFFI/Generated/HFAPIFFI.swift:6593:25: error: cannot find type 'RustBuffer' in scope
6591 | #endif
6592 | struct FfiConverterTypeGlobMatcherErrorFFI: FfiConverterRustBuffer {
6593 |     typealias FfiType = RustBuffer
     |                         `- error: cannot find type 'RustBuffer' in scope
6594 |     typealias SwiftType = GlobMatcherErrorFfi
6595 |
/Users/admin/builder/spi-builder-workspace/Sources/HFAPIFFI/Generated/HFAPIFFI.swift:6592:8: error: type 'FfiConverterTypeGlobMatcherErrorFFI' does not conform to protocol 'FfiConverter'
 205 | // analogous to the Rust trait of the same name.
 206 | fileprivate protocol FfiConverter {
 207 |     associatedtype FfiType
     |                    `- note: protocol requires nested type 'FfiType'
 208 |     associatedtype SwiftType
 209 |
     :
6590 | @_documentation(visibility: private)
6591 | #endif
6592 | struct FfiConverterTypeGlobMatcherErrorFFI: FfiConverterRustBuffer {
     |        |- error: type 'FfiConverterTypeGlobMatcherErrorFFI' does not conform to protocol 'FfiConverter'
     |        `- note: add stubs for conformance
6593 |     typealias FfiType = RustBuffer
6594 |     typealias SwiftType = GlobMatcherErrorFfi
/Users/admin/builder/spi-builder-workspace/Sources/HFAPIFFI/Generated/HFAPIFFI.swift:6630:54: error: cannot find type 'RustBuffer' in scope
6628 | @_documentation(visibility: private)
6629 | #endif
6630 | func FfiConverterTypeGlobMatcherErrorFFI_lift(_ buf: RustBuffer) throws -> GlobMatcherErrorFfi {
     |                                                      `- error: cannot find type 'RustBuffer' in scope
6631 |     return try FfiConverterTypeGlobMatcherErrorFFI.lift(buf)
6632 | }
/Users/admin/builder/spi-builder-workspace/Sources/HFAPIFFI/Generated/HFAPIFFI.swift:6637:81: error: cannot find type 'RustBuffer' in scope
6635 | @_documentation(visibility: private)
6636 | #endif
6637 | func FfiConverterTypeGlobMatcherErrorFFI_lower(_ value: GlobMatcherErrorFfi) -> RustBuffer {
     |                                                                                 `- error: cannot find type 'RustBuffer' in scope
6638 |     return FfiConverterTypeGlobMatcherErrorFFI.lower(value)
6639 | }
/Users/admin/builder/spi-builder-workspace/Sources/HFAPIFFI/Generated/HFAPIFFI.swift:6722:25: error: cannot find type 'RustBuffer' in scope
6720 | #endif
6721 | struct FfiConverterTypeHFErrorFFI: FfiConverterRustBuffer {
6722 |     typealias FfiType = RustBuffer
     |                         `- error: cannot find type 'RustBuffer' in scope
6723 |     typealias SwiftType = HfErrorFfi
6724 |
/Users/admin/builder/spi-builder-workspace/Sources/HFAPIFFI/Generated/HFAPIFFI.swift:6721:8: error: type 'FfiConverterTypeHFErrorFFI' does not conform to protocol 'FfiConverter'
 205 | // analogous to the Rust trait of the same name.
 206 | fileprivate protocol FfiConverter {
 207 |     associatedtype FfiType
     |                    `- note: protocol requires nested type 'FfiType'
 208 |     associatedtype SwiftType
 209 |
     :
6719 | @_documentation(visibility: private)
6720 | #endif
6721 | struct FfiConverterTypeHFErrorFFI: FfiConverterRustBuffer {
     |        |- error: type 'FfiConverterTypeHFErrorFFI' does not conform to protocol 'FfiConverter'
     |        `- note: add stubs for conformance
6722 |     typealias FfiType = RustBuffer
6723 |     typealias SwiftType = HfErrorFfi
/Users/admin/builder/spi-builder-workspace/Sources/HFAPIFFI/Generated/HFAPIFFI.swift:6941:45: error: cannot find type 'RustBuffer' in scope
6939 | @_documentation(visibility: private)
6940 | #endif
6941 | func FfiConverterTypeHFErrorFFI_lift(_ buf: RustBuffer) throws -> HfErrorFfi {
     |                                             `- error: cannot find type 'RustBuffer' in scope
6942 |     return try FfiConverterTypeHFErrorFFI.lift(buf)
6943 | }
/Users/admin/builder/spi-builder-workspace/Sources/HFAPIFFI/Generated/HFAPIFFI.swift:6948:63: error: cannot find type 'RustBuffer' in scope
6946 | @_documentation(visibility: private)
6947 | #endif
6948 | func FfiConverterTypeHFErrorFFI_lower(_ value: HfErrorFfi) -> RustBuffer {
     |                                                               `- error: cannot find type 'RustBuffer' in scope
6949 |     return FfiConverterTypeHFErrorFFI.lower(value)
6950 | }
/Users/admin/builder/spi-builder-workspace/Sources/HFAPIFFI/Generated/HFAPIFFI.swift:6979:25: error: cannot find type 'RustBuffer' in scope
6977 | #endif
6978 | struct FfiConverterTypePathKindDTO: FfiConverterRustBuffer {
6979 |     typealias FfiType = RustBuffer
     |                         `- error: cannot find type 'RustBuffer' in scope
6980 |     typealias SwiftType = PathKindDto
6981 |
/Users/admin/builder/spi-builder-workspace/Sources/HFAPIFFI/Generated/HFAPIFFI.swift:6978:8: error: type 'FfiConverterTypePathKindDTO' does not conform to protocol 'FfiConverter'
 205 | // analogous to the Rust trait of the same name.
 206 | fileprivate protocol FfiConverter {
 207 |     associatedtype FfiType
     |                    `- note: protocol requires nested type 'FfiType'
 208 |     associatedtype SwiftType
 209 |
     :
6976 | @_documentation(visibility: private)
6977 | #endif
6978 | struct FfiConverterTypePathKindDTO: FfiConverterRustBuffer {
     |        |- error: type 'FfiConverterTypePathKindDTO' does not conform to protocol 'FfiConverter'
     |        `- note: add stubs for conformance
6979 |     typealias FfiType = RustBuffer
6980 |     typealias SwiftType = PathKindDto
/Users/admin/builder/spi-builder-workspace/Sources/HFAPIFFI/Generated/HFAPIFFI.swift:7031:46: error: cannot find type 'RustBuffer' in scope
7029 | @_documentation(visibility: private)
7030 | #endif
7031 | func FfiConverterTypePathKindDTO_lift(_ buf: RustBuffer) throws -> PathKindDto {
     |                                              `- error: cannot find type 'RustBuffer' in scope
7032 |     return try FfiConverterTypePathKindDTO.lift(buf)
7033 | }
/Users/admin/builder/spi-builder-workspace/Sources/HFAPIFFI/Generated/HFAPIFFI.swift:7038:65: error: cannot find type 'RustBuffer' in scope
7036 | @_documentation(visibility: private)
7037 | #endif
7038 | func FfiConverterTypePathKindDTO_lower(_ value: PathKindDto) -> RustBuffer {
     |                                                                 `- error: cannot find type 'RustBuffer' in scope
7039 |     return FfiConverterTypePathKindDTO.lower(value)
7040 | }
/Users/admin/builder/spi-builder-workspace/Sources/HFAPIFFI/Generated/HFAPIFFI.swift:7089:25: error: cannot find type 'RustBuffer' in scope
7087 | #endif
7088 | struct FfiConverterTypeRepoIdValidationErrorFFI: FfiConverterRustBuffer {
7089 |     typealias FfiType = RustBuffer
     |                         `- error: cannot find type 'RustBuffer' in scope
7090 |     typealias SwiftType = RepoIdValidationErrorFfi
7091 |
/Users/admin/builder/spi-builder-workspace/Sources/HFAPIFFI/Generated/HFAPIFFI.swift:7088:8: error: type 'FfiConverterTypeRepoIdValidationErrorFFI' does not conform to protocol 'FfiConverter'
 205 | // analogous to the Rust trait of the same name.
 206 | fileprivate protocol FfiConverter {
 207 |     associatedtype FfiType
     |                    `- note: protocol requires nested type 'FfiType'
 208 |     associatedtype SwiftType
 209 |
     :
7086 | @_documentation(visibility: private)
7087 | #endif
7088 | struct FfiConverterTypeRepoIdValidationErrorFFI: FfiConverterRustBuffer {
     |        |- error: type 'FfiConverterTypeRepoIdValidationErrorFFI' does not conform to protocol 'FfiConverter'
     |        `- note: add stubs for conformance
7089 |     typealias FfiType = RustBuffer
7090 |     typealias SwiftType = RepoIdValidationErrorFfi
/Users/admin/builder/spi-builder-workspace/Sources/HFAPIFFI/Generated/HFAPIFFI.swift:7183:59: error: cannot find type 'RustBuffer' in scope
7181 | @_documentation(visibility: private)
7182 | #endif
7183 | func FfiConverterTypeRepoIdValidationErrorFFI_lift(_ buf: RustBuffer) throws -> RepoIdValidationErrorFfi {
     |                                                           `- error: cannot find type 'RustBuffer' in scope
7184 |     return try FfiConverterTypeRepoIdValidationErrorFFI.lift(buf)
7185 | }
/Users/admin/builder/spi-builder-workspace/Sources/HFAPIFFI/Generated/HFAPIFFI.swift:7190:91: error: cannot find type 'RustBuffer' in scope
7188 | @_documentation(visibility: private)
7189 | #endif
7190 | func FfiConverterTypeRepoIdValidationErrorFFI_lower(_ value: RepoIdValidationErrorFfi) -> RustBuffer {
     |                                                                                           `- error: cannot find type 'RustBuffer' in scope
7191 |     return FfiConverterTypeRepoIdValidationErrorFFI.lower(value)
7192 | }
/Users/admin/builder/spi-builder-workspace/Sources/HFAPIFFI/Generated/HFAPIFFI.swift:7221:25: error: cannot find type 'RustBuffer' in scope
7219 | #endif
7220 | struct FfiConverterTypeRepoTreeEntryDTO: FfiConverterRustBuffer {
7221 |     typealias FfiType = RustBuffer
     |                         `- error: cannot find type 'RustBuffer' in scope
7222 |     typealias SwiftType = RepoTreeEntryDto
7223 |
/Users/admin/builder/spi-builder-workspace/Sources/HFAPIFFI/Generated/HFAPIFFI.swift:7220:8: error: type 'FfiConverterTypeRepoTreeEntryDTO' does not conform to protocol 'FfiConverter'
 205 | // analogous to the Rust trait of the same name.
 206 | fileprivate protocol FfiConverter {
 207 |     associatedtype FfiType
     |                    `- note: protocol requires nested type 'FfiType'
 208 |     associatedtype SwiftType
 209 |
     :
7218 | @_documentation(visibility: private)
7219 | #endif
7220 | struct FfiConverterTypeRepoTreeEntryDTO: FfiConverterRustBuffer {
     |        |- error: type 'FfiConverterTypeRepoTreeEntryDTO' does not conform to protocol 'FfiConverter'
     |        `- note: add stubs for conformance
7221 |     typealias FfiType = RustBuffer
7222 |     typealias SwiftType = RepoTreeEntryDto
/Users/admin/builder/spi-builder-workspace/Sources/HFAPIFFI/Generated/HFAPIFFI.swift:7267:51: error: cannot find type 'RustBuffer' in scope
7265 | @_documentation(visibility: private)
7266 | #endif
7267 | func FfiConverterTypeRepoTreeEntryDTO_lift(_ buf: RustBuffer) throws -> RepoTreeEntryDto {
     |                                                   `- error: cannot find type 'RustBuffer' in scope
7268 |     return try FfiConverterTypeRepoTreeEntryDTO.lift(buf)
7269 | }
/Users/admin/builder/spi-builder-workspace/Sources/HFAPIFFI/Generated/HFAPIFFI.swift:7274:75: error: cannot find type 'RustBuffer' in scope
7272 | @_documentation(visibility: private)
7273 | #endif
7274 | func FfiConverterTypeRepoTreeEntryDTO_lower(_ value: RepoTreeEntryDto) -> RustBuffer {
     |                                                                           `- error: cannot find type 'RustBuffer' in scope
7275 |     return FfiConverterTypeRepoTreeEntryDTO.lower(value)
7276 | }
/Users/admin/builder/spi-builder-workspace/Sources/HFAPIFFI/Generated/HFAPIFFI.swift:7307:25: error: cannot find type 'RustBuffer' in scope
7305 | #endif
7306 | struct FfiConverterTypeRepoTypeDTO: FfiConverterRustBuffer {
7307 |     typealias FfiType = RustBuffer
     |                         `- error: cannot find type 'RustBuffer' in scope
7308 |     typealias SwiftType = RepoTypeDto
7309 |
/Users/admin/builder/spi-builder-workspace/Sources/HFAPIFFI/Generated/HFAPIFFI.swift:7306:8: error: type 'FfiConverterTypeRepoTypeDTO' does not conform to protocol 'FfiConverter'
 205 | // analogous to the Rust trait of the same name.
 206 | fileprivate protocol FfiConverter {
 207 |     associatedtype FfiType
     |                    `- note: protocol requires nested type 'FfiType'
 208 |     associatedtype SwiftType
 209 |
     :
7304 | @_documentation(visibility: private)
7305 | #endif
7306 | struct FfiConverterTypeRepoTypeDTO: FfiConverterRustBuffer {
     |        |- error: type 'FfiConverterTypeRepoTypeDTO' does not conform to protocol 'FfiConverter'
     |        `- note: add stubs for conformance
7307 |     typealias FfiType = RustBuffer
7308 |     typealias SwiftType = RepoTypeDto
/Users/admin/builder/spi-builder-workspace/Sources/HFAPIFFI/Generated/HFAPIFFI.swift:7341:46: error: cannot find type 'RustBuffer' in scope
7339 | @_documentation(visibility: private)
7340 | #endif
7341 | func FfiConverterTypeRepoTypeDTO_lift(_ buf: RustBuffer) throws -> RepoTypeDto {
     |                                              `- error: cannot find type 'RustBuffer' in scope
7342 |     return try FfiConverterTypeRepoTypeDTO.lift(buf)
7343 | }
/Users/admin/builder/spi-builder-workspace/Sources/HFAPIFFI/Generated/HFAPIFFI.swift:7348:65: error: cannot find type 'RustBuffer' in scope
7346 | @_documentation(visibility: private)
7347 | #endif
7348 | func FfiConverterTypeRepoTypeDTO_lower(_ value: RepoTypeDto) -> RustBuffer {
     |                                                                 `- error: cannot find type 'RustBuffer' in scope
7349 |     return FfiConverterTypeRepoTypeDTO.lower(value)
7350 | }
/Users/admin/builder/spi-builder-workspace/Sources/HFAPIFFI/Generated/HFAPIFFI.swift:7398:25: error: cannot find type 'RustBuffer' in scope
7396 | #endif
7397 | struct FfiConverterTypeRequestErrorKindDTO: FfiConverterRustBuffer {
7398 |     typealias FfiType = RustBuffer
     |                         `- error: cannot find type 'RustBuffer' in scope
7399 |     typealias SwiftType = RequestErrorKindDto
7400 |
/Users/admin/builder/spi-builder-workspace/Sources/HFAPIFFI/Generated/HFAPIFFI.swift:7397:8: error: type 'FfiConverterTypeRequestErrorKindDTO' does not conform to protocol 'FfiConverter'
 205 | // analogous to the Rust trait of the same name.
 206 | fileprivate protocol FfiConverter {
 207 |     associatedtype FfiType
     |                    `- note: protocol requires nested type 'FfiType'
 208 |     associatedtype SwiftType
 209 |
     :
7395 | @_documentation(visibility: private)
7396 | #endif
7397 | struct FfiConverterTypeRequestErrorKindDTO: FfiConverterRustBuffer {
     |        |- error: type 'FfiConverterTypeRequestErrorKindDTO' does not conform to protocol 'FfiConverter'
     |        `- note: add stubs for conformance
7398 |     typealias FfiType = RustBuffer
7399 |     typealias SwiftType = RequestErrorKindDto
/Users/admin/builder/spi-builder-workspace/Sources/HFAPIFFI/Generated/HFAPIFFI.swift:7450:54: error: cannot find type 'RustBuffer' in scope
7448 | @_documentation(visibility: private)
7449 | #endif
7450 | func FfiConverterTypeRequestErrorKindDTO_lift(_ buf: RustBuffer) throws -> RequestErrorKindDto {
     |                                                      `- error: cannot find type 'RustBuffer' in scope
7451 |     return try FfiConverterTypeRequestErrorKindDTO.lift(buf)
7452 | }
/Users/admin/builder/spi-builder-workspace/Sources/HFAPIFFI/Generated/HFAPIFFI.swift:7457:81: error: cannot find type 'RustBuffer' in scope
7455 | @_documentation(visibility: private)
7456 | #endif
7457 | func FfiConverterTypeRequestErrorKindDTO_lower(_ value: RequestErrorKindDto) -> RustBuffer {
     |                                                                                 `- error: cannot find type 'RustBuffer' in scope
7458 |     return FfiConverterTypeRequestErrorKindDTO.lower(value)
7459 | }
/Users/admin/builder/spi-builder-workspace/Sources/HFAPIFFI/Generated/HFAPIFFI.swift:7486:25: error: cannot find type 'RustBuffer' in scope
7484 | #endif
7485 | struct FfiConverterTypeSegmentRoleDTO: FfiConverterRustBuffer {
7486 |     typealias FfiType = RustBuffer
     |                         `- error: cannot find type 'RustBuffer' in scope
7487 |     typealias SwiftType = SegmentRoleDto
7488 |
/Users/admin/builder/spi-builder-workspace/Sources/HFAPIFFI/Generated/HFAPIFFI.swift:7485:8: error: type 'FfiConverterTypeSegmentRoleDTO' does not conform to protocol 'FfiConverter'
 205 | // analogous to the Rust trait of the same name.
 206 | fileprivate protocol FfiConverter {
 207 |     associatedtype FfiType
     |                    `- note: protocol requires nested type 'FfiType'
 208 |     associatedtype SwiftType
 209 |
     :
7483 | @_documentation(visibility: private)
7484 | #endif
7485 | struct FfiConverterTypeSegmentRoleDTO: FfiConverterRustBuffer {
     |        |- error: type 'FfiConverterTypeSegmentRoleDTO' does not conform to protocol 'FfiConverter'
     |        `- note: add stubs for conformance
7486 |     typealias FfiType = RustBuffer
7487 |     typealias SwiftType = SegmentRoleDto
/Users/admin/builder/spi-builder-workspace/Sources/HFAPIFFI/Generated/HFAPIFFI.swift:7520:49: error: cannot find type 'RustBuffer' in scope
7518 | @_documentation(visibility: private)
7519 | #endif
7520 | func FfiConverterTypeSegmentRoleDTO_lift(_ buf: RustBuffer) throws -> SegmentRoleDto {
     |                                                 `- error: cannot find type 'RustBuffer' in scope
7521 |     return try FfiConverterTypeSegmentRoleDTO.lift(buf)
7522 | }
/Users/admin/builder/spi-builder-workspace/Sources/HFAPIFFI/Generated/HFAPIFFI.swift:7527:71: error: cannot find type 'RustBuffer' in scope
7525 | @_documentation(visibility: private)
7526 | #endif
7527 | func FfiConverterTypeSegmentRoleDTO_lower(_ value: SegmentRoleDto) -> RustBuffer {
     |                                                                       `- error: cannot find type 'RustBuffer' in scope
7528 |     return FfiConverterTypeSegmentRoleDTO.lower(value)
7529 | }
/Users/admin/builder/spi-builder-workspace/Sources/HFAPIFFI/Generated/HFAPIFFI.swift:7569:25: error: cannot find type 'RustBuffer' in scope
7567 | #endif
7568 | struct FfiConverterTypeTokenProviderErrorFFI: FfiConverterRustBuffer {
7569 |     typealias FfiType = RustBuffer
     |                         `- error: cannot find type 'RustBuffer' in scope
7570 |     typealias SwiftType = TokenProviderErrorFfi
7571 |
/Users/admin/builder/spi-builder-workspace/Sources/HFAPIFFI/Generated/HFAPIFFI.swift:7568:8: error: type 'FfiConverterTypeTokenProviderErrorFFI' does not conform to protocol 'FfiConverter'
 205 | // analogous to the Rust trait of the same name.
 206 | fileprivate protocol FfiConverter {
 207 |     associatedtype FfiType
     |                    `- note: protocol requires nested type 'FfiType'
 208 |     associatedtype SwiftType
 209 |
     :
7566 | @_documentation(visibility: private)
7567 | #endif
7568 | struct FfiConverterTypeTokenProviderErrorFFI: FfiConverterRustBuffer {
     |        |- error: type 'FfiConverterTypeTokenProviderErrorFFI' does not conform to protocol 'FfiConverter'
     |        `- note: add stubs for conformance
7569 |     typealias FfiType = RustBuffer
7570 |     typealias SwiftType = TokenProviderErrorFfi
/Users/admin/builder/spi-builder-workspace/Sources/HFAPIFFI/Generated/HFAPIFFI.swift:7606:56: error: cannot find type 'RustBuffer' in scope
7604 | @_documentation(visibility: private)
7605 | #endif
7606 | func FfiConverterTypeTokenProviderErrorFFI_lift(_ buf: RustBuffer) throws -> TokenProviderErrorFfi {
     |                                                        `- error: cannot find type 'RustBuffer' in scope
7607 |     return try FfiConverterTypeTokenProviderErrorFFI.lift(buf)
7608 | }
/Users/admin/builder/spi-builder-workspace/Sources/HFAPIFFI/Generated/HFAPIFFI.swift:7613:85: error: cannot find type 'RustBuffer' in scope
7611 | @_documentation(visibility: private)
7612 | #endif
7613 | func FfiConverterTypeTokenProviderErrorFFI_lower(_ value: TokenProviderErrorFfi) -> RustBuffer {
     |                                                                                     `- error: cannot find type 'RustBuffer' in scope
7614 |     return FfiConverterTypeTokenProviderErrorFFI.lower(value)
7615 | }
/Users/admin/builder/spi-builder-workspace/Sources/HFAPIFFI/Generated/HFAPIFFI.swift:7659:25: error: cannot find type 'RustBuffer' in scope
7657 | #endif
7658 | struct FfiConverterTypeUploadEventDTO: FfiConverterRustBuffer {
7659 |     typealias FfiType = RustBuffer
     |                         `- error: cannot find type 'RustBuffer' in scope
7660 |     typealias SwiftType = UploadEventDto
7661 |
/Users/admin/builder/spi-builder-workspace/Sources/HFAPIFFI/Generated/HFAPIFFI.swift:7658:8: error: type 'FfiConverterTypeUploadEventDTO' does not conform to protocol 'FfiConverter'
 205 | // analogous to the Rust trait of the same name.
 206 | fileprivate protocol FfiConverter {
 207 |     associatedtype FfiType
     |                    `- note: protocol requires nested type 'FfiType'
 208 |     associatedtype SwiftType
 209 |
     :
7656 | @_documentation(visibility: private)
7657 | #endif
7658 | struct FfiConverterTypeUploadEventDTO: FfiConverterRustBuffer {
     |        |- error: type 'FfiConverterTypeUploadEventDTO' does not conform to protocol 'FfiConverter'
     |        `- note: add stubs for conformance
7659 |     typealias FfiType = RustBuffer
7660 |     typealias SwiftType = UploadEventDto
/Users/admin/builder/spi-builder-workspace/Sources/HFAPIFFI/Generated/HFAPIFFI.swift:7716:49: error: cannot find type 'RustBuffer' in scope
7714 | @_documentation(visibility: private)
7715 | #endif
7716 | func FfiConverterTypeUploadEventDTO_lift(_ buf: RustBuffer) throws -> UploadEventDto {
     |                                                 `- error: cannot find type 'RustBuffer' in scope
7717 |     return try FfiConverterTypeUploadEventDTO.lift(buf)
7718 | }
/Users/admin/builder/spi-builder-workspace/Sources/HFAPIFFI/Generated/HFAPIFFI.swift:7723:71: error: cannot find type 'RustBuffer' in scope
7721 | @_documentation(visibility: private)
7722 | #endif
7723 | func FfiConverterTypeUploadEventDTO_lower(_ value: UploadEventDto) -> RustBuffer {
     |                                                                       `- error: cannot find type 'RustBuffer' in scope
7724 |     return FfiConverterTypeUploadEventDTO.lower(value)
7725 | }
/Users/admin/builder/spi-builder-workspace/Sources/HFAPIFFI/Generated/HFAPIFFI.swift:7758:25: error: cannot find type 'RustBuffer' in scope
7756 | #endif
7757 | struct FfiConverterTypeUploadSourceDTO: FfiConverterRustBuffer {
7758 |     typealias FfiType = RustBuffer
     |                         `- error: cannot find type 'RustBuffer' in scope
7759 |     typealias SwiftType = UploadSourceDto
7760 |
/Users/admin/builder/spi-builder-workspace/Sources/HFAPIFFI/Generated/HFAPIFFI.swift:7757:8: error: type 'FfiConverterTypeUploadSourceDTO' does not conform to protocol 'FfiConverter'
 205 | // analogous to the Rust trait of the same name.
 206 | fileprivate protocol FfiConverter {
 207 |     associatedtype FfiType
     |                    `- note: protocol requires nested type 'FfiType'
 208 |     associatedtype SwiftType
 209 |
     :
7755 | @_documentation(visibility: private)
7756 | #endif
7757 | struct FfiConverterTypeUploadSourceDTO: FfiConverterRustBuffer {
     |        |- error: type 'FfiConverterTypeUploadSourceDTO' does not conform to protocol 'FfiConverter'
     |        `- note: add stubs for conformance
7758 |     typealias FfiType = RustBuffer
7759 |     typealias SwiftType = UploadSourceDto
/Users/admin/builder/spi-builder-workspace/Sources/HFAPIFFI/Generated/HFAPIFFI.swift:7796:50: error: cannot find type 'RustBuffer' in scope
7794 | @_documentation(visibility: private)
7795 | #endif
7796 | func FfiConverterTypeUploadSourceDTO_lift(_ buf: RustBuffer) throws -> UploadSourceDto {
     |                                                  `- error: cannot find type 'RustBuffer' in scope
7797 |     return try FfiConverterTypeUploadSourceDTO.lift(buf)
7798 | }
/Users/admin/builder/spi-builder-workspace/Sources/HFAPIFFI/Generated/HFAPIFFI.swift:7803:73: error: cannot find type 'RustBuffer' in scope
7801 | @_documentation(visibility: private)
7802 | #endif
7803 | func FfiConverterTypeUploadSourceDTO_lower(_ value: UploadSourceDto) -> RustBuffer {
     |                                                                         `- error: cannot find type 'RustBuffer' in scope
7804 |     return FfiConverterTypeUploadSourceDTO.lower(value)
7805 | }
/Users/admin/builder/spi-builder-workspace/Sources/HFAPIFFI/Generated/HFAPIFFI.swift:7837:25: error: cannot find type 'RustBuffer' in scope
7835 | #endif
7836 | struct FfiConverterTypeXetOperationDTO: FfiConverterRustBuffer {
7837 |     typealias FfiType = RustBuffer
     |                         `- error: cannot find type 'RustBuffer' in scope
7838 |     typealias SwiftType = XetOperationDto
7839 |
/Users/admin/builder/spi-builder-workspace/Sources/HFAPIFFI/Generated/HFAPIFFI.swift:7836:8: error: type 'FfiConverterTypeXetOperationDTO' does not conform to protocol 'FfiConverter'
 205 | // analogous to the Rust trait of the same name.
 206 | fileprivate protocol FfiConverter {
 207 |     associatedtype FfiType
     |                    `- note: protocol requires nested type 'FfiType'
 208 |     associatedtype SwiftType
 209 |
     :
7834 | @_documentation(visibility: private)
7835 | #endif
7836 | struct FfiConverterTypeXetOperationDTO: FfiConverterRustBuffer {
     |        |- error: type 'FfiConverterTypeXetOperationDTO' does not conform to protocol 'FfiConverter'
     |        `- note: add stubs for conformance
7837 |     typealias FfiType = RustBuffer
7838 |     typealias SwiftType = XetOperationDto
/Users/admin/builder/spi-builder-workspace/Sources/HFAPIFFI/Generated/HFAPIFFI.swift:7901:50: error: cannot find type 'RustBuffer' in scope
7899 | @_documentation(visibility: private)
7900 | #endif
7901 | func FfiConverterTypeXetOperationDTO_lift(_ buf: RustBuffer) throws -> XetOperationDto {
     |                                                  `- error: cannot find type 'RustBuffer' in scope
7902 |     return try FfiConverterTypeXetOperationDTO.lift(buf)
7903 | }
/Users/admin/builder/spi-builder-workspace/Sources/HFAPIFFI/Generated/HFAPIFFI.swift:7908:73: error: cannot find type 'RustBuffer' in scope
7906 | @_documentation(visibility: private)
7907 | #endif
7908 | func FfiConverterTypeXetOperationDTO_lower(_ value: XetOperationDto) -> RustBuffer {
     |                                                                         `- error: cannot find type 'RustBuffer' in scope
7909 |     return FfiConverterTypeXetOperationDTO.lower(value)
7910 | }
/Users/admin/builder/spi-builder-workspace/Sources/HFAPIFFI/Generated/HFAPIFFI.swift:7917:25: error: cannot find type 'RustBuffer' in scope
7915 | #endif
7916 | fileprivate struct FfiConverterOptionUInt32: FfiConverterRustBuffer {
7917 |     typealias FfiType = RustBuffer
     |                         `- error: cannot find type 'RustBuffer' in scope
7918 |     typealias SwiftType = UInt32?
7919 |
/Users/admin/builder/spi-builder-workspace/Sources/HFAPIFFI/Generated/HFAPIFFI.swift:7916:20: error: type 'FfiConverterOptionUInt32' does not conform to protocol 'FfiConverter'
 205 | // analogous to the Rust trait of the same name.
 206 | fileprivate protocol FfiConverter {
 207 |     associatedtype FfiType
     |                    `- note: protocol requires nested type 'FfiType'
 208 |     associatedtype SwiftType
 209 |
     :
7914 | @_documentation(visibility: private)
7915 | #endif
7916 | fileprivate struct FfiConverterOptionUInt32: FfiConverterRustBuffer {
     |                    |- error: type 'FfiConverterOptionUInt32' does not conform to protocol 'FfiConverter'
     |                    `- note: add stubs for conformance
7917 |     typealias FfiType = RustBuffer
7918 |     typealias SwiftType = UInt32?
/Users/admin/builder/spi-builder-workspace/Sources/HFAPIFFI/Generated/HFAPIFFI.swift:7942:25: error: cannot find type 'RustBuffer' in scope
7940 | #endif
7941 | fileprivate struct FfiConverterOptionUInt64: FfiConverterRustBuffer {
7942 |     typealias FfiType = RustBuffer
     |                         `- error: cannot find type 'RustBuffer' in scope
7943 |     typealias SwiftType = UInt64?
7944 |
/Users/admin/builder/spi-builder-workspace/Sources/HFAPIFFI/Generated/HFAPIFFI.swift:7941:20: error: type 'FfiConverterOptionUInt64' does not conform to protocol 'FfiConverter'
 205 | // analogous to the Rust trait of the same name.
 206 | fileprivate protocol FfiConverter {
 207 |     associatedtype FfiType
     |                    `- note: protocol requires nested type 'FfiType'
 208 |     associatedtype SwiftType
 209 |
     :
7939 | @_documentation(visibility: private)
7940 | #endif
7941 | fileprivate struct FfiConverterOptionUInt64: FfiConverterRustBuffer {
     |                    |- error: type 'FfiConverterOptionUInt64' does not conform to protocol 'FfiConverter'
     |                    `- note: add stubs for conformance
7942 |     typealias FfiType = RustBuffer
7943 |     typealias SwiftType = UInt64?
/Users/admin/builder/spi-builder-workspace/Sources/HFAPIFFI/Generated/HFAPIFFI.swift:7967:25: error: cannot find type 'RustBuffer' in scope
7965 | #endif
7966 | fileprivate struct FfiConverterOptionDouble: FfiConverterRustBuffer {
7967 |     typealias FfiType = RustBuffer
     |                         `- error: cannot find type 'RustBuffer' in scope
7968 |     typealias SwiftType = Double?
7969 |
/Users/admin/builder/spi-builder-workspace/Sources/HFAPIFFI/Generated/HFAPIFFI.swift:7966:20: error: type 'FfiConverterOptionDouble' does not conform to protocol 'FfiConverter'
 205 | // analogous to the Rust trait of the same name.
 206 | fileprivate protocol FfiConverter {
 207 |     associatedtype FfiType
     |                    `- note: protocol requires nested type 'FfiType'
 208 |     associatedtype SwiftType
 209 |
     :
7964 | @_documentation(visibility: private)
7965 | #endif
7966 | fileprivate struct FfiConverterOptionDouble: FfiConverterRustBuffer {
     |                    |- error: type 'FfiConverterOptionDouble' does not conform to protocol 'FfiConverter'
     |                    `- note: add stubs for conformance
7967 |     typealias FfiType = RustBuffer
7968 |     typealias SwiftType = Double?
/Users/admin/builder/spi-builder-workspace/Sources/HFAPIFFI/Generated/HFAPIFFI.swift:7992:25: error: cannot find type 'RustBuffer' in scope
7990 | #endif
7991 | fileprivate struct FfiConverterOptionBool: FfiConverterRustBuffer {
7992 |     typealias FfiType = RustBuffer
     |                         `- error: cannot find type 'RustBuffer' in scope
7993 |     typealias SwiftType = Bool?
7994 |
/Users/admin/builder/spi-builder-workspace/Sources/HFAPIFFI/Generated/HFAPIFFI.swift:7991:20: error: type 'FfiConverterOptionBool' does not conform to protocol 'FfiConverter'
 205 | // analogous to the Rust trait of the same name.
 206 | fileprivate protocol FfiConverter {
 207 |     associatedtype FfiType
     |                    `- note: protocol requires nested type 'FfiType'
 208 |     associatedtype SwiftType
 209 |
     :
7989 | @_documentation(visibility: private)
7990 | #endif
7991 | fileprivate struct FfiConverterOptionBool: FfiConverterRustBuffer {
     |                    |- error: type 'FfiConverterOptionBool' does not conform to protocol 'FfiConverter'
     |                    `- note: add stubs for conformance
7992 |     typealias FfiType = RustBuffer
7993 |     typealias SwiftType = Bool?
/Users/admin/builder/spi-builder-workspace/Sources/HFAPIFFI/Generated/HFAPIFFI.swift:8017:25: error: cannot find type 'RustBuffer' in scope
8015 | #endif
8016 | fileprivate struct FfiConverterOptionString: FfiConverterRustBuffer {
8017 |     typealias FfiType = RustBuffer
     |                         `- error: cannot find type 'RustBuffer' in scope
8018 |     typealias SwiftType = String?
8019 |
/Users/admin/builder/spi-builder-workspace/Sources/HFAPIFFI/Generated/HFAPIFFI.swift:8016:20: error: type 'FfiConverterOptionString' does not conform to protocol 'FfiConverter'
 205 | // analogous to the Rust trait of the same name.
 206 | fileprivate protocol FfiConverter {
 207 |     associatedtype FfiType
     |                    `- note: protocol requires nested type 'FfiType'
 208 |     associatedtype SwiftType
 209 |
     :
8014 | @_documentation(visibility: private)
8015 | #endif
8016 | fileprivate struct FfiConverterOptionString: FfiConverterRustBuffer {
     |                    |- error: type 'FfiConverterOptionString' does not conform to protocol 'FfiConverter'
     |                    `- note: add stubs for conformance
8017 |     typealias FfiType = RustBuffer
8018 |     typealias SwiftType = String?
/Users/admin/builder/spi-builder-workspace/Sources/HFAPIFFI/Generated/HFAPIFFI.swift:8042:25: error: cannot find type 'RustBuffer' in scope
8040 | #endif
8041 | fileprivate struct FfiConverterOptionTypeFFIDownloadProgressHandler: FfiConverterRustBuffer {
8042 |     typealias FfiType = RustBuffer
     |                         `- error: cannot find type 'RustBuffer' in scope
8043 |     typealias SwiftType = FfiDownloadProgressHandler?
8044 |
/Users/admin/builder/spi-builder-workspace/Sources/HFAPIFFI/Generated/HFAPIFFI.swift:8041:20: error: type 'FfiConverterOptionTypeFFIDownloadProgressHandler' does not conform to protocol 'FfiConverter'
 205 | // analogous to the Rust trait of the same name.
 206 | fileprivate protocol FfiConverter {
 207 |     associatedtype FfiType
     |                    `- note: protocol requires nested type 'FfiType'
 208 |     associatedtype SwiftType
 209 |
     :
8039 | @_documentation(visibility: private)
8040 | #endif
8041 | fileprivate struct FfiConverterOptionTypeFFIDownloadProgressHandler: FfiConverterRustBuffer {
     |                    |- error: type 'FfiConverterOptionTypeFFIDownloadProgressHandler' does not conform to protocol 'FfiConverter'
     |                    `- note: add stubs for conformance
8042 |     typealias FfiType = RustBuffer
8043 |     typealias SwiftType = FfiDownloadProgressHandler?
/Users/admin/builder/spi-builder-workspace/Sources/HFAPIFFI/Generated/HFAPIFFI.swift:8067:25: error: cannot find type 'RustBuffer' in scope
8065 | #endif
8066 | fileprivate struct FfiConverterOptionTypeFFIUploadProgressHandler: FfiConverterRustBuffer {
8067 |     typealias FfiType = RustBuffer
     |                         `- error: cannot find type 'RustBuffer' in scope
8068 |     typealias SwiftType = FfiUploadProgressHandler?
8069 |
/Users/admin/builder/spi-builder-workspace/Sources/HFAPIFFI/Generated/HFAPIFFI.swift:8066:20: error: type 'FfiConverterOptionTypeFFIUploadProgressHandler' does not conform to protocol 'FfiConverter'
 205 | // analogous to the Rust trait of the same name.
 206 | fileprivate protocol FfiConverter {
 207 |     associatedtype FfiType
     |                    `- note: protocol requires nested type 'FfiType'
 208 |     associatedtype SwiftType
 209 |
     :
8064 | @_documentation(visibility: private)
8065 | #endif
8066 | fileprivate struct FfiConverterOptionTypeFFIUploadProgressHandler: FfiConverterRustBuffer {
     |                    |- error: type 'FfiConverterOptionTypeFFIUploadProgressHandler' does not conform to protocol 'FfiConverter'
     |                    `- note: add stubs for conformance
8067 |     typealias FfiType = RustBuffer
8068 |     typealias SwiftType = FfiUploadProgressHandler?
/Users/admin/builder/spi-builder-workspace/Sources/HFAPIFFI/Generated/HFAPIFFI.swift:8092:25: error: cannot find type 'RustBuffer' in scope
8090 | #endif
8091 | fileprivate struct FfiConverterOptionTypeOperationHandle: FfiConverterRustBuffer {
8092 |     typealias FfiType = RustBuffer
     |                         `- error: cannot find type 'RustBuffer' in scope
8093 |     typealias SwiftType = OperationHandle?
8094 |
/Users/admin/builder/spi-builder-workspace/Sources/HFAPIFFI/Generated/HFAPIFFI.swift:8091:20: error: type 'FfiConverterOptionTypeOperationHandle' does not conform to protocol 'FfiConverter'
 205 | // analogous to the Rust trait of the same name.
 206 | fileprivate protocol FfiConverter {
 207 |     associatedtype FfiType
     |                    `- note: protocol requires nested type 'FfiType'
 208 |     associatedtype SwiftType
 209 |
     :
8089 | @_documentation(visibility: private)
8090 | #endif
8091 | fileprivate struct FfiConverterOptionTypeOperationHandle: FfiConverterRustBuffer {
     |                    |- error: type 'FfiConverterOptionTypeOperationHandle' does not conform to protocol 'FfiConverter'
     |                    `- note: add stubs for conformance
8092 |     typealias FfiType = RustBuffer
8093 |     typealias SwiftType = OperationHandle?
/Users/admin/builder/spi-builder-workspace/Sources/HFAPIFFI/Generated/HFAPIFFI.swift:8117:25: error: cannot find type 'RustBuffer' in scope
8115 | #endif
8116 | fileprivate struct FfiConverterOptionTypeBlobLfsInfoDTO: FfiConverterRustBuffer {
8117 |     typealias FfiType = RustBuffer
     |                         `- error: cannot find type 'RustBuffer' in scope
8118 |     typealias SwiftType = BlobLfsInfoDto?
8119 |
/Users/admin/builder/spi-builder-workspace/Sources/HFAPIFFI/Generated/HFAPIFFI.swift:8116:20: error: type 'FfiConverterOptionTypeBlobLfsInfoDTO' does not conform to protocol 'FfiConverter'
 205 | // analogous to the Rust trait of the same name.
 206 | fileprivate protocol FfiConverter {
 207 |     associatedtype FfiType
     |                    `- note: protocol requires nested type 'FfiType'
 208 |     associatedtype SwiftType
 209 |
     :
8114 | @_documentation(visibility: private)
8115 | #endif
8116 | fileprivate struct FfiConverterOptionTypeBlobLfsInfoDTO: FfiConverterRustBuffer {
     |                    |- error: type 'FfiConverterOptionTypeBlobLfsInfoDTO' does not conform to protocol 'FfiConverter'
     |                    `- note: add stubs for conformance
8117 |     typealias FfiType = RustBuffer
8118 |     typealias SwiftType = BlobLfsInfoDto?
/Users/admin/builder/spi-builder-workspace/Sources/HFAPIFFI/Generated/HFAPIFFI.swift:8142:25: error: cannot find type 'RustBuffer' in scope
8140 | #endif
8141 | fileprivate struct FfiConverterOptionTypeBlobSecurityInfoDTO: FfiConverterRustBuffer {
8142 |     typealias FfiType = RustBuffer
     |                         `- error: cannot find type 'RustBuffer' in scope
8143 |     typealias SwiftType = BlobSecurityInfoDto?
8144 |
/Users/admin/builder/spi-builder-workspace/Sources/HFAPIFFI/Generated/HFAPIFFI.swift:8141:20: error: type 'FfiConverterOptionTypeBlobSecurityInfoDTO' does not conform to protocol 'FfiConverter'
 205 | // analogous to the Rust trait of the same name.
 206 | fileprivate protocol FfiConverter {
 207 |     associatedtype FfiType
     |                    `- note: protocol requires nested type 'FfiType'
 208 |     associatedtype SwiftType
 209 |
     :
8139 | @_documentation(visibility: private)
8140 | #endif
8141 | fileprivate struct FfiConverterOptionTypeBlobSecurityInfoDTO: FfiConverterRustBuffer {
     |                    |- error: type 'FfiConverterOptionTypeBlobSecurityInfoDTO' does not conform to protocol 'FfiConverter'
     |                    `- note: add stubs for conformance
8142 |     typealias FfiType = RustBuffer
8143 |     typealias SwiftType = BlobSecurityInfoDto?
/Users/admin/builder/spi-builder-workspace/Sources/HFAPIFFI/Generated/HFAPIFFI.swift:8167:25: error: cannot find type 'RustBuffer' in scope
8165 | #endif
8166 | fileprivate struct FfiConverterOptionTypeDatasetInfoDTO: FfiConverterRustBuffer {
8167 |     typealias FfiType = RustBuffer
     |                         `- error: cannot find type 'RustBuffer' in scope
8168 |     typealias SwiftType = DatasetInfoDto?
8169 |
/Users/admin/builder/spi-builder-workspace/Sources/HFAPIFFI/Generated/HFAPIFFI.swift:8166:20: error: type 'FfiConverterOptionTypeDatasetInfoDTO' does not conform to protocol 'FfiConverter'
 205 | // analogous to the Rust trait of the same name.
 206 | fileprivate protocol FfiConverter {
 207 |     associatedtype FfiType
     |                    `- note: protocol requires nested type 'FfiType'
 208 |     associatedtype SwiftType
 209 |
     :
8164 | @_documentation(visibility: private)
8165 | #endif
8166 | fileprivate struct FfiConverterOptionTypeDatasetInfoDTO: FfiConverterRustBuffer {
     |                    |- error: type 'FfiConverterOptionTypeDatasetInfoDTO' does not conform to protocol 'FfiConverter'
     |                    `- note: add stubs for conformance
8167 |     typealias FfiType = RustBuffer
8168 |     typealias SwiftType = DatasetInfoDto?
/Users/admin/builder/spi-builder-workspace/Sources/HFAPIFFI/Generated/HFAPIFFI.swift:8192:25: error: cannot find type 'RustBuffer' in scope
8190 | #endif
8191 | fileprivate struct FfiConverterOptionTypeGatedNotificationsDTO: FfiConverterRustBuffer {
8192 |     typealias FfiType = RustBuffer
     |                         `- error: cannot find type 'RustBuffer' in scope
8193 |     typealias SwiftType = GatedNotificationsDto?
8194 |
/Users/admin/builder/spi-builder-workspace/Sources/HFAPIFFI/Generated/HFAPIFFI.swift:8191:20: error: type 'FfiConverterOptionTypeGatedNotificationsDTO' does not conform to protocol 'FfiConverter'
 205 | // analogous to the Rust trait of the same name.
 206 | fileprivate protocol FfiConverter {
 207 |     associatedtype FfiType
     |                    `- note: protocol requires nested type 'FfiType'
 208 |     associatedtype SwiftType
 209 |
     :
8189 | @_documentation(visibility: private)
8190 | #endif
8191 | fileprivate struct FfiConverterOptionTypeGatedNotificationsDTO: FfiConverterRustBuffer {
     |                    |- error: type 'FfiConverterOptionTypeGatedNotificationsDTO' does not conform to protocol 'FfiConverter'
     |                    `- note: add stubs for conformance
8192 |     typealias FfiType = RustBuffer
8193 |     typealias SwiftType = GatedNotificationsDto?
/Users/admin/builder/spi-builder-workspace/Sources/HFAPIFFI/Generated/HFAPIFFI.swift:8217:25: error: cannot find type 'RustBuffer' in scope
8215 | #endif
8216 | fileprivate struct FfiConverterOptionTypeHttpErrorContextDTO: FfiConverterRustBuffer {
8217 |     typealias FfiType = RustBuffer
     |                         `- error: cannot find type 'RustBuffer' in scope
8218 |     typealias SwiftType = HttpErrorContextDto?
8219 |
/Users/admin/builder/spi-builder-workspace/Sources/HFAPIFFI/Generated/HFAPIFFI.swift:8216:20: error: type 'FfiConverterOptionTypeHttpErrorContextDTO' does not conform to protocol 'FfiConverter'
 205 | // analogous to the Rust trait of the same name.
 206 | fileprivate protocol FfiConverter {
 207 |     associatedtype FfiType
     |                    `- note: protocol requires nested type 'FfiType'
 208 |     associatedtype SwiftType
 209 |
     :
8214 | @_documentation(visibility: private)
8215 | #endif
8216 | fileprivate struct FfiConverterOptionTypeHttpErrorContextDTO: FfiConverterRustBuffer {
     |                    |- error: type 'FfiConverterOptionTypeHttpErrorContextDTO' does not conform to protocol 'FfiConverter'
     |                    `- note: add stubs for conformance
8217 |     typealias FfiType = RustBuffer
8218 |     typealias SwiftType = HttpErrorContextDto?
/Users/admin/builder/spi-builder-workspace/Sources/HFAPIFFI/Generated/HFAPIFFI.swift:8242:25: error: cannot find type 'RustBuffer' in scope
8240 | #endif
8241 | fileprivate struct FfiConverterOptionTypeLastCommitInfoDTO: FfiConverterRustBuffer {
8242 |     typealias FfiType = RustBuffer
     |                         `- error: cannot find type 'RustBuffer' in scope
8243 |     typealias SwiftType = LastCommitInfoDto?
8244 |
/Users/admin/builder/spi-builder-workspace/Sources/HFAPIFFI/Generated/HFAPIFFI.swift:8241:20: error: type 'FfiConverterOptionTypeLastCommitInfoDTO' does not conform to protocol 'FfiConverter'
 205 | // analogous to the Rust trait of the same name.
 206 | fileprivate protocol FfiConverter {
 207 |     associatedtype FfiType
     |                    `- note: protocol requires nested type 'FfiType'
 208 |     associatedtype SwiftType
 209 |
     :
8239 | @_documentation(visibility: private)
8240 | #endif
8241 | fileprivate struct FfiConverterOptionTypeLastCommitInfoDTO: FfiConverterRustBuffer {
     |                    |- error: type 'FfiConverterOptionTypeLastCommitInfoDTO' does not conform to protocol 'FfiConverter'
     |                    `- note: add stubs for conformance
8242 |     typealias FfiType = RustBuffer
8243 |     typealias SwiftType = LastCommitInfoDto?
/Users/admin/builder/spi-builder-workspace/Sources/HFAPIFFI/Generated/HFAPIFFI.swift:8267:25: error: cannot find type 'RustBuffer' in scope
8265 | #endif
8266 | fileprivate struct FfiConverterOptionTypeModelInfoDTO: FfiConverterRustBuffer {
8267 |     typealias FfiType = RustBuffer
     |                         `- error: cannot find type 'RustBuffer' in scope
8268 |     typealias SwiftType = ModelInfoDto?
8269 |
/Users/admin/builder/spi-builder-workspace/Sources/HFAPIFFI/Generated/HFAPIFFI.swift:8266:20: error: type 'FfiConverterOptionTypeModelInfoDTO' does not conform to protocol 'FfiConverter'
 205 | // analogous to the Rust trait of the same name.
 206 | fileprivate protocol FfiConverter {
 207 |     associatedtype FfiType
     |                    `- note: protocol requires nested type 'FfiType'
 208 |     associatedtype SwiftType
 209 |
     :
8264 | @_documentation(visibility: private)
8265 | #endif
8266 | fileprivate struct FfiConverterOptionTypeModelInfoDTO: FfiConverterRustBuffer {
     |                    |- error: type 'FfiConverterOptionTypeModelInfoDTO' does not conform to protocol 'FfiConverter'
     |                    `- note: add stubs for conformance
8267 |     typealias FfiType = RustBuffer
8268 |     typealias SwiftType = ModelInfoDto?
/Users/admin/builder/spi-builder-workspace/Sources/HFAPIFFI/Generated/HFAPIFFI.swift:8292:25: error: cannot find type 'RustBuffer' in scope
8290 | #endif
8291 | fileprivate struct FfiConverterOptionTypeSafeTensorsInfoDTO: FfiConverterRustBuffer {
8292 |     typealias FfiType = RustBuffer
     |                         `- error: cannot find type 'RustBuffer' in scope
8293 |     typealias SwiftType = SafeTensorsInfoDto?
8294 |
/Users/admin/builder/spi-builder-workspace/Sources/HFAPIFFI/Generated/HFAPIFFI.swift:8291:20: error: type 'FfiConverterOptionTypeSafeTensorsInfoDTO' does not conform to protocol 'FfiConverter'
 205 | // analogous to the Rust trait of the same name.
 206 | fileprivate protocol FfiConverter {
 207 |     associatedtype FfiType
     |                    `- note: protocol requires nested type 'FfiType'
 208 |     associatedtype SwiftType
 209 |
     :
8289 | @_documentation(visibility: private)
8290 | #endif
8291 | fileprivate struct FfiConverterOptionTypeSafeTensorsInfoDTO: FfiConverterRustBuffer {
     |                    |- error: type 'FfiConverterOptionTypeSafeTensorsInfoDTO' does not conform to protocol 'FfiConverter'
     |                    `- note: add stubs for conformance
8292 |     typealias FfiType = RustBuffer
8293 |     typealias SwiftType = SafeTensorsInfoDto?
/Users/admin/builder/spi-builder-workspace/Sources/HFAPIFFI/Generated/HFAPIFFI.swift:8317:25: error: cannot find type 'RustBuffer' in scope
8315 | #endif
8316 | fileprivate struct FfiConverterOptionTypeTransformersInfoDTO: FfiConverterRustBuffer {
8317 |     typealias FfiType = RustBuffer
     |                         `- error: cannot find type 'RustBuffer' in scope
8318 |     typealias SwiftType = TransformersInfoDto?
8319 |
/Users/admin/builder/spi-builder-workspace/Sources/HFAPIFFI/Generated/HFAPIFFI.swift:8316:20: error: type 'FfiConverterOptionTypeTransformersInfoDTO' does not conform to protocol 'FfiConverter'
 205 | // analogous to the Rust trait of the same name.
 206 | fileprivate protocol FfiConverter {
 207 |     associatedtype FfiType
     |                    `- note: protocol requires nested type 'FfiType'
 208 |     associatedtype SwiftType
 209 |
     :
8314 | @_documentation(visibility: private)
8315 | #endif
8316 | fileprivate struct FfiConverterOptionTypeTransformersInfoDTO: FfiConverterRustBuffer {
     |                    |- error: type 'FfiConverterOptionTypeTransformersInfoDTO' does not conform to protocol 'FfiConverter'
     |                    `- note: add stubs for conformance
8317 |     typealias FfiType = RustBuffer
8318 |     typealias SwiftType = TransformersInfoDto?
/Users/admin/builder/spi-builder-workspace/Sources/HFAPIFFI/Generated/HFAPIFFI.swift:8342:25: error: cannot find type 'RustBuffer' in scope
8340 | #endif
8341 | fileprivate struct FfiConverterOptionTypeGatedApprovalModeDTO: FfiConverterRustBuffer {
8342 |     typealias FfiType = RustBuffer
     |                         `- error: cannot find type 'RustBuffer' in scope
8343 |     typealias SwiftType = GatedApprovalModeDto?
8344 |
/Users/admin/builder/spi-builder-workspace/Sources/HFAPIFFI/Generated/HFAPIFFI.swift:8341:20: error: type 'FfiConverterOptionTypeGatedApprovalModeDTO' does not conform to protocol 'FfiConverter'
 205 | // analogous to the Rust trait of the same name.
 206 | fileprivate protocol FfiConverter {
 207 |     associatedtype FfiType
     |                    `- note: protocol requires nested type 'FfiType'
 208 |     associatedtype SwiftType
 209 |
     :
8339 | @_documentation(visibility: private)
8340 | #endif
8341 | fileprivate struct FfiConverterOptionTypeGatedApprovalModeDTO: FfiConverterRustBuffer {
     |                    |- error: type 'FfiConverterOptionTypeGatedApprovalModeDTO' does not conform to protocol 'FfiConverter'
     |                    `- note: add stubs for conformance
8342 |     typealias FfiType = RustBuffer
8343 |     typealias SwiftType = GatedApprovalModeDto?
/Users/admin/builder/spi-builder-workspace/Sources/HFAPIFFI/Generated/HFAPIFFI.swift:8367:25: error: cannot find type 'RustBuffer' in scope
8365 | #endif
8366 | fileprivate struct FfiConverterOptionSequenceString: FfiConverterRustBuffer {
8367 |     typealias FfiType = RustBuffer
     |                         `- error: cannot find type 'RustBuffer' in scope
8368 |     typealias SwiftType = [String]?
8369 |
/Users/admin/builder/spi-builder-workspace/Sources/HFAPIFFI/Generated/HFAPIFFI.swift:8366:20: error: type 'FfiConverterOptionSequenceString' does not conform to protocol 'FfiConverter'
 205 | // analogous to the Rust trait of the same name.
 206 | fileprivate protocol FfiConverter {
 207 |     associatedtype FfiType
     |                    `- note: protocol requires nested type 'FfiType'
 208 |     associatedtype SwiftType
 209 |
     :
8364 | @_documentation(visibility: private)
8365 | #endif
8366 | fileprivate struct FfiConverterOptionSequenceString: FfiConverterRustBuffer {
     |                    |- error: type 'FfiConverterOptionSequenceString' does not conform to protocol 'FfiConverter'
     |                    `- note: add stubs for conformance
8367 |     typealias FfiType = RustBuffer
8368 |     typealias SwiftType = [String]?
/Users/admin/builder/spi-builder-workspace/Sources/HFAPIFFI/Generated/HFAPIFFI.swift:8392:25: error: cannot find type 'RustBuffer' in scope
8390 | #endif
8391 | fileprivate struct FfiConverterOptionSequenceTypeInferenceProviderMappingDTO: FfiConverterRustBuffer {
8392 |     typealias FfiType = RustBuffer
     |                         `- error: cannot find type 'RustBuffer' in scope
8393 |     typealias SwiftType = [InferenceProviderMappingDto]?
8394 |
/Users/admin/builder/spi-builder-workspace/Sources/HFAPIFFI/Generated/HFAPIFFI.swift:8391:20: error: type 'FfiConverterOptionSequenceTypeInferenceProviderMappingDTO' does not conform to protocol 'FfiConverter'
 205 | // analogous to the Rust trait of the same name.
 206 | fileprivate protocol FfiConverter {
 207 |     associatedtype FfiType
     |                    `- note: protocol requires nested type 'FfiType'
 208 |     associatedtype SwiftType
 209 |
     :
8389 | @_documentation(visibility: private)
8390 | #endif
8391 | fileprivate struct FfiConverterOptionSequenceTypeInferenceProviderMappingDTO: FfiConverterRustBuffer {
     |                    |- error: type 'FfiConverterOptionSequenceTypeInferenceProviderMappingDTO' does not conform to protocol 'FfiConverter'
     |                    `- note: add stubs for conformance
8392 |     typealias FfiType = RustBuffer
8393 |     typealias SwiftType = [InferenceProviderMappingDto]?
/Users/admin/builder/spi-builder-workspace/Sources/HFAPIFFI/Generated/HFAPIFFI.swift:8417:25: error: cannot find type 'RustBuffer' in scope
8415 | #endif
8416 | fileprivate struct FfiConverterOptionSequenceTypeOrgMembershipDTO: FfiConverterRustBuffer {
8417 |     typealias FfiType = RustBuffer
     |                         `- error: cannot find type 'RustBuffer' in scope
8418 |     typealias SwiftType = [OrgMembershipDto]?
8419 |
/Users/admin/builder/spi-builder-workspace/Sources/HFAPIFFI/Generated/HFAPIFFI.swift:8416:20: error: type 'FfiConverterOptionSequenceTypeOrgMembershipDTO' does not conform to protocol 'FfiConverter'
 205 | // analogous to the Rust trait of the same name.
 206 | fileprivate protocol FfiConverter {
 207 |     associatedtype FfiType
     |                    `- note: protocol requires nested type 'FfiType'
 208 |     associatedtype SwiftType
 209 |
     :
8414 | @_documentation(visibility: private)
8415 | #endif
8416 | fileprivate struct FfiConverterOptionSequenceTypeOrgMembershipDTO: FfiConverterRustBuffer {
     |                    |- error: type 'FfiConverterOptionSequenceTypeOrgMembershipDTO' does not conform to protocol 'FfiConverter'
     |                    `- note: add stubs for conformance
8417 |     typealias FfiType = RustBuffer
8418 |     typealias SwiftType = [OrgMembershipDto]?
/Users/admin/builder/spi-builder-workspace/Sources/HFAPIFFI/Generated/HFAPIFFI.swift:8442:25: error: cannot find type 'RustBuffer' in scope
8440 | #endif
8441 | fileprivate struct FfiConverterOptionSequenceTypeRepoSiblingDTO: FfiConverterRustBuffer {
8442 |     typealias FfiType = RustBuffer
     |                         `- error: cannot find type 'RustBuffer' in scope
8443 |     typealias SwiftType = [RepoSiblingDto]?
8444 |
/Users/admin/builder/spi-builder-workspace/Sources/HFAPIFFI/Generated/HFAPIFFI.swift:8441:20: error: type 'FfiConverterOptionSequenceTypeRepoSiblingDTO' does not conform to protocol 'FfiConverter'
 205 | // analogous to the Rust trait of the same name.
 206 | fileprivate protocol FfiConverter {
 207 |     associatedtype FfiType
     |                    `- note: protocol requires nested type 'FfiType'
 208 |     associatedtype SwiftType
 209 |
     :
8439 | @_documentation(visibility: private)
8440 | #endif
8441 | fileprivate struct FfiConverterOptionSequenceTypeRepoSiblingDTO: FfiConverterRustBuffer {
     |                    |- error: type 'FfiConverterOptionSequenceTypeRepoSiblingDTO' does not conform to protocol 'FfiConverter'
     |                    `- note: add stubs for conformance
8442 |     typealias FfiType = RustBuffer
8443 |     typealias SwiftType = [RepoSiblingDto]?
/Users/admin/builder/spi-builder-workspace/Sources/HFAPIFFI/Generated/HFAPIFFI.swift:8467:25: error: cannot find type 'RustBuffer' in scope
8465 | #endif
8466 | fileprivate struct FfiConverterSequenceString: FfiConverterRustBuffer {
8467 |     typealias FfiType = RustBuffer
     |                         `- error: cannot find type 'RustBuffer' in scope
8468 |     typealias SwiftType = [String]
8469 |
/Users/admin/builder/spi-builder-workspace/Sources/HFAPIFFI/Generated/HFAPIFFI.swift:8466:20: error: type 'FfiConverterSequenceString' does not conform to protocol 'FfiConverter'
 205 | // analogous to the Rust trait of the same name.
 206 | fileprivate protocol FfiConverter {
 207 |     associatedtype FfiType
     |                    `- note: protocol requires nested type 'FfiType'
 208 |     associatedtype SwiftType
 209 |
     :
8464 | @_documentation(visibility: private)
8465 | #endif
8466 | fileprivate struct FfiConverterSequenceString: FfiConverterRustBuffer {
     |                    |- error: type 'FfiConverterSequenceString' does not conform to protocol 'FfiConverter'
     |                    `- note: add stubs for conformance
8467 |     typealias FfiType = RustBuffer
8468 |     typealias SwiftType = [String]
/Users/admin/builder/spi-builder-workspace/Sources/HFAPIFFI/Generated/HFAPIFFI.swift:8493:25: error: cannot find type 'RustBuffer' in scope
8491 | #endif
8492 | fileprivate struct FfiConverterSequenceTypeCachedFileInfoDTO: FfiConverterRustBuffer {
8493 |     typealias FfiType = RustBuffer
     |                         `- error: cannot find type 'RustBuffer' in scope
8494 |     typealias SwiftType = [CachedFileInfoDto]
8495 |
/Users/admin/builder/spi-builder-workspace/Sources/HFAPIFFI/Generated/HFAPIFFI.swift:8492:20: error: type 'FfiConverterSequenceTypeCachedFileInfoDTO' does not conform to protocol 'FfiConverter'
 205 | // analogous to the Rust trait of the same name.
 206 | fileprivate protocol FfiConverter {
 207 |     associatedtype FfiType
     |                    `- note: protocol requires nested type 'FfiType'
 208 |     associatedtype SwiftType
 209 |
     :
8490 | @_documentation(visibility: private)
8491 | #endif
8492 | fileprivate struct FfiConverterSequenceTypeCachedFileInfoDTO: FfiConverterRustBuffer {
     |                    |- error: type 'FfiConverterSequenceTypeCachedFileInfoDTO' does not conform to protocol 'FfiConverter'
     |                    `- note: add stubs for conformance
8493 |     typealias FfiType = RustBuffer
8494 |     typealias SwiftType = [CachedFileInfoDto]
/Users/admin/builder/spi-builder-workspace/Sources/HFAPIFFI/Generated/HFAPIFFI.swift:8519:25: error: cannot find type 'RustBuffer' in scope
8517 | #endif
8518 | fileprivate struct FfiConverterSequenceTypeCachedRepoInfoDTO: FfiConverterRustBuffer {
8519 |     typealias FfiType = RustBuffer
     |                         `- error: cannot find type 'RustBuffer' in scope
8520 |     typealias SwiftType = [CachedRepoInfoDto]
8521 |
/Users/admin/builder/spi-builder-workspace/Sources/HFAPIFFI/Generated/HFAPIFFI.swift:8518:20: error: type 'FfiConverterSequenceTypeCachedRepoInfoDTO' does not conform to protocol 'FfiConverter'
 205 | // analogous to the Rust trait of the same name.
 206 | fileprivate protocol FfiConverter {
 207 |     associatedtype FfiType
     |                    `- note: protocol requires nested type 'FfiType'
 208 |     associatedtype SwiftType
 209 |
     :
8516 | @_documentation(visibility: private)
8517 | #endif
8518 | fileprivate struct FfiConverterSequenceTypeCachedRepoInfoDTO: FfiConverterRustBuffer {
     |                    |- error: type 'FfiConverterSequenceTypeCachedRepoInfoDTO' does not conform to protocol 'FfiConverter'
     |                    `- note: add stubs for conformance
8519 |     typealias FfiType = RustBuffer
8520 |     typealias SwiftType = [CachedRepoInfoDto]
/Users/admin/builder/spi-builder-workspace/Sources/HFAPIFFI/Generated/HFAPIFFI.swift:8545:25: error: cannot find type 'RustBuffer' in scope
8543 | #endif
8544 | fileprivate struct FfiConverterSequenceTypeCachedRevisionInfoDTO: FfiConverterRustBuffer {
8545 |     typealias FfiType = RustBuffer
     |                         `- error: cannot find type 'RustBuffer' in scope
8546 |     typealias SwiftType = [CachedRevisionInfoDto]
8547 |
/Users/admin/builder/spi-builder-workspace/Sources/HFAPIFFI/Generated/HFAPIFFI.swift:8544:20: error: type 'FfiConverterSequenceTypeCachedRevisionInfoDTO' does not conform to protocol 'FfiConverter'
 205 | // analogous to the Rust trait of the same name.
 206 | fileprivate protocol FfiConverter {
 207 |     associatedtype FfiType
     |                    `- note: protocol requires nested type 'FfiType'
 208 |     associatedtype SwiftType
 209 |
     :
8542 | @_documentation(visibility: private)
8543 | #endif
8544 | fileprivate struct FfiConverterSequenceTypeCachedRevisionInfoDTO: FfiConverterRustBuffer {
     |                    |- error: type 'FfiConverterSequenceTypeCachedRevisionInfoDTO' does not conform to protocol 'FfiConverter'
     |                    `- note: add stubs for conformance
8545 |     typealias FfiType = RustBuffer
8546 |     typealias SwiftType = [CachedRevisionInfoDto]
/Users/admin/builder/spi-builder-workspace/Sources/HFAPIFFI/Generated/HFAPIFFI.swift:8571:25: error: cannot find type 'RustBuffer' in scope
8569 | #endif
8570 | fileprivate struct FfiConverterSequenceTypeCommitAuthorDTO: FfiConverterRustBuffer {
8571 |     typealias FfiType = RustBuffer
     |                         `- error: cannot find type 'RustBuffer' in scope
8572 |     typealias SwiftType = [CommitAuthorDto]
8573 |
/Users/admin/builder/spi-builder-workspace/Sources/HFAPIFFI/Generated/HFAPIFFI.swift:8570:20: error: type 'FfiConverterSequenceTypeCommitAuthorDTO' does not conform to protocol 'FfiConverter'
 205 | // analogous to the Rust trait of the same name.
 206 | fileprivate protocol FfiConverter {
 207 |     associatedtype FfiType
     |                    `- note: protocol requires nested type 'FfiType'
 208 |     associatedtype SwiftType
 209 |
     :
8568 | @_documentation(visibility: private)
8569 | #endif
8570 | fileprivate struct FfiConverterSequenceTypeCommitAuthorDTO: FfiConverterRustBuffer {
     |                    |- error: type 'FfiConverterSequenceTypeCommitAuthorDTO' does not conform to protocol 'FfiConverter'
     |                    `- note: add stubs for conformance
8571 |     typealias FfiType = RustBuffer
8572 |     typealias SwiftType = [CommitAuthorDto]
/Users/admin/builder/spi-builder-workspace/Sources/HFAPIFFI/Generated/HFAPIFFI.swift:8597:25: error: cannot find type 'RustBuffer' in scope
8595 | #endif
8596 | fileprivate struct FfiConverterSequenceTypeDatasetInfoDTO: FfiConverterRustBuffer {
8597 |     typealias FfiType = RustBuffer
     |                         `- error: cannot find type 'RustBuffer' in scope
8598 |     typealias SwiftType = [DatasetInfoDto]
8599 |
/Users/admin/builder/spi-builder-workspace/Sources/HFAPIFFI/Generated/HFAPIFFI.swift:8596:20: error: type 'FfiConverterSequenceTypeDatasetInfoDTO' does not conform to protocol 'FfiConverter'
 205 | // analogous to the Rust trait of the same name.
 206 | fileprivate protocol FfiConverter {
 207 |     associatedtype FfiType
     |                    `- note: protocol requires nested type 'FfiType'
 208 |     associatedtype SwiftType
 209 |
     :
8594 | @_documentation(visibility: private)
8595 | #endif
8596 | fileprivate struct FfiConverterSequenceTypeDatasetInfoDTO: FfiConverterRustBuffer {
     |                    |- error: type 'FfiConverterSequenceTypeDatasetInfoDTO' does not conform to protocol 'FfiConverter'
     |                    `- note: add stubs for conformance
8597 |     typealias FfiType = RustBuffer
8598 |     typealias SwiftType = [DatasetInfoDto]
/Users/admin/builder/spi-builder-workspace/Sources/HFAPIFFI/Generated/HFAPIFFI.swift:8623:25: error: cannot find type 'RustBuffer' in scope
8621 | #endif
8622 | fileprivate struct FfiConverterSequenceTypeFailureDTO: FfiConverterRustBuffer {
8623 |     typealias FfiType = RustBuffer
     |                         `- error: cannot find type 'RustBuffer' in scope
8624 |     typealias SwiftType = [FailureDto]
8625 |
/Users/admin/builder/spi-builder-workspace/Sources/HFAPIFFI/Generated/HFAPIFFI.swift:8622:20: error: type 'FfiConverterSequenceTypeFailureDTO' does not conform to protocol 'FfiConverter'
 205 | // analogous to the Rust trait of the same name.
 206 | fileprivate protocol FfiConverter {
 207 |     associatedtype FfiType
     |                    `- note: protocol requires nested type 'FfiType'
 208 |     associatedtype SwiftType
 209 |
     :
8620 | @_documentation(visibility: private)
8621 | #endif
8622 | fileprivate struct FfiConverterSequenceTypeFailureDTO: FfiConverterRustBuffer {
     |                    |- error: type 'FfiConverterSequenceTypeFailureDTO' does not conform to protocol 'FfiConverter'
     |                    `- note: add stubs for conformance
8623 |     typealias FfiType = RustBuffer
8624 |     typealias SwiftType = [FailureDto]
/Users/admin/builder/spi-builder-workspace/Sources/HFAPIFFI/Generated/HFAPIFFI.swift:8649:25: error: cannot find type 'RustBuffer' in scope
8647 | #endif
8648 | fileprivate struct FfiConverterSequenceTypeFileProgressDTO: FfiConverterRustBuffer {
8649 |     typealias FfiType = RustBuffer
     |                         `- error: cannot find type 'RustBuffer' in scope
8650 |     typealias SwiftType = [FileProgressDto]
8651 |
/Users/admin/builder/spi-builder-workspace/Sources/HFAPIFFI/Generated/HFAPIFFI.swift:8648:20: error: type 'FfiConverterSequenceTypeFileProgressDTO' does not conform to protocol 'FfiConverter'
 205 | // analogous to the Rust trait of the same name.
 206 | fileprivate protocol FfiConverter {
 207 |     associatedtype FfiType
     |                    `- note: protocol requires nested type 'FfiType'
 208 |     associatedtype SwiftType
 209 |
     :
8646 | @_documentation(visibility: private)
8647 | #endif
8648 | fileprivate struct FfiConverterSequenceTypeFileProgressDTO: FfiConverterRustBuffer {
     |                    |- error: type 'FfiConverterSequenceTypeFileProgressDTO' does not conform to protocol 'FfiConverter'
     |                    `- note: add stubs for conformance
8649 |     typealias FfiType = RustBuffer
8650 |     typealias SwiftType = [FileProgressDto]
/Users/admin/builder/spi-builder-workspace/Sources/HFAPIFFI/Generated/HFAPIFFI.swift:8675:25: error: cannot find type 'RustBuffer' in scope
8673 | #endif
8674 | fileprivate struct FfiConverterSequenceTypeGitCommitInfoDTO: FfiConverterRustBuffer {
8675 |     typealias FfiType = RustBuffer
     |                         `- error: cannot find type 'RustBuffer' in scope
8676 |     typealias SwiftType = [GitCommitInfoDto]
8677 |
/Users/admin/builder/spi-builder-workspace/Sources/HFAPIFFI/Generated/HFAPIFFI.swift:8674:20: error: type 'FfiConverterSequenceTypeGitCommitInfoDTO' does not conform to protocol 'FfiConverter'
 205 | // analogous to the Rust trait of the same name.
 206 | fileprivate protocol FfiConverter {
 207 |     associatedtype FfiType
     |                    `- note: protocol requires nested type 'FfiType'
 208 |     associatedtype SwiftType
 209 |
     :
8672 | @_documentation(visibility: private)
8673 | #endif
8674 | fileprivate struct FfiConverterSequenceTypeGitCommitInfoDTO: FfiConverterRustBuffer {
     |                    |- error: type 'FfiConverterSequenceTypeGitCommitInfoDTO' does not conform to protocol 'FfiConverter'
     |                    `- note: add stubs for conformance
8675 |     typealias FfiType = RustBuffer
8676 |     typealias SwiftType = [GitCommitInfoDto]
/Users/admin/builder/spi-builder-workspace/Sources/HFAPIFFI/Generated/HFAPIFFI.swift:8701:25: error: cannot find type 'RustBuffer' in scope
8699 | #endif
8700 | fileprivate struct FfiConverterSequenceTypeGitRefInfoDTO: FfiConverterRustBuffer {
8701 |     typealias FfiType = RustBuffer
     |                         `- error: cannot find type 'RustBuffer' in scope
8702 |     typealias SwiftType = [GitRefInfoDto]
8703 |
/Users/admin/builder/spi-builder-workspace/Sources/HFAPIFFI/Generated/HFAPIFFI.swift:8700:20: error: type 'FfiConverterSequenceTypeGitRefInfoDTO' does not conform to protocol 'FfiConverter'
 205 | // analogous to the Rust trait of the same name.
 206 | fileprivate protocol FfiConverter {
 207 |     associatedtype FfiType
     |                    `- note: protocol requires nested type 'FfiType'
 208 |     associatedtype SwiftType
 209 |
     :
8698 | @_documentation(visibility: private)
8699 | #endif
8700 | fileprivate struct FfiConverterSequenceTypeGitRefInfoDTO: FfiConverterRustBuffer {
     |                    |- error: type 'FfiConverterSequenceTypeGitRefInfoDTO' does not conform to protocol 'FfiConverter'
     |                    `- note: add stubs for conformance
8701 |     typealias FfiType = RustBuffer
8702 |     typealias SwiftType = [GitRefInfoDto]
/Users/admin/builder/spi-builder-workspace/Sources/HFAPIFFI/Generated/HFAPIFFI.swift:8727:25: error: cannot find type 'RustBuffer' in scope
8725 | #endif
8726 | fileprivate struct FfiConverterSequenceTypeHFFileDiffDTO: FfiConverterRustBuffer {
8727 |     typealias FfiType = RustBuffer
     |                         `- error: cannot find type 'RustBuffer' in scope
8728 |     typealias SwiftType = [HfFileDiffDto]
8729 |
/Users/admin/builder/spi-builder-workspace/Sources/HFAPIFFI/Generated/HFAPIFFI.swift:8726:20: error: type 'FfiConverterSequenceTypeHFFileDiffDTO' does not conform to protocol 'FfiConverter'
 205 | // analogous to the Rust trait of the same name.
 206 | fileprivate protocol FfiConverter {
 207 |     associatedtype FfiType
     |                    `- note: protocol requires nested type 'FfiType'
 208 |     associatedtype SwiftType
 209 |
     :
8724 | @_documentation(visibility: private)
8725 | #endif
8726 | fileprivate struct FfiConverterSequenceTypeHFFileDiffDTO: FfiConverterRustBuffer {
     |                    |- error: type 'FfiConverterSequenceTypeHFFileDiffDTO' does not conform to protocol 'FfiConverter'
     |                    `- note: add stubs for conformance
8727 |     typealias FfiType = RustBuffer
8728 |     typealias SwiftType = [HfFileDiffDto]
/Users/admin/builder/spi-builder-workspace/Sources/HFAPIFFI/Generated/HFAPIFFI.swift:8753:25: error: cannot find type 'RustBuffer' in scope
8751 | #endif
8752 | fileprivate struct FfiConverterSequenceTypeInferenceProviderMappingDTO: FfiConverterRustBuffer {
8753 |     typealias FfiType = RustBuffer
     |                         `- error: cannot find type 'RustBuffer' in scope
8754 |     typealias SwiftType = [InferenceProviderMappingDto]
8755 |
/Users/admin/builder/spi-builder-workspace/Sources/HFAPIFFI/Generated/HFAPIFFI.swift:8752:20: error: type 'FfiConverterSequenceTypeInferenceProviderMappingDTO' does not conform to protocol 'FfiConverter'
 205 | // analogous to the Rust trait of the same name.
 206 | fileprivate protocol FfiConverter {
 207 |     associatedtype FfiType
     |                    `- note: protocol requires nested type 'FfiType'
 208 |     associatedtype SwiftType
 209 |
     :
8750 | @_documentation(visibility: private)
8751 | #endif
8752 | fileprivate struct FfiConverterSequenceTypeInferenceProviderMappingDTO: FfiConverterRustBuffer {
     |                    |- error: type 'FfiConverterSequenceTypeInferenceProviderMappingDTO' does not conform to protocol 'FfiConverter'
     |                    `- note: add stubs for conformance
8753 |     typealias FfiType = RustBuffer
8754 |     typealias SwiftType = [InferenceProviderMappingDto]
/Users/admin/builder/spi-builder-workspace/Sources/HFAPIFFI/Generated/HFAPIFFI.swift:8779:25: error: cannot find type 'RustBuffer' in scope
8777 | #endif
8778 | fileprivate struct FfiConverterSequenceTypeModelInfoDTO: FfiConverterRustBuffer {
8779 |     typealias FfiType = RustBuffer
     |                         `- error: cannot find type 'RustBuffer' in scope
8780 |     typealias SwiftType = [ModelInfoDto]
8781 |
/Users/admin/builder/spi-builder-workspace/Sources/HFAPIFFI/Generated/HFAPIFFI.swift:8778:20: error: type 'FfiConverterSequenceTypeModelInfoDTO' does not conform to protocol 'FfiConverter'
 205 | // analogous to the Rust trait of the same name.
 206 | fileprivate protocol FfiConverter {
 207 |     associatedtype FfiType
     |                    `- note: protocol requires nested type 'FfiType'
 208 |     associatedtype SwiftType
 209 |
     :
8776 | @_documentation(visibility: private)
8777 | #endif
8778 | fileprivate struct FfiConverterSequenceTypeModelInfoDTO: FfiConverterRustBuffer {
     |                    |- error: type 'FfiConverterSequenceTypeModelInfoDTO' does not conform to protocol 'FfiConverter'
     |                    `- note: add stubs for conformance
8779 |     typealias FfiType = RustBuffer
8780 |     typealias SwiftType = [ModelInfoDto]
/Users/admin/builder/spi-builder-workspace/Sources/HFAPIFFI/Generated/HFAPIFFI.swift:8805:25: error: cannot find type 'RustBuffer' in scope
8803 | #endif
8804 | fileprivate struct FfiConverterSequenceTypeOrgMembershipDTO: FfiConverterRustBuffer {
8805 |     typealias FfiType = RustBuffer
     |                         `- error: cannot find type 'RustBuffer' in scope
8806 |     typealias SwiftType = [OrgMembershipDto]
8807 |
/Users/admin/builder/spi-builder-workspace/Sources/HFAPIFFI/Generated/HFAPIFFI.swift:8804:20: error: type 'FfiConverterSequenceTypeOrgMembershipDTO' does not conform to protocol 'FfiConverter'
 205 | // analogous to the Rust trait of the same name.
 206 | fileprivate protocol FfiConverter {
 207 |     associatedtype FfiType
     |                    `- note: protocol requires nested type 'FfiType'
 208 |     associatedtype SwiftType
 209 |
     :
8802 | @_documentation(visibility: private)
8803 | #endif
8804 | fileprivate struct FfiConverterSequenceTypeOrgMembershipDTO: FfiConverterRustBuffer {
     |                    |- error: type 'FfiConverterSequenceTypeOrgMembershipDTO' does not conform to protocol 'FfiConverter'
     |                    `- note: add stubs for conformance
8805 |     typealias FfiType = RustBuffer
8806 |     typealias SwiftType = [OrgMembershipDto]
/Users/admin/builder/spi-builder-workspace/Sources/HFAPIFFI/Generated/HFAPIFFI.swift:8831:25: error: cannot find type 'RustBuffer' in scope
8829 | #endif
8830 | fileprivate struct FfiConverterSequenceTypeRepoSiblingDTO: FfiConverterRustBuffer {
8831 |     typealias FfiType = RustBuffer
     |                         `- error: cannot find type 'RustBuffer' in scope
8832 |     typealias SwiftType = [RepoSiblingDto]
8833 |
/Users/admin/builder/spi-builder-workspace/Sources/HFAPIFFI/Generated/HFAPIFFI.swift:8830:20: error: type 'FfiConverterSequenceTypeRepoSiblingDTO' does not conform to protocol 'FfiConverter'
 205 | // analogous to the Rust trait of the same name.
 206 | fileprivate protocol FfiConverter {
 207 |     associatedtype FfiType
     |                    `- note: protocol requires nested type 'FfiType'
 208 |     associatedtype SwiftType
 209 |
     :
8828 | @_documentation(visibility: private)
8829 | #endif
8830 | fileprivate struct FfiConverterSequenceTypeRepoSiblingDTO: FfiConverterRustBuffer {
     |                    |- error: type 'FfiConverterSequenceTypeRepoSiblingDTO' does not conform to protocol 'FfiConverter'
     |                    `- note: add stubs for conformance
8831 |     typealias FfiType = RustBuffer
8832 |     typealias SwiftType = [RepoSiblingDto]
/Users/admin/builder/spi-builder-workspace/Sources/HFAPIFFI/Generated/HFAPIFFI.swift:8857:25: error: cannot find type 'RustBuffer' in scope
8855 | #endif
8856 | fileprivate struct FfiConverterSequenceTypeCommitOperationDTO: FfiConverterRustBuffer {
8857 |     typealias FfiType = RustBuffer
     |                         `- error: cannot find type 'RustBuffer' in scope
8858 |     typealias SwiftType = [CommitOperationDto]
8859 |
/Users/admin/builder/spi-builder-workspace/Sources/HFAPIFFI/Generated/HFAPIFFI.swift:8856:20: error: type 'FfiConverterSequenceTypeCommitOperationDTO' does not conform to protocol 'FfiConverter'
 205 | // analogous to the Rust trait of the same name.
 206 | fileprivate protocol FfiConverter {
 207 |     associatedtype FfiType
     |                    `- note: protocol requires nested type 'FfiType'
 208 |     associatedtype SwiftType
 209 |
     :
8854 | @_documentation(visibility: private)
8855 | #endif
8856 | fileprivate struct FfiConverterSequenceTypeCommitOperationDTO: FfiConverterRustBuffer {
     |                    |- error: type 'FfiConverterSequenceTypeCommitOperationDTO' does not conform to protocol 'FfiConverter'
     |                    `- note: add stubs for conformance
8857 |     typealias FfiType = RustBuffer
8858 |     typealias SwiftType = [CommitOperationDto]
/Users/admin/builder/spi-builder-workspace/Sources/HFAPIFFI/Generated/HFAPIFFI.swift:8883:25: error: cannot find type 'RustBuffer' in scope
8881 | #endif
8882 | fileprivate struct FfiConverterSequenceTypeRepoTreeEntryDTO: FfiConverterRustBuffer {
8883 |     typealias FfiType = RustBuffer
     |                         `- error: cannot find type 'RustBuffer' in scope
8884 |     typealias SwiftType = [RepoTreeEntryDto]
8885 |
/Users/admin/builder/spi-builder-workspace/Sources/HFAPIFFI/Generated/HFAPIFFI.swift:8882:20: error: type 'FfiConverterSequenceTypeRepoTreeEntryDTO' does not conform to protocol 'FfiConverter'
 205 | // analogous to the Rust trait of the same name.
 206 | fileprivate protocol FfiConverter {
 207 |     associatedtype FfiType
     |                    `- note: protocol requires nested type 'FfiType'
 208 |     associatedtype SwiftType
 209 |
     :
8880 | @_documentation(visibility: private)
8881 | #endif
8882 | fileprivate struct FfiConverterSequenceTypeRepoTreeEntryDTO: FfiConverterRustBuffer {
     |                    |- error: type 'FfiConverterSequenceTypeRepoTreeEntryDTO' does not conform to protocol 'FfiConverter'
     |                    `- note: add stubs for conformance
8883 |     typealias FfiType = RustBuffer
8884 |     typealias SwiftType = [RepoTreeEntryDto]
/Users/admin/builder/spi-builder-workspace/Sources/HFAPIFFI/Generated/HFAPIFFI.swift:8909:25: error: cannot find type 'RustBuffer' in scope
8907 | #endif
8908 | fileprivate struct FfiConverterDictionaryStringUInt64: FfiConverterRustBuffer {
8909 |     typealias FfiType = RustBuffer
     |                         `- error: cannot find type 'RustBuffer' in scope
8910 |
8911 |     public static func write(_ value: [String: UInt64], into buf: inout [UInt8]) {
/Users/admin/builder/spi-builder-workspace/Sources/HFAPIFFI/Generated/HFAPIFFI.swift:8908:20: error: type 'FfiConverterDictionaryStringUInt64' does not conform to protocol 'FfiConverter'
 205 | // analogous to the Rust trait of the same name.
 206 | fileprivate protocol FfiConverter {
 207 |     associatedtype FfiType
     |                    `- note: protocol requires nested type 'FfiType'
 208 |     associatedtype SwiftType
 209 |
     :
8906 | @_documentation(visibility: private)
8907 | #endif
8908 | fileprivate struct FfiConverterDictionaryStringUInt64: FfiConverterRustBuffer {
     |                    |- error: type 'FfiConverterDictionaryStringUInt64' does not conform to protocol 'FfiConverter'
     |                    `- note: add stubs for conformance
8909 |     typealias FfiType = RustBuffer
8910 |
/Users/admin/builder/spi-builder-workspace/Sources/HFAPIFFI/Generated/HFAPIFFI.swift:8939:34: error: cannot find type 'UniffiRustFutureContinuationCallback' in scope
8937 | fileprivate func uniffiRustCallAsync<F, T>(
8938 |     rustFutureFunc: () -> UInt64,
8939 |     pollFunc: (UInt64, @escaping UniffiRustFutureContinuationCallback, UInt64) -> (),
     |                                  `- error: cannot find type 'UniffiRustFutureContinuationCallback' in scope
8940 |     completeFunc: (UInt64, UnsafeMutablePointer<RustCallStatus>) -> F,
8941 |     freeFunc: (UInt64) -> (),
/Users/admin/builder/spi-builder-workspace/Sources/HFAPIFFI/Generated/HFAPIFFI.swift:8939:24: error: '@escaping' only applies to function types
8937 | fileprivate func uniffiRustCallAsync<F, T>(
8938 |     rustFutureFunc: () -> UInt64,
8939 |     pollFunc: (UInt64, @escaping UniffiRustFutureContinuationCallback, UInt64) -> (),
     |                        `- error: '@escaping' only applies to function types
8940 |     completeFunc: (UInt64, UnsafeMutablePointer<RustCallStatus>) -> F,
8941 |     freeFunc: (UInt64) -> (),
/Users/admin/builder/spi-builder-workspace/Sources/HFAPIFFI/Generated/HFAPIFFI.swift:8940:49: error: cannot find type 'RustCallStatus' in scope
8938 |     rustFutureFunc: () -> UInt64,
8939 |     pollFunc: (UInt64, @escaping UniffiRustFutureContinuationCallback, UInt64) -> (),
8940 |     completeFunc: (UInt64, UnsafeMutablePointer<RustCallStatus>) -> F,
     |                                                 `- error: cannot find type 'RustCallStatus' in scope
8941 |     freeFunc: (UInt64) -> (),
8942 |     liftFunc: (F) throws -> T,
/Users/admin/builder/spi-builder-workspace/Sources/HFAPIFFI/Generated/HFAPIFFI.swift:8943:21: error: cannot find type 'RustBuffer' in scope
8941 |     freeFunc: (UInt64) -> (),
8942 |     liftFunc: (F) throws -> T,
8943 |     errorHandler: ((RustBuffer) throws -> Swift.Error)?
     |                     `- error: cannot find type 'RustBuffer' in scope
8944 | ) async throws -> T {
8945 |     // Make sure to call the ensure init function since future creation doesn't have a
/Users/admin/builder/spi-builder-workspace/Sources/HFAPIFFI/Generated/HFAPIFFI.swift:8983:35: error: cannot find type 'RustBuffer' in scope
8981 |     makeCall: @escaping () async throws -> T,
8982 |     handleSuccess: @escaping (T) -> (),
8983 |     handleError: @escaping (Int8, RustBuffer) -> (),
     |                                   `- error: cannot find type 'RustBuffer' in scope
8984 |     droppedCallback: UnsafeMutablePointer<UniffiForeignFutureDroppedCallbackStruct>
8985 | ) {
/Users/admin/builder/spi-builder-workspace/Sources/HFAPIFFI/Generated/HFAPIFFI.swift:8984:43: error: cannot find type 'UniffiForeignFutureDroppedCallbackStruct' in scope
8982 |     handleSuccess: @escaping (T) -> (),
8983 |     handleError: @escaping (Int8, RustBuffer) -> (),
8984 |     droppedCallback: UnsafeMutablePointer<UniffiForeignFutureDroppedCallbackStruct>
     |                                           `- error: cannot find type 'UniffiForeignFutureDroppedCallbackStruct' in scope
8985 | ) {
8986 |     let task = Task {
/Users/admin/builder/spi-builder-workspace/Sources/HFAPIFFI/Generated/HFAPIFFI.swift:9014:35: error: cannot find type 'RustBuffer' in scope
9012 |     makeCall: @escaping () async throws -> T,
9013 |     handleSuccess: @escaping (T) -> (),
9014 |     handleError: @escaping (Int8, RustBuffer) -> (),
     |                                   `- error: cannot find type 'RustBuffer' in scope
9015 |     lowerError: @escaping (E) -> RustBuffer,
9016 |     droppedCallback: UnsafeMutablePointer<UniffiForeignFutureDroppedCallbackStruct>
/Users/admin/builder/spi-builder-workspace/Sources/HFAPIFFI/Generated/HFAPIFFI.swift:9015:34: error: cannot find type 'RustBuffer' in scope
9013 |     handleSuccess: @escaping (T) -> (),
9014 |     handleError: @escaping (Int8, RustBuffer) -> (),
9015 |     lowerError: @escaping (E) -> RustBuffer,
     |                                  `- error: cannot find type 'RustBuffer' in scope
9016 |     droppedCallback: UnsafeMutablePointer<UniffiForeignFutureDroppedCallbackStruct>
9017 | ) {
/Users/admin/builder/spi-builder-workspace/Sources/HFAPIFFI/Generated/HFAPIFFI.swift:9015:17: error: '@escaping' only applies to function types
9013 |     handleSuccess: @escaping (T) -> (),
9014 |     handleError: @escaping (Int8, RustBuffer) -> (),
9015 |     lowerError: @escaping (E) -> RustBuffer,
     |                 `- error: '@escaping' only applies to function types
9016 |     droppedCallback: UnsafeMutablePointer<UniffiForeignFutureDroppedCallbackStruct>
9017 | ) {
/Users/admin/builder/spi-builder-workspace/Sources/HFAPIFFI/Generated/HFAPIFFI.swift:9016:43: error: cannot find type 'UniffiForeignFutureDroppedCallbackStruct' in scope
9014 |     handleError: @escaping (Int8, RustBuffer) -> (),
9015 |     lowerError: @escaping (E) -> RustBuffer,
9016 |     droppedCallback: UnsafeMutablePointer<UniffiForeignFutureDroppedCallbackStruct>
     |                                           `- error: cannot find type 'UniffiForeignFutureDroppedCallbackStruct' in scope
9017 | ) {
9018 |     let task = Task {
/Users/admin/builder/spi-builder-workspace/Sources/HFAPIFFI/Generated/HFAPIFFI.swift:9126:40: error: cannot find 'ffi_hf_api_rust_uniffi_contract_version' in scope
9124 |     let bindings_contract_version = 30
9125 |     // Get the scaffolding contract version by calling the into the dylib
9126 |     let scaffolding_contract_version = ffi_hf_api_rust_uniffi_contract_version()
     |                                        `- error: cannot find 'ffi_hf_api_rust_uniffi_contract_version' in scope
9127 |     if bindings_contract_version != scaffolding_contract_version {
9128 |         return InitializationResult.contractVersionMismatch
/Users/admin/builder/spi-builder-workspace/Sources/HFAPIFFI/Generated/HFAPIFFI.swift:9130:9: error: cannot find 'uniffi_hf_api_rust_checksum_func_compute_delete_cache_strategy' in scope
9128 |         return InitializationResult.contractVersionMismatch
9129 |     }
9130 |     if (uniffi_hf_api_rust_checksum_func_compute_delete_cache_strategy() != 52355) {
     |         `- error: cannot find 'uniffi_hf_api_rust_checksum_func_compute_delete_cache_strategy' in scope
9131 |         return InitializationResult.apiChecksumMismatch
9132 |     }
/Users/admin/builder/spi-builder-workspace/Sources/HFAPIFFI/Generated/HFAPIFFI.swift:9133:9: error: cannot find 'uniffi_hf_api_rust_checksum_func_execute_delete_cache_strategy' in scope
9131 |         return InitializationResult.apiChecksumMismatch
9132 |     }
9133 |     if (uniffi_hf_api_rust_checksum_func_execute_delete_cache_strategy() != 51897) {
     |         `- error: cannot find 'uniffi_hf_api_rust_checksum_func_execute_delete_cache_strategy' in scope
9134 |         return InitializationResult.apiChecksumMismatch
9135 |     }
/Users/admin/builder/spi-builder-workspace/Sources/HFAPIFFI/Generated/HFAPIFFI.swift:9136:9: error: cannot find 'uniffi_hf_api_rust_checksum_func_validate_repo_id_segment_ffi' in scope
9134 |         return InitializationResult.apiChecksumMismatch
9135 |     }
9136 |     if (uniffi_hf_api_rust_checksum_func_validate_repo_id_segment_ffi() != 64429) {
     |         `- error: cannot find 'uniffi_hf_api_rust_checksum_func_validate_repo_id_segment_ffi' in scope
9137 |         return InitializationResult.apiChecksumMismatch
9138 |     }
/Users/admin/builder/spi-builder-workspace/Sources/HFAPIFFI/Generated/HFAPIFFI.swift:9139:9: error: cannot find 'uniffi_hf_api_rust_checksum_method_ffitokenprovider_get_token' in scope
9137 |         return InitializationResult.apiChecksumMismatch
9138 |     }
9139 |     if (uniffi_hf_api_rust_checksum_method_ffitokenprovider_get_token() != 17334) {
     |         `- error: cannot find 'uniffi_hf_api_rust_checksum_method_ffitokenprovider_get_token' in scope
9140 |         return InitializationResult.apiChecksumMismatch
9141 |     }
/Users/admin/builder/spi-builder-workspace/Sources/HFAPIFFI/Generated/HFAPIFFI.swift:9142:9: error: cannot find 'uniffi_hf_api_rust_checksum_method_operationhandle_cancel' in scope
9140 |         return InitializationResult.apiChecksumMismatch
9141 |     }
9142 |     if (uniffi_hf_api_rust_checksum_method_operationhandle_cancel() != 64035) {
     |         `- error: cannot find 'uniffi_hf_api_rust_checksum_method_operationhandle_cancel' in scope
9143 |         return InitializationResult.apiChecksumMismatch
9144 |     }
/Users/admin/builder/spi-builder-workspace/Sources/HFAPIFFI/Generated/HFAPIFFI.swift:9145:9: error: cannot find 'uniffi_hf_api_rust_checksum_method_operationhandle_is_cancelled' in scope
9143 |         return InitializationResult.apiChecksumMismatch
9144 |     }
9145 |     if (uniffi_hf_api_rust_checksum_method_operationhandle_is_cancelled() != 42036) {
     |         `- error: cannot find 'uniffi_hf_api_rust_checksum_method_operationhandle_is_cancelled' in scope
9146 |         return InitializationResult.apiChecksumMismatch
9147 |     }
/Users/admin/builder/spi-builder-workspace/Sources/HFAPIFFI/Generated/HFAPIFFI.swift:9148:9: error: cannot find 'uniffi_hf_api_rust_checksum_method_datasetinfolistingffi_cancel' in scope
9146 |         return InitializationResult.apiChecksumMismatch
9147 |     }
9148 |     if (uniffi_hf_api_rust_checksum_method_datasetinfolistingffi_cancel() != 20541) {
     |         `- error: cannot find 'uniffi_hf_api_rust_checksum_method_datasetinfolistingffi_cancel' in scope
9149 |         return InitializationResult.apiChecksumMismatch
9150 |     }
/Users/admin/builder/spi-builder-workspace/Sources/HFAPIFFI/Generated/HFAPIFFI.swift:9151:9: error: cannot find 'uniffi_hf_api_rust_checksum_method_datasetinfolistingffi_is_cancelled' in scope
9149 |         return InitializationResult.apiChecksumMismatch
9150 |     }
9151 |     if (uniffi_hf_api_rust_checksum_method_datasetinfolistingffi_is_cancelled() != 9265) {
     |         `- error: cannot find 'uniffi_hf_api_rust_checksum_method_datasetinfolistingffi_is_cancelled' in scope
9152 |         return InitializationResult.apiChecksumMismatch
9153 |     }
/Users/admin/builder/spi-builder-workspace/Sources/HFAPIFFI/Generated/HFAPIFFI.swift:9154:9: error: cannot find 'uniffi_hf_api_rust_checksum_method_datasetinfolistingffi_next' in scope
9152 |         return InitializationResult.apiChecksumMismatch
9153 |     }
9154 |     if (uniffi_hf_api_rust_checksum_method_datasetinfolistingffi_next() != 55248) {
     |         `- error: cannot find 'uniffi_hf_api_rust_checksum_method_datasetinfolistingffi_next' in scope
9155 |         return InitializationResult.apiChecksumMismatch
9156 |     }
/Users/admin/builder/spi-builder-workspace/Sources/HFAPIFFI/Generated/HFAPIFFI.swift:9157:9: error: cannot find 'uniffi_hf_api_rust_checksum_method_hfclientffi_cache_dir' in scope
9155 |         return InitializationResult.apiChecksumMismatch
9156 |     }
9157 |     if (uniffi_hf_api_rust_checksum_method_hfclientffi_cache_dir() != 21486) {
     |         `- error: cannot find 'uniffi_hf_api_rust_checksum_method_hfclientffi_cache_dir' in scope
9158 |         return InitializationResult.apiChecksumMismatch
9159 |     }
/Users/admin/builder/spi-builder-workspace/Sources/HFAPIFFI/Generated/HFAPIFFI.swift:9160:9: error: cannot find 'uniffi_hf_api_rust_checksum_method_hfclientffi_cache_enabled' in scope
9158 |         return InitializationResult.apiChecksumMismatch
9159 |     }
9160 |     if (uniffi_hf_api_rust_checksum_method_hfclientffi_cache_enabled() != 51188) {
     |         `- error: cannot find 'uniffi_hf_api_rust_checksum_method_hfclientffi_cache_enabled' in scope
9161 |         return InitializationResult.apiChecksumMismatch
9162 |     }
/Users/admin/builder/spi-builder-workspace/Sources/HFAPIFFI/Generated/HFAPIFFI.swift:9163:9: error: cannot find 'uniffi_hf_api_rust_checksum_method_hfclientffi_create_repository' in scope
9161 |         return InitializationResult.apiChecksumMismatch
9162 |     }
9163 |     if (uniffi_hf_api_rust_checksum_method_hfclientffi_create_repository() != 16142) {
     |         `- error: cannot find 'uniffi_hf_api_rust_checksum_method_hfclientffi_create_repository' in scope
9164 |         return InitializationResult.apiChecksumMismatch
9165 |     }
/Users/admin/builder/spi-builder-workspace/Sources/HFAPIFFI/Generated/HFAPIFFI.swift:9166:9: error: cannot find 'uniffi_hf_api_rust_checksum_method_hfclientffi_dataset' in scope
9164 |         return InitializationResult.apiChecksumMismatch
9165 |     }
9166 |     if (uniffi_hf_api_rust_checksum_method_hfclientffi_dataset() != 1355) {
     |         `- error: cannot find 'uniffi_hf_api_rust_checksum_method_hfclientffi_dataset' in scope
9167 |         return InitializationResult.apiChecksumMismatch
9168 |     }
/Users/admin/builder/spi-builder-workspace/Sources/HFAPIFFI/Generated/HFAPIFFI.swift:9169:9: error: cannot find 'uniffi_hf_api_rust_checksum_method_hfclientffi_delete_repository' in scope
9167 |         return InitializationResult.apiChecksumMismatch
9168 |     }
9169 |     if (uniffi_hf_api_rust_checksum_method_hfclientffi_delete_repository() != 45040) {
     |         `- error: cannot find 'uniffi_hf_api_rust_checksum_method_hfclientffi_delete_repository' in scope
9170 |         return InitializationResult.apiChecksumMismatch
9171 |     }
/Users/admin/builder/spi-builder-workspace/Sources/HFAPIFFI/Generated/HFAPIFFI.swift:9172:9: error: cannot find 'uniffi_hf_api_rust_checksum_method_hfclientffi_endpoint' in scope
9170 |         return InitializationResult.apiChecksumMismatch
9171 |     }
9172 |     if (uniffi_hf_api_rust_checksum_method_hfclientffi_endpoint() != 64059) {
     |         `- error: cannot find 'uniffi_hf_api_rust_checksum_method_hfclientffi_endpoint' in scope
9173 |         return InitializationResult.apiChecksumMismatch
9174 |     }
/Users/admin/builder/spi-builder-workspace/Sources/HFAPIFFI/Generated/HFAPIFFI.swift:9175:9: error: cannot find 'uniffi_hf_api_rust_checksum_method_hfclientffi_list_datasets' in scope
9173 |         return InitializationResult.apiChecksumMismatch
9174 |     }
9175 |     if (uniffi_hf_api_rust_checksum_method_hfclientffi_list_datasets() != 8248) {
     |         `- error: cannot find 'uniffi_hf_api_rust_checksum_method_hfclientffi_list_datasets' in scope
9176 |         return InitializationResult.apiChecksumMismatch
9177 |     }
/Users/admin/builder/spi-builder-workspace/Sources/HFAPIFFI/Generated/HFAPIFFI.swift:9178:9: error: cannot find 'uniffi_hf_api_rust_checksum_method_hfclientffi_list_datasets_stream' in scope
9176 |         return InitializationResult.apiChecksumMismatch
9177 |     }
9178 |     if (uniffi_hf_api_rust_checksum_method_hfclientffi_list_datasets_stream() != 50251) {
     |         `- error: cannot find 'uniffi_hf_api_rust_checksum_method_hfclientffi_list_datasets_stream' in scope
9179 |         return InitializationResult.apiChecksumMismatch
9180 |     }
/Users/admin/builder/spi-builder-workspace/Sources/HFAPIFFI/Generated/HFAPIFFI.swift:9181:9: error: cannot find 'uniffi_hf_api_rust_checksum_method_hfclientffi_list_models' in scope
9179 |         return InitializationResult.apiChecksumMismatch
9180 |     }
9181 |     if (uniffi_hf_api_rust_checksum_method_hfclientffi_list_models() != 65341) {
     |         `- error: cannot find 'uniffi_hf_api_rust_checksum_method_hfclientffi_list_models' in scope
9182 |         return InitializationResult.apiChecksumMismatch
9183 |     }
/Users/admin/builder/spi-builder-workspace/Sources/HFAPIFFI/Generated/HFAPIFFI.swift:9184:9: error: cannot find 'uniffi_hf_api_rust_checksum_method_hfclientffi_list_models_stream' in scope
9182 |         return InitializationResult.apiChecksumMismatch
9183 |     }
9184 |     if (uniffi_hf_api_rust_checksum_method_hfclientffi_list_models_stream() != 17287) {
     |         `- error: cannot find 'uniffi_hf_api_rust_checksum_method_hfclientffi_list_models_stream' in scope
9185 |         return InitializationResult.apiChecksumMismatch
9186 |     }
/Users/admin/builder/spi-builder-workspace/Sources/HFAPIFFI/Generated/HFAPIFFI.swift:9187:9: error: cannot find 'uniffi_hf_api_rust_checksum_method_hfclientffi_model' in scope
9185 |         return InitializationResult.apiChecksumMismatch
9186 |     }
9187 |     if (uniffi_hf_api_rust_checksum_method_hfclientffi_model() != 15875) {
     |         `- error: cannot find 'uniffi_hf_api_rust_checksum_method_hfclientffi_model' in scope
9188 |         return InitializationResult.apiChecksumMismatch
9189 |     }
/Users/admin/builder/spi-builder-workspace/Sources/HFAPIFFI/Generated/HFAPIFFI.swift:9190:9: error: cannot find 'uniffi_hf_api_rust_checksum_method_hfclientffi_move_repository' in scope
9188 |         return InitializationResult.apiChecksumMismatch
9189 |     }
9190 |     if (uniffi_hf_api_rust_checksum_method_hfclientffi_move_repository() != 43588) {
     |         `- error: cannot find 'uniffi_hf_api_rust_checksum_method_hfclientffi_move_repository' in scope
9191 |         return InitializationResult.apiChecksumMismatch
9192 |     }
/Users/admin/builder/spi-builder-workspace/Sources/HFAPIFFI/Generated/HFAPIFFI.swift:9193:9: error: cannot find 'uniffi_hf_api_rust_checksum_method_hfclientffi_scan_cache' in scope
9191 |         return InitializationResult.apiChecksumMismatch
9192 |     }
9193 |     if (uniffi_hf_api_rust_checksum_method_hfclientffi_scan_cache() != 14817) {
     |         `- error: cannot find 'uniffi_hf_api_rust_checksum_method_hfclientffi_scan_cache' in scope
9194 |         return InitializationResult.apiChecksumMismatch
9195 |     }
/Users/admin/builder/spi-builder-workspace/Sources/HFAPIFFI/Generated/HFAPIFFI.swift:9196:9: error: cannot find 'uniffi_hf_api_rust_checksum_method_hfclientffi_whoami' in scope
9194 |         return InitializationResult.apiChecksumMismatch
9195 |     }
9196 |     if (uniffi_hf_api_rust_checksum_method_hfclientffi_whoami() != 28573) {
     |         `- error: cannot find 'uniffi_hf_api_rust_checksum_method_hfclientffi_whoami' in scope
9197 |         return InitializationResult.apiChecksumMismatch
9198 |     }
/Users/admin/builder/spi-builder-workspace/Sources/HFAPIFFI/Generated/HFAPIFFI.swift:9199:9: error: cannot find 'uniffi_hf_api_rust_checksum_method_modelinfolistingffi_cancel' in scope
9197 |         return InitializationResult.apiChecksumMismatch
9198 |     }
9199 |     if (uniffi_hf_api_rust_checksum_method_modelinfolistingffi_cancel() != 55423) {
     |         `- error: cannot find 'uniffi_hf_api_rust_checksum_method_modelinfolistingffi_cancel' in scope
9200 |         return InitializationResult.apiChecksumMismatch
9201 |     }
SwiftCompile normal arm64_32 /Users/admin/builder/spi-builder-workspace/Sources/HFAPIFFI/Generated/HFAPIFFI.swift (in target 'HFAPIFFI' from project 'swift-hf-api')
    cd /Users/admin/builder/spi-builder-workspace/.swiftpm/xcode
    builtin-SwiftPerFileCompile HFAPIFFI.swift
SwiftEmitModule normal arm64_32 Emitting\ module\ for\ Crypto (in target 'Crypto' from project 'swift-crypto')
SwiftCompile normal arm64_32 (in target 'Crypto' from project 'swift-crypto')
    cd /Users/admin/builder/spi-builder-workspace/.swiftpm/xcode

SwiftCompile normal arm64_32 Compiling\ ECDH.swift,\ ANSIx963.swift,\ HKDF.swift,\ AESWrap.swift,\ AESWrap_boring.swift,\ Ed25519_boring.swift,\ NISTCurvesKeys_boring.swift,\ X25519Keys_boring.swift,\ Curve25519.swift /Users/admin/builder/spi-builder-workspace/.dependencies/checkouts/swift-crypto/Sources/Crypto/Key\ Agreement/ECDH.swift /Users/admin/builder/spi-builder-workspace/.dependencies/checkouts/swift-crypto/Sources/Crypto/Key\ Derivation/ANSIx963.swift /Users/admin/builder/spi-builder-workspace/.dependencies/checkouts/swift-crypto/Sources/Crypto/Key\ Derivation/HKDF.swift /Users/admin/builder/spi-builder-workspace/.dependencies/checkouts/swift-crypto/Sources/Crypto/Key\ Wrapping/AESWrap.swift /Users/admin/builder/spi-builder-workspace/.dependencies/checkouts/swift-crypto/Sources/Crypto/Key\ Wrapping/BoringSSL/AESWrap_boring.swift /Users/admin/builder/spi-builder-workspace/.dependencies/checkouts/swift-crypto/Sources/Crypto/Keys/EC/BoringSSL/Ed25519_boring.swift /Users/admin/builder/spi-builder-workspace/.dependencies/checkouts/swift-crypto/Sources/Crypto/Keys/EC/BoringSSL/NISTCurvesKeys_boring.swift /Users/admin/builder/spi-builder-workspace/.dependencies/checkouts/swift-crypto/Sources/Crypto/Keys/EC/BoringSSL/X25519Keys_boring.swift /Users/admin/builder/spi-builder-workspace/.dependencies/checkouts/swift-crypto/Sources/Crypto/Keys/EC/Curve25519.swift (in target 'Crypto' from project 'swift-crypto')
SwiftCompile normal arm64_32 /Users/admin/builder/spi-builder-workspace/.dependencies/checkouts/swift-crypto/Sources/Crypto/Key\ Agreement/ECDH.swift (in target 'Crypto' from project 'swift-crypto')
    cd /Users/admin/builder/spi-builder-workspace/.swiftpm/xcode
    builtin-SwiftPerFileCompile ECDH.swift
SwiftCompile normal arm64_32 /Users/admin/builder/spi-builder-workspace/.dependencies/checkouts/swift-crypto/Sources/Crypto/Key\ Derivation/ANSIx963.swift (in target 'Crypto' from project 'swift-crypto')
    cd /Users/admin/builder/spi-builder-workspace/.swiftpm/xcode
    builtin-SwiftPerFileCompile ANSIx963.swift
SwiftCompile normal arm64_32 /Users/admin/builder/spi-builder-workspace/.dependencies/checkouts/swift-crypto/Sources/Crypto/Key\ Derivation/HKDF.swift (in target 'Crypto' from project 'swift-crypto')
    cd /Users/admin/builder/spi-builder-workspace/.swiftpm/xcode
    builtin-SwiftPerFileCompile HKDF.swift
SwiftCompile normal arm64_32 /Users/admin/builder/spi-builder-workspace/.dependencies/checkouts/swift-crypto/Sources/Crypto/Key\ Wrapping/AESWrap.swift (in target 'Crypto' from project 'swift-crypto')
    cd /Users/admin/builder/spi-builder-workspace/.swiftpm/xcode
    builtin-SwiftPerFileCompile AESWrap.swift
SwiftCompile normal arm64_32 /Users/admin/builder/spi-builder-workspace/.dependencies/checkouts/swift-crypto/Sources/Crypto/Key\ Wrapping/BoringSSL/AESWrap_boring.swift (in target 'Crypto' from project 'swift-crypto')
    cd /Users/admin/builder/spi-builder-workspace/.swiftpm/xcode
    builtin-SwiftPerFileCompile AESWrap_boring.swift
SwiftCompile normal arm64_32 /Users/admin/builder/spi-builder-workspace/.dependencies/checkouts/swift-crypto/Sources/Crypto/Keys/EC/BoringSSL/Ed25519_boring.swift (in target 'Crypto' from project 'swift-crypto')
    cd /Users/admin/builder/spi-builder-workspace/.swiftpm/xcode
    builtin-SwiftPerFileCompile Ed25519_boring.swift
SwiftCompile normal arm64_32 /Users/admin/builder/spi-builder-workspace/.dependencies/checkouts/swift-crypto/Sources/Crypto/Keys/EC/BoringSSL/NISTCurvesKeys_boring.swift (in target 'Crypto' from project 'swift-crypto')
    cd /Users/admin/builder/spi-builder-workspace/.swiftpm/xcode
    builtin-SwiftPerFileCompile NISTCurvesKeys_boring.swift
SwiftCompile normal arm64_32 /Users/admin/builder/spi-builder-workspace/.dependencies/checkouts/swift-crypto/Sources/Crypto/Keys/EC/BoringSSL/X25519Keys_boring.swift (in target 'Crypto' from project 'swift-crypto')
    cd /Users/admin/builder/spi-builder-workspace/.swiftpm/xcode
    builtin-SwiftPerFileCompile X25519Keys_boring.swift
SwiftCompile normal arm64_32 /Users/admin/builder/spi-builder-workspace/.dependencies/checkouts/swift-crypto/Sources/Crypto/Keys/EC/Curve25519.swift (in target 'Crypto' from project 'swift-crypto')
    cd /Users/admin/builder/spi-builder-workspace/.swiftpm/xcode
    builtin-SwiftPerFileCompile Curve25519.swift
SwiftCompile normal arm64_32 Compiling\ Optional+withUnsafeBytes_boring.swift,\ RNG_boring.swift,\ SafeCompare_boring.swift,\ Zeroization_boring.swift,\ _CryptoModuleAnchor.swift,\ PrettyBytes.swift,\ SafeCompare.swift,\ SecureBytes.swift,\ Zeroization.swift /Users/admin/builder/spi-builder-workspace/.dependencies/checkouts/swift-crypto/Sources/Crypto/Util/BoringSSL/Optional+withUnsafeBytes_boring.swift /Users/admin/builder/spi-builder-workspace/.dependencies/checkouts/swift-crypto/Sources/Crypto/Util/BoringSSL/RNG_boring.swift /Users/admin/builder/spi-builder-workspace/.dependencies/checkouts/swift-crypto/Sources/Crypto/Util/BoringSSL/SafeCompare_boring.swift /Users/admin/builder/spi-builder-workspace/.dependencies/checkouts/swift-crypto/Sources/Crypto/Util/BoringSSL/Zeroization_boring.swift /Users/admin/builder/spi-builder-workspace/.dependencies/checkouts/swift-crypto/Sources/Crypto/Util/BoringSSL/_CryptoModuleAnchor.swift /Users/admin/builder/spi-builder-workspace/.dependencies/checkouts/swift-crypto/Sources/Crypto/Util/PrettyBytes.swift /Users/admin/builder/spi-builder-workspace/.dependencies/checkouts/swift-crypto/Sources/Crypto/Util/SafeCompare.swift /Users/admin/builder/spi-builder-workspace/.dependencies/checkouts/swift-crypto/Sources/Crypto/Util/SecureBytes.swift /Users/admin/builder/spi-builder-workspace/.dependencies/checkouts/swift-crypto/Sources/Crypto/Util/Zeroization.swift (in target 'Crypto' from project 'swift-crypto')
SwiftCompile normal arm64_32 /Users/admin/builder/spi-builder-workspace/.dependencies/checkouts/swift-crypto/Sources/Crypto/Util/BoringSSL/Optional+withUnsafeBytes_boring.swift (in target 'Crypto' from project 'swift-crypto')
    cd /Users/admin/builder/spi-builder-workspace/.swiftpm/xcode
    builtin-SwiftPerFileCompile Optional+withUnsafeBytes_boring.swift
SwiftCompile normal arm64_32 /Users/admin/builder/spi-builder-workspace/.dependencies/checkouts/swift-crypto/Sources/Crypto/Util/BoringSSL/RNG_boring.swift (in target 'Crypto' from project 'swift-crypto')
    cd /Users/admin/builder/spi-builder-workspace/.swiftpm/xcode
    builtin-SwiftPerFileCompile RNG_boring.swift
SwiftCompile normal arm64_32 /Users/admin/builder/spi-builder-workspace/.dependencies/checkouts/swift-crypto/Sources/Crypto/Util/BoringSSL/SafeCompare_boring.swift (in target 'Crypto' from project 'swift-crypto')
    cd /Users/admin/builder/spi-builder-workspace/.swiftpm/xcode
    builtin-SwiftPerFileCompile SafeCompare_boring.swift
SwiftCompile normal arm64_32 /Users/admin/builder/spi-builder-workspace/.dependencies/checkouts/swift-crypto/Sources/Crypto/Util/BoringSSL/Zeroization_boring.swift (in target 'Crypto' from project 'swift-crypto')
    cd /Users/admin/builder/spi-builder-workspace/.swiftpm/xcode
    builtin-SwiftPerFileCompile Zeroization_boring.swift
SwiftCompile normal arm64_32 /Users/admin/builder/spi-builder-workspace/.dependencies/checkouts/swift-crypto/Sources/Crypto/Util/BoringSSL/_CryptoModuleAnchor.swift (in target 'Crypto' from project 'swift-crypto')
    cd /Users/admin/builder/spi-builder-workspace/.swiftpm/xcode
    builtin-SwiftPerFileCompile _CryptoModuleAnchor.swift
SwiftCompile normal arm64_32 /Users/admin/builder/spi-builder-workspace/.dependencies/checkouts/swift-crypto/Sources/Crypto/Util/PrettyBytes.swift (in target 'Crypto' from project 'swift-crypto')
    cd /Users/admin/builder/spi-builder-workspace/.swiftpm/xcode
    builtin-SwiftPerFileCompile PrettyBytes.swift
SwiftCompile normal arm64_32 /Users/admin/builder/spi-builder-workspace/.dependencies/checkouts/swift-crypto/Sources/Crypto/Util/SafeCompare.swift (in target 'Crypto' from project 'swift-crypto')
    cd /Users/admin/builder/spi-builder-workspace/.swiftpm/xcode
    builtin-SwiftPerFileCompile SafeCompare.swift
SwiftCompile normal arm64_32 /Users/admin/builder/spi-builder-workspace/.dependencies/checkouts/swift-crypto/Sources/Crypto/Util/SecureBytes.swift (in target 'Crypto' from project 'swift-crypto')
    cd /Users/admin/builder/spi-builder-workspace/.swiftpm/xcode
    builtin-SwiftPerFileCompile SecureBytes.swift
SwiftCompile normal arm64_32 /Users/admin/builder/spi-builder-workspace/.dependencies/checkouts/swift-crypto/Sources/Crypto/Util/Zeroization.swift (in target 'Crypto' from project 'swift-crypto')
    cd /Users/admin/builder/spi-builder-workspace/.swiftpm/xcode
    builtin-SwiftPerFileCompile Zeroization.swift
SwiftCompile normal arm64_32 Compiling\ Ed25519Keys.swift,\ NISTCurvesKeys.swift,\ X25519Keys.swift,\ SymmetricKeys.swift,\ HMAC.swift,\ MACFunctions.swift,\ MessageAuthenticationCode.swift,\ AES.swift,\ ECDSASignature_boring.swift /Users/admin/builder/spi-builder-workspace/.dependencies/checkouts/swift-crypto/Sources/Crypto/Keys/EC/Ed25519Keys.swift /Users/admin/builder/spi-builder-workspace/.dependencies/checkouts/swift-crypto/Sources/Crypto/Keys/EC/NISTCurvesKeys.swift /Users/admin/builder/spi-builder-workspace/.dependencies/checkouts/swift-crypto/Sources/Crypto/Keys/EC/X25519Keys.swift /Users/admin/builder/spi-builder-workspace/.dependencies/checkouts/swift-crypto/Sources/Crypto/Keys/Symmetric/SymmetricKeys.swift /Users/admin/builder/spi-builder-workspace/.dependencies/checkouts/swift-crypto/Sources/Crypto/Message\ Authentication\ Codes/HMAC/HMAC.swift /Users/admin/builder/spi-builder-workspace/.dependencies/checkouts/swift-crypto/Sources/Crypto/Message\ Authentication\ Codes/MACFunctions.swift /Users/admin/builder/spi-builder-workspace/.dependencies/checkouts/swift-crypto/Sources/Crypto/Message\ Authentication\ Codes/MessageAuthenticationCode.swift /Users/admin/builder/spi-builder-workspace/.dependencies/checkouts/swift-crypto/Sources/Crypto/PRF/AES.swift /Users/admin/builder/spi-builder-workspace/.dependencies/checkouts/swift-crypto/Sources/Crypto/Signatures/BoringSSL/ECDSASignature_boring.swift (in target 'Crypto' from project 'swift-crypto')
SwiftCompile normal arm64_32 /Users/admin/builder/spi-builder-workspace/.dependencies/checkouts/swift-crypto/Sources/Crypto/Keys/EC/Ed25519Keys.swift (in target 'Crypto' from project 'swift-crypto')
    cd /Users/admin/builder/spi-builder-workspace/.swiftpm/xcode
    builtin-SwiftPerFileCompile Ed25519Keys.swift
SwiftCompile normal arm64_32 /Users/admin/builder/spi-builder-workspace/.dependencies/checkouts/swift-crypto/Sources/Crypto/Keys/EC/NISTCurvesKeys.swift (in target 'Crypto' from project 'swift-crypto')
    cd /Users/admin/builder/spi-builder-workspace/.swiftpm/xcode
    builtin-SwiftPerFileCompile NISTCurvesKeys.swift
SwiftCompile normal arm64_32 /Users/admin/builder/spi-builder-workspace/.dependencies/checkouts/swift-crypto/Sources/Crypto/Keys/EC/X25519Keys.swift (in target 'Crypto' from project 'swift-crypto')
    cd /Users/admin/builder/spi-builder-workspace/.swiftpm/xcode
    builtin-SwiftPerFileCompile X25519Keys.swift
SwiftCompile normal arm64_32 /Users/admin/builder/spi-builder-workspace/.dependencies/checkouts/swift-crypto/Sources/Crypto/Keys/Symmetric/SymmetricKeys.swift (in target 'Crypto' from project 'swift-crypto')
    cd /Users/admin/builder/spi-builder-workspace/.swiftpm/xcode
    builtin-SwiftPerFileCompile SymmetricKeys.swift
SwiftCompile normal arm64_32 /Users/admin/builder/spi-builder-workspace/.dependencies/checkouts/swift-crypto/Sources/Crypto/Message\ Authentication\ Codes/HMAC/HMAC.swift (in target 'Crypto' from project 'swift-crypto')
    cd /Users/admin/builder/spi-builder-workspace/.swiftpm/xcode
    builtin-SwiftPerFileCompile HMAC.swift
SwiftCompile normal arm64_32 /Users/admin/builder/spi-builder-workspace/.dependencies/checkouts/swift-crypto/Sources/Crypto/Message\ Authentication\ Codes/MACFunctions.swift (in target 'Crypto' from project 'swift-crypto')
    cd /Users/admin/builder/spi-builder-workspace/.swiftpm/xcode
    builtin-SwiftPerFileCompile MACFunctions.swift
SwiftCompile normal arm64_32 /Users/admin/builder/spi-builder-workspace/.dependencies/checkouts/swift-crypto/Sources/Crypto/Message\ Authentication\ Codes/MessageAuthenticationCode.swift (in target 'Crypto' from project 'swift-crypto')
    cd /Users/admin/builder/spi-builder-workspace/.swiftpm/xcode
    builtin-SwiftPerFileCompile MessageAuthenticationCode.swift
SwiftCompile normal arm64_32 /Users/admin/builder/spi-builder-workspace/.dependencies/checkouts/swift-crypto/Sources/Crypto/PRF/AES.swift (in target 'Crypto' from project 'swift-crypto')
    cd /Users/admin/builder/spi-builder-workspace/.swiftpm/xcode
    builtin-SwiftPerFileCompile AES.swift
SwiftCompile normal arm64_32 /Users/admin/builder/spi-builder-workspace/.dependencies/checkouts/swift-crypto/Sources/Crypto/Signatures/BoringSSL/ECDSASignature_boring.swift (in target 'Crypto' from project 'swift-crypto')
    cd /Users/admin/builder/spi-builder-workspace/.swiftpm/xcode
    builtin-SwiftPerFileCompile ECDSASignature_boring.swift
SwiftEmitModule normal arm64 Emitting\ module\ for\ Crypto (in target 'Crypto' from project 'swift-crypto')
SwiftCompile normal arm64 (in target 'Crypto' from project 'swift-crypto')
    cd /Users/admin/builder/spi-builder-workspace/.swiftpm/xcode

SwiftCompile normal arm64 Compiling\ PEMDocument.swift,\ PKCS8PrivateKey.swift,\ SEC1PrivateKey.swift,\ SubjectPublicKeyInfo.swift,\ CryptoError_boring.swift,\ CryptoKitErrors.swift,\ Digest_boring.swift,\ Digest.swift,\ Digests.swift,\ HashFunctions.swift /Users/admin/builder/spi-builder-workspace/.dependencies/checkouts/swift-crypto/Sources/Crypto/ASN1/PEMDocument.swift /Users/admin/builder/spi-builder-workspace/.dependencies/checkouts/swift-crypto/Sources/Crypto/ASN1/PKCS8PrivateKey.swift /Users/admin/builder/spi-builder-workspace/.dependencies/checkouts/swift-crypto/Sources/Crypto/ASN1/SEC1PrivateKey.swift /Users/admin/builder/spi-builder-workspace/.dependencies/checkouts/swift-crypto/Sources/Crypto/ASN1/SubjectPublicKeyInfo.swift /Users/admin/builder/spi-builder-workspace/.dependencies/checkouts/swift-crypto/Sources/Crypto/CryptoError_boring.swift /Users/admin/builder/spi-builder-workspace/.dependencies/checkouts/swift-crypto/Sources/Crypto/CryptoKitErrors.swift /Users/admin/builder/spi-builder-workspace/.dependencies/checkouts/swift-crypto/Sources/Crypto/Digests/BoringSSL/Digest_boring.swift /Users/admin/builder/spi-builder-workspace/.dependencies/checkouts/swift-crypto/Sources/Crypto/Digests/Digest.swift /Users/admin/builder/spi-builder-workspace/.dependencies/checkouts/swift-crypto/Sources/Crypto/Digests/Digests.swift /Users/admin/builder/spi-builder-workspace/.dependencies/checkouts/swift-crypto/Sources/Crypto/Digests/HashFunctions.swift (in target 'Crypto' from project 'swift-crypto')
SwiftCompile normal arm64 /Users/admin/builder/spi-builder-workspace/.dependencies/checkouts/swift-crypto/Sources/Crypto/ASN1/PEMDocument.swift (in target 'Crypto' from project 'swift-crypto')
    cd /Users/admin/builder/spi-builder-workspace/.swiftpm/xcode
    builtin-SwiftPerFileCompile PEMDocument.swift
SwiftCompile normal arm64 /Users/admin/builder/spi-builder-workspace/.dependencies/checkouts/swift-crypto/Sources/Crypto/ASN1/PKCS8PrivateKey.swift (in target 'Crypto' from project 'swift-crypto')
    cd /Users/admin/builder/spi-builder-workspace/.swiftpm/xcode
    builtin-SwiftPerFileCompile PKCS8PrivateKey.swift
SwiftCompile normal arm64 /Users/admin/builder/spi-builder-workspace/.dependencies/checkouts/swift-crypto/Sources/Crypto/ASN1/SEC1PrivateKey.swift (in target 'Crypto' from project 'swift-crypto')
    cd /Users/admin/builder/spi-builder-workspace/.swiftpm/xcode
    builtin-SwiftPerFileCompile SEC1PrivateKey.swift
SwiftCompile normal arm64 /Users/admin/builder/spi-builder-workspace/.dependencies/checkouts/swift-crypto/Sources/Crypto/ASN1/SubjectPublicKeyInfo.swift (in target 'Crypto' from project 'swift-crypto')
    cd /Users/admin/builder/spi-builder-workspace/.swiftpm/xcode
    builtin-SwiftPerFileCompile SubjectPublicKeyInfo.swift
SwiftCompile normal arm64 /Users/admin/builder/spi-builder-workspace/.dependencies/checkouts/swift-crypto/Sources/Crypto/CryptoError_boring.swift (in target 'Crypto' from project 'swift-crypto')
    cd /Users/admin/builder/spi-builder-workspace/.swiftpm/xcode
    builtin-SwiftPerFileCompile CryptoError_boring.swift
SwiftCompile normal arm64 /Users/admin/builder/spi-builder-workspace/.dependencies/checkouts/swift-crypto/Sources/Crypto/CryptoKitErrors.swift (in target 'Crypto' from project 'swift-crypto')
    cd /Users/admin/builder/spi-builder-workspace/.swiftpm/xcode
    builtin-SwiftPerFileCompile CryptoKitErrors.swift
SwiftCompile normal arm64 /Users/admin/builder/spi-builder-workspace/.dependencies/checkouts/swift-crypto/Sources/Crypto/Digests/BoringSSL/Digest_boring.swift (in target 'Crypto' from project 'swift-crypto')
    cd /Users/admin/builder/spi-builder-workspace/.swiftpm/xcode
    builtin-SwiftPerFileCompile Digest_boring.swift
SwiftCompile normal arm64 /Users/admin/builder/spi-builder-workspace/.dependencies/checkouts/swift-crypto/Sources/Crypto/Digests/Digest.swift (in target 'Crypto' from project 'swift-crypto')
    cd /Users/admin/builder/spi-builder-workspace/.swiftpm/xcode
    builtin-SwiftPerFileCompile Digest.swift
SwiftCompile normal arm64 /Users/admin/builder/spi-builder-workspace/.dependencies/checkouts/swift-crypto/Sources/Crypto/Digests/Digests.swift (in target 'Crypto' from project 'swift-crypto')
    cd /Users/admin/builder/spi-builder-workspace/.swiftpm/xcode
    builtin-SwiftPerFileCompile Digests.swift
SwiftCompile normal arm64 /Users/admin/builder/spi-builder-workspace/.dependencies/checkouts/swift-crypto/Sources/Crypto/Digests/HashFunctions.swift (in target 'Crypto' from project 'swift-crypto')
    cd /Users/admin/builder/spi-builder-workspace/.swiftpm/xcode
    builtin-SwiftPerFileCompile HashFunctions.swift
SwiftDriverJobDiscovery normal arm64_32 Compiling ECDH.swift, ANSIx963.swift, HKDF.swift, AESWrap.swift, AESWrap_boring.swift, Ed25519_boring.swift, NISTCurvesKeys_boring.swift, X25519Keys_boring.swift, Curve25519.swift (in target 'Crypto' from project 'swift-crypto')
SwiftCompile normal arm64_32 Compiling\ HashFunctions_SHA2.swift,\ HashFunctions_SHA3.swift,\ Digest_xkcp.swift,\ HPKE-AEAD.swift,\ HPKE-Ciphersuite.swift,\ HPKE-KDF.swift,\ HPKE-KexKeyDerivation.swift,\ HPKE-LabeledExtract.swift,\ HPKE-Utils.swift,\ DHKEM.swift /Users/admin/builder/spi-builder-workspace/.dependencies/checkouts/swift-crypto/Sources/Crypto/Digests/HashFunctions_SHA2.swift /Users/admin/builder/spi-builder-workspace/.dependencies/checkouts/swift-crypto/Sources/Crypto/Digests/HashFunctions_SHA3.swift /Users/admin/builder/spi-builder-workspace/.dependencies/checkouts/swift-crypto/Sources/Crypto/Digests/XKCP/Digest_xkcp.swift /Users/admin/builder/spi-builder-workspace/.dependencies/checkouts/swift-crypto/Sources/Crypto/HPKE/Ciphersuite/HPKE-AEAD.swift /Users/admin/builder/spi-builder-workspace/.dependencies/checkouts/swift-crypto/Sources/Crypto/HPKE/Ciphersuite/HPKE-Ciphersuite.swift /Users/admin/builder/spi-builder-workspace/.dependencies/checkouts/swift-crypto/Sources/Crypto/HPKE/Ciphersuite/HPKE-KDF.swift /Users/admin/builder/spi-builder-workspace/.dependencies/checkouts/swift-crypto/Sources/Crypto/HPKE/Ciphersuite/HPKE-KexKeyDerivation.swift /Users/admin/builder/spi-builder-workspace/.dependencies/checkouts/swift-crypto/Sources/Crypto/HPKE/Ciphersuite/HPKE-LabeledExtract.swift /Users/admin/builder/spi-builder-workspace/.dependencies/checkouts/swift-crypto/Sources/Crypto/HPKE/Ciphersuite/HPKE-Utils.swift /Users/admin/builder/spi-builder-workspace/.dependencies/checkouts/swift-crypto/Sources/Crypto/HPKE/Ciphersuite/KEM/Conformances/DHKEM.swift (in target 'Crypto' from project 'swift-crypto')
SwiftCompile normal arm64_32 /Users/admin/builder/spi-builder-workspace/.dependencies/checkouts/swift-crypto/Sources/Crypto/Digests/HashFunctions_SHA2.swift (in target 'Crypto' from project 'swift-crypto')
    cd /Users/admin/builder/spi-builder-workspace/.swiftpm/xcode
    builtin-SwiftPerFileCompile HashFunctions_SHA2.swift
SwiftCompile normal arm64_32 /Users/admin/builder/spi-builder-workspace/.dependencies/checkouts/swift-crypto/Sources/Crypto/Digests/HashFunctions_SHA3.swift (in target 'Crypto' from project 'swift-crypto')
    cd /Users/admin/builder/spi-builder-workspace/.swiftpm/xcode
    builtin-SwiftPerFileCompile HashFunctions_SHA3.swift
SwiftCompile normal arm64_32 /Users/admin/builder/spi-builder-workspace/.dependencies/checkouts/swift-crypto/Sources/Crypto/Digests/XKCP/Digest_xkcp.swift (in target 'Crypto' from project 'swift-crypto')
    cd /Users/admin/builder/spi-builder-workspace/.swiftpm/xcode
    builtin-SwiftPerFileCompile Digest_xkcp.swift
SwiftCompile normal arm64_32 /Users/admin/builder/spi-builder-workspace/.dependencies/checkouts/swift-crypto/Sources/Crypto/HPKE/Ciphersuite/HPKE-AEAD.swift (in target 'Crypto' from project 'swift-crypto')
    cd /Users/admin/builder/spi-builder-workspace/.swiftpm/xcode
    builtin-SwiftPerFileCompile HPKE-AEAD.swift
SwiftCompile normal arm64_32 /Users/admin/builder/spi-builder-workspace/.dependencies/checkouts/swift-crypto/Sources/Crypto/HPKE/Ciphersuite/HPKE-Ciphersuite.swift (in target 'Crypto' from project 'swift-crypto')
    cd /Users/admin/builder/spi-builder-workspace/.swiftpm/xcode
    builtin-SwiftPerFileCompile HPKE-Ciphersuite.swift
SwiftCompile normal arm64_32 /Users/admin/builder/spi-builder-workspace/.dependencies/checkouts/swift-crypto/Sources/Crypto/HPKE/Ciphersuite/HPKE-KDF.swift (in target 'Crypto' from project 'swift-crypto')
    cd /Users/admin/builder/spi-builder-workspace/.swiftpm/xcode
    builtin-SwiftPerFileCompile HPKE-KDF.swift
SwiftCompile normal arm64_32 /Users/admin/builder/spi-builder-workspace/.dependencies/checkouts/swift-crypto/Sources/Crypto/HPKE/Ciphersuite/HPKE-KexKeyDerivation.swift (in target 'Crypto' from project 'swift-crypto')
    cd /Users/admin/builder/spi-builder-workspace/.swiftpm/xcode
    builtin-SwiftPerFileCompile HPKE-KexKeyDerivation.swift
SwiftCompile normal arm64_32 /Users/admin/builder/spi-builder-workspace/.dependencies/checkouts/swift-crypto/Sources/Crypto/HPKE/Ciphersuite/HPKE-LabeledExtract.swift (in target 'Crypto' from project 'swift-crypto')
    cd /Users/admin/builder/spi-builder-workspace/.swiftpm/xcode
    builtin-SwiftPerFileCompile HPKE-LabeledExtract.swift
SwiftCompile normal arm64_32 /Users/admin/builder/spi-builder-workspace/.dependencies/checkouts/swift-crypto/Sources/Crypto/HPKE/Ciphersuite/HPKE-Utils.swift (in target 'Crypto' from project 'swift-crypto')
    cd /Users/admin/builder/spi-builder-workspace/.swiftpm/xcode
    builtin-SwiftPerFileCompile HPKE-Utils.swift
SwiftCompile normal arm64_32 /Users/admin/builder/spi-builder-workspace/.dependencies/checkouts/swift-crypto/Sources/Crypto/HPKE/Ciphersuite/KEM/Conformances/DHKEM.swift (in target 'Crypto' from project 'swift-crypto')
    cd /Users/admin/builder/spi-builder-workspace/.swiftpm/xcode
    builtin-SwiftPerFileCompile DHKEM.swift
SwiftDriverJobDiscovery normal arm64_32 Compiling Ed25519Keys.swift, NISTCurvesKeys.swift, X25519Keys.swift, SymmetricKeys.swift, HMAC.swift, MACFunctions.swift, MessageAuthenticationCode.swift, AES.swift, ECDSASignature_boring.swift (in target 'Crypto' from project 'swift-crypto')
SwiftCompile normal arm64_32 Compiling\ resource_bundle_accessor.swift,\ AES-GCM.swift,\ AES-GCM_boring.swift,\ ChaChaPoly_boring.swift,\ ChaChaPoly.swift,\ Cipher.swift,\ Nonces.swift,\ ASN1.swift,\ ASN1Any.swift,\ ASN1BitString.swift /Users/admin/builder/spi-builder-workspace/.derivedData/Build/Intermediates.noindex/swift-crypto.build/Debug-watchos/Crypto-t.build/DerivedSources/resource_bundle_accessor.swift /Users/admin/builder/spi-builder-workspace/.dependencies/checkouts/swift-crypto/Sources/Crypto/AEADs/AES/GCM/AES-GCM.swift /Users/admin/builder/spi-builder-workspace/.dependencies/checkouts/swift-crypto/Sources/Crypto/AEADs/AES/GCM/BoringSSL/AES-GCM_boring.swift /Users/admin/builder/spi-builder-workspace/.dependencies/checkouts/swift-crypto/Sources/Crypto/AEADs/ChachaPoly/BoringSSL/ChaChaPoly_boring.swift /Users/admin/builder/spi-builder-workspace/.dependencies/checkouts/swift-crypto/Sources/Crypto/AEADs/ChachaPoly/ChaChaPoly.swift /Users/admin/builder/spi-builder-workspace/.dependencies/checkouts/swift-crypto/Sources/Crypto/AEADs/Cipher.swift /Users/admin/builder/spi-builder-workspace/.dependencies/checkouts/swift-crypto/Sources/Crypto/AEADs/Nonces.swift /Users/admin/builder/spi-builder-workspace/.dependencies/checkouts/swift-crypto/Sources/Crypto/ASN1/ASN1.swift /Users/admin/builder/spi-builder-workspace/.dependencies/checkouts/swift-crypto/Sources/Crypto/ASN1/Basic\ ASN1\ Types/ASN1Any.swift /Users/admin/builder/spi-builder-workspace/.dependencies/checkouts/swift-crypto/Sources/Crypto/ASN1/Basic\ ASN1\ Types/ASN1BitString.swift (in target 'Crypto' from project 'swift-crypto')
SwiftCompile normal arm64_32 /Users/admin/builder/spi-builder-workspace/.derivedData/Build/Intermediates.noindex/swift-crypto.build/Debug-watchos/Crypto-t.build/DerivedSources/resource_bundle_accessor.swift (in target 'Crypto' from project 'swift-crypto')
    cd /Users/admin/builder/spi-builder-workspace/.swiftpm/xcode
    builtin-SwiftPerFileCompile resource_bundle_accessor.swift
SwiftCompile normal arm64_32 /Users/admin/builder/spi-builder-workspace/.dependencies/checkouts/swift-crypto/Sources/Crypto/AEADs/AES/GCM/AES-GCM.swift (in target 'Crypto' from project 'swift-crypto')
    cd /Users/admin/builder/spi-builder-workspace/.swiftpm/xcode
    builtin-SwiftPerFileCompile AES-GCM.swift
SwiftCompile normal arm64_32 /Users/admin/builder/spi-builder-workspace/.dependencies/checkouts/swift-crypto/Sources/Crypto/AEADs/AES/GCM/BoringSSL/AES-GCM_boring.swift (in target 'Crypto' from project 'swift-crypto')
    cd /Users/admin/builder/spi-builder-workspace/.swiftpm/xcode
    builtin-SwiftPerFileCompile AES-GCM_boring.swift
SwiftCompile normal arm64_32 /Users/admin/builder/spi-builder-workspace/.dependencies/checkouts/swift-crypto/Sources/Crypto/AEADs/ChachaPoly/BoringSSL/ChaChaPoly_boring.swift (in target 'Crypto' from project 'swift-crypto')
    cd /Users/admin/builder/spi-builder-workspace/.swiftpm/xcode
    builtin-SwiftPerFileCompile ChaChaPoly_boring.swift
SwiftCompile normal arm64_32 /Users/admin/builder/spi-builder-workspace/.dependencies/checkouts/swift-crypto/Sources/Crypto/AEADs/ChachaPoly/ChaChaPoly.swift (in target 'Crypto' from project 'swift-crypto')
    cd /Users/admin/builder/spi-builder-workspace/.swiftpm/xcode
    builtin-SwiftPerFileCompile ChaChaPoly.swift
SwiftCompile normal arm64_32 /Users/admin/builder/spi-builder-workspace/.dependencies/checkouts/swift-crypto/Sources/Crypto/AEADs/Cipher.swift (in target 'Crypto' from project 'swift-crypto')
    cd /Users/admin/builder/spi-builder-workspace/.swiftpm/xcode
    builtin-SwiftPerFileCompile Cipher.swift
SwiftCompile normal arm64_32 /Users/admin/builder/spi-builder-workspace/.dependencies/checkouts/swift-crypto/Sources/Crypto/AEADs/Nonces.swift (in target 'Crypto' from project 'swift-crypto')
    cd /Users/admin/builder/spi-builder-workspace/.swiftpm/xcode
    builtin-SwiftPerFileCompile Nonces.swift
SwiftCompile normal arm64_32 /Users/admin/builder/spi-builder-workspace/.dependencies/checkouts/swift-crypto/Sources/Crypto/ASN1/ASN1.swift (in target 'Crypto' from project 'swift-crypto')
    cd /Users/admin/builder/spi-builder-workspace/.swiftpm/xcode
    builtin-SwiftPerFileCompile ASN1.swift
SwiftCompile normal arm64_32 /Users/admin/builder/spi-builder-workspace/.dependencies/checkouts/swift-crypto/Sources/Crypto/ASN1/Basic\ ASN1\ Types/ASN1Any.swift (in target 'Crypto' from project 'swift-crypto')
    cd /Users/admin/builder/spi-builder-workspace/.swiftpm/xcode
    builtin-SwiftPerFileCompile ASN1Any.swift
SwiftCompile normal arm64_32 /Users/admin/builder/spi-builder-workspace/.dependencies/checkouts/swift-crypto/Sources/Crypto/ASN1/Basic\ ASN1\ Types/ASN1BitString.swift (in target 'Crypto' from project 'swift-crypto')
    cd /Users/admin/builder/spi-builder-workspace/.swiftpm/xcode
    builtin-SwiftPerFileCompile ASN1BitString.swift
SwiftDriverJobDiscovery normal arm64_32 Compiling Optional+withUnsafeBytes_boring.swift, RNG_boring.swift, SafeCompare_boring.swift, Zeroization_boring.swift, _CryptoModuleAnchor.swift, PrettyBytes.swift, SafeCompare.swift, SecureBytes.swift, Zeroization.swift (in target 'Crypto' from project 'swift-crypto')
SwiftCompile normal arm64 Compiling\ Optional+withUnsafeBytes_boring.swift,\ RNG_boring.swift,\ SafeCompare_boring.swift,\ Zeroization_boring.swift,\ _CryptoModuleAnchor.swift,\ PrettyBytes.swift,\ SafeCompare.swift,\ SecureBytes.swift,\ Zeroization.swift /Users/admin/builder/spi-builder-workspace/.dependencies/checkouts/swift-crypto/Sources/Crypto/Util/BoringSSL/Optional+withUnsafeBytes_boring.swift /Users/admin/builder/spi-builder-workspace/.dependencies/checkouts/swift-crypto/Sources/Crypto/Util/BoringSSL/RNG_boring.swift /Users/admin/builder/spi-builder-workspace/.dependencies/checkouts/swift-crypto/Sources/Crypto/Util/BoringSSL/SafeCompare_boring.swift /Users/admin/builder/spi-builder-workspace/.dependencies/checkouts/swift-crypto/Sources/Crypto/Util/BoringSSL/Zeroization_boring.swift /Users/admin/builder/spi-builder-workspace/.dependencies/checkouts/swift-crypto/Sources/Crypto/Util/BoringSSL/_CryptoModuleAnchor.swift /Users/admin/builder/spi-builder-workspace/.dependencies/checkouts/swift-crypto/Sources/Crypto/Util/PrettyBytes.swift /Users/admin/builder/spi-builder-workspace/.dependencies/checkouts/swift-crypto/Sources/Crypto/Util/SafeCompare.swift /Users/admin/builder/spi-builder-workspace/.dependencies/checkouts/swift-crypto/Sources/Crypto/Util/SecureBytes.swift /Users/admin/builder/spi-builder-workspace/.dependencies/checkouts/swift-crypto/Sources/Crypto/Util/Zeroization.swift (in target 'Crypto' from project 'swift-crypto')
SwiftCompile normal arm64 /Users/admin/builder/spi-builder-workspace/.dependencies/checkouts/swift-crypto/Sources/Crypto/Util/BoringSSL/Optional+withUnsafeBytes_boring.swift (in target 'Crypto' from project 'swift-crypto')
    cd /Users/admin/builder/spi-builder-workspace/.swiftpm/xcode
    builtin-SwiftPerFileCompile Optional+withUnsafeBytes_boring.swift
SwiftCompile normal arm64 /Users/admin/builder/spi-builder-workspace/.dependencies/checkouts/swift-crypto/Sources/Crypto/Util/BoringSSL/RNG_boring.swift (in target 'Crypto' from project 'swift-crypto')
    cd /Users/admin/builder/spi-builder-workspace/.swiftpm/xcode
    builtin-SwiftPerFileCompile RNG_boring.swift
SwiftCompile normal arm64 /Users/admin/builder/spi-builder-workspace/.dependencies/checkouts/swift-crypto/Sources/Crypto/Util/BoringSSL/SafeCompare_boring.swift (in target 'Crypto' from project 'swift-crypto')
    cd /Users/admin/builder/spi-builder-workspace/.swiftpm/xcode
    builtin-SwiftPerFileCompile SafeCompare_boring.swift
SwiftCompile normal arm64 /Users/admin/builder/spi-builder-workspace/.dependencies/checkouts/swift-crypto/Sources/Crypto/Util/BoringSSL/Zeroization_boring.swift (in target 'Crypto' from project 'swift-crypto')
    cd /Users/admin/builder/spi-builder-workspace/.swiftpm/xcode
    builtin-SwiftPerFileCompile Zeroization_boring.swift
SwiftCompile normal arm64 /Users/admin/builder/spi-builder-workspace/.dependencies/checkouts/swift-crypto/Sources/Crypto/Util/BoringSSL/_CryptoModuleAnchor.swift (in target 'Crypto' from project 'swift-crypto')
    cd /Users/admin/builder/spi-builder-workspace/.swiftpm/xcode
    builtin-SwiftPerFileCompile _CryptoModuleAnchor.swift
SwiftCompile normal arm64 /Users/admin/builder/spi-builder-workspace/.dependencies/checkouts/swift-crypto/Sources/Crypto/Util/PrettyBytes.swift (in target 'Crypto' from project 'swift-crypto')
    cd /Users/admin/builder/spi-builder-workspace/.swiftpm/xcode
    builtin-SwiftPerFileCompile PrettyBytes.swift
SwiftCompile normal arm64 /Users/admin/builder/spi-builder-workspace/.dependencies/checkouts/swift-crypto/Sources/Crypto/Util/SafeCompare.swift (in target 'Crypto' from project 'swift-crypto')
    cd /Users/admin/builder/spi-builder-workspace/.swiftpm/xcode
    builtin-SwiftPerFileCompile SafeCompare.swift
SwiftCompile normal arm64 /Users/admin/builder/spi-builder-workspace/.dependencies/checkouts/swift-crypto/Sources/Crypto/Util/SecureBytes.swift (in target 'Crypto' from project 'swift-crypto')
    cd /Users/admin/builder/spi-builder-workspace/.swiftpm/xcode
    builtin-SwiftPerFileCompile SecureBytes.swift
SwiftCompile normal arm64 /Users/admin/builder/spi-builder-workspace/.dependencies/checkouts/swift-crypto/Sources/Crypto/Util/Zeroization.swift (in target 'Crypto' from project 'swift-crypto')
    cd /Users/admin/builder/spi-builder-workspace/.swiftpm/xcode
    builtin-SwiftPerFileCompile Zeroization.swift
SwiftDriverJobDiscovery normal arm64_32 Compiling HashFunctions_SHA2.swift, HashFunctions_SHA3.swift, Digest_xkcp.swift, HPKE-AEAD.swift, HPKE-Ciphersuite.swift, HPKE-KDF.swift, HPKE-KexKeyDerivation.swift, HPKE-LabeledExtract.swift, HPKE-Utils.swift, DHKEM.swift (in target 'Crypto' from project 'swift-crypto')
SwiftCompile normal arm64 Compiling\ resource_bundle_accessor.swift,\ AES-GCM.swift,\ AES-GCM_boring.swift,\ ChaChaPoly_boring.swift,\ ChaChaPoly.swift,\ Cipher.swift,\ Nonces.swift,\ ASN1.swift,\ ASN1Any.swift,\ ASN1BitString.swift /Users/admin/builder/spi-builder-workspace/.derivedData/Build/Intermediates.noindex/swift-crypto.build/Debug-watchos/Crypto-t.build/DerivedSources/resource_bundle_accessor.swift /Users/admin/builder/spi-builder-workspace/.dependencies/checkouts/swift-crypto/Sources/Crypto/AEADs/AES/GCM/AES-GCM.swift /Users/admin/builder/spi-builder-workspace/.dependencies/checkouts/swift-crypto/Sources/Crypto/AEADs/AES/GCM/BoringSSL/AES-GCM_boring.swift /Users/admin/builder/spi-builder-workspace/.dependencies/checkouts/swift-crypto/Sources/Crypto/AEADs/ChachaPoly/BoringSSL/ChaChaPoly_boring.swift /Users/admin/builder/spi-builder-workspace/.dependencies/checkouts/swift-crypto/Sources/Crypto/AEADs/ChachaPoly/ChaChaPoly.swift /Users/admin/builder/spi-builder-workspace/.dependencies/checkouts/swift-crypto/Sources/Crypto/AEADs/Cipher.swift /Users/admin/builder/spi-builder-workspace/.dependencies/checkouts/swift-crypto/Sources/Crypto/AEADs/Nonces.swift /Users/admin/builder/spi-builder-workspace/.dependencies/checkouts/swift-crypto/Sources/Crypto/ASN1/ASN1.swift /Users/admin/builder/spi-builder-workspace/.dependencies/checkouts/swift-crypto/Sources/Crypto/ASN1/Basic\ ASN1\ Types/ASN1Any.swift /Users/admin/builder/spi-builder-workspace/.dependencies/checkouts/swift-crypto/Sources/Crypto/ASN1/Basic\ ASN1\ Types/ASN1BitString.swift (in target 'Crypto' from project 'swift-crypto')
SwiftCompile normal arm64 /Users/admin/builder/spi-builder-workspace/.derivedData/Build/Intermediates.noindex/swift-crypto.build/Debug-watchos/Crypto-t.build/DerivedSources/resource_bundle_accessor.swift (in target 'Crypto' from project 'swift-crypto')
    cd /Users/admin/builder/spi-builder-workspace/.swiftpm/xcode
    builtin-SwiftPerFileCompile resource_bundle_accessor.swift
SwiftCompile normal arm64 /Users/admin/builder/spi-builder-workspace/.dependencies/checkouts/swift-crypto/Sources/Crypto/AEADs/AES/GCM/AES-GCM.swift (in target 'Crypto' from project 'swift-crypto')
    cd /Users/admin/builder/spi-builder-workspace/.swiftpm/xcode
    builtin-SwiftPerFileCompile AES-GCM.swift
SwiftCompile normal arm64 /Users/admin/builder/spi-builder-workspace/.dependencies/checkouts/swift-crypto/Sources/Crypto/AEADs/AES/GCM/BoringSSL/AES-GCM_boring.swift (in target 'Crypto' from project 'swift-crypto')
    cd /Users/admin/builder/spi-builder-workspace/.swiftpm/xcode
    builtin-SwiftPerFileCompile AES-GCM_boring.swift
SwiftCompile normal arm64 /Users/admin/builder/spi-builder-workspace/.dependencies/checkouts/swift-crypto/Sources/Crypto/AEADs/ChachaPoly/BoringSSL/ChaChaPoly_boring.swift (in target 'Crypto' from project 'swift-crypto')
    cd /Users/admin/builder/spi-builder-workspace/.swiftpm/xcode
    builtin-SwiftPerFileCompile ChaChaPoly_boring.swift
SwiftCompile normal arm64 /Users/admin/builder/spi-builder-workspace/.dependencies/checkouts/swift-crypto/Sources/Crypto/AEADs/ChachaPoly/ChaChaPoly.swift (in target 'Crypto' from project 'swift-crypto')
    cd /Users/admin/builder/spi-builder-workspace/.swiftpm/xcode
    builtin-SwiftPerFileCompile ChaChaPoly.swift
SwiftCompile normal arm64 /Users/admin/builder/spi-builder-workspace/.dependencies/checkouts/swift-crypto/Sources/Crypto/AEADs/Cipher.swift (in target 'Crypto' from project 'swift-crypto')
    cd /Users/admin/builder/spi-builder-workspace/.swiftpm/xcode
    builtin-SwiftPerFileCompile Cipher.swift
SwiftCompile normal arm64 /Users/admin/builder/spi-builder-workspace/.dependencies/checkouts/swift-crypto/Sources/Crypto/AEADs/Nonces.swift (in target 'Crypto' from project 'swift-crypto')
    cd /Users/admin/builder/spi-builder-workspace/.swiftpm/xcode
    builtin-SwiftPerFileCompile Nonces.swift
SwiftCompile normal arm64 /Users/admin/builder/spi-builder-workspace/.dependencies/checkouts/swift-crypto/Sources/Crypto/ASN1/ASN1.swift (in target 'Crypto' from project 'swift-crypto')
    cd /Users/admin/builder/spi-builder-workspace/.swiftpm/xcode
    builtin-SwiftPerFileCompile ASN1.swift
SwiftCompile normal arm64 /Users/admin/builder/spi-builder-workspace/.dependencies/checkouts/swift-crypto/Sources/Crypto/ASN1/Basic\ ASN1\ Types/ASN1Any.swift (in target 'Crypto' from project 'swift-crypto')
    cd /Users/admin/builder/spi-builder-workspace/.swiftpm/xcode
    builtin-SwiftPerFileCompile ASN1Any.swift
SwiftCompile normal arm64 /Users/admin/builder/spi-builder-workspace/.dependencies/checkouts/swift-crypto/Sources/Crypto/ASN1/Basic\ ASN1\ Types/ASN1BitString.swift (in target 'Crypto' from project 'swift-crypto')
    cd /Users/admin/builder/spi-builder-workspace/.swiftpm/xcode
    builtin-SwiftPerFileCompile ASN1BitString.swift
SwiftCompile normal arm64 Compiling\ HashFunctions_SHA2.swift,\ HashFunctions_SHA3.swift,\ Digest_xkcp.swift,\ HPKE-AEAD.swift,\ HPKE-Ciphersuite.swift,\ HPKE-KDF.swift,\ HPKE-KexKeyDerivation.swift,\ HPKE-LabeledExtract.swift,\ HPKE-Utils.swift,\ DHKEM.swift /Users/admin/builder/spi-builder-workspace/.dependencies/checkouts/swift-crypto/Sources/Crypto/Digests/HashFunctions_SHA2.swift /Users/admin/builder/spi-builder-workspace/.dependencies/checkouts/swift-crypto/Sources/Crypto/Digests/HashFunctions_SHA3.swift /Users/admin/builder/spi-builder-workspace/.dependencies/checkouts/swift-crypto/Sources/Crypto/Digests/XKCP/Digest_xkcp.swift /Users/admin/builder/spi-builder-workspace/.dependencies/checkouts/swift-crypto/Sources/Crypto/HPKE/Ciphersuite/HPKE-AEAD.swift /Users/admin/builder/spi-builder-workspace/.dependencies/checkouts/swift-crypto/Sources/Crypto/HPKE/Ciphersuite/HPKE-Ciphersuite.swift /Users/admin/builder/spi-builder-workspace/.dependencies/checkouts/swift-crypto/Sources/Crypto/HPKE/Ciphersuite/HPKE-KDF.swift /Users/admin/builder/spi-builder-workspace/.dependencies/checkouts/swift-crypto/Sources/Crypto/HPKE/Ciphersuite/HPKE-KexKeyDerivation.swift /Users/admin/builder/spi-builder-workspace/.dependencies/checkouts/swift-crypto/Sources/Crypto/HPKE/Ciphersuite/HPKE-LabeledExtract.swift /Users/admin/builder/spi-builder-workspace/.dependencies/checkouts/swift-crypto/Sources/Crypto/HPKE/Ciphersuite/HPKE-Utils.swift /Users/admin/builder/spi-builder-workspace/.dependencies/checkouts/swift-crypto/Sources/Crypto/HPKE/Ciphersuite/KEM/Conformances/DHKEM.swift (in target 'Crypto' from project 'swift-crypto')
SwiftCompile normal arm64 /Users/admin/builder/spi-builder-workspace/.dependencies/checkouts/swift-crypto/Sources/Crypto/Digests/HashFunctions_SHA2.swift (in target 'Crypto' from project 'swift-crypto')
    cd /Users/admin/builder/spi-builder-workspace/.swiftpm/xcode
    builtin-SwiftPerFileCompile HashFunctions_SHA2.swift
SwiftCompile normal arm64 /Users/admin/builder/spi-builder-workspace/.dependencies/checkouts/swift-crypto/Sources/Crypto/Digests/HashFunctions_SHA3.swift (in target 'Crypto' from project 'swift-crypto')
    cd /Users/admin/builder/spi-builder-workspace/.swiftpm/xcode
    builtin-SwiftPerFileCompile HashFunctions_SHA3.swift
SwiftCompile normal arm64 /Users/admin/builder/spi-builder-workspace/.dependencies/checkouts/swift-crypto/Sources/Crypto/Digests/XKCP/Digest_xkcp.swift (in target 'Crypto' from project 'swift-crypto')
    cd /Users/admin/builder/spi-builder-workspace/.swiftpm/xcode
    builtin-SwiftPerFileCompile Digest_xkcp.swift
SwiftCompile normal arm64 /Users/admin/builder/spi-builder-workspace/.dependencies/checkouts/swift-crypto/Sources/Crypto/HPKE/Ciphersuite/HPKE-AEAD.swift (in target 'Crypto' from project 'swift-crypto')
    cd /Users/admin/builder/spi-builder-workspace/.swiftpm/xcode
    builtin-SwiftPerFileCompile HPKE-AEAD.swift
SwiftCompile normal arm64 /Users/admin/builder/spi-builder-workspace/.dependencies/checkouts/swift-crypto/Sources/Crypto/HPKE/Ciphersuite/HPKE-Ciphersuite.swift (in target 'Crypto' from project 'swift-crypto')
    cd /Users/admin/builder/spi-builder-workspace/.swiftpm/xcode
    builtin-SwiftPerFileCompile HPKE-Ciphersuite.swift
SwiftCompile normal arm64 /Users/admin/builder/spi-builder-workspace/.dependencies/checkouts/swift-crypto/Sources/Crypto/HPKE/Ciphersuite/HPKE-KDF.swift (in target 'Crypto' from project 'swift-crypto')
    cd /Users/admin/builder/spi-builder-workspace/.swiftpm/xcode
    builtin-SwiftPerFileCompile HPKE-KDF.swift
SwiftCompile normal arm64 /Users/admin/builder/spi-builder-workspace/.dependencies/checkouts/swift-crypto/Sources/Crypto/HPKE/Ciphersuite/HPKE-KexKeyDerivation.swift (in target 'Crypto' from project 'swift-crypto')
    cd /Users/admin/builder/spi-builder-workspace/.swiftpm/xcode
    builtin-SwiftPerFileCompile HPKE-KexKeyDerivation.swift
SwiftCompile normal arm64 /Users/admin/builder/spi-builder-workspace/.dependencies/checkouts/swift-crypto/Sources/Crypto/HPKE/Ciphersuite/HPKE-LabeledExtract.swift (in target 'Crypto' from project 'swift-crypto')
    cd /Users/admin/builder/spi-builder-workspace/.swiftpm/xcode
    builtin-SwiftPerFileCompile HPKE-LabeledExtract.swift
SwiftCompile normal arm64 /Users/admin/builder/spi-builder-workspace/.dependencies/checkouts/swift-crypto/Sources/Crypto/HPKE/Ciphersuite/HPKE-Utils.swift (in target 'Crypto' from project 'swift-crypto')
    cd /Users/admin/builder/spi-builder-workspace/.swiftpm/xcode
    builtin-SwiftPerFileCompile HPKE-Utils.swift
SwiftCompile normal arm64 /Users/admin/builder/spi-builder-workspace/.dependencies/checkouts/swift-crypto/Sources/Crypto/HPKE/Ciphersuite/KEM/Conformances/DHKEM.swift (in target 'Crypto' from project 'swift-crypto')
    cd /Users/admin/builder/spi-builder-workspace/.swiftpm/xcode
    builtin-SwiftPerFileCompile DHKEM.swift
SwiftCompile normal arm64_32 Compiling\ HPKE-KEM-Curve25519.swift,\ HPKE-NIST-EC-KEMs.swift,\ HPKE-KEM.swift,\ HPKE-Errors.swift,\ HPKE.swift,\ HPKE-Context.swift,\ HPKE-KeySchedule.swift,\ HPKE-Modes.swift,\ Insecure.swift,\ Insecure_HashFunctions.swift /Users/admin/builder/spi-builder-workspace/.dependencies/checkouts/swift-crypto/Sources/Crypto/HPKE/Ciphersuite/KEM/Conformances/HPKE-KEM-Curve25519.swift /Users/admin/builder/spi-builder-workspace/.dependencies/checkouts/swift-crypto/Sources/Crypto/HPKE/Ciphersuite/KEM/Conformances/HPKE-NIST-EC-KEMs.swift /Users/admin/builder/spi-builder-workspace/.dependencies/checkouts/swift-crypto/Sources/Crypto/HPKE/Ciphersuite/KEM/HPKE-KEM.swift /Users/admin/builder/spi-builder-workspace/.dependencies/checkouts/swift-crypto/Sources/Crypto/HPKE/HPKE-Errors.swift /Users/admin/builder/spi-builder-workspace/.dependencies/checkouts/swift-crypto/Sources/Crypto/HPKE/HPKE.swift /Users/admin/builder/spi-builder-workspace/.dependencies/checkouts/swift-crypto/Sources/Crypto/HPKE/Key\ Schedule/HPKE-Context.swift /Users/admin/builder/spi-builder-workspace/.dependencies/checkouts/swift-crypto/Sources/Crypto/HPKE/Key\ Schedule/HPKE-KeySchedule.swift /Users/admin/builder/spi-builder-workspace/.dependencies/checkouts/swift-crypto/Sources/Crypto/HPKE/Modes/HPKE-Modes.swift /Users/admin/builder/spi-builder-workspace/.dependencies/checkouts/swift-crypto/Sources/Crypto/Insecure/Insecure.swift /Users/admin/builder/spi-builder-workspace/.dependencies/checkouts/swift-crypto/Sources/Crypto/Insecure/Insecure_HashFunctions.swift (in target 'Crypto' from project 'swift-crypto')
SwiftCompile normal arm64_32 /Users/admin/builder/spi-builder-workspace/.dependencies/checkouts/swift-crypto/Sources/Crypto/HPKE/Ciphersuite/KEM/Conformances/HPKE-KEM-Curve25519.swift (in target 'Crypto' from project 'swift-crypto')
    cd /Users/admin/builder/spi-builder-workspace/.swiftpm/xcode
    builtin-SwiftPerFileCompile HPKE-KEM-Curve25519.swift
SwiftCompile normal arm64_32 /Users/admin/builder/spi-builder-workspace/.dependencies/checkouts/swift-crypto/Sources/Crypto/HPKE/Ciphersuite/KEM/Conformances/HPKE-NIST-EC-KEMs.swift (in target 'Crypto' from project 'swift-crypto')
    cd /Users/admin/builder/spi-builder-workspace/.swiftpm/xcode
    builtin-SwiftPerFileCompile HPKE-NIST-EC-KEMs.swift
SwiftCompile normal arm64_32 /Users/admin/builder/spi-builder-workspace/.dependencies/checkouts/swift-crypto/Sources/Crypto/HPKE/Ciphersuite/KEM/HPKE-KEM.swift (in target 'Crypto' from project 'swift-crypto')
    cd /Users/admin/builder/spi-builder-workspace/.swiftpm/xcode
    builtin-SwiftPerFileCompile HPKE-KEM.swift
SwiftCompile normal arm64_32 /Users/admin/builder/spi-builder-workspace/.dependencies/checkouts/swift-crypto/Sources/Crypto/HPKE/HPKE-Errors.swift (in target 'Crypto' from project 'swift-crypto')
    cd /Users/admin/builder/spi-builder-workspace/.swiftpm/xcode
    builtin-SwiftPerFileCompile HPKE-Errors.swift
SwiftCompile normal arm64_32 /Users/admin/builder/spi-builder-workspace/.dependencies/checkouts/swift-crypto/Sources/Crypto/HPKE/HPKE.swift (in target 'Crypto' from project 'swift-crypto')
    cd /Users/admin/builder/spi-builder-workspace/.swiftpm/xcode
    builtin-SwiftPerFileCompile HPKE.swift
SwiftCompile normal arm64_32 /Users/admin/builder/spi-builder-workspace/.dependencies/checkouts/swift-crypto/Sources/Crypto/HPKE/Key\ Schedule/HPKE-Context.swift (in target 'Crypto' from project 'swift-crypto')
    cd /Users/admin/builder/spi-builder-workspace/.swiftpm/xcode
    builtin-SwiftPerFileCompile HPKE-Context.swift
SwiftCompile normal arm64_32 /Users/admin/builder/spi-builder-workspace/.dependencies/checkouts/swift-crypto/Sources/Crypto/HPKE/Key\ Schedule/HPKE-KeySchedule.swift (in target 'Crypto' from project 'swift-crypto')
    cd /Users/admin/builder/spi-builder-workspace/.swiftpm/xcode
    builtin-SwiftPerFileCompile HPKE-KeySchedule.swift
SwiftCompile normal arm64_32 /Users/admin/builder/spi-builder-workspace/.dependencies/checkouts/swift-crypto/Sources/Crypto/HPKE/Modes/HPKE-Modes.swift (in target 'Crypto' from project 'swift-crypto')
    cd /Users/admin/builder/spi-builder-workspace/.swiftpm/xcode
    builtin-SwiftPerFileCompile HPKE-Modes.swift
SwiftCompile normal arm64_32 /Users/admin/builder/spi-builder-workspace/.dependencies/checkouts/swift-crypto/Sources/Crypto/Insecure/Insecure.swift (in target 'Crypto' from project 'swift-crypto')
    cd /Users/admin/builder/spi-builder-workspace/.swiftpm/xcode
    builtin-SwiftPerFileCompile Insecure.swift
SwiftCompile normal arm64_32 /Users/admin/builder/spi-builder-workspace/.dependencies/checkouts/swift-crypto/Sources/Crypto/Insecure/Insecure_HashFunctions.swift (in target 'Crypto' from project 'swift-crypto')
    cd /Users/admin/builder/spi-builder-workspace/.swiftpm/xcode
    builtin-SwiftPerFileCompile Insecure_HashFunctions.swift
SwiftExplicitDependencyGeneratePcm arm64_32 /Users/admin/builder/spi-builder-workspace/.derivedData/SDKExplicitPrecompiledModules/DataDetection-8EDL8T61430CB5CU94L1E3L0C.pcm
SwiftDriverJobDiscovery normal arm64 Compiling PEMDocument.swift, PKCS8PrivateKey.swift, SEC1PrivateKey.swift, SubjectPublicKeyInfo.swift, CryptoError_boring.swift, CryptoKitErrors.swift, Digest_boring.swift, Digest.swift, Digests.swift, HashFunctions.swift (in target 'Crypto' from project 'swift-crypto')
SwiftExplicitDependencyGeneratePcm arm64 /Users/admin/builder/spi-builder-workspace/.derivedData/SDKExplicitPrecompiledModules/UIUtilities-AR3EDJH6PMDGNUXQGV2JND65S.pcm
SwiftExplicitDependencyGeneratePcm arm64 /Users/admin/builder/spi-builder-workspace/.derivedData/SDKExplicitPrecompiledModules/_Builtin_intrinsics-SQV576LJA0QE7RW5HF7CQ1BX.pcm
SwiftExplicitDependencyGeneratePcm arm64_32 /Users/admin/builder/spi-builder-workspace/.derivedData/SDKExplicitPrecompiledModules/UIUtilities-ABH83C7CSGMIJAARTF384TV0L.pcm
SwiftDriverJobDiscovery normal arm64 Compiling HashFunctions_SHA2.swift, HashFunctions_SHA3.swift, Digest_xkcp.swift, HPKE-AEAD.swift, HPKE-Ciphersuite.swift, HPKE-KDF.swift, HPKE-KexKeyDerivation.swift, HPKE-LabeledExtract.swift, HPKE-Utils.swift, DHKEM.swift (in target 'Crypto' from project 'swift-crypto')
SwiftExplicitDependencyGeneratePcm arm64_32 /Users/admin/builder/spi-builder-workspace/.derivedData/SDKExplicitPrecompiledModules/_Builtin_tgmath-414CVW1GW3IL0HRLCNNCS6Q0U.pcm
SwiftDriverJobDiscovery normal arm64_32 Compiling HPKE-KEM-Curve25519.swift, HPKE-NIST-EC-KEMs.swift, HPKE-KEM.swift, HPKE-Errors.swift, HPKE.swift, HPKE-Context.swift, HPKE-KeySchedule.swift, HPKE-Modes.swift, Insecure.swift, Insecure_HashFunctions.swift (in target 'Crypto' from project 'swift-crypto')
SwiftExplicitDependencyGeneratePcm arm64_32 /Users/admin/builder/spi-builder-workspace/.derivedData/SDKExplicitPrecompiledModules/Symbols-DP67QJL9W7VSYP70ZVEBE3KRT.pcm
SwiftDriverJobDiscovery normal arm64_32 Compiling resource_bundle_accessor.swift, AES-GCM.swift, AES-GCM_boring.swift, ChaChaPoly_boring.swift, ChaChaPoly.swift, Cipher.swift, Nonces.swift, ASN1.swift, ASN1Any.swift, ASN1BitString.swift (in target 'Crypto' from project 'swift-crypto')
SwiftExplicitDependencyGeneratePcm arm64_32 /Users/admin/builder/spi-builder-workspace/.derivedData/SDKExplicitPrecompiledModules/UniformTypeIdentifiers-EH256724QTCKT0XATY095QHVP.pcm
SwiftDriverJobDiscovery normal arm64 Compiling resource_bundle_accessor.swift, AES-GCM.swift, AES-GCM_boring.swift, ChaChaPoly_boring.swift, ChaChaPoly.swift, Cipher.swift, Nonces.swift, ASN1.swift, ASN1Any.swift, ASN1BitString.swift (in target 'Crypto' from project 'swift-crypto')
SwiftExplicitDependencyGeneratePcm arm64_32 /Users/admin/builder/spi-builder-workspace/.derivedData/SDKExplicitPrecompiledModules/_Builtin_intrinsics-2K07JIG9ZANIKHSNPO3O6L1K6.pcm
SwiftExplicitDependencyGeneratePcm arm64_32 /Users/admin/builder/spi-builder-workspace/.derivedData/SDKExplicitPrecompiledModules/CoreGraphics-A4WOQTM8SYZAQP223LI6RRPEK.pcm
SwiftExplicitDependencyGeneratePcm arm64_32 /Users/admin/builder/spi-builder-workspace/.derivedData/SDKExplicitPrecompiledModules/CoreTransferable-DSXZOKFM7XQLZ0FRNNKFDWZT0.pcm
SwiftExplicitDependencyGeneratePcm arm64 /Users/admin/builder/spi-builder-workspace/.derivedData/SDKExplicitPrecompiledModules/UserNotifications-7VIERZPAA371031RT8VBKFYKJ.pcm
SwiftExplicitDependencyGeneratePcm arm64_32 /Users/admin/builder/spi-builder-workspace/.derivedData/SDKExplicitPrecompiledModules/_LocationEssentials-1XWTF8V96VX3IAHKJO7PJZDU0.pcm
SwiftExplicitDependencyGeneratePcm arm64 /Users/admin/builder/spi-builder-workspace/.derivedData/SDKExplicitPrecompiledModules/DataDetection-8RQ09UCIV0XSYRF8TQQD54MWN.pcm
SwiftDriverJobDiscovery normal arm64 Compiling Optional+withUnsafeBytes_boring.swift, RNG_boring.swift, SafeCompare_boring.swift, Zeroization_boring.swift, _CryptoModuleAnchor.swift, PrettyBytes.swift, SafeCompare.swift, SecureBytes.swift, Zeroization.swift (in target 'Crypto' from project 'swift-crypto')
SwiftExplicitDependencyGeneratePcm arm64 /Users/admin/builder/spi-builder-workspace/.derivedData/SDKExplicitPrecompiledModules/_LocationEssentials-C3HYVW8P89QAUDLD9VRHUF48Q.pcm
SwiftExplicitDependencyGeneratePcm arm64_32 /Users/admin/builder/spi-builder-workspace/.derivedData/SDKExplicitPrecompiledModules/DeveloperToolsSupport-3FQKKPF3BW0SWE1YUZ86OZWIB.pcm
SwiftExplicitDependencyGeneratePcm arm64_32 /Users/admin/builder/spi-builder-workspace/.derivedData/SDKExplicitPrecompiledModules/Accessibility-BBXP8Z81UOB3UBBTO3GG9FEEO.pcm
SwiftExplicitDependencyGeneratePcm arm64 /Users/admin/builder/spi-builder-workspace/.derivedData/SDKExplicitPrecompiledModules/CoreTransferable-EULYJN53RZTIP2D6F171CT1YZ.pcm
SwiftExplicitDependencyGeneratePcm arm64_32 /Users/admin/builder/spi-builder-workspace/.derivedData/SDKExplicitPrecompiledModules/OSLog-DXCLJ0K1EEBRV5MFYJOV1HIUX.pcm
SwiftExplicitDependencyGeneratePcm arm64 /Users/admin/builder/spi-builder-workspace/.derivedData/SDKExplicitPrecompiledModules/OSLog-ESJZZ70KT229YQNKF5CWYQVLA.pcm
SwiftExplicitDependencyGeneratePcm arm64_32 /Users/admin/builder/spi-builder-workspace/.derivedData/SDKExplicitPrecompiledModules/CoreText-34U50N378SZT64826L0B62MN6.pcm
SwiftExplicitDependencyGeneratePcm arm64 /Users/admin/builder/spi-builder-workspace/.derivedData/SDKExplicitPrecompiledModules/CoreLocation-B0A9Z3B1UDU8OLBQROLWD03N3.pcm
SwiftExplicitDependencyGeneratePcm arm64 /Users/admin/builder/spi-builder-workspace/.derivedData/SDKExplicitPrecompiledModules/UniformTypeIdentifiers-47SS6PHE8KOUZX5UOQUNKH397.pcm
SwiftExplicitDependencyGeneratePcm arm64 /Users/admin/builder/spi-builder-workspace/.derivedData/SDKExplicitPrecompiledModules/CoreGraphics-5488DA9QVJJ7QOFXPYOYIYFUX.pcm
SwiftExplicitDependencyGeneratePcm arm64_32 /Users/admin/builder/spi-builder-workspace/.derivedData/SDKExplicitPrecompiledModules/simd-1W6O8NR1QUSWJGAN44DNNWVHX.pcm
SwiftExplicitDependencyGeneratePcm arm64 /Users/admin/builder/spi-builder-workspace/.derivedData/SDKExplicitPrecompiledModules/Symbols-B8SNL2YULCKW9SYIL0T5QLMV.pcm
SwiftExplicitDependencyGeneratePcm arm64_32 /Users/admin/builder/spi-builder-workspace/.derivedData/SDKExplicitPrecompiledModules/UserNotifications-F5AOMF9V2Y10QV8U00QNX8B7Q.pcm
SwiftExplicitDependencyGeneratePcm arm64_32 /Users/admin/builder/spi-builder-workspace/.derivedData/SDKExplicitPrecompiledModules/CoreLocation-4AZRAZ8X3W0CS36SZ1GS4LT05.pcm
SwiftExplicitDependencyGeneratePcm arm64 /Users/admin/builder/spi-builder-workspace/.derivedData/SDKExplicitPrecompiledModules/CoreMotion-70RNUQRT1QM2F8WR42WPP4KQV.pcm
SwiftExplicitDependencyGeneratePcm arm64 /Users/admin/builder/spi-builder-workspace/.derivedData/SDKExplicitPrecompiledModules/_Builtin_tgmath-7JP2AE1NQHA1DV5JYP2OHQ3BF.pcm
SwiftExplicitDependencyGeneratePcm arm64_32 /Users/admin/builder/spi-builder-workspace/.derivedData/SDKExplicitPrecompiledModules/CoreVideo-BX0NALWCB2F1YOTF0NZGV9FWU.pcm
SwiftExplicitDependencyGeneratePcm arm64 /Users/admin/builder/spi-builder-workspace/.derivedData/SDKExplicitPrecompiledModules/CoreVideo-2YRZ292TS6QDW2V2V92NZMPWM.pcm
SwiftExplicitDependencyGeneratePcm arm64 /Users/admin/builder/spi-builder-workspace/.derivedData/SDKExplicitPrecompiledModules/Accessibility-DB0V1GY4JDAXG2CZ5MW826DDE.pcm
SwiftExplicitDependencyGeneratePcm arm64 /Users/admin/builder/spi-builder-workspace/.derivedData/SDKExplicitPrecompiledModules/CoreText-BEC0M2J7FJN53VXNFDZDKL9U2.pcm
SwiftExplicitDependencyGeneratePcm arm64 /Users/admin/builder/spi-builder-workspace/.derivedData/SDKExplicitPrecompiledModules/DeveloperToolsSupport-CL5QT3CW0ZM498PFTWG64QMLA.pcm
SwiftExplicitDependencyGeneratePcm arm64_32 /Users/admin/builder/spi-builder-workspace/.derivedData/SDKExplicitPrecompiledModules/CoreMotion-E9C6K7MOTJF3RC93DULCZ130U.pcm
SwiftExplicitDependencyGeneratePcm arm64_32 /Users/admin/builder/spi-builder-workspace/.derivedData/SDKExplicitPrecompiledModules/QuartzCore-72UYR37X0O2APTD1XMSJ20X5X.pcm
SwiftExplicitDependencyGeneratePcm arm64 /Users/admin/builder/spi-builder-workspace/.derivedData/SDKExplicitPrecompiledModules/simd-2C11HKTI5TJB05T724EWNFZXD.pcm
SwiftExplicitDependencyGeneratePcm arm64 /Users/admin/builder/spi-builder-workspace/.derivedData/SDKExplicitPrecompiledModules/QuartzCore-BRDP6VIMJ6A6HG4W4NYXZ8BI3.pcm
SwiftCompile normal arm64_32 Compiling\ PEMDocument.swift,\ PKCS8PrivateKey.swift,\ SEC1PrivateKey.swift,\ SubjectPublicKeyInfo.swift,\ CryptoError_boring.swift,\ CryptoKitErrors.swift,\ Digest_boring.swift,\ Digest.swift,\ Digests.swift,\ HashFunctions.swift /Users/admin/builder/spi-builder-workspace/.dependencies/checkouts/swift-crypto/Sources/Crypto/ASN1/PEMDocument.swift /Users/admin/builder/spi-builder-workspace/.dependencies/checkouts/swift-crypto/Sources/Crypto/ASN1/PKCS8PrivateKey.swift /Users/admin/builder/spi-builder-workspace/.dependencies/checkouts/swift-crypto/Sources/Crypto/ASN1/SEC1PrivateKey.swift /Users/admin/builder/spi-builder-workspace/.dependencies/checkouts/swift-crypto/Sources/Crypto/ASN1/SubjectPublicKeyInfo.swift /Users/admin/builder/spi-builder-workspace/.dependencies/checkouts/swift-crypto/Sources/Crypto/CryptoError_boring.swift /Users/admin/builder/spi-builder-workspace/.dependencies/checkouts/swift-crypto/Sources/Crypto/CryptoKitErrors.swift /Users/admin/builder/spi-builder-workspace/.dependencies/checkouts/swift-crypto/Sources/Crypto/Digests/BoringSSL/Digest_boring.swift /Users/admin/builder/spi-builder-workspace/.dependencies/checkouts/swift-crypto/Sources/Crypto/Digests/Digest.swift /Users/admin/builder/spi-builder-workspace/.dependencies/checkouts/swift-crypto/Sources/Crypto/Digests/Digests.swift /Users/admin/builder/spi-builder-workspace/.dependencies/checkouts/swift-crypto/Sources/Crypto/Digests/HashFunctions.swift (in target 'Crypto' from project 'swift-crypto')
SwiftCompile normal arm64_32 /Users/admin/builder/spi-builder-workspace/.dependencies/checkouts/swift-crypto/Sources/Crypto/ASN1/PEMDocument.swift (in target 'Crypto' from project 'swift-crypto')
    cd /Users/admin/builder/spi-builder-workspace/.swiftpm/xcode
    builtin-SwiftPerFileCompile PEMDocument.swift
SwiftCompile normal arm64_32 /Users/admin/builder/spi-builder-workspace/.dependencies/checkouts/swift-crypto/Sources/Crypto/ASN1/PKCS8PrivateKey.swift (in target 'Crypto' from project 'swift-crypto')
    cd /Users/admin/builder/spi-builder-workspace/.swiftpm/xcode
    builtin-SwiftPerFileCompile PKCS8PrivateKey.swift
SwiftCompile normal arm64_32 /Users/admin/builder/spi-builder-workspace/.dependencies/checkouts/swift-crypto/Sources/Crypto/ASN1/SEC1PrivateKey.swift (in target 'Crypto' from project 'swift-crypto')
    cd /Users/admin/builder/spi-builder-workspace/.swiftpm/xcode
    builtin-SwiftPerFileCompile SEC1PrivateKey.swift
SwiftCompile normal arm64_32 /Users/admin/builder/spi-builder-workspace/.dependencies/checkouts/swift-crypto/Sources/Crypto/ASN1/SubjectPublicKeyInfo.swift (in target 'Crypto' from project 'swift-crypto')
    cd /Users/admin/builder/spi-builder-workspace/.swiftpm/xcode
    builtin-SwiftPerFileCompile SubjectPublicKeyInfo.swift
SwiftCompile normal arm64_32 /Users/admin/builder/spi-builder-workspace/.dependencies/checkouts/swift-crypto/Sources/Crypto/CryptoError_boring.swift (in target 'Crypto' from project 'swift-crypto')
    cd /Users/admin/builder/spi-builder-workspace/.swiftpm/xcode
    builtin-SwiftPerFileCompile CryptoError_boring.swift
SwiftCompile normal arm64_32 /Users/admin/builder/spi-builder-workspace/.dependencies/checkouts/swift-crypto/Sources/Crypto/CryptoKitErrors.swift (in target 'Crypto' from project 'swift-crypto')
    cd /Users/admin/builder/spi-builder-workspace/.swiftpm/xcode
    builtin-SwiftPerFileCompile CryptoKitErrors.swift
SwiftCompile normal arm64_32 /Users/admin/builder/spi-builder-workspace/.dependencies/checkouts/swift-crypto/Sources/Crypto/Digests/BoringSSL/Digest_boring.swift (in target 'Crypto' from project 'swift-crypto')
    cd /Users/admin/builder/spi-builder-workspace/.swiftpm/xcode
    builtin-SwiftPerFileCompile Digest_boring.swift
SwiftCompile normal arm64_32 /Users/admin/builder/spi-builder-workspace/.dependencies/checkouts/swift-crypto/Sources/Crypto/Digests/Digest.swift (in target 'Crypto' from project 'swift-crypto')
    cd /Users/admin/builder/spi-builder-workspace/.swiftpm/xcode
    builtin-SwiftPerFileCompile Digest.swift
SwiftCompile normal arm64_32 /Users/admin/builder/spi-builder-workspace/.dependencies/checkouts/swift-crypto/Sources/Crypto/Digests/Digests.swift (in target 'Crypto' from project 'swift-crypto')
    cd /Users/admin/builder/spi-builder-workspace/.swiftpm/xcode
    builtin-SwiftPerFileCompile Digests.swift
SwiftCompile normal arm64_32 /Users/admin/builder/spi-builder-workspace/.dependencies/checkouts/swift-crypto/Sources/Crypto/Digests/HashFunctions.swift (in target 'Crypto' from project 'swift-crypto')
    cd /Users/admin/builder/spi-builder-workspace/.swiftpm/xcode
    builtin-SwiftPerFileCompile HashFunctions.swift
SwiftCompile normal arm64 Compiling\ MLKEM_boring.swift,\ MLKEM_wrapper.swift,\ XWing_boring.swift,\ KEM-Errors.swift,\ KEM.swift,\ MLKEM.swift,\ XWing.swift,\ ECDH_boring.swift,\ DH.swift /Users/admin/builder/spi-builder-workspace/.dependencies/checkouts/swift-crypto/Sources/Crypto/KEM/BoringSSL/MLKEM_boring.swift /Users/admin/builder/spi-builder-workspace/.dependencies/checkouts/swift-crypto/Sources/Crypto/KEM/BoringSSL/MLKEM_wrapper.swift /Users/admin/builder/spi-builder-workspace/.dependencies/checkouts/swift-crypto/Sources/Crypto/KEM/BoringSSL/XWing_boring.swift /Users/admin/builder/spi-builder-workspace/.dependencies/checkouts/swift-crypto/Sources/Crypto/KEM/KEM-Errors.swift /Users/admin/builder/spi-builder-workspace/.dependencies/checkouts/swift-crypto/Sources/Crypto/KEM/KEM.swift /Users/admin/builder/spi-builder-workspace/.dependencies/checkouts/swift-crypto/Sources/Crypto/KEM/MLKEM.swift /Users/admin/builder/spi-builder-workspace/.dependencies/checkouts/swift-crypto/Sources/Crypto/KEM/XWing.swift /Users/admin/builder/spi-builder-workspace/.dependencies/checkouts/swift-crypto/Sources/Crypto/Key\ Agreement/BoringSSL/ECDH_boring.swift /Users/admin/builder/spi-builder-workspace/.dependencies/checkouts/swift-crypto/Sources/Crypto/Key\ Agreement/DH.swift (in target 'Crypto' from project 'swift-crypto')
SwiftCompile normal arm64 /Users/admin/builder/spi-builder-workspace/.dependencies/checkouts/swift-crypto/Sources/Crypto/KEM/BoringSSL/MLKEM_boring.swift (in target 'Crypto' from project 'swift-crypto')
    cd /Users/admin/builder/spi-builder-workspace/.swiftpm/xcode
    builtin-SwiftPerFileCompile MLKEM_boring.swift
SwiftCompile normal arm64 /Users/admin/builder/spi-builder-workspace/.dependencies/checkouts/swift-crypto/Sources/Crypto/KEM/BoringSSL/MLKEM_wrapper.swift (in target 'Crypto' from project 'swift-crypto')
    cd /Users/admin/builder/spi-builder-workspace/.swiftpm/xcode
    builtin-SwiftPerFileCompile MLKEM_wrapper.swift
SwiftCompile normal arm64 /Users/admin/builder/spi-builder-workspace/.dependencies/checkouts/swift-crypto/Sources/Crypto/KEM/BoringSSL/XWing_boring.swift (in target 'Crypto' from project 'swift-crypto')
    cd /Users/admin/builder/spi-builder-workspace/.swiftpm/xcode
    builtin-SwiftPerFileCompile XWing_boring.swift
SwiftCompile normal arm64 /Users/admin/builder/spi-builder-workspace/.dependencies/checkouts/swift-crypto/Sources/Crypto/KEM/KEM-Errors.swift (in target 'Crypto' from project 'swift-crypto')
    cd /Users/admin/builder/spi-builder-workspace/.swiftpm/xcode
    builtin-SwiftPerFileCompile KEM-Errors.swift
SwiftCompile normal arm64 /Users/admin/builder/spi-builder-workspace/.dependencies/checkouts/swift-crypto/Sources/Crypto/KEM/KEM.swift (in target 'Crypto' from project 'swift-crypto')
    cd /Users/admin/builder/spi-builder-workspace/.swiftpm/xcode
    builtin-SwiftPerFileCompile KEM.swift
SwiftCompile normal arm64 /Users/admin/builder/spi-builder-workspace/.dependencies/checkouts/swift-crypto/Sources/Crypto/KEM/MLKEM.swift (in target 'Crypto' from project 'swift-crypto')
    cd /Users/admin/builder/spi-builder-workspace/.swiftpm/xcode
    builtin-SwiftPerFileCompile MLKEM.swift
SwiftCompile normal arm64 /Users/admin/builder/spi-builder-workspace/.dependencies/checkouts/swift-crypto/Sources/Crypto/KEM/XWing.swift (in target 'Crypto' from project 'swift-crypto')
    cd /Users/admin/builder/spi-builder-workspace/.swiftpm/xcode
    builtin-SwiftPerFileCompile XWing.swift
SwiftCompile normal arm64 /Users/admin/builder/spi-builder-workspace/.dependencies/checkouts/swift-crypto/Sources/Crypto/Key\ Agreement/BoringSSL/ECDH_boring.swift (in target 'Crypto' from project 'swift-crypto')
    cd /Users/admin/builder/spi-builder-workspace/.swiftpm/xcode
    builtin-SwiftPerFileCompile ECDH_boring.swift
SwiftCompile normal arm64 /Users/admin/builder/spi-builder-workspace/.dependencies/checkouts/swift-crypto/Sources/Crypto/Key\ Agreement/DH.swift (in target 'Crypto' from project 'swift-crypto')
    cd /Users/admin/builder/spi-builder-workspace/.swiftpm/xcode
    builtin-SwiftPerFileCompile DH.swift
SwiftCompile normal arm64_32 Compiling\ ECDSA_boring.swift,\ EdDSA_boring.swift,\ MLDSA_boring.swift,\ MLDSA_wrapper.swift,\ ECDSA.swift,\ Ed25519.swift,\ MLDSA.swift,\ Signature.swift,\ CryptoKitErrors_boring.swift /Users/admin/builder/spi-builder-workspace/.dependencies/checkouts/swift-crypto/Sources/Crypto/Signatures/BoringSSL/ECDSA_boring.swift /Users/admin/builder/spi-builder-workspace/.dependencies/checkouts/swift-crypto/Sources/Crypto/Signatures/BoringSSL/EdDSA_boring.swift /Users/admin/builder/spi-builder-workspace/.dependencies/checkouts/swift-crypto/Sources/Crypto/Signatures/BoringSSL/MLDSA_boring.swift /Users/admin/builder/spi-builder-workspace/.dependencies/checkouts/swift-crypto/Sources/Crypto/Signatures/BoringSSL/MLDSA_wrapper.swift /Users/admin/builder/spi-builder-workspace/.dependencies/checkouts/swift-crypto/Sources/Crypto/Signatures/ECDSA.swift /Users/admin/builder/spi-builder-workspace/.dependencies/checkouts/swift-crypto/Sources/Crypto/Signatures/Ed25519.swift /Users/admin/builder/spi-builder-workspace/.dependencies/checkouts/swift-crypto/Sources/Crypto/Signatures/MLDSA.swift /Users/admin/builder/spi-builder-workspace/.dependencies/checkouts/swift-crypto/Sources/Crypto/Signatures/Signature.swift /Users/admin/builder/spi-builder-workspace/.dependencies/checkouts/swift-crypto/Sources/Crypto/Util/BoringSSL/CryptoKitErrors_boring.swift (in target 'Crypto' from project 'swift-crypto')
SwiftCompile normal arm64_32 /Users/admin/builder/spi-builder-workspace/.dependencies/checkouts/swift-crypto/Sources/Crypto/Signatures/BoringSSL/ECDSA_boring.swift (in target 'Crypto' from project 'swift-crypto')
    cd /Users/admin/builder/spi-builder-workspace/.swiftpm/xcode
    builtin-SwiftPerFileCompile ECDSA_boring.swift
SwiftCompile normal arm64_32 /Users/admin/builder/spi-builder-workspace/.dependencies/checkouts/swift-crypto/Sources/Crypto/Signatures/BoringSSL/EdDSA_boring.swift (in target 'Crypto' from project 'swift-crypto')
    cd /Users/admin/builder/spi-builder-workspace/.swiftpm/xcode
    builtin-SwiftPerFileCompile EdDSA_boring.swift
SwiftCompile normal arm64_32 /Users/admin/builder/spi-builder-workspace/.dependencies/checkouts/swift-crypto/Sources/Crypto/Signatures/BoringSSL/MLDSA_boring.swift (in target 'Crypto' from project 'swift-crypto')
    cd /Users/admin/builder/spi-builder-workspace/.swiftpm/xcode
    builtin-SwiftPerFileCompile MLDSA_boring.swift
SwiftCompile normal arm64_32 /Users/admin/builder/spi-builder-workspace/.dependencies/checkouts/swift-crypto/Sources/Crypto/Signatures/BoringSSL/MLDSA_wrapper.swift (in target 'Crypto' from project 'swift-crypto')
    cd /Users/admin/builder/spi-builder-workspace/.swiftpm/xcode
    builtin-SwiftPerFileCompile MLDSA_wrapper.swift
SwiftCompile normal arm64_32 /Users/admin/builder/spi-builder-workspace/.dependencies/checkouts/swift-crypto/Sources/Crypto/Signatures/ECDSA.swift (in target 'Crypto' from project 'swift-crypto')
    cd /Users/admin/builder/spi-builder-workspace/.swiftpm/xcode
    builtin-SwiftPerFileCompile ECDSA.swift
SwiftCompile normal arm64_32 /Users/admin/builder/spi-builder-workspace/.dependencies/checkouts/swift-crypto/Sources/Crypto/Signatures/Ed25519.swift (in target 'Crypto' from project 'swift-crypto')
    cd /Users/admin/builder/spi-builder-workspace/.swiftpm/xcode
    builtin-SwiftPerFileCompile Ed25519.swift
SwiftCompile normal arm64_32 /Users/admin/builder/spi-builder-workspace/.dependencies/checkouts/swift-crypto/Sources/Crypto/Signatures/MLDSA.swift (in target 'Crypto' from project 'swift-crypto')
    cd /Users/admin/builder/spi-builder-workspace/.swiftpm/xcode
    builtin-SwiftPerFileCompile MLDSA.swift
SwiftCompile normal arm64_32 /Users/admin/builder/spi-builder-workspace/.dependencies/checkouts/swift-crypto/Sources/Crypto/Signatures/Signature.swift (in target 'Crypto' from project 'swift-crypto')
    cd /Users/admin/builder/spi-builder-workspace/.swiftpm/xcode
    builtin-SwiftPerFileCompile Signature.swift
SwiftCompile normal arm64_32 /Users/admin/builder/spi-builder-workspace/.dependencies/checkouts/swift-crypto/Sources/Crypto/Util/BoringSSL/CryptoKitErrors_boring.swift (in target 'Crypto' from project 'swift-crypto')
    cd /Users/admin/builder/spi-builder-workspace/.swiftpm/xcode
    builtin-SwiftPerFileCompile CryptoKitErrors_boring.swift
SwiftExplicitDependencyGeneratePcm arm64_32 /Users/admin/builder/spi-builder-workspace/.derivedData/SDKExplicitPrecompiledModules/UIKit-BGAQE5HOOTG6M9C46O1HHPCDR.pcm
SwiftExplicitDependencyGeneratePcm arm64_32 /Users/admin/builder/spi-builder-workspace/.derivedData/SDKExplicitPrecompiledModules/SwiftUICore-TURER010MQ2QH6SN4BGDJJKP.pcm
SwiftDriverJobDiscovery normal arm64_32 Compiling PEMDocument.swift, PKCS8PrivateKey.swift, SEC1PrivateKey.swift, SubjectPublicKeyInfo.swift, CryptoError_boring.swift, CryptoKitErrors.swift, Digest_boring.swift, Digest.swift, Digests.swift, HashFunctions.swift (in target 'Crypto' from project 'swift-crypto')
SwiftExplicitDependencyGeneratePcm arm64 /Users/admin/builder/spi-builder-workspace/.derivedData/SDKExplicitPrecompiledModules/UIKit-2XWL6VFNA7WRWSTXI42YLU909.pcm
SwiftExplicitDependencyGeneratePcm arm64_32 /Users/admin/builder/spi-builder-workspace/.derivedData/SDKExplicitPrecompiledModules/Spatial-4XS0QRL16224ZE9KE9TMKASKT.pcm
SwiftDriverJobDiscovery normal arm64 Compiling MLKEM_boring.swift, MLKEM_wrapper.swift, XWing_boring.swift, KEM-Errors.swift, KEM.swift, MLKEM.swift, XWing.swift, ECDH_boring.swift, DH.swift (in target 'Crypto' from project 'swift-crypto')
SwiftExplicitDependencyGeneratePcm arm64 /Users/admin/builder/spi-builder-workspace/.derivedData/SDKExplicitPrecompiledModules/SwiftUICore-D4BOUT6VJWDXKNATG8P2F95W3.pcm
SwiftDriverJobDiscovery normal arm64_32 Compiling ECDSA_boring.swift, EdDSA_boring.swift, MLDSA_boring.swift, MLDSA_wrapper.swift, ECDSA.swift, Ed25519.swift, MLDSA.swift, Signature.swift, CryptoKitErrors_boring.swift (in target 'Crypto' from project 'swift-crypto')
SwiftCompile normal arm64_32 Compiling\ MLKEM_boring.swift,\ MLKEM_wrapper.swift,\ XWing_boring.swift,\ KEM-Errors.swift,\ KEM.swift,\ MLKEM.swift,\ XWing.swift,\ ECDH_boring.swift,\ DH.swift /Users/admin/builder/spi-builder-workspace/.dependencies/checkouts/swift-crypto/Sources/Crypto/KEM/BoringSSL/MLKEM_boring.swift /Users/admin/builder/spi-builder-workspace/.dependencies/checkouts/swift-crypto/Sources/Crypto/KEM/BoringSSL/MLKEM_wrapper.swift /Users/admin/builder/spi-builder-workspace/.dependencies/checkouts/swift-crypto/Sources/Crypto/KEM/BoringSSL/XWing_boring.swift /Users/admin/builder/spi-builder-workspace/.dependencies/checkouts/swift-crypto/Sources/Crypto/KEM/KEM-Errors.swift /Users/admin/builder/spi-builder-workspace/.dependencies/checkouts/swift-crypto/Sources/Crypto/KEM/KEM.swift /Users/admin/builder/spi-builder-workspace/.dependencies/checkouts/swift-crypto/Sources/Crypto/KEM/MLKEM.swift /Users/admin/builder/spi-builder-workspace/.dependencies/checkouts/swift-crypto/Sources/Crypto/KEM/XWing.swift /Users/admin/builder/spi-builder-workspace/.dependencies/checkouts/swift-crypto/Sources/Crypto/Key\ Agreement/BoringSSL/ECDH_boring.swift /Users/admin/builder/spi-builder-workspace/.dependencies/checkouts/swift-crypto/Sources/Crypto/Key\ Agreement/DH.swift (in target 'Crypto' from project 'swift-crypto')
SwiftCompile normal arm64_32 /Users/admin/builder/spi-builder-workspace/.dependencies/checkouts/swift-crypto/Sources/Crypto/KEM/BoringSSL/MLKEM_boring.swift (in target 'Crypto' from project 'swift-crypto')
    cd /Users/admin/builder/spi-builder-workspace/.swiftpm/xcode
    builtin-SwiftPerFileCompile MLKEM_boring.swift
SwiftCompile normal arm64_32 /Users/admin/builder/spi-builder-workspace/.dependencies/checkouts/swift-crypto/Sources/Crypto/KEM/BoringSSL/MLKEM_wrapper.swift (in target 'Crypto' from project 'swift-crypto')
    cd /Users/admin/builder/spi-builder-workspace/.swiftpm/xcode
    builtin-SwiftPerFileCompile MLKEM_wrapper.swift
SwiftCompile normal arm64_32 /Users/admin/builder/spi-builder-workspace/.dependencies/checkouts/swift-crypto/Sources/Crypto/KEM/BoringSSL/XWing_boring.swift (in target 'Crypto' from project 'swift-crypto')
    cd /Users/admin/builder/spi-builder-workspace/.swiftpm/xcode
    builtin-SwiftPerFileCompile XWing_boring.swift
SwiftCompile normal arm64_32 /Users/admin/builder/spi-builder-workspace/.dependencies/checkouts/swift-crypto/Sources/Crypto/KEM/KEM-Errors.swift (in target 'Crypto' from project 'swift-crypto')
    cd /Users/admin/builder/spi-builder-workspace/.swiftpm/xcode
    builtin-SwiftPerFileCompile KEM-Errors.swift
SwiftCompile normal arm64_32 /Users/admin/builder/spi-builder-workspace/.dependencies/checkouts/swift-crypto/Sources/Crypto/KEM/KEM.swift (in target 'Crypto' from project 'swift-crypto')
    cd /Users/admin/builder/spi-builder-workspace/.swiftpm/xcode
    builtin-SwiftPerFileCompile KEM.swift
SwiftCompile normal arm64_32 /Users/admin/builder/spi-builder-workspace/.dependencies/checkouts/swift-crypto/Sources/Crypto/KEM/MLKEM.swift (in target 'Crypto' from project 'swift-crypto')
    cd /Users/admin/builder/spi-builder-workspace/.swiftpm/xcode
    builtin-SwiftPerFileCompile MLKEM.swift
SwiftCompile normal arm64_32 /Users/admin/builder/spi-builder-workspace/.dependencies/checkouts/swift-crypto/Sources/Crypto/KEM/XWing.swift (in target 'Crypto' from project 'swift-crypto')
    cd /Users/admin/builder/spi-builder-workspace/.swiftpm/xcode
    builtin-SwiftPerFileCompile XWing.swift
SwiftCompile normal arm64_32 /Users/admin/builder/spi-builder-workspace/.dependencies/checkouts/swift-crypto/Sources/Crypto/Key\ Agreement/BoringSSL/ECDH_boring.swift (in target 'Crypto' from project 'swift-crypto')
    cd /Users/admin/builder/spi-builder-workspace/.swiftpm/xcode
    builtin-SwiftPerFileCompile ECDH_boring.swift
SwiftCompile normal arm64_32 /Users/admin/builder/spi-builder-workspace/.dependencies/checkouts/swift-crypto/Sources/Crypto/Key\ Agreement/DH.swift (in target 'Crypto' from project 'swift-crypto')
    cd /Users/admin/builder/spi-builder-workspace/.swiftpm/xcode
    builtin-SwiftPerFileCompile DH.swift
SwiftCompile normal arm64 Compiling\ HPKE-KEM-Curve25519.swift,\ HPKE-NIST-EC-KEMs.swift,\ HPKE-KEM.swift,\ HPKE-Errors.swift,\ HPKE.swift,\ HPKE-Context.swift,\ HPKE-KeySchedule.swift,\ HPKE-Modes.swift,\ Insecure.swift,\ Insecure_HashFunctions.swift /Users/admin/builder/spi-builder-workspace/.dependencies/checkouts/swift-crypto/Sources/Crypto/HPKE/Ciphersuite/KEM/Conformances/HPKE-KEM-Curve25519.swift /Users/admin/builder/spi-builder-workspace/.dependencies/checkouts/swift-crypto/Sources/Crypto/HPKE/Ciphersuite/KEM/Conformances/HPKE-NIST-EC-KEMs.swift /Users/admin/builder/spi-builder-workspace/.dependencies/checkouts/swift-crypto/Sources/Crypto/HPKE/Ciphersuite/KEM/HPKE-KEM.swift /Users/admin/builder/spi-builder-workspace/.dependencies/checkouts/swift-crypto/Sources/Crypto/HPKE/HPKE-Errors.swift /Users/admin/builder/spi-builder-workspace/.dependencies/checkouts/swift-crypto/Sources/Crypto/HPKE/HPKE.swift /Users/admin/builder/spi-builder-workspace/.dependencies/checkouts/swift-crypto/Sources/Crypto/HPKE/Key\ Schedule/HPKE-Context.swift /Users/admin/builder/spi-builder-workspace/.dependencies/checkouts/swift-crypto/Sources/Crypto/HPKE/Key\ Schedule/HPKE-KeySchedule.swift /Users/admin/builder/spi-builder-workspace/.dependencies/checkouts/swift-crypto/Sources/Crypto/HPKE/Modes/HPKE-Modes.swift /Users/admin/builder/spi-builder-workspace/.dependencies/checkouts/swift-crypto/Sources/Crypto/Insecure/Insecure.swift /Users/admin/builder/spi-builder-workspace/.dependencies/checkouts/swift-crypto/Sources/Crypto/Insecure/Insecure_HashFunctions.swift (in target 'Crypto' from project 'swift-crypto')
SwiftCompile normal arm64 /Users/admin/builder/spi-builder-workspace/.dependencies/checkouts/swift-crypto/Sources/Crypto/HPKE/Ciphersuite/KEM/Conformances/HPKE-KEM-Curve25519.swift (in target 'Crypto' from project 'swift-crypto')
    cd /Users/admin/builder/spi-builder-workspace/.swiftpm/xcode
    builtin-SwiftPerFileCompile HPKE-KEM-Curve25519.swift
SwiftCompile normal arm64 /Users/admin/builder/spi-builder-workspace/.dependencies/checkouts/swift-crypto/Sources/Crypto/HPKE/Ciphersuite/KEM/Conformances/HPKE-NIST-EC-KEMs.swift (in target 'Crypto' from project 'swift-crypto')
    cd /Users/admin/builder/spi-builder-workspace/.swiftpm/xcode
    builtin-SwiftPerFileCompile HPKE-NIST-EC-KEMs.swift
SwiftCompile normal arm64 /Users/admin/builder/spi-builder-workspace/.dependencies/checkouts/swift-crypto/Sources/Crypto/HPKE/Ciphersuite/KEM/HPKE-KEM.swift (in target 'Crypto' from project 'swift-crypto')
    cd /Users/admin/builder/spi-builder-workspace/.swiftpm/xcode
    builtin-SwiftPerFileCompile HPKE-KEM.swift
SwiftCompile normal arm64 /Users/admin/builder/spi-builder-workspace/.dependencies/checkouts/swift-crypto/Sources/Crypto/HPKE/HPKE-Errors.swift (in target 'Crypto' from project 'swift-crypto')
    cd /Users/admin/builder/spi-builder-workspace/.swiftpm/xcode
    builtin-SwiftPerFileCompile HPKE-Errors.swift
SwiftCompile normal arm64 /Users/admin/builder/spi-builder-workspace/.dependencies/checkouts/swift-crypto/Sources/Crypto/HPKE/HPKE.swift (in target 'Crypto' from project 'swift-crypto')
    cd /Users/admin/builder/spi-builder-workspace/.swiftpm/xcode
    builtin-SwiftPerFileCompile HPKE.swift
SwiftCompile normal arm64 /Users/admin/builder/spi-builder-workspace/.dependencies/checkouts/swift-crypto/Sources/Crypto/HPKE/Key\ Schedule/HPKE-Context.swift (in target 'Crypto' from project 'swift-crypto')
    cd /Users/admin/builder/spi-builder-workspace/.swiftpm/xcode
    builtin-SwiftPerFileCompile HPKE-Context.swift
SwiftCompile normal arm64 /Users/admin/builder/spi-builder-workspace/.dependencies/checkouts/swift-crypto/Sources/Crypto/HPKE/Key\ Schedule/HPKE-KeySchedule.swift (in target 'Crypto' from project 'swift-crypto')
    cd /Users/admin/builder/spi-builder-workspace/.swiftpm/xcode
    builtin-SwiftPerFileCompile HPKE-KeySchedule.swift
SwiftCompile normal arm64 /Users/admin/builder/spi-builder-workspace/.dependencies/checkouts/swift-crypto/Sources/Crypto/HPKE/Modes/HPKE-Modes.swift (in target 'Crypto' from project 'swift-crypto')
    cd /Users/admin/builder/spi-builder-workspace/.swiftpm/xcode
    builtin-SwiftPerFileCompile HPKE-Modes.swift
SwiftCompile normal arm64 /Users/admin/builder/spi-builder-workspace/.dependencies/checkouts/swift-crypto/Sources/Crypto/Insecure/Insecure.swift (in target 'Crypto' from project 'swift-crypto')
    cd /Users/admin/builder/spi-builder-workspace/.swiftpm/xcode
    builtin-SwiftPerFileCompile Insecure.swift
SwiftCompile normal arm64 /Users/admin/builder/spi-builder-workspace/.dependencies/checkouts/swift-crypto/Sources/Crypto/Insecure/Insecure_HashFunctions.swift (in target 'Crypto' from project 'swift-crypto')
    cd /Users/admin/builder/spi-builder-workspace/.swiftpm/xcode
    builtin-SwiftPerFileCompile Insecure_HashFunctions.swift
SwiftCompile normal arm64 Compiling\ ECDH.swift,\ ANSIx963.swift,\ HKDF.swift,\ AESWrap.swift,\ AESWrap_boring.swift,\ Ed25519_boring.swift,\ NISTCurvesKeys_boring.swift,\ X25519Keys_boring.swift,\ Curve25519.swift /Users/admin/builder/spi-builder-workspace/.dependencies/checkouts/swift-crypto/Sources/Crypto/Key\ Agreement/ECDH.swift /Users/admin/builder/spi-builder-workspace/.dependencies/checkouts/swift-crypto/Sources/Crypto/Key\ Derivation/ANSIx963.swift /Users/admin/builder/spi-builder-workspace/.dependencies/checkouts/swift-crypto/Sources/Crypto/Key\ Derivation/HKDF.swift /Users/admin/builder/spi-builder-workspace/.dependencies/checkouts/swift-crypto/Sources/Crypto/Key\ Wrapping/AESWrap.swift /Users/admin/builder/spi-builder-workspace/.dependencies/checkouts/swift-crypto/Sources/Crypto/Key\ Wrapping/BoringSSL/AESWrap_boring.swift /Users/admin/builder/spi-builder-workspace/.dependencies/checkouts/swift-crypto/Sources/Crypto/Keys/EC/BoringSSL/Ed25519_boring.swift /Users/admin/builder/spi-builder-workspace/.dependencies/checkouts/swift-crypto/Sources/Crypto/Keys/EC/BoringSSL/NISTCurvesKeys_boring.swift /Users/admin/builder/spi-builder-workspace/.dependencies/checkouts/swift-crypto/Sources/Crypto/Keys/EC/BoringSSL/X25519Keys_boring.swift /Users/admin/builder/spi-builder-workspace/.dependencies/checkouts/swift-crypto/Sources/Crypto/Keys/EC/Curve25519.swift (in target 'Crypto' from project 'swift-crypto')
SwiftCompile normal arm64 /Users/admin/builder/spi-builder-workspace/.dependencies/checkouts/swift-crypto/Sources/Crypto/Key\ Agreement/ECDH.swift (in target 'Crypto' from project 'swift-crypto')
    cd /Users/admin/builder/spi-builder-workspace/.swiftpm/xcode
    builtin-SwiftPerFileCompile ECDH.swift
SwiftCompile normal arm64 /Users/admin/builder/spi-builder-workspace/.dependencies/checkouts/swift-crypto/Sources/Crypto/Key\ Derivation/ANSIx963.swift (in target 'Crypto' from project 'swift-crypto')
    cd /Users/admin/builder/spi-builder-workspace/.swiftpm/xcode
    builtin-SwiftPerFileCompile ANSIx963.swift
SwiftCompile normal arm64 /Users/admin/builder/spi-builder-workspace/.dependencies/checkouts/swift-crypto/Sources/Crypto/Key\ Derivation/HKDF.swift (in target 'Crypto' from project 'swift-crypto')
    cd /Users/admin/builder/spi-builder-workspace/.swiftpm/xcode
    builtin-SwiftPerFileCompile HKDF.swift
SwiftCompile normal arm64 /Users/admin/builder/spi-builder-workspace/.dependencies/checkouts/swift-crypto/Sources/Crypto/Key\ Wrapping/AESWrap.swift (in target 'Crypto' from project 'swift-crypto')
    cd /Users/admin/builder/spi-builder-workspace/.swiftpm/xcode
    builtin-SwiftPerFileCompile AESWrap.swift
SwiftCompile normal arm64 /Users/admin/builder/spi-builder-workspace/.dependencies/checkouts/swift-crypto/Sources/Crypto/Key\ Wrapping/BoringSSL/AESWrap_boring.swift (in target 'Crypto' from project 'swift-crypto')
    cd /Users/admin/builder/spi-builder-workspace/.swiftpm/xcode
    builtin-SwiftPerFileCompile AESWrap_boring.swift
SwiftCompile normal arm64 /Users/admin/builder/spi-builder-workspace/.dependencies/checkouts/swift-crypto/Sources/Crypto/Keys/EC/BoringSSL/Ed25519_boring.swift (in target 'Crypto' from project 'swift-crypto')
    cd /Users/admin/builder/spi-builder-workspace/.swiftpm/xcode
    builtin-SwiftPerFileCompile Ed25519_boring.swift
SwiftCompile normal arm64 /Users/admin/builder/spi-builder-workspace/.dependencies/checkouts/swift-crypto/Sources/Crypto/Keys/EC/BoringSSL/NISTCurvesKeys_boring.swift (in target 'Crypto' from project 'swift-crypto')
    cd /Users/admin/builder/spi-builder-workspace/.swiftpm/xcode
    builtin-SwiftPerFileCompile NISTCurvesKeys_boring.swift
SwiftCompile normal arm64 /Users/admin/builder/spi-builder-workspace/.dependencies/checkouts/swift-crypto/Sources/Crypto/Keys/EC/BoringSSL/X25519Keys_boring.swift (in target 'Crypto' from project 'swift-crypto')
    cd /Users/admin/builder/spi-builder-workspace/.swiftpm/xcode
    builtin-SwiftPerFileCompile X25519Keys_boring.swift
SwiftCompile normal arm64 /Users/admin/builder/spi-builder-workspace/.dependencies/checkouts/swift-crypto/Sources/Crypto/Keys/EC/Curve25519.swift (in target 'Crypto' from project 'swift-crypto')
    cd /Users/admin/builder/spi-builder-workspace/.swiftpm/xcode
    builtin-SwiftPerFileCompile Curve25519.swift
PruneExplicitPrecompiledModules /Users/admin/builder/spi-builder-workspace/.derivedData/Build/Intermediates.noindex/SwiftExplicitPrecompiledModules
PruneExplicitPrecompiledModules /Users/admin/builder/spi-builder-workspace/.derivedData/SDKExplicitPrecompiledModules
PruneExplicitPrecompiledModules /Users/admin/builder/spi-builder-workspace/.derivedData/Build/Intermediates.noindex/ExplicitPrecompiledModules
2026-09-30 20:10:08.319 xcodebuild[1003:5425] [MT] IDERunDestination: Supported platforms for the buildables in the current scheme is empty.
** BUILD FAILED **
The following build commands failed:
	SwiftEmitModule normal arm64 Emitting\ module\ for\ HFAPIFFI (in target 'HFAPIFFI' from project 'swift-hf-api')
	SwiftCompile normal arm64 (in target 'HFAPIFFI' from project 'swift-hf-api')
	Building workspace swift-hf-api with scheme swift-hf-api-Package
(3 failures)
BUILD FAILURE 6.4 watchOS