Build Information
Failed to build union-haptics, reference main (b876d2), with Swift 6.2 for macOS (SPM) on 22 Sep 2026 23:20:01 UTC.
Build Command
env DEVELOPER_DIR=/Applications/Xcode-26.3.0.app xcrun swift build --arch arm64Build Log
========================================
RunAll
========================================
Builder version: 5.1.0
Interrupt handler set up.
========================================
Checkout
========================================
Clone URL: https://github.com/unionst/union-haptics.git
Reference: main
Initialized empty Git repository in /Users/admin/builder/spi-builder-workspace/.git/
From https://github.com/unionst/union-haptics
* branch main -> FETCH_HEAD
* [new branch] main -> origin/main
HEAD is now at b876d2d Fix Swift 6 closure argument issue
Cloned https://github.com/unionst/union-haptics.git
Revision (git rev-parse @):
b876d2d90a7c8f4039939a0804882c9a3956e3c5
SUCCESS checkout https://github.com/unionst/union-haptics.git at main
========================================
Build
========================================
Selected platform: macosSpm
Swift version: 6.2
Building package at path: $PWD
https://github.com/unionst/union-haptics.git
Running build ...
env DEVELOPER_DIR=/Applications/Xcode-26.3.0.app xcrun swift build --arch arm64
Building for debugging...
[0/2] Write sources
[1/2] Write swift-version--3CB7CFEC50E0D141.txt
[3/10] Compiling UnionHaptics View+UnionSensoryFeedback.swift
/Users/admin/builder/spi-builder-workspace/Sources/union-haptics/Haptics.swift:8:8: error: no such module 'UIKit'
6 | //
7 |
8 | import UIKit
| `- error: no such module 'UIKit'
9 | import CoreHaptics
10 |
[4/10] Compiling UnionHaptics UnionSensoryFeedbackModifiers.swift
/Users/admin/builder/spi-builder-workspace/Sources/union-haptics/Haptics.swift:8:8: error: no such module 'UIKit'
6 | //
7 |
8 | import UIKit
| `- error: no such module 'UIKit'
9 | import CoreHaptics
10 |
[5/10] Compiling UnionHaptics View+RepeatingSensoryFeedback.swift
/Users/admin/builder/spi-builder-workspace/Sources/union-haptics/Haptics.swift:8:8: error: no such module 'UIKit'
6 | //
7 |
8 | import UIKit
| `- error: no such module 'UIKit'
9 | import CoreHaptics
10 |
error: emit-module command failed with exit code 1 (use -v to see invocation)
[6/10] Emitting module UnionHaptics
/Users/admin/builder/spi-builder-workspace/Sources/union-haptics/Haptics.swift:8:8: error: no such module 'UIKit'
6 | //
7 |
8 | import UIKit
| `- error: no such module 'UIKit'
9 | import CoreHaptics
10 |
[7/10] Compiling UnionHaptics Haptics+Play.swift
/Users/admin/builder/spi-builder-workspace/Sources/union-haptics/Haptics.swift:8:8: error: no such module 'UIKit'
6 | //
7 |
8 | import UIKit
| `- error: no such module 'UIKit'
9 | import CoreHaptics
10 |
[8/10] Compiling UnionHaptics RepeatingSensoryFeedbackModifiers.swift
/Users/admin/builder/spi-builder-workspace/Sources/union-haptics/Haptics.swift:8:8: error: no such module 'UIKit'
6 | //
7 |
8 | import UIKit
| `- error: no such module 'UIKit'
9 | import CoreHaptics
10 |
[9/10] Compiling UnionHaptics UnionFeedback.swift
/Users/admin/builder/spi-builder-workspace/Sources/union-haptics/Haptics.swift:8:8: error: no such module 'UIKit'
6 | //
7 |
8 | import UIKit
| `- error: no such module 'UIKit'
9 | import CoreHaptics
10 |
[10/10] Compiling UnionHaptics Haptics.swift
/Users/admin/builder/spi-builder-workspace/Sources/union-haptics/Haptics.swift:8:8: error: no such module 'UIKit'
6 | //
7 |
8 | import UIKit
| `- error: no such module 'UIKit'
9 | import CoreHaptics
10 |
BUILD FAILURE 6.2 macosSpm