The Swift Package Index logo.Swift Package Index

Build Information

Failed to build HPParallaxHeader, reference 1.1.8 (32a420), with Swift 6.4 for tvOS using Xcode 27.0 on 18 Sep 2026 10:16:08 UTC.

Build Command

env DEVELOPER_DIR=/Applications/Xcode-27.0.0-Release.Candidate.app xcrun xcodebuild -IDEClonedSourcePackagesDirPathOverride=$PWD/.dependencies -skipMacroValidation -skipPackagePluginValidation -derivedDataPath $PWD/.derivedData build -scheme HPParallaxHeader -destination generic/platform=tvOS

Build Log

========================================
RunAll
========================================
Builder version: 5.1.0
Interrupt handler set up.
========================================
Checkout
========================================
Clone URL: https://github.com/ngochiencse/HPParallaxHeader.git
Reference: 1.1.8
Initialized empty Git repository in /Users/admin/builder/spi-builder-workspace/.git/
From https://github.com/ngochiencse/HPParallaxHeader
 * tag               1.1.8      -> FETCH_HEAD
HEAD is now at 32a4204 Remove unused code
Cloned https://github.com/ngochiencse/HPParallaxHeader.git
Revision (git rev-parse @):
32a420427ac92169a022cb02a0efd62e5631512e
SUCCESS checkout https://github.com/ngochiencse/HPParallaxHeader.git at 1.1.8
========================================
Build
========================================
Selected platform:         tvOS
Swift version:             6.4
Building package at path:  $PWD
https://github.com/ngochiencse/HPParallaxHeader.git
Command line invocation:
    /Applications/Xcode-27.0.0-Release.Candidate.app/Contents/Developer/usr/bin/xcodebuild -IDEClonedSourcePackagesDirPathOverride=/Users/admin/builder/spi-builder-workspace/.dependencies -resolvePackageDependencies
resolved source packages:
{
  "dependencies" : [
  ],
  "manifest_display_name" : "HPParallaxHeader",
  "name" : "HPParallaxHeader",
  "path" : "/Users/admin/builder/spi-builder-workspace",
  "platforms" : [
    {
      "name" : "ios",
      "version" : "10.0"
    }
  ],
  "products" : [
    {
      "name" : "HPParallaxHeader",
      "targets" : [
        "HPParallaxHeader"
      ],
      "type" : {
        "library" : [
          "automatic"
        ]
      }
    }
  ],
  "targets" : [
    {
      "c99name" : "HPParallaxHeader",
      "module_type" : "SwiftTarget",
      "name" : "HPParallaxHeader",
      "path" : "HPParallaxHeader",
      "product_memberships" : [
        "HPParallaxHeader"
      ],
      "sources" : [
        "Classes/HPParallaxHeader.swift",
        "Classes/HPParallaxView.swift",
        "Classes/HPScrollView.swift",
        "Classes/HPScrollViewController.swift",
        "Classes/HPScrollViewDelegateForwarder.swift",
        "Classes/UIScrollView+ParallaxHeader.swift"
      ],
      "type" : "library"
    }
  ],
  "tools_version" : "5.4"
}
{
  "project" : {
    "configurations" : [
      "Debug",
      "Release"
    ],
    "name" : "Pods",
    "schemes" : [
      "HPParallaxHeader",
      "Pods-HPParallaxHeader_Example",
      "Pods-HPParallaxHeader_Tests"
    ],
    "targets" : [
      "HPParallaxHeader",
      "Pods-HPParallaxHeader_Example",
      "Pods-HPParallaxHeader_Tests"
    ]
  }
}
{
  "workspace" : {
    "name" : "HPParallaxHeader",
    "schemes" : [
      "HPParallaxHeader"
    ]
  }
}
2026-09-18 06:15:54.590 xcodebuild[664:4219] [MT] IDERunDestination: Supported platforms for the buildables in the current scheme is empty.
Running build ...
env DEVELOPER_DIR=/Applications/Xcode-27.0.0-Release.Candidate.app xcrun xcodebuild -IDEClonedSourcePackagesDirPathOverride=$PWD/.dependencies -skipMacroValidation -skipPackagePluginValidation -derivedDataPath $PWD/.derivedData build -scheme HPParallaxHeader -destination generic/platform=tvOS
Command line invocation:
    /Applications/Xcode-27.0.0-Release.Candidate.app/Contents/Developer/usr/bin/xcodebuild -IDEClonedSourcePackagesDirPathOverride=/Users/admin/builder/spi-builder-workspace/.dependencies -skipMacroValidation -skipPackagePluginValidation -derivedDataPath /Users/admin/builder/spi-builder-workspace/.derivedData build -scheme HPParallaxHeader -destination generic/platform=tvOS
Resolve Package Graph
Resolved source packages:
  HPParallaxHeader: /Users/admin/builder/spi-builder-workspace
ComputePackagePrebuildTargetDependencyGraph
Prepare packages
CreateBuildRequest
SendProjectDescription
CreateBuildOperation
ComputeTargetDependencyGraph
note: Building targets in dependency order
note: Target dependency graph (2 targets)
    Target 'HPParallaxHeader-product' in project 'HPParallaxHeader'
        ➜ Explicit dependency on target 'HPParallaxHeader' in project 'HPParallaxHeader'
    Target 'HPParallaxHeader' in project 'HPParallaxHeader' (no dependencies)
GatherProvisioningInputs
CreateBuildDescription
ExecuteExternalTool /Applications/Xcode-27.0.0-Release.Candidate.app/Contents/Developer/Toolchains/XcodeDefault.xctoolchain/usr/bin/clang -v -E -dM -isysroot /Applications/Xcode-27.0.0-Release.Candidate.app/Contents/Developer/Platforms/AppleTVOS.platform/Developer/SDKs/AppleTVOS27.0.sdk -x c -c /dev/null
ExecuteExternalTool /Applications/Xcode-27.0.0-Release.Candidate.app/Contents/Developer/Toolchains/XcodeDefault.xctoolchain/usr/bin/swiftc --version
ExecuteExternalTool /Applications/Xcode-27.0.0-Release.Candidate.app/Contents/Developer/Toolchains/XcodeDefault.xctoolchain/usr/bin/ld -version_details
Build description signature: 1ae8610317005f6e93c1210b4e067c2a
Build description path: /Users/admin/builder/spi-builder-workspace/.derivedData/Build/Intermediates.noindex/XCBuildData/1ae8610317005f6e93c1210b4e067c2a.xcbuilddata
CreateBuildDirectory /Users/admin/builder/spi-builder-workspace/.derivedData/SDKExplicitPrecompiledModules
    cd /Users/admin/builder/spi-builder-workspace/.swiftpm/xcode
    builtin-create-build-directory /Users/admin/builder/spi-builder-workspace/.derivedData/SDKExplicitPrecompiledModules
CreateBuildDirectory /Users/admin/builder/spi-builder-workspace/.derivedData/ModuleCache.noindex
    cd /Users/admin/builder/spi-builder-workspace/.swiftpm/xcode
    builtin-create-build-directory /Users/admin/builder/spi-builder-workspace/.derivedData/ModuleCache.noindex
CreateBuildDirectory /Users/admin/builder/spi-builder-workspace/.derivedData/CompilationCache.noindex
    cd /Users/admin/builder/spi-builder-workspace/.swiftpm/xcode
    builtin-create-build-directory /Users/admin/builder/spi-builder-workspace/.derivedData/CompilationCache.noindex
CreateBuildDirectory /Users/admin/builder/spi-builder-workspace/.derivedData/Build/Intermediates.noindex
    cd /Users/admin/builder/spi-builder-workspace/.swiftpm/xcode
    builtin-create-build-directory /Users/admin/builder/spi-builder-workspace/.derivedData/Build/Intermediates.noindex
CreateBuildDirectory /Users/admin/builder/spi-builder-workspace/.derivedData/Build/Products
    cd /Users/admin/builder/spi-builder-workspace/.swiftpm/xcode
    builtin-create-build-directory /Users/admin/builder/spi-builder-workspace/.derivedData/Build/Products
ClangStatCache /Applications/Xcode-27.0.0-Release.Candidate.app/Contents/Developer/Toolchains/XcodeDefault.xctoolchain/usr/bin/clang-stat-cache /Applications/Xcode-27.0.0-Release.Candidate.app/Contents/Developer/Platforms/AppleTVOS.platform/Developer/SDKs/AppleTVOS27.0.sdk /Users/admin/builder/spi-builder-workspace/.derivedData/SDKStatCaches.noindex/appletvos27.0-24J360-e829b21a6f8c9b70876ba0858053c044b32bfd8d43560033f8d89884cdb90028.sdkstatcache
    cd /Users/admin/builder/spi-builder-workspace/.swiftpm/xcode
    /Applications/Xcode-27.0.0-Release.Candidate.app/Contents/Developer/Toolchains/XcodeDefault.xctoolchain/usr/bin/clang-stat-cache /Applications/Xcode-27.0.0-Release.Candidate.app/Contents/Developer/Platforms/AppleTVOS.platform/Developer/SDKs/AppleTVOS27.0.sdk -o /Users/admin/builder/spi-builder-workspace/.derivedData/SDKStatCaches.noindex/appletvos27.0-24J360-e829b21a6f8c9b70876ba0858053c044b32bfd8d43560033f8d89884cdb90028.sdkstatcache
CreateBuildDirectory /Users/admin/builder/spi-builder-workspace/.derivedData/Build/Products/Debug-appletvos
    cd /Users/admin/builder/spi-builder-workspace/.swiftpm/xcode
    builtin-create-build-directory /Users/admin/builder/spi-builder-workspace/.derivedData/Build/Products/Debug-appletvos
CreateBuildDirectory /Users/admin/builder/spi-builder-workspace/.derivedData/Build/Intermediates.noindex/SwiftExplicitPrecompiledModules
    cd /Users/admin/builder/spi-builder-workspace/.swiftpm/xcode
    builtin-create-build-directory /Users/admin/builder/spi-builder-workspace/.derivedData/Build/Intermediates.noindex/SwiftExplicitPrecompiledModules
CreateBuildDirectory /Users/admin/builder/spi-builder-workspace/.derivedData/Build/Intermediates.noindex/PrecompiledHeaders
    cd /Users/admin/builder/spi-builder-workspace/.swiftpm/xcode
    builtin-create-build-directory /Users/admin/builder/spi-builder-workspace/.derivedData/Build/Intermediates.noindex/PrecompiledHeaders
CreateBuildDirectory /Users/admin/builder/spi-builder-workspace/.derivedData/Build/Intermediates.noindex/ExplicitPrecompiledModules
    cd /Users/admin/builder/spi-builder-workspace/.swiftpm/xcode
    builtin-create-build-directory /Users/admin/builder/spi-builder-workspace/.derivedData/Build/Intermediates.noindex/ExplicitPrecompiledModules
CreateBuildDirectory /Users/admin/builder/spi-builder-workspace/.derivedData/Build/Intermediates.noindex/EagerLinkingTBDs/Debug-appletvos
    cd /Users/admin/builder/spi-builder-workspace/.swiftpm/xcode
    builtin-create-build-directory /Users/admin/builder/spi-builder-workspace/.derivedData/Build/Intermediates.noindex/EagerLinkingTBDs/Debug-appletvos
CreateBuildDirectory /Users/admin/builder/spi-builder-workspace/.derivedData/Build/Products/Debug-appletvos/PackageFrameworks
    cd /Users/admin/builder/spi-builder-workspace/.swiftpm/xcode
    builtin-create-build-directory /Users/admin/builder/spi-builder-workspace/.derivedData/Build/Products/Debug-appletvos/PackageFrameworks
WriteAuxiliaryFile /Users/admin/builder/spi-builder-workspace/.derivedData/Build/Intermediates.noindex/HPParallaxHeader.build/Debug-appletvos/HPParallaxHeader-t.build/HPParallaxHeader.DependencyStaticMetadataFileList (in target 'HPParallaxHeader' from project 'HPParallaxHeader')
    cd /Users/admin/builder/spi-builder-workspace
    write-file /Users/admin/builder/spi-builder-workspace/.derivedData/Build/Intermediates.noindex/HPParallaxHeader.build/Debug-appletvos/HPParallaxHeader-t.build/HPParallaxHeader.DependencyStaticMetadataFileList
WriteAuxiliaryFile /Users/admin/builder/spi-builder-workspace/.derivedData/Build/Intermediates.noindex/HPParallaxHeader.build/Debug-appletvos/HPParallaxHeader-t.build/HPParallaxHeader.modulemap (in target 'HPParallaxHeader' from project 'HPParallaxHeader')
    cd /Users/admin/builder/spi-builder-workspace
    write-file /Users/admin/builder/spi-builder-workspace/.derivedData/Build/Intermediates.noindex/HPParallaxHeader.build/Debug-appletvos/HPParallaxHeader-t.build/HPParallaxHeader.modulemap
WriteAuxiliaryFile /Users/admin/builder/spi-builder-workspace/.derivedData/Build/Intermediates.noindex/HPParallaxHeader.build/Debug-appletvos/HPParallaxHeader-t.build/HPParallaxHeader.DependencyMetadataFileList (in target 'HPParallaxHeader' from project 'HPParallaxHeader')
    cd /Users/admin/builder/spi-builder-workspace
    write-file /Users/admin/builder/spi-builder-workspace/.derivedData/Build/Intermediates.noindex/HPParallaxHeader.build/Debug-appletvos/HPParallaxHeader-t.build/HPParallaxHeader.DependencyMetadataFileList
WriteAuxiliaryFile /Users/admin/builder/spi-builder-workspace/.derivedData/Build/Intermediates.noindex/HPParallaxHeader.build/Debug-appletvos/HPParallaxHeader-t.build/Objects-normal/arm64/HPParallaxHeader-OutputFileMap.json (in target 'HPParallaxHeader' from project 'HPParallaxHeader')
    cd /Users/admin/builder/spi-builder-workspace
    write-file /Users/admin/builder/spi-builder-workspace/.derivedData/Build/Intermediates.noindex/HPParallaxHeader.build/Debug-appletvos/HPParallaxHeader-t.build/Objects-normal/arm64/HPParallaxHeader-OutputFileMap.json
WriteAuxiliaryFile /Users/admin/builder/spi-builder-workspace/.derivedData/Build/Intermediates.noindex/HPParallaxHeader.build/Debug-appletvos/HPParallaxHeader-t.build/Objects-normal/arm64/HPParallaxHeader.SwiftFileList (in target 'HPParallaxHeader' from project 'HPParallaxHeader')
    cd /Users/admin/builder/spi-builder-workspace
    write-file /Users/admin/builder/spi-builder-workspace/.derivedData/Build/Intermediates.noindex/HPParallaxHeader.build/Debug-appletvos/HPParallaxHeader-t.build/Objects-normal/arm64/HPParallaxHeader.SwiftFileList
WriteAuxiliaryFile /Users/admin/builder/spi-builder-workspace/.derivedData/Build/Intermediates.noindex/HPParallaxHeader.build/Debug-appletvos/HPParallaxHeader-t.build/Objects-normal/arm64/HPParallaxHeader.SwiftConstValuesFileList (in target 'HPParallaxHeader' from project 'HPParallaxHeader')
    cd /Users/admin/builder/spi-builder-workspace
    write-file /Users/admin/builder/spi-builder-workspace/.derivedData/Build/Intermediates.noindex/HPParallaxHeader.build/Debug-appletvos/HPParallaxHeader-t.build/Objects-normal/arm64/HPParallaxHeader.SwiftConstValuesFileList
WriteAuxiliaryFile /Users/admin/builder/spi-builder-workspace/.derivedData/Build/Intermediates.noindex/HPParallaxHeader.build/Debug-appletvos/HPParallaxHeader-t.build/Objects-normal/arm64/HPParallaxHeader.LinkFileList (in target 'HPParallaxHeader' from project 'HPParallaxHeader')
    cd /Users/admin/builder/spi-builder-workspace
    write-file /Users/admin/builder/spi-builder-workspace/.derivedData/Build/Intermediates.noindex/HPParallaxHeader.build/Debug-appletvos/HPParallaxHeader-t.build/Objects-normal/arm64/HPParallaxHeader.LinkFileList
WriteAuxiliaryFile /Users/admin/builder/spi-builder-workspace/.derivedData/Build/Intermediates.noindex/HPParallaxHeader.build/Debug-appletvos/HPParallaxHeader-t.build/Objects-normal/arm64/HPParallaxHeader_const_extract_protocols.json (in target 'HPParallaxHeader' from project 'HPParallaxHeader')
    cd /Users/admin/builder/spi-builder-workspace
    write-file /Users/admin/builder/spi-builder-workspace/.derivedData/Build/Intermediates.noindex/HPParallaxHeader.build/Debug-appletvos/HPParallaxHeader-t.build/Objects-normal/arm64/HPParallaxHeader_const_extract_protocols.json
Copy /Users/admin/builder/spi-builder-workspace/.derivedData/Build/Intermediates.noindex/GeneratedModuleMaps-appletvos/HPParallaxHeader.modulemap /Users/admin/builder/spi-builder-workspace/.derivedData/Build/Intermediates.noindex/HPParallaxHeader.build/Debug-appletvos/HPParallaxHeader-t.build/HPParallaxHeader.modulemap (in target 'HPParallaxHeader' from project 'HPParallaxHeader')
    cd /Users/admin/builder/spi-builder-workspace
    builtin-copy -exclude .DS_Store -exclude CVS -exclude .svn -exclude .git -exclude .hg -resolve-src-symlinks /Users/admin/builder/spi-builder-workspace/.derivedData/Build/Intermediates.noindex/HPParallaxHeader.build/Debug-appletvos/HPParallaxHeader-t.build/HPParallaxHeader.modulemap /Users/admin/builder/spi-builder-workspace/.derivedData/Build/Intermediates.noindex/GeneratedModuleMaps-appletvos
SwiftDriver HPParallaxHeader normal arm64 com.apple.xcode.tools.swift.compiler (in target 'HPParallaxHeader' from project 'HPParallaxHeader')
    cd /Users/admin/builder/spi-builder-workspace/.swiftpm/xcode
    builtin-SwiftDriver -- /Applications/Xcode-27.0.0-Release.Candidate.app/Contents/Developer/Toolchains/XcodeDefault.xctoolchain/usr/bin/swiftc -parse-as-library -module-name HPParallaxHeader -Onone @/Users/admin/builder/spi-builder-workspace/.derivedData/Build/Intermediates.noindex/HPParallaxHeader.build/Debug-appletvos/HPParallaxHeader-t.build/Objects-normal/arm64/HPParallaxHeader.SwiftFileList -DSWIFT_PACKAGE -DDEBUG -DSWIFT_MODULE_RESOURCE_BUNDLE_UNAVAILABLE -DXcode -plugin-path /Applications/Xcode-27.0.0-Release.Candidate.app/Contents/Developer/Toolchains/XcodeDefault.xctoolchain/usr/lib/swift/host/plugins/testing -enable-experimental-feature DebugDescriptionMacro -sdk /Applications/Xcode-27.0.0-Release.Candidate.app/Contents/Developer/Platforms/AppleTVOS.platform/Developer/SDKs/AppleTVOS27.0.sdk -target arm64-apple-tvos15.0 -g -module-cache-path /Users/admin/builder/spi-builder-workspace/.derivedData/ModuleCache.noindex -Xfrontend -serialize-debugging-options -enable-testing -index-store-path /Users/admin/builder/spi-builder-workspace/.derivedData/Index.noindex/DataStore -Xcc -D_LIBCPP_HARDENING_MODE\=_LIBCPP_HARDENING_MODE_DEBUG -swift-version 5 -I /Users/admin/builder/spi-builder-workspace/.derivedData/Build/Products/Debug-appletvos -Isystem /Applications/Xcode-27.0.0-Release.Candidate.app/Contents/Developer/Platforms/AppleTVOS.platform/Developer/usr/lib -F /Users/admin/builder/spi-builder-workspace/.derivedData/Build/Products/Debug-appletvos -F /Applications/Xcode-27.0.0-Release.Candidate.app/Contents/Developer/Platforms/AppleTVOS.platform/Developer/Library/Frameworks -F /Applications/Xcode-27.0.0-Release.Candidate.app/Contents/Developer/Platforms/AppleTVOS.platform/Developer/SDKs/AppleTVOS27.0.sdk/Developer/Library/Frameworks -c -j10 -enable-batch-mode -incremental -Xcc -ivfsstatcache -Xcc /Users/admin/builder/spi-builder-workspace/.derivedData/SDKStatCaches.noindex/appletvos27.0-24J360-e829b21a6f8c9b70876ba0858053c044b32bfd8d43560033f8d89884cdb90028.sdkstatcache -output-file-map /Users/admin/builder/spi-builder-workspace/.derivedData/Build/Intermediates.noindex/HPParallaxHeader.build/Debug-appletvos/HPParallaxHeader-t.build/Objects-normal/arm64/HPParallaxHeader-OutputFileMap.json -save-temps -no-color-diagnostics -explicit-module-build -module-cache-path /Users/admin/builder/spi-builder-workspace/.derivedData/Build/Intermediates.noindex/SwiftExplicitPrecompiledModules -clang-scanner-module-cache-path /Users/admin/builder/spi-builder-workspace/.derivedData/ModuleCache.noindex -sdk-module-cache-path /Users/admin/builder/spi-builder-workspace/.derivedData/SDKExplicitPrecompiledModules -emit-dependencies -emit-module -emit-module-path /Users/admin/builder/spi-builder-workspace/.derivedData/Build/Intermediates.noindex/HPParallaxHeader.build/Debug-appletvos/HPParallaxHeader-t.build/Objects-normal/arm64/HPParallaxHeader.swiftmodule -serialize-diagnostics -dependency-scan-serialize-diagnostics-path /Users/admin/builder/spi-builder-workspace/.derivedData/Build/Intermediates.noindex/HPParallaxHeader.build/Debug-appletvos/HPParallaxHeader-t.build/Objects-normal/arm64/HPParallaxHeader-dependency-scan.dia -validate-clang-modules-once -clang-build-session-file /Users/admin/builder/spi-builder-workspace/.derivedData/ModuleCache.noindex/Session.modulevalidation -Xcc -fmodules-prune-interval\=86400 -Xcc -fmodules-prune-after\=345600 -emit-const-values -const-gather-protocols-list /Users/admin/builder/spi-builder-workspace/.derivedData/Build/Intermediates.noindex/HPParallaxHeader.build/Debug-appletvos/HPParallaxHeader-t.build/Objects-normal/arm64/HPParallaxHeader_const_extract_protocols.json -Xcc -I/Users/admin/builder/spi-builder-workspace/.derivedData/Build/Products/Debug-appletvos/include -Xcc -I/Users/admin/builder/spi-builder-workspace/.derivedData/Build/Intermediates.noindex/HPParallaxHeader.build/Debug-appletvos/HPParallaxHeader-t.build/DerivedSources-normal/arm64 -Xcc -I/Users/admin/builder/spi-builder-workspace/.derivedData/Build/Intermediates.noindex/HPParallaxHeader.build/Debug-appletvos/HPParallaxHeader-t.build/DerivedSources/arm64 -Xcc -I/Users/admin/builder/spi-builder-workspace/.derivedData/Build/Intermediates.noindex/HPParallaxHeader.build/Debug-appletvos/HPParallaxHeader-t.build/DerivedSources -Xcc -DSWIFT_PACKAGE -Xcc -DDEBUG\=1 -emit-objc-header -emit-objc-header-path /Users/admin/builder/spi-builder-workspace/.derivedData/Build/Intermediates.noindex/HPParallaxHeader.build/Debug-appletvos/HPParallaxHeader-t.build/Objects-normal/arm64/HPParallaxHeader-Swift.h -working-directory /Users/admin/builder/spi-builder-workspace/.swiftpm/xcode -experimental-emit-module-separately -disable-cmo
SwiftExplicitDependencyGeneratePcm arm64 /Users/admin/builder/spi-builder-workspace/.derivedData/SDKExplicitPrecompiledModules/SwiftShims-8N4EXJ4RUJTR8K9OO3CMOH1EP.pcm
SwiftExplicitDependencyGeneratePcm arm64 /Users/admin/builder/spi-builder-workspace/.derivedData/SDKExplicitPrecompiledModules/DeveloperToolsSupport-B1X8RI63V48AJRTH2RK6JAARV.pcm
SwiftExplicitDependencyGeneratePcm arm64 /Users/admin/builder/spi-builder-workspace/.derivedData/SDKExplicitPrecompiledModules/ptrcheck-2AZ6B5IBYD3RRRTFWN2ONASY3.pcm
SwiftExplicitDependencyGeneratePcm arm64 /Users/admin/builder/spi-builder-workspace/.derivedData/SDKExplicitPrecompiledModules/_Builtin_stdbool-AHRDH5EKLY6D04C5E42F3VCQI.pcm
SwiftExplicitDependencyGeneratePcm arm64 /Users/admin/builder/spi-builder-workspace/.derivedData/SDKExplicitPrecompiledModules/_Builtin_stddef-9ZJZ6FDEZNKTZU8YLPMFT9RAQ.pcm
SwiftExplicitDependencyGeneratePcm arm64 /Users/admin/builder/spi-builder-workspace/.derivedData/SDKExplicitPrecompiledModules/ptrauth-8X2KEPL7CTRPS40TUB9APHPK6.pcm
SwiftExplicitDependencyGeneratePcm arm64 /Users/admin/builder/spi-builder-workspace/.derivedData/SDKExplicitPrecompiledModules/_Builtin_float-8ZJAYZ85YBOAOP52Y9H6IUNP3.pcm
SwiftExplicitDependencyGeneratePcm arm64 /Users/admin/builder/spi-builder-workspace/.derivedData/SDKExplicitPrecompiledModules/_SwiftConcurrencyShims-BY5PD8KF1L5KF6F4Q69HE3TJ4.pcm
SwiftExplicitDependencyGeneratePcm arm64 /Users/admin/builder/spi-builder-workspace/.derivedData/SDKExplicitPrecompiledModules/_Builtin_stdarg-BO2OCAUYVAXDRVQWQ8ISKGNUQ.pcm
SwiftExplicitDependencyGeneratePcm arm64 /Users/admin/builder/spi-builder-workspace/.derivedData/SDKExplicitPrecompiledModules/_AvailabilityInternal-BV2EDDP0MI5QJDDPEEV4D9D3V.pcm
SwiftExplicitDependencyGeneratePcm arm64 /Users/admin/builder/spi-builder-workspace/.derivedData/SDKExplicitPrecompiledModules/_DarwinFoundation1-JOTYMOA1YZCIJ2NON6FQ848O.pcm
SwiftExplicitDependencyGeneratePcm arm64 /Users/admin/builder/spi-builder-workspace/.derivedData/SDKExplicitPrecompiledModules/_DarwinFoundation2-AOGAN1O02NKXRJN5V73AV3V3M.pcm
SwiftExplicitDependencyGeneratePcm arm64 /Users/admin/builder/spi-builder-workspace/.derivedData/SDKExplicitPrecompiledModules/_Builtin_limits-7JU2HP127LIT1X9E2V3D8WZ1.pcm
SwiftExplicitDependencyGeneratePcm arm64 /Users/admin/builder/spi-builder-workspace/.derivedData/SDKExplicitPrecompiledModules/sys_types-8GCAV1YMG5UUGHUID3CA20TCH.pcm
SwiftExplicitDependencyGeneratePcm arm64 /Users/admin/builder/spi-builder-workspace/.derivedData/SDKExplicitPrecompiledModules/_Builtin_stdint-6NFTB6IBKS143IVPGT1EKB7HO.pcm
SwiftExplicitDependencyGeneratePcm arm64 /Users/admin/builder/spi-builder-workspace/.derivedData/SDKExplicitPrecompiledModules/_Builtin_tgmath-7ULT1EUHDHW4OZPSTT33H6QGE.pcm
SwiftExplicitDependencyGeneratePcm arm64 /Users/admin/builder/spi-builder-workspace/.derivedData/SDKExplicitPrecompiledModules/string_h-6EVHP7A717OUS5DMC78F79HWO.pcm
SwiftExplicitDependencyGeneratePcm arm64 /Users/admin/builder/spi-builder-workspace/.derivedData/SDKExplicitPrecompiledModules/_Builtin_intrinsics-437O2R2NID4WAQVENR63GR82C.pcm
SwiftExplicitDependencyGeneratePcm arm64 /Users/admin/builder/spi-builder-workspace/.derivedData/SDKExplicitPrecompiledModules/_Builtin_stdatomic-3YXHN678NGYM3NL9POJ2HVEIF.pcm
SwiftExplicitDependencyGeneratePcm arm64 /Users/admin/builder/spi-builder-workspace/.derivedData/SDKExplicitPrecompiledModules/_DarwinFoundation3-8SR3855WDFHQPR6G9GHOI2C07.pcm
SwiftExplicitDependencyGeneratePcm arm64 /Users/admin/builder/spi-builder-workspace/.derivedData/SDKExplicitPrecompiledModules/_Builtin_inttypes-6X1IQ3QK9KEVKXOK9Y79EW7J3.pcm
SwiftExplicitDependencyGeneratePcm arm64 /Users/admin/builder/spi-builder-workspace/.derivedData/SDKExplicitPrecompiledModules/Darwin-DBSQAVBBPC3D2OMU5ZI2RXMST.pcm
SwiftExplicitDependencyGeneratePcm arm64 /Users/admin/builder/spi-builder-workspace/.derivedData/SDKExplicitPrecompiledModules/simd-117QUXEUT3Z7UQCUYWV2UA228.pcm
SwiftExplicitDependencyGeneratePcm arm64 /Users/admin/builder/spi-builder-workspace/.derivedData/SDKExplicitPrecompiledModules/MachO-EH3F5PJCIZG05NO51CEFSZYPW.pcm
SwiftExplicitDependencyGeneratePcm arm64 /Users/admin/builder/spi-builder-workspace/.derivedData/SDKExplicitPrecompiledModules/ObjectiveC-5250FDCE56N8508OR6XUYDKZM.pcm
SwiftExplicitDependencyGeneratePcm arm64 /Users/admin/builder/spi-builder-workspace/.derivedData/SDKExplicitPrecompiledModules/os_object-E2DGZ0SX0TULQHULZRPO6OKNW.pcm
SwiftExplicitDependencyGeneratePcm arm64 /Users/admin/builder/spi-builder-workspace/.derivedData/SDKExplicitPrecompiledModules/os_workgroup-DBUFF7811DKMX7VPBOJPGGF1U.pcm
SwiftExplicitDependencyGeneratePcm arm64 /Users/admin/builder/spi-builder-workspace/.derivedData/SDKExplicitPrecompiledModules/Dispatch-1QL58A0V50C39KVAIC6C38SHL.pcm
SwiftExplicitDependencyGeneratePcm arm64 /Users/admin/builder/spi-builder-workspace/.derivedData/SDKExplicitPrecompiledModules/Spatial-7U8NLEFXSB8BR7PJQGVMF5A4Q.pcm
SwiftExplicitDependencyGeneratePcm arm64 /Users/admin/builder/spi-builder-workspace/.derivedData/SDKExplicitPrecompiledModules/XPC-6O2DJFT3QUJ7QKTD3SNUB6PCR.pcm
SwiftExplicitDependencyGeneratePcm arm64 /Users/admin/builder/spi-builder-workspace/.derivedData/SDKExplicitPrecompiledModules/CoreFoundation-7TPJ7ENDC4L1A1ESHYI9TXS0D.pcm
SwiftExplicitDependencyGeneratePcm arm64 /Users/admin/builder/spi-builder-workspace/.derivedData/SDKExplicitPrecompiledModules/os-3GJI8H0BNAEZPQPQ1V0VVY3FY.pcm
SwiftExplicitDependencyGeneratePcm arm64 /Users/admin/builder/spi-builder-workspace/.derivedData/SDKExplicitPrecompiledModules/CFNetwork-2CUR2VK9S3S3WPFXPNXNUWYGN.pcm
SwiftExplicitDependencyGeneratePcm arm64 /Users/admin/builder/spi-builder-workspace/.derivedData/SDKExplicitPrecompiledModules/Security-8VMXEKVDA3MHUH9AOTP905DID.pcm
SwiftExplicitDependencyGeneratePcm arm64 /Users/admin/builder/spi-builder-workspace/.derivedData/SDKExplicitPrecompiledModules/CoreGraphics-CWSP3J98S2658BYCVL6RP99T3.pcm
SwiftExplicitDependencyGeneratePcm arm64 /Users/admin/builder/spi-builder-workspace/.derivedData/SDKExplicitPrecompiledModules/Foundation-BSSIP64DIGUKMAYJOG1WPQ78X.pcm
SwiftExplicitDependencyGeneratePcm arm64 /Users/admin/builder/spi-builder-workspace/.derivedData/SDKExplicitPrecompiledModules/ImageIO-88D4CLEBD4CLWQKT78PZ6H1O8.pcm
SwiftExplicitDependencyGeneratePcm arm64 /Users/admin/builder/spi-builder-workspace/.derivedData/SDKExplicitPrecompiledModules/CoreText-59NY7PABM0I4V978161FOC04A.pcm
SwiftExplicitDependencyGeneratePcm arm64 /Users/admin/builder/spi-builder-workspace/.derivedData/SDKExplicitPrecompiledModules/CoreTransferable-7V4O8DATEQ9F7SDNTCW8YWLG3.pcm
SwiftExplicitDependencyGeneratePcm arm64 /Users/admin/builder/spi-builder-workspace/.derivedData/SDKExplicitPrecompiledModules/UIUtilities-6ZFJ1AK4H8IBGEBMYQBWGBYLK.pcm
SwiftExplicitDependencyGeneratePcm arm64 /Users/admin/builder/spi-builder-workspace/.derivedData/SDKExplicitPrecompiledModules/_LocationEssentials-ETSJ65FELPWR8WH8G49R1DF2E.pcm
SwiftExplicitDependencyGeneratePcm arm64 /Users/admin/builder/spi-builder-workspace/.derivedData/SDKExplicitPrecompiledModules/OSLog-7OT6HHTMY0ZFEQJ095LJZ6NLC.pcm
SwiftExplicitDependencyGeneratePcm arm64 /Users/admin/builder/spi-builder-workspace/.derivedData/SDKExplicitPrecompiledModules/IOSurface-38FJ1CKX9FV2RD97O64Z7QB17.pcm
SwiftExplicitDependencyGeneratePcm arm64 /Users/admin/builder/spi-builder-workspace/.derivedData/SDKExplicitPrecompiledModules/Symbols-B5AU9VM9Y7NU79RLMH13Z4IFM.pcm
SwiftExplicitDependencyGeneratePcm arm64 /Users/admin/builder/spi-builder-workspace/.derivedData/SDKExplicitPrecompiledModules/UserNotifications-E9ZW5TH066WIJWH9080RC5NG4.pcm
SwiftExplicitDependencyGeneratePcm arm64 /Users/admin/builder/spi-builder-workspace/.derivedData/SDKExplicitPrecompiledModules/DataDetection-37JIYZ2GWDA1L166PP1D9JKAF.pcm
SwiftExplicitDependencyGeneratePcm arm64 /Users/admin/builder/spi-builder-workspace/.derivedData/SDKExplicitPrecompiledModules/Accessibility-B6BODGZ4MQQTY0PBC4SHRP009.pcm
SwiftExplicitDependencyGeneratePcm arm64 /Users/admin/builder/spi-builder-workspace/.derivedData/SDKExplicitPrecompiledModules/UniformTypeIdentifiers-95CC8U42ZA9STP5K6GP9ZVJS5.pcm
SwiftExplicitDependencyGeneratePcm arm64 /Users/admin/builder/spi-builder-workspace/.derivedData/SDKExplicitPrecompiledModules/CoreLocation-YVXXAOMVX0JH2KO1XTTKTY51.pcm
SwiftExplicitDependencyGeneratePcm arm64 /Users/admin/builder/spi-builder-workspace/.derivedData/SDKExplicitPrecompiledModules/OpenGLES-4NY99CNDU9WUNUYEIXSS1QFGE.pcm
SwiftExplicitDependencyGeneratePcm arm64 /Users/admin/builder/spi-builder-workspace/.derivedData/SDKExplicitPrecompiledModules/Metal-2KYBS7IML1SD788M91YV7Q0CC.pcm
SwiftExplicitDependencyGeneratePcm arm64 /Users/admin/builder/spi-builder-workspace/.derivedData/SDKExplicitPrecompiledModules/CoreVideo-DPU0PB5X0XLSVA2ETRGI6FJBM.pcm
SwiftExplicitDependencyGeneratePcm arm64 /Users/admin/builder/spi-builder-workspace/.derivedData/SDKExplicitPrecompiledModules/CoreImage-7S2AFJ8EIY3DUFYLEAX1JR1QV.pcm
SwiftExplicitDependencyGeneratePcm arm64 /Users/admin/builder/spi-builder-workspace/.derivedData/SDKExplicitPrecompiledModules/QuartzCore-DJSYAWKXFGVSAK5CQMOB3JSR.pcm
SwiftExplicitDependencyGeneratePcm arm64 /Users/admin/builder/spi-builder-workspace/.derivedData/SDKExplicitPrecompiledModules/SwiftUICore-543QU5V2NHKUFCYFJDKUJ7NYG.pcm
SwiftExplicitDependencyGeneratePcm arm64 /Users/admin/builder/spi-builder-workspace/.derivedData/SDKExplicitPrecompiledModules/UIKit-1TKWN7VC2X6N3ITMRVA2G0EB2.pcm
SwiftEmitModule normal arm64 Emitting\ module\ for\ HPParallaxHeader (in target 'HPParallaxHeader' from project 'HPParallaxHeader')
SwiftCompile normal arm64 (in target 'HPParallaxHeader' from project 'HPParallaxHeader')
    cd /Users/admin/builder/spi-builder-workspace/.swiftpm/xcode

/Users/admin/builder/spi-builder-workspace/HPParallaxHeader/Classes/HPScrollView.swift:208:5: warning: non-'@objc' instance method declared in extension cannot be overridden; use 'public' instead; this will be an error in a future Swift language mode
206 |      Scroll to top manually which show parallax header totally
207 |      */
208 |     open func hpScrollsToTop(animated: Bool) {
    |     `- warning: non-'@objc' instance method declared in extension cannot be overridden; use 'public' instead; this will be an error in a future Swift language mode
209 |         isScrollingToTop = true
210 |         setContentOffset(CGPoint(x: 0, y: -parallaxHeader.height), animated: animated)
SwiftCompile normal arm64 Compiling\ UIScrollView+ParallaxHeader.swift /Users/admin/builder/spi-builder-workspace/HPParallaxHeader/Classes/UIScrollView+ParallaxHeader.swift (in target 'HPParallaxHeader' from project 'HPParallaxHeader')
SwiftCompile normal arm64 /Users/admin/builder/spi-builder-workspace/HPParallaxHeader/Classes/UIScrollView+ParallaxHeader.swift (in target 'HPParallaxHeader' from project 'HPParallaxHeader')
    cd /Users/admin/builder/spi-builder-workspace/.swiftpm/xcode
    builtin-SwiftPerFileCompile UIScrollView+ParallaxHeader.swift
SwiftCompile normal arm64 Compiling\ HPScrollViewController.swift /Users/admin/builder/spi-builder-workspace/HPParallaxHeader/Classes/HPScrollViewController.swift (in target 'HPParallaxHeader' from project 'HPParallaxHeader')
/Users/admin/builder/spi-builder-workspace/HPParallaxHeader/Classes/HPScrollViewController.swift:157:12: warning: 'automaticallyAdjustsScrollViewInsets' was deprecated in tvOS 11.0: Use UIScrollView's contentInsetAdjustmentBehavior instead [#DeprecatedDeclaration]
155 |         }
156 |
157 |         if automaticallyAdjustsScrollViewInsets {
    |            `- warning: 'automaticallyAdjustsScrollViewInsets' was deprecated in tvOS 11.0: Use UIScrollView's contentInsetAdjustmentBehavior instead [#DeprecatedDeclaration]
158 |             headerMinimumHeight = topLayoutGuide.length
159 |         }
/Users/admin/builder/spi-builder-workspace/HPParallaxHeader/Classes/HPScrollViewController.swift:158:35: warning: 'topLayoutGuide' was deprecated in tvOS 11.0: Use view.safeAreaLayoutGuide.topAnchor instead of topLayoutGuide.bottomAnchor [#DeprecatedDeclaration]
156 |
157 |         if automaticallyAdjustsScrollViewInsets {
158 |             headerMinimumHeight = topLayoutGuide.length
    |                                   `- warning: 'topLayoutGuide' was deprecated in tvOS 11.0: Use view.safeAreaLayoutGuide.topAnchor instead of topLayoutGuide.bottomAnchor [#DeprecatedDeclaration]
159 |         }
160 |     }
/Users/admin/builder/spi-builder-workspace/HPParallaxHeader/Classes/HPScrollViewController.swift:28:61: warning: forming 'UnsafeMutableRawPointer' to an inout variable of type String exposes the internal representation rather than the string contents.
 26 |                                                    forKeyPath:#keyPath(HPParallaxHeader.minimumHeight),
 27 |                                                    options: .new,
 28 |                                                    context: &HPScrollViewController.KVOContext)
    |                                                             `- warning: forming 'UnsafeMutableRawPointer' to an inout variable of type String exposes the internal representation rather than the string contents.
 29 |         }
 30 |         return _scrollView!
SwiftCompile normal arm64 /Users/admin/builder/spi-builder-workspace/HPParallaxHeader/Classes/HPScrollViewController.swift (in target 'HPParallaxHeader' from project 'HPParallaxHeader')
    cd /Users/admin/builder/spi-builder-workspace/.swiftpm/xcode
    builtin-SwiftPerFileCompile HPScrollViewController.swift
SwiftCompile normal arm64 Compiling\ HPParallaxView.swift /Users/admin/builder/spi-builder-workspace/HPParallaxHeader/Classes/HPParallaxView.swift (in target 'HPParallaxHeader' from project 'HPParallaxHeader')
/Users/admin/builder/spi-builder-workspace/HPParallaxHeader/Classes/HPParallaxView.swift:20:101: warning: forming 'UnsafeMutableRawPointer' to an inout variable of type String exposes the internal representation rather than the string contents.
18 |         guard let superView = self.superview as? UIScrollView,
19 |               let parent = parent else { return }
20 |         superView.removeObserver(parent, forKeyPath: #keyPath(UIScrollView.contentOffset), context: &HPParallaxView.KVOContext)
   |                                                                                                     `- warning: forming 'UnsafeMutableRawPointer' to an inout variable of type String exposes the internal representation rather than the string contents.
21 |         if #available(*, iOS 10) {
22 |             superView.removeObserver(parent, forKeyPath: #keyPath(UIScrollView.contentInset), context: &HPParallaxView.KVOContext)
/Users/admin/builder/spi-builder-workspace/HPParallaxHeader/Classes/HPParallaxView.swift:22:104: warning: forming 'UnsafeMutableRawPointer' to an inout variable of type String exposes the internal representation rather than the string contents.
20 |         superView.removeObserver(parent, forKeyPath: #keyPath(UIScrollView.contentOffset), context: &HPParallaxView.KVOContext)
21 |         if #available(*, iOS 10) {
22 |             superView.removeObserver(parent, forKeyPath: #keyPath(UIScrollView.contentInset), context: &HPParallaxView.KVOContext)
   |                                                                                                        `- warning: forming 'UnsafeMutableRawPointer' to an inout variable of type String exposes the internal representation rather than the string contents.
23 |         }
24 |     }
/Users/admin/builder/spi-builder-workspace/HPParallaxHeader/Classes/HPParallaxView.swift:32:40: warning: forming 'UnsafeMutableRawPointer' to an inout variable of type String exposes the internal representation rather than the string contents.
30 |         superView.addObserver(parent,
31 |                               forKeyPath: #keyPath(UIScrollView.contentOffset),
32 |                               context: &HPParallaxView.KVOContext)
   |                                        `- warning: forming 'UnsafeMutableRawPointer' to an inout variable of type String exposes the internal representation rather than the string contents.
33 |         if #available(*, iOS 10) {
34 |             superView.addObserver(parent,
SwiftCompile normal arm64 /Users/admin/builder/spi-builder-workspace/HPParallaxHeader/Classes/HPParallaxView.swift (in target 'HPParallaxHeader' from project 'HPParallaxHeader')
    cd /Users/admin/builder/spi-builder-workspace/.swiftpm/xcode
    builtin-SwiftPerFileCompile HPParallaxView.swift
SwiftCompile normal arm64 Compiling\ HPScrollView.swift /Users/admin/builder/spi-builder-workspace/HPParallaxHeader/Classes/HPScrollView.swift (in target 'HPParallaxHeader' from project 'HPParallaxHeader')
/Users/admin/builder/spi-builder-workspace/HPParallaxHeader/Classes/HPScrollView.swift:208:5: warning: non-'@objc' instance method declared in extension cannot be overridden; use 'public' instead; this will be an error in a future Swift language mode
206 |      Scroll to top manually which show parallax header totally
207 |      */
208 |     open func hpScrollsToTop(animated: Bool) {
    |     `- warning: non-'@objc' instance method declared in extension cannot be overridden; use 'public' instead; this will be an error in a future Swift language mode
209 |         isScrollingToTop = true
210 |         setContentOffset(CGPoint(x: 0, y: -parallaxHeader.height), animated: animated)
/Users/admin/builder/spi-builder-workspace/HPParallaxHeader/Classes/HPScrollView.swift:70:52: warning: forming 'UnsafeMutableRawPointer' to an inout variable of type String exposes the internal representation rather than the string contents.
 68 |         panGestureRecognizer.cancelsTouchesInView = false
 69 |         addObserver(self, forKeyPath: #keyPath(UIScrollView.contentOffset),
 70 |                     options:[.new, .old], context: &HPScrollView.KVOContext)
    |                                                    `- warning: forming 'UnsafeMutableRawPointer' to an inout variable of type String exposes the internal representation rather than the string contents.
 71 |         isObserving = true
 72 |     }
/Users/admin/builder/spi-builder-workspace/HPParallaxHeader/Classes/HPScrollView.swift:75:76: warning: forming 'UnsafeMutableRawPointer' to an inout variable of type String exposes the internal representation rather than the string contents.
 73 |
 74 |     deinit {
 75 |         removeObserver(self, forKeyPath: #keyPath(contentOffset), context: &HPScrollView.KVOContext)
    |                                                                            `- warning: forming 'UnsafeMutableRawPointer' to an inout variable of type String exposes the internal representation rather than the string contents.
 76 |         removeObservedViews()
 77 |     }
/Users/admin/builder/spi-builder-workspace/HPParallaxHeader/Classes/HPScrollView.swift:146:41: warning: forming 'UnsafeMutableRawPointer' to an inout variable of type String exposes the internal representation rather than the string contents.
144 |                                forKeyPath: #keyPath(UIScrollView.contentOffset),
145 |                                options: [.old, .new],
146 |                                context: &HPScrollView.KVOContext)
    |                                         `- warning: forming 'UnsafeMutableRawPointer' to an inout variable of type String exposes the internal representation rather than the string contents.
147 |     }
148 |
/Users/admin/builder/spi-builder-workspace/HPParallaxHeader/Classes/HPScrollView.swift:152:44: warning: forming 'UnsafeMutableRawPointer' to an inout variable of type String exposes the internal representation rather than the string contents.
150 |         scrollView.removeObserver(self,
151 |                                   forKeyPath: #keyPath(UIScrollView.contentOffset),
152 |                                   context: &HPScrollView.KVOContext)
    |                                            `- warning: forming 'UnsafeMutableRawPointer' to an inout variable of type String exposes the internal representation rather than the string contents.
153 |     }
154 |
SwiftCompile normal arm64 /Users/admin/builder/spi-builder-workspace/HPParallaxHeader/Classes/HPScrollView.swift (in target 'HPParallaxHeader' from project 'HPParallaxHeader')
    cd /Users/admin/builder/spi-builder-workspace/.swiftpm/xcode
    builtin-SwiftPerFileCompile HPScrollView.swift
SwiftCompile normal arm64 Compiling\ HPScrollViewDelegateForwarder.swift /Users/admin/builder/spi-builder-workspace/HPParallaxHeader/Classes/HPScrollViewDelegateForwarder.swift (in target 'HPParallaxHeader' from project 'HPParallaxHeader')
/Users/admin/builder/spi-builder-workspace/HPParallaxHeader/Classes/HPScrollViewDelegateForwarder.swift:74:94: error: 'scrollsToTop' is unavailable in tvOS
72 |
73 |     @objc func scrollViewShouldScrollToTop(_ scrollView: UIScrollView) -> Bool {
74 |         let isScrollToTop = delegate?.scrollViewShouldScrollToTop?(scrollView) ?? scrollView.scrollsToTop
   |                                                                                              `- error: 'scrollsToTop' is unavailable in tvOS
75 |         if isScrollToTop == true {
76 |             self.scrollView.hpScrollsToTop(animated: true)
/Applications/Xcode-27.0.0-Release.Candidate.app/Contents/Developer/Platforms/AppleTVOS.platform/Developer/SDKs/AppleTVOS27.0.sdk/System/Library/Frameworks/UIKit.framework/Headers/UIScrollView.h:267:28: note: 'scrollsToTop' has been explicitly marked unavailable here
265 | // On iPhone, we execute this gesture only if there's one on-screen scroll view with `scrollsToTop` == YES. If more than one is found, none will be scrolled.
266 | // Default: YES
267 | @property (nonatomic) BOOL scrollsToTop API_UNAVAILABLE(tvos);
    |                            `- note: 'scrollsToTop' has been explicitly marked unavailable here
268 |
269 | // Stops any scrolling or zooming, whether initiated programmatically or by the user
Failed frontend command:
/Applications/Xcode-27.0.0-Release.Candidate.app/Contents/Developer/Toolchains/XcodeDefault.xctoolchain/usr/bin/swift-frontend -frontend -c /Users/admin/builder/spi-builder-workspace/HPParallaxHeader/Classes/HPParallaxHeader.swift /Users/admin/builder/spi-builder-workspace/HPParallaxHeader/Classes/HPParallaxView.swift /Users/admin/builder/spi-builder-workspace/HPParallaxHeader/Classes/HPScrollView.swift /Users/admin/builder/spi-builder-workspace/HPParallaxHeader/Classes/HPScrollViewController.swift -primary-file /Users/admin/builder/spi-builder-workspace/HPParallaxHeader/Classes/HPScrollViewDelegateForwarder.swift /Users/admin/builder/spi-builder-workspace/HPParallaxHeader/Classes/UIScrollView+ParallaxHeader.swift -emit-dependencies-path /Users/admin/builder/spi-builder-workspace/.derivedData/Build/Intermediates.noindex/HPParallaxHeader.build/Debug-appletvos/HPParallaxHeader-t.build/Objects-normal/arm64/HPScrollViewDelegateForwarder.d -emit-const-values-path /Users/admin/builder/spi-builder-workspace/.derivedData/Build/Intermediates.noindex/HPParallaxHeader.build/Debug-appletvos/HPParallaxHeader-t.build/Objects-normal/arm64/HPScrollViewDelegateForwarder.swiftconstvalues -emit-reference-dependencies-path /Users/admin/builder/spi-builder-workspace/.derivedData/Build/Intermediates.noindex/HPParallaxHeader.build/Debug-appletvos/HPParallaxHeader-t.build/Objects-normal/arm64/HPScrollViewDelegateForwarder.swiftdeps -serialize-diagnostics-path /Users/admin/builder/spi-builder-workspace/.derivedData/Build/Intermediates.noindex/HPParallaxHeader.build/Debug-appletvos/HPParallaxHeader-t.build/Objects-normal/arm64/HPScrollViewDelegateForwarder.dia -target arm64-apple-tvos15.0 -disable-cross-import-overlay-search -load-resolved-plugin /Applications/Xcode-27.0.0-Release.Candidate.app/Contents/Developer/Platforms/AppleTVOS.platform/Developer/usr/lib/swift/host/plugins/libFoundationMacros.dylib\#/Applications/Xcode-27.0.0-Release.Candidate.app/Contents/Developer/Platforms/AppleTVOS.platform/Developer/usr/bin/swift-plugin-server\#FoundationMacros -load-resolved-plugin /Applications/Xcode-27.0.0-Release.Candidate.app/Contents/Developer/Platforms/AppleTVOS.platform/Developer/usr/lib/swift/host/plugins/libObservationMacros.dylib\#/Applications/Xcode-27.0.0-Release.Candidate.app/Contents/Developer/Platforms/AppleTVOS.platform/Developer/usr/bin/swift-plugin-server\#ObservationMacros -load-resolved-plugin /Applications/Xcode-27.0.0-Release.Candidate.app/Contents/Developer/Platforms/AppleTVOS.platform/Developer/usr/lib/swift/host/plugins/libPreviewsMacros.dylib\#/Applications/Xcode-27.0.0-Release.Candidate.app/Contents/Developer/Platforms/AppleTVOS.platform/Developer/usr/bin/swift-plugin-server\#PreviewsMacros -load-resolved-plugin /Applications/Xcode-27.0.0-Release.Candidate.app/Contents/Developer/Platforms/AppleTVOS.platform/Developer/usr/lib/swift/host/plugins/libSwiftMacros.dylib\#/Applications/Xcode-27.0.0-Release.Candidate.app/Contents/Developer/Platforms/AppleTVOS.platform/Developer/usr/bin/swift-plugin-server\#SwiftMacros -load-resolved-plugin /Applications/Xcode-27.0.0-Release.Candidate.app/Contents/Developer/Platforms/AppleTVOS.platform/Developer/usr/lib/swift/host/plugins/libSwiftUIMacros.dylib\#/Applications/Xcode-27.0.0-Release.Candidate.app/Contents/Developer/Platforms/AppleTVOS.platform/Developer/usr/bin/swift-plugin-server\#SwiftUIMacros -disable-implicit-swift-modules -Xcc -fno-implicit-modules -Xcc -fno-implicit-module-maps -explicit-swift-module-map-file /Users/admin/builder/spi-builder-workspace/.derivedData/Build/Intermediates.noindex/HPParallaxHeader.build/Debug-appletvos/HPParallaxHeader-t.build/Objects-normal/arm64/HPParallaxHeader-dependencies-1.json -Xllvm -aarch64-use-tbi -enable-objc-interop -stack-check -sdk /Applications/Xcode-27.0.0-Release.Candidate.app/Contents/Developer/Platforms/AppleTVOS.platform/Developer/SDKs/AppleTVOS27.0.sdk -I /Users/admin/builder/spi-builder-workspace/.derivedData/Build/Products/Debug-appletvos -Isystem /Applications/Xcode-27.0.0-Release.Candidate.app/Contents/Developer/Platforms/AppleTVOS.platform/Developer/usr/lib -F /Users/admin/builder/spi-builder-workspace/.derivedData/Build/Products/Debug-appletvos -F /Applications/Xcode-27.0.0-Release.Candidate.app/Contents/Developer/Platforms/AppleTVOS.platform/Developer/Library/Frameworks -F /Applications/Xcode-27.0.0-Release.Candidate.app/Contents/Developer/Platforms/AppleTVOS.platform/Developer/SDKs/AppleTVOS27.0.sdk/Developer/Library/Frameworks -module-cache-path /Users/admin/builder/spi-builder-workspace/.derivedData/Build/Intermediates.noindex/SwiftExplicitPrecompiledModules -no-color-diagnostics -Xcc -fno-color-diagnostics -enable-testing -g -debug-info-format\=dwarf -dwarf-version\=4 -swift-version 5 -Onone -D SWIFT_PACKAGE -D DEBUG -D SWIFT_MODULE_RESOURCE_BUNDLE_UNAVAILABLE -D Xcode -serialize-debugging-options -enable-experimental-feature DebugDescriptionMacro -empty-abi-descriptor -validate-clang-modules-once -clang-build-session-file /Users/admin/builder/spi-builder-workspace/.derivedData/ModuleCache.noindex/Session.modulevalidation -Xcc -working-directory -Xcc /Users/admin/builder/spi-builder-workspace/.swiftpm/xcode -enable-anonymous-context-mangled-names -file-compilation-dir /Users/admin/builder/spi-builder-workspace/.swiftpm/xcode -Xcc -D_LIBCPP_HARDENING_MODE\=_LIBCPP_HARDENING_MODE_DEBUG -Xcc -ivfsstatcache -Xcc /Users/admin/builder/spi-builder-workspace/.derivedData/SDKStatCaches.noindex/appletvos27.0-24J360-e829b21a6f8c9b70876ba0858053c044b32bfd8d43560033f8d89884cdb90028.sdkstatcache -Xcc -fmodules-prune-interval\=86400 -Xcc -fmodules-prune-after\=345600 -Xcc -I/Users/admin/builder/spi-builder-workspace/.derivedData/Build/Products/Debug-appletvos/include -Xcc -I/Users/admin/builder/spi-builder-workspace/.derivedData/Build/Intermediates.noindex/HPParallaxHeader.build/Debug-appletvos/HPParallaxHeader-t.build/DerivedSources-normal/arm64 -Xcc -I/Users/admin/builder/spi-builder-workspace/.derivedData/Build/Intermediates.noindex/HPParallaxHeader.build/Debug-appletvos/HPParallaxHeader-t.build/DerivedSources/arm64 -Xcc -I/Users/admin/builder/spi-builder-workspace/.derivedData/Build/Intermediates.noindex/HPParallaxHeader.build/Debug-appletvos/HPParallaxHeader-t.build/DerivedSources -Xcc -DSWIFT_PACKAGE -Xcc -DDEBUG\=1 -no-auto-bridging-header-chaining -module-name HPParallaxHeader -const-gather-protocols-file /Users/admin/builder/spi-builder-workspace/.derivedData/Build/Intermediates.noindex/HPParallaxHeader.build/Debug-appletvos/HPParallaxHeader-t.build/Objects-normal/arm64/HPParallaxHeader_const_extract_protocols.json -disable-clang-spi -clang-target arm64-apple-tvos27.0 -target-sdk-version 27.0 -target-sdk-name appletvos27.0 -in-process-plugin-server-path /Applications/Xcode-27.0.0-Release.Candidate.app/Contents/Developer/Toolchains/XcodeDefault.xctoolchain/usr/lib/swift/host/libSwiftInProcPluginServer.dylib -parse-as-library -o /Users/admin/builder/spi-builder-workspace/.derivedData/Build/Intermediates.noindex/HPParallaxHeader.build/Debug-appletvos/HPParallaxHeader-t.build/Objects-normal/arm64/HPScrollViewDelegateForwarder.o -debug-module-path /Users/admin/builder/spi-builder-workspace/.derivedData/Build/Intermediates.noindex/HPParallaxHeader.build/Debug-appletvos/HPParallaxHeader-t.build/Objects-normal/arm64/HPParallaxHeader.swiftmodule -index-unit-output-path /HPParallaxHeader.build/Debug-appletvos/HPParallaxHeader-t.build/Objects-normal/arm64/HPScrollViewDelegateForwarder.o -index-store-path /Users/admin/builder/spi-builder-workspace/.derivedData/Index.noindex/DataStore -index-system-modules
SwiftCompile normal arm64 /Users/admin/builder/spi-builder-workspace/HPParallaxHeader/Classes/HPScrollViewDelegateForwarder.swift (in target 'HPParallaxHeader' from project 'HPParallaxHeader')
    cd /Users/admin/builder/spi-builder-workspace/.swiftpm/xcode
    builtin-SwiftPerFileCompile HPScrollViewDelegateForwarder.swift
SwiftCompile normal arm64 Compiling\ HPParallaxHeader.swift /Users/admin/builder/spi-builder-workspace/HPParallaxHeader/Classes/HPParallaxHeader.swift (in target 'HPParallaxHeader' from project 'HPParallaxHeader')
SwiftCompile normal arm64 /Users/admin/builder/spi-builder-workspace/HPParallaxHeader/Classes/HPParallaxHeader.swift (in target 'HPParallaxHeader' from project 'HPParallaxHeader')
    cd /Users/admin/builder/spi-builder-workspace/.swiftpm/xcode
    builtin-SwiftPerFileCompile HPParallaxHeader.swift
SwiftDriverJobDiscovery normal arm64 Emitting module for HPParallaxHeader (in target 'HPParallaxHeader' from project 'HPParallaxHeader')
SwiftDriver\ Compilation\ Requirements HPParallaxHeader normal arm64 com.apple.xcode.tools.swift.compiler (in target 'HPParallaxHeader' from project 'HPParallaxHeader')
    cd /Users/admin/builder/spi-builder-workspace/.swiftpm/xcode
    builtin-Swift-Compilation-Requirements -- /Applications/Xcode-27.0.0-Release.Candidate.app/Contents/Developer/Toolchains/XcodeDefault.xctoolchain/usr/bin/swiftc -parse-as-library -module-name HPParallaxHeader -Onone @/Users/admin/builder/spi-builder-workspace/.derivedData/Build/Intermediates.noindex/HPParallaxHeader.build/Debug-appletvos/HPParallaxHeader-t.build/Objects-normal/arm64/HPParallaxHeader.SwiftFileList -DSWIFT_PACKAGE -DDEBUG -DSWIFT_MODULE_RESOURCE_BUNDLE_UNAVAILABLE -DXcode -plugin-path /Applications/Xcode-27.0.0-Release.Candidate.app/Contents/Developer/Toolchains/XcodeDefault.xctoolchain/usr/lib/swift/host/plugins/testing -enable-experimental-feature DebugDescriptionMacro -sdk /Applications/Xcode-27.0.0-Release.Candidate.app/Contents/Developer/Platforms/AppleTVOS.platform/Developer/SDKs/AppleTVOS27.0.sdk -target arm64-apple-tvos15.0 -g -module-cache-path /Users/admin/builder/spi-builder-workspace/.derivedData/ModuleCache.noindex -Xfrontend -serialize-debugging-options -enable-testing -index-store-path /Users/admin/builder/spi-builder-workspace/.derivedData/Index.noindex/DataStore -Xcc -D_LIBCPP_HARDENING_MODE\=_LIBCPP_HARDENING_MODE_DEBUG -swift-version 5 -I /Users/admin/builder/spi-builder-workspace/.derivedData/Build/Products/Debug-appletvos -Isystem /Applications/Xcode-27.0.0-Release.Candidate.app/Contents/Developer/Platforms/AppleTVOS.platform/Developer/usr/lib -F /Users/admin/builder/spi-builder-workspace/.derivedData/Build/Products/Debug-appletvos -F /Applications/Xcode-27.0.0-Release.Candidate.app/Contents/Developer/Platforms/AppleTVOS.platform/Developer/Library/Frameworks -F /Applications/Xcode-27.0.0-Release.Candidate.app/Contents/Developer/Platforms/AppleTVOS.platform/Developer/SDKs/AppleTVOS27.0.sdk/Developer/Library/Frameworks -c -j10 -enable-batch-mode -incremental -Xcc -ivfsstatcache -Xcc /Users/admin/builder/spi-builder-workspace/.derivedData/SDKStatCaches.noindex/appletvos27.0-24J360-e829b21a6f8c9b70876ba0858053c044b32bfd8d43560033f8d89884cdb90028.sdkstatcache -output-file-map /Users/admin/builder/spi-builder-workspace/.derivedData/Build/Intermediates.noindex/HPParallaxHeader.build/Debug-appletvos/HPParallaxHeader-t.build/Objects-normal/arm64/HPParallaxHeader-OutputFileMap.json -save-temps -no-color-diagnostics -explicit-module-build -module-cache-path /Users/admin/builder/spi-builder-workspace/.derivedData/Build/Intermediates.noindex/SwiftExplicitPrecompiledModules -clang-scanner-module-cache-path /Users/admin/builder/spi-builder-workspace/.derivedData/ModuleCache.noindex -sdk-module-cache-path /Users/admin/builder/spi-builder-workspace/.derivedData/SDKExplicitPrecompiledModules -emit-dependencies -emit-module -emit-module-path /Users/admin/builder/spi-builder-workspace/.derivedData/Build/Intermediates.noindex/HPParallaxHeader.build/Debug-appletvos/HPParallaxHeader-t.build/Objects-normal/arm64/HPParallaxHeader.swiftmodule -serialize-diagnostics -dependency-scan-serialize-diagnostics-path /Users/admin/builder/spi-builder-workspace/.derivedData/Build/Intermediates.noindex/HPParallaxHeader.build/Debug-appletvos/HPParallaxHeader-t.build/Objects-normal/arm64/HPParallaxHeader-dependency-scan.dia -validate-clang-modules-once -clang-build-session-file /Users/admin/builder/spi-builder-workspace/.derivedData/ModuleCache.noindex/Session.modulevalidation -Xcc -fmodules-prune-interval\=86400 -Xcc -fmodules-prune-after\=345600 -emit-const-values -const-gather-protocols-list /Users/admin/builder/spi-builder-workspace/.derivedData/Build/Intermediates.noindex/HPParallaxHeader.build/Debug-appletvos/HPParallaxHeader-t.build/Objects-normal/arm64/HPParallaxHeader_const_extract_protocols.json -Xcc -I/Users/admin/builder/spi-builder-workspace/.derivedData/Build/Products/Debug-appletvos/include -Xcc -I/Users/admin/builder/spi-builder-workspace/.derivedData/Build/Intermediates.noindex/HPParallaxHeader.build/Debug-appletvos/HPParallaxHeader-t.build/DerivedSources-normal/arm64 -Xcc -I/Users/admin/builder/spi-builder-workspace/.derivedData/Build/Intermediates.noindex/HPParallaxHeader.build/Debug-appletvos/HPParallaxHeader-t.build/DerivedSources/arm64 -Xcc -I/Users/admin/builder/spi-builder-workspace/.derivedData/Build/Intermediates.noindex/HPParallaxHeader.build/Debug-appletvos/HPParallaxHeader-t.build/DerivedSources -Xcc -DSWIFT_PACKAGE -Xcc -DDEBUG\=1 -emit-objc-header -emit-objc-header-path /Users/admin/builder/spi-builder-workspace/.derivedData/Build/Intermediates.noindex/HPParallaxHeader.build/Debug-appletvos/HPParallaxHeader-t.build/Objects-normal/arm64/HPParallaxHeader-Swift.h -working-directory /Users/admin/builder/spi-builder-workspace/.swiftpm/xcode -experimental-emit-module-separately -disable-cmo
SwiftMergeGeneratedHeaders /Users/admin/builder/spi-builder-workspace/.derivedData/Build/Intermediates.noindex/GeneratedModuleMaps-appletvos/HPParallaxHeader-Swift.h /Users/admin/builder/spi-builder-workspace/.derivedData/Build/Intermediates.noindex/HPParallaxHeader.build/Debug-appletvos/HPParallaxHeader-t.build/Objects-normal/arm64/HPParallaxHeader-Swift.h (in target 'HPParallaxHeader' from project 'HPParallaxHeader')
    cd /Users/admin/builder/spi-builder-workspace
    builtin-swiftHeaderTool -arch arm64 /Users/admin/builder/spi-builder-workspace/.derivedData/Build/Intermediates.noindex/HPParallaxHeader.build/Debug-appletvos/HPParallaxHeader-t.build/Objects-normal/arm64/HPParallaxHeader-Swift.h -o /Users/admin/builder/spi-builder-workspace/.derivedData/Build/Intermediates.noindex/GeneratedModuleMaps-appletvos/HPParallaxHeader-Swift.h
Copy /Users/admin/builder/spi-builder-workspace/.derivedData/Build/Products/Debug-appletvos/HPParallaxHeader.swiftmodule/arm64-apple-tvos.swiftmodule /Users/admin/builder/spi-builder-workspace/.derivedData/Build/Intermediates.noindex/HPParallaxHeader.build/Debug-appletvos/HPParallaxHeader-t.build/Objects-normal/arm64/HPParallaxHeader.swiftmodule (in target 'HPParallaxHeader' from project 'HPParallaxHeader')
    cd /Users/admin/builder/spi-builder-workspace
    builtin-copy -exclude .DS_Store -exclude CVS -exclude .svn -exclude .git -exclude .hg -resolve-src-symlinks -rename /Users/admin/builder/spi-builder-workspace/.derivedData/Build/Intermediates.noindex/HPParallaxHeader.build/Debug-appletvos/HPParallaxHeader-t.build/Objects-normal/arm64/HPParallaxHeader.swiftmodule /Users/admin/builder/spi-builder-workspace/.derivedData/Build/Products/Debug-appletvos/HPParallaxHeader.swiftmodule/arm64-apple-tvos.swiftmodule
Copy /Users/admin/builder/spi-builder-workspace/.derivedData/Build/Products/Debug-appletvos/HPParallaxHeader.swiftmodule/arm64-apple-tvos.swiftdoc /Users/admin/builder/spi-builder-workspace/.derivedData/Build/Intermediates.noindex/HPParallaxHeader.build/Debug-appletvos/HPParallaxHeader-t.build/Objects-normal/arm64/HPParallaxHeader.swiftdoc (in target 'HPParallaxHeader' from project 'HPParallaxHeader')
    cd /Users/admin/builder/spi-builder-workspace
    builtin-copy -exclude .DS_Store -exclude CVS -exclude .svn -exclude .git -exclude .hg -resolve-src-symlinks -rename /Users/admin/builder/spi-builder-workspace/.derivedData/Build/Intermediates.noindex/HPParallaxHeader.build/Debug-appletvos/HPParallaxHeader-t.build/Objects-normal/arm64/HPParallaxHeader.swiftdoc /Users/admin/builder/spi-builder-workspace/.derivedData/Build/Products/Debug-appletvos/HPParallaxHeader.swiftmodule/arm64-apple-tvos.swiftdoc
Copy /Users/admin/builder/spi-builder-workspace/.derivedData/Build/Products/Debug-appletvos/HPParallaxHeader.swiftmodule/arm64-apple-tvos.abi.json /Users/admin/builder/spi-builder-workspace/.derivedData/Build/Intermediates.noindex/HPParallaxHeader.build/Debug-appletvos/HPParallaxHeader-t.build/Objects-normal/arm64/HPParallaxHeader.abi.json (in target 'HPParallaxHeader' from project 'HPParallaxHeader')
    cd /Users/admin/builder/spi-builder-workspace
    builtin-copy -exclude .DS_Store -exclude CVS -exclude .svn -exclude .git -exclude .hg -resolve-src-symlinks -rename /Users/admin/builder/spi-builder-workspace/.derivedData/Build/Intermediates.noindex/HPParallaxHeader.build/Debug-appletvos/HPParallaxHeader-t.build/Objects-normal/arm64/HPParallaxHeader.abi.json /Users/admin/builder/spi-builder-workspace/.derivedData/Build/Products/Debug-appletvos/HPParallaxHeader.swiftmodule/arm64-apple-tvos.abi.json
Copy /Users/admin/builder/spi-builder-workspace/.derivedData/Build/Products/Debug-appletvos/HPParallaxHeader.swiftmodule/Project/arm64-apple-tvos.swiftsourceinfo /Users/admin/builder/spi-builder-workspace/.derivedData/Build/Intermediates.noindex/HPParallaxHeader.build/Debug-appletvos/HPParallaxHeader-t.build/Objects-normal/arm64/HPParallaxHeader.swiftsourceinfo (in target 'HPParallaxHeader' from project 'HPParallaxHeader')
    cd /Users/admin/builder/spi-builder-workspace
    builtin-copy -exclude .DS_Store -exclude CVS -exclude .svn -exclude .git -exclude .hg -resolve-src-symlinks -rename /Users/admin/builder/spi-builder-workspace/.derivedData/Build/Intermediates.noindex/HPParallaxHeader.build/Debug-appletvos/HPParallaxHeader-t.build/Objects-normal/arm64/HPParallaxHeader.swiftsourceinfo /Users/admin/builder/spi-builder-workspace/.derivedData/Build/Products/Debug-appletvos/HPParallaxHeader.swiftmodule/Project/arm64-apple-tvos.swiftsourceinfo
PruneExplicitPrecompiledModules /Users/admin/builder/spi-builder-workspace/.derivedData/Build/Intermediates.noindex/ExplicitPrecompiledModules
PruneExplicitPrecompiledModules /Users/admin/builder/spi-builder-workspace/.derivedData/Build/Intermediates.noindex/SwiftExplicitPrecompiledModules
PruneExplicitPrecompiledModules /Users/admin/builder/spi-builder-workspace/.derivedData/SDKExplicitPrecompiledModules
2026-09-18 06:15:56.159 xcodebuild[681:4439] [MT] IDERunDestination: Supported platforms for the buildables in the current scheme is empty.
** BUILD FAILED **
The following build commands failed:
	SwiftCompile normal arm64 Compiling\ HPScrollViewDelegateForwarder.swift /Users/admin/builder/spi-builder-workspace/HPParallaxHeader/Classes/HPScrollViewDelegateForwarder.swift (in target 'HPParallaxHeader' from project 'HPParallaxHeader')
	SwiftCompile normal arm64 /Users/admin/builder/spi-builder-workspace/HPParallaxHeader/Classes/HPScrollViewDelegateForwarder.swift (in target 'HPParallaxHeader' from project 'HPParallaxHeader')
	Building workspace HPParallaxHeader with scheme HPParallaxHeader
(3 failures)
Command line invocation:
    /Applications/Xcode-27.0.0-Release.Candidate.app/Contents/Developer/usr/bin/xcodebuild -IDEClonedSourcePackagesDirPathOverride=/Users/admin/builder/spi-builder-workspace/.dependencies -resolvePackageDependencies
Resolve Package Graph
Resolved source packages:
  HPParallaxHeader: /Users/admin/builder/spi-builder-workspace
resolved source packages: HPParallaxHeader
2026-09-18 06:16:04.849 xcodebuild[759:4809] [MT] IDERunDestination: Supported platforms for the buildables in the current scheme is empty.
{
  "dependencies" : [
  ],
  "manifest_display_name" : "HPParallaxHeader",
  "name" : "HPParallaxHeader",
  "path" : "/Users/admin/builder/spi-builder-workspace",
  "platforms" : [
    {
      "name" : "ios",
      "version" : "10.0"
    }
  ],
  "products" : [
    {
      "name" : "HPParallaxHeader",
      "targets" : [
        "HPParallaxHeader"
      ],
      "type" : {
        "library" : [
          "automatic"
        ]
      }
    }
  ],
  "targets" : [
    {
      "c99name" : "HPParallaxHeader",
      "module_type" : "SwiftTarget",
      "name" : "HPParallaxHeader",
      "path" : "HPParallaxHeader",
      "product_memberships" : [
        "HPParallaxHeader"
      ],
      "sources" : [
        "Classes/HPParallaxHeader.swift",
        "Classes/HPParallaxView.swift",
        "Classes/HPScrollView.swift",
        "Classes/HPScrollViewController.swift",
        "Classes/HPScrollViewDelegateForwarder.swift",
        "Classes/UIScrollView+ParallaxHeader.swift"
      ],
      "type" : "library"
    }
  ],
  "tools_version" : "5.4"
}
{
  "workspace" : {
    "name" : "HPParallaxHeader",
    "schemes" : [
      "HPParallaxHeader"
    ]
  }
}
2026-09-18 06:16:06.112 xcodebuild[767:4877] [MT] IDERunDestination: Supported platforms for the buildables in the current scheme is empty.
Running build ...
env DEVELOPER_DIR=/Applications/Xcode-27.0.0-Release.Candidate.app xcrun xcodebuild -IDEClonedSourcePackagesDirPathOverride=$PWD/.dependencies -skipMacroValidation -skipPackagePluginValidation -derivedDataPath $PWD/.derivedData build -scheme HPParallaxHeader -destination generic/platform=tvOS
Command line invocation:
    /Applications/Xcode-27.0.0-Release.Candidate.app/Contents/Developer/usr/bin/xcodebuild -IDEClonedSourcePackagesDirPathOverride=/Users/admin/builder/spi-builder-workspace/.dependencies -skipMacroValidation -skipPackagePluginValidation -derivedDataPath /Users/admin/builder/spi-builder-workspace/.derivedData build -scheme HPParallaxHeader -destination generic/platform=tvOS
Resolve Package Graph
Resolved source packages:
  HPParallaxHeader: /Users/admin/builder/spi-builder-workspace
ComputePackagePrebuildTargetDependencyGraph
Prepare packages
CreateBuildRequest
SendProjectDescription
CreateBuildOperation
ComputeTargetDependencyGraph
note: Building targets in dependency order
note: Target dependency graph (2 targets)
    Target 'HPParallaxHeader-product' in project 'HPParallaxHeader'
        ➜ Explicit dependency on target 'HPParallaxHeader' in project 'HPParallaxHeader'
    Target 'HPParallaxHeader' in project 'HPParallaxHeader' (no dependencies)
GatherProvisioningInputs
CreateBuildDescription
ClangStatCache /Applications/Xcode-27.0.0-Release.Candidate.app/Contents/Developer/Toolchains/XcodeDefault.xctoolchain/usr/bin/clang-stat-cache /Applications/Xcode-27.0.0-Release.Candidate.app/Contents/Developer/Platforms/AppleTVOS.platform/Developer/SDKs/AppleTVOS27.0.sdk /Users/admin/builder/spi-builder-workspace/.derivedData/SDKStatCaches.noindex/appletvos27.0-24J360-e829b21a6f8c9b70876ba0858053c044b32bfd8d43560033f8d89884cdb90028.sdkstatcache
    cd /Users/admin/builder/spi-builder-workspace/.swiftpm/xcode
    /Applications/Xcode-27.0.0-Release.Candidate.app/Contents/Developer/Toolchains/XcodeDefault.xctoolchain/usr/bin/clang-stat-cache /Applications/Xcode-27.0.0-Release.Candidate.app/Contents/Developer/Platforms/AppleTVOS.platform/Developer/SDKs/AppleTVOS27.0.sdk -o /Users/admin/builder/spi-builder-workspace/.derivedData/SDKStatCaches.noindex/appletvos27.0-24J360-e829b21a6f8c9b70876ba0858053c044b32bfd8d43560033f8d89884cdb90028.sdkstatcache
SwiftDriver HPParallaxHeader normal arm64 com.apple.xcode.tools.swift.compiler (in target 'HPParallaxHeader' from project 'HPParallaxHeader')
    cd /Users/admin/builder/spi-builder-workspace/.swiftpm/xcode
    builtin-SwiftDriver -- /Applications/Xcode-27.0.0-Release.Candidate.app/Contents/Developer/Toolchains/XcodeDefault.xctoolchain/usr/bin/swiftc -parse-as-library -module-name HPParallaxHeader -Onone @/Users/admin/builder/spi-builder-workspace/.derivedData/Build/Intermediates.noindex/HPParallaxHeader.build/Debug-appletvos/HPParallaxHeader-t.build/Objects-normal/arm64/HPParallaxHeader.SwiftFileList -DSWIFT_PACKAGE -DDEBUG -DSWIFT_MODULE_RESOURCE_BUNDLE_UNAVAILABLE -DXcode -plugin-path /Applications/Xcode-27.0.0-Release.Candidate.app/Contents/Developer/Toolchains/XcodeDefault.xctoolchain/usr/lib/swift/host/plugins/testing -enable-experimental-feature DebugDescriptionMacro -sdk /Applications/Xcode-27.0.0-Release.Candidate.app/Contents/Developer/Platforms/AppleTVOS.platform/Developer/SDKs/AppleTVOS27.0.sdk -target arm64-apple-tvos15.0 -g -module-cache-path /Users/admin/builder/spi-builder-workspace/.derivedData/ModuleCache.noindex -Xfrontend -serialize-debugging-options -enable-testing -index-store-path /Users/admin/builder/spi-builder-workspace/.derivedData/Index.noindex/DataStore -Xcc -D_LIBCPP_HARDENING_MODE\=_LIBCPP_HARDENING_MODE_DEBUG -swift-version 5 -I /Users/admin/builder/spi-builder-workspace/.derivedData/Build/Products/Debug-appletvos -Isystem /Applications/Xcode-27.0.0-Release.Candidate.app/Contents/Developer/Platforms/AppleTVOS.platform/Developer/usr/lib -F /Users/admin/builder/spi-builder-workspace/.derivedData/Build/Products/Debug-appletvos -F /Applications/Xcode-27.0.0-Release.Candidate.app/Contents/Developer/Platforms/AppleTVOS.platform/Developer/Library/Frameworks -F /Applications/Xcode-27.0.0-Release.Candidate.app/Contents/Developer/Platforms/AppleTVOS.platform/Developer/SDKs/AppleTVOS27.0.sdk/Developer/Library/Frameworks -c -j10 -enable-batch-mode -incremental -Xcc -ivfsstatcache -Xcc /Users/admin/builder/spi-builder-workspace/.derivedData/SDKStatCaches.noindex/appletvos27.0-24J360-e829b21a6f8c9b70876ba0858053c044b32bfd8d43560033f8d89884cdb90028.sdkstatcache -output-file-map /Users/admin/builder/spi-builder-workspace/.derivedData/Build/Intermediates.noindex/HPParallaxHeader.build/Debug-appletvos/HPParallaxHeader-t.build/Objects-normal/arm64/HPParallaxHeader-OutputFileMap.json -save-temps -no-color-diagnostics -explicit-module-build -module-cache-path /Users/admin/builder/spi-builder-workspace/.derivedData/Build/Intermediates.noindex/SwiftExplicitPrecompiledModules -clang-scanner-module-cache-path /Users/admin/builder/spi-builder-workspace/.derivedData/ModuleCache.noindex -sdk-module-cache-path /Users/admin/builder/spi-builder-workspace/.derivedData/SDKExplicitPrecompiledModules -emit-dependencies -emit-module -emit-module-path /Users/admin/builder/spi-builder-workspace/.derivedData/Build/Intermediates.noindex/HPParallaxHeader.build/Debug-appletvos/HPParallaxHeader-t.build/Objects-normal/arm64/HPParallaxHeader.swiftmodule -serialize-diagnostics -dependency-scan-serialize-diagnostics-path /Users/admin/builder/spi-builder-workspace/.derivedData/Build/Intermediates.noindex/HPParallaxHeader.build/Debug-appletvos/HPParallaxHeader-t.build/Objects-normal/arm64/HPParallaxHeader-dependency-scan.dia -validate-clang-modules-once -clang-build-session-file /Users/admin/builder/spi-builder-workspace/.derivedData/ModuleCache.noindex/Session.modulevalidation -Xcc -fmodules-prune-interval\=86400 -Xcc -fmodules-prune-after\=345600 -emit-const-values -const-gather-protocols-list /Users/admin/builder/spi-builder-workspace/.derivedData/Build/Intermediates.noindex/HPParallaxHeader.build/Debug-appletvos/HPParallaxHeader-t.build/Objects-normal/arm64/HPParallaxHeader_const_extract_protocols.json -Xcc -I/Users/admin/builder/spi-builder-workspace/.derivedData/Build/Products/Debug-appletvos/include -Xcc -I/Users/admin/builder/spi-builder-workspace/.derivedData/Build/Intermediates.noindex/HPParallaxHeader.build/Debug-appletvos/HPParallaxHeader-t.build/DerivedSources-normal/arm64 -Xcc -I/Users/admin/builder/spi-builder-workspace/.derivedData/Build/Intermediates.noindex/HPParallaxHeader.build/Debug-appletvos/HPParallaxHeader-t.build/DerivedSources/arm64 -Xcc -I/Users/admin/builder/spi-builder-workspace/.derivedData/Build/Intermediates.noindex/HPParallaxHeader.build/Debug-appletvos/HPParallaxHeader-t.build/DerivedSources -Xcc -DSWIFT_PACKAGE -Xcc -DDEBUG\=1 -emit-objc-header -emit-objc-header-path /Users/admin/builder/spi-builder-workspace/.derivedData/Build/Intermediates.noindex/HPParallaxHeader.build/Debug-appletvos/HPParallaxHeader-t.build/Objects-normal/arm64/HPParallaxHeader-Swift.h -working-directory /Users/admin/builder/spi-builder-workspace/.swiftpm/xcode -experimental-emit-module-separately -disable-cmo
SwiftCompile normal arm64 Compiling\ HPParallaxHeader.swift /Users/admin/builder/spi-builder-workspace/HPParallaxHeader/Classes/HPParallaxHeader.swift (in target 'HPParallaxHeader' from project 'HPParallaxHeader')
SwiftCompile normal arm64 /Users/admin/builder/spi-builder-workspace/HPParallaxHeader/Classes/HPParallaxHeader.swift (in target 'HPParallaxHeader' from project 'HPParallaxHeader')
    cd /Users/admin/builder/spi-builder-workspace/.swiftpm/xcode
    builtin-SwiftPerFileCompile HPParallaxHeader.swift
SwiftCompile normal arm64 Compiling\ HPParallaxView.swift /Users/admin/builder/spi-builder-workspace/HPParallaxHeader/Classes/HPParallaxView.swift (in target 'HPParallaxHeader' from project 'HPParallaxHeader')
SwiftCompile normal arm64 /Users/admin/builder/spi-builder-workspace/HPParallaxHeader/Classes/HPParallaxView.swift (in target 'HPParallaxHeader' from project 'HPParallaxHeader')
    cd /Users/admin/builder/spi-builder-workspace/.swiftpm/xcode
    builtin-SwiftPerFileCompile HPParallaxView.swift
/Users/admin/builder/spi-builder-workspace/HPParallaxHeader/Classes/HPParallaxView.swift:20:101: warning: forming 'UnsafeMutableRawPointer' to an inout variable of type String exposes the internal representation rather than the string contents.
18 |         guard let superView = self.superview as? UIScrollView,
19 |               let parent = parent else { return }
20 |         superView.removeObserver(parent, forKeyPath: #keyPath(UIScrollView.contentOffset), context: &HPParallaxView.KVOContext)
   |                                                                                                     `- warning: forming 'UnsafeMutableRawPointer' to an inout variable of type String exposes the internal representation rather than the string contents.
21 |         if #available(*, iOS 10) {
22 |             superView.removeObserver(parent, forKeyPath: #keyPath(UIScrollView.contentInset), context: &HPParallaxView.KVOContext)
/Users/admin/builder/spi-builder-workspace/HPParallaxHeader/Classes/HPParallaxView.swift:22:104: warning: forming 'UnsafeMutableRawPointer' to an inout variable of type String exposes the internal representation rather than the string contents.
20 |         superView.removeObserver(parent, forKeyPath: #keyPath(UIScrollView.contentOffset), context: &HPParallaxView.KVOContext)
21 |         if #available(*, iOS 10) {
22 |             superView.removeObserver(parent, forKeyPath: #keyPath(UIScrollView.contentInset), context: &HPParallaxView.KVOContext)
   |                                                                                                        `- warning: forming 'UnsafeMutableRawPointer' to an inout variable of type String exposes the internal representation rather than the string contents.
23 |         }
24 |     }
/Users/admin/builder/spi-builder-workspace/HPParallaxHeader/Classes/HPParallaxView.swift:32:40: warning: forming 'UnsafeMutableRawPointer' to an inout variable of type String exposes the internal representation rather than the string contents.
30 |         superView.addObserver(parent,
31 |                               forKeyPath: #keyPath(UIScrollView.contentOffset),
32 |                               context: &HPParallaxView.KVOContext)
   |                                        `- warning: forming 'UnsafeMutableRawPointer' to an inout variable of type String exposes the internal representation rather than the string contents.
33 |         if #available(*, iOS 10) {
34 |             superView.addObserver(parent,
SwiftEmitModule normal arm64 Emitting\ module\ for\ HPParallaxHeader (in target 'HPParallaxHeader' from project 'HPParallaxHeader')
SwiftCompile normal arm64 (in target 'HPParallaxHeader' from project 'HPParallaxHeader')
    cd /Users/admin/builder/spi-builder-workspace/.swiftpm/xcode

SwiftCompile normal arm64 Compiling\ HPScrollViewDelegateForwarder.swift /Users/admin/builder/spi-builder-workspace/HPParallaxHeader/Classes/HPScrollViewDelegateForwarder.swift (in target 'HPParallaxHeader' from project 'HPParallaxHeader')
/Users/admin/builder/spi-builder-workspace/HPParallaxHeader/Classes/HPScrollViewDelegateForwarder.swift:74:94: error: 'scrollsToTop' is unavailable in tvOS
72 |
73 |     @objc func scrollViewShouldScrollToTop(_ scrollView: UIScrollView) -> Bool {
74 |         let isScrollToTop = delegate?.scrollViewShouldScrollToTop?(scrollView) ?? scrollView.scrollsToTop
   |                                                                                              `- error: 'scrollsToTop' is unavailable in tvOS
75 |         if isScrollToTop == true {
76 |             self.scrollView.hpScrollsToTop(animated: true)
/Applications/Xcode-27.0.0-Release.Candidate.app/Contents/Developer/Platforms/AppleTVOS.platform/Developer/SDKs/AppleTVOS27.0.sdk/System/Library/Frameworks/UIKit.framework/Headers/UIScrollView.h:267:28: note: 'scrollsToTop' has been explicitly marked unavailable here
265 | // On iPhone, we execute this gesture only if there's one on-screen scroll view with `scrollsToTop` == YES. If more than one is found, none will be scrolled.
266 | // Default: YES
267 | @property (nonatomic) BOOL scrollsToTop API_UNAVAILABLE(tvos);
    |                            `- note: 'scrollsToTop' has been explicitly marked unavailable here
268 |
269 | // Stops any scrolling or zooming, whether initiated programmatically or by the user
Failed frontend command:
/Applications/Xcode-27.0.0-Release.Candidate.app/Contents/Developer/Toolchains/XcodeDefault.xctoolchain/usr/bin/swift-frontend -frontend -c /Users/admin/builder/spi-builder-workspace/HPParallaxHeader/Classes/HPParallaxHeader.swift /Users/admin/builder/spi-builder-workspace/HPParallaxHeader/Classes/HPParallaxView.swift /Users/admin/builder/spi-builder-workspace/HPParallaxHeader/Classes/HPScrollView.swift /Users/admin/builder/spi-builder-workspace/HPParallaxHeader/Classes/HPScrollViewController.swift -primary-file /Users/admin/builder/spi-builder-workspace/HPParallaxHeader/Classes/HPScrollViewDelegateForwarder.swift /Users/admin/builder/spi-builder-workspace/HPParallaxHeader/Classes/UIScrollView+ParallaxHeader.swift -emit-dependencies-path /Users/admin/builder/spi-builder-workspace/.derivedData/Build/Intermediates.noindex/HPParallaxHeader.build/Debug-appletvos/HPParallaxHeader-t.build/Objects-normal/arm64/HPScrollViewDelegateForwarder.d -emit-const-values-path /Users/admin/builder/spi-builder-workspace/.derivedData/Build/Intermediates.noindex/HPParallaxHeader.build/Debug-appletvos/HPParallaxHeader-t.build/Objects-normal/arm64/HPScrollViewDelegateForwarder.swiftconstvalues -emit-reference-dependencies-path /Users/admin/builder/spi-builder-workspace/.derivedData/Build/Intermediates.noindex/HPParallaxHeader.build/Debug-appletvos/HPParallaxHeader-t.build/Objects-normal/arm64/HPScrollViewDelegateForwarder.swiftdeps -serialize-diagnostics-path /Users/admin/builder/spi-builder-workspace/.derivedData/Build/Intermediates.noindex/HPParallaxHeader.build/Debug-appletvos/HPParallaxHeader-t.build/Objects-normal/arm64/HPScrollViewDelegateForwarder.dia -target arm64-apple-tvos15.0 -disable-cross-import-overlay-search -load-resolved-plugin /Applications/Xcode-27.0.0-Release.Candidate.app/Contents/Developer/Platforms/AppleTVOS.platform/Developer/usr/lib/swift/host/plugins/libFoundationMacros.dylib\#/Applications/Xcode-27.0.0-Release.Candidate.app/Contents/Developer/Platforms/AppleTVOS.platform/Developer/usr/bin/swift-plugin-server\#FoundationMacros -load-resolved-plugin /Applications/Xcode-27.0.0-Release.Candidate.app/Contents/Developer/Platforms/AppleTVOS.platform/Developer/usr/lib/swift/host/plugins/libObservationMacros.dylib\#/Applications/Xcode-27.0.0-Release.Candidate.app/Contents/Developer/Platforms/AppleTVOS.platform/Developer/usr/bin/swift-plugin-server\#ObservationMacros -load-resolved-plugin /Applications/Xcode-27.0.0-Release.Candidate.app/Contents/Developer/Platforms/AppleTVOS.platform/Developer/usr/lib/swift/host/plugins/libPreviewsMacros.dylib\#/Applications/Xcode-27.0.0-Release.Candidate.app/Contents/Developer/Platforms/AppleTVOS.platform/Developer/usr/bin/swift-plugin-server\#PreviewsMacros -load-resolved-plugin /Applications/Xcode-27.0.0-Release.Candidate.app/Contents/Developer/Platforms/AppleTVOS.platform/Developer/usr/lib/swift/host/plugins/libSwiftMacros.dylib\#/Applications/Xcode-27.0.0-Release.Candidate.app/Contents/Developer/Platforms/AppleTVOS.platform/Developer/usr/bin/swift-plugin-server\#SwiftMacros -load-resolved-plugin /Applications/Xcode-27.0.0-Release.Candidate.app/Contents/Developer/Platforms/AppleTVOS.platform/Developer/usr/lib/swift/host/plugins/libSwiftUIMacros.dylib\#/Applications/Xcode-27.0.0-Release.Candidate.app/Contents/Developer/Platforms/AppleTVOS.platform/Developer/usr/bin/swift-plugin-server\#SwiftUIMacros -disable-implicit-swift-modules -Xcc -fno-implicit-modules -Xcc -fno-implicit-module-maps -explicit-swift-module-map-file /Users/admin/builder/spi-builder-workspace/.derivedData/Build/Intermediates.noindex/HPParallaxHeader.build/Debug-appletvos/HPParallaxHeader-t.build/Objects-normal/arm64/HPParallaxHeader-dependencies-1.json -Xllvm -aarch64-use-tbi -enable-objc-interop -stack-check -sdk /Applications/Xcode-27.0.0-Release.Candidate.app/Contents/Developer/Platforms/AppleTVOS.platform/Developer/SDKs/AppleTVOS27.0.sdk -I /Users/admin/builder/spi-builder-workspace/.derivedData/Build/Products/Debug-appletvos -Isystem /Applications/Xcode-27.0.0-Release.Candidate.app/Contents/Developer/Platforms/AppleTVOS.platform/Developer/usr/lib -F /Users/admin/builder/spi-builder-workspace/.derivedData/Build/Products/Debug-appletvos -F /Applications/Xcode-27.0.0-Release.Candidate.app/Contents/Developer/Platforms/AppleTVOS.platform/Developer/Library/Frameworks -F /Applications/Xcode-27.0.0-Release.Candidate.app/Contents/Developer/Platforms/AppleTVOS.platform/Developer/SDKs/AppleTVOS27.0.sdk/Developer/Library/Frameworks -module-cache-path /Users/admin/builder/spi-builder-workspace/.derivedData/Build/Intermediates.noindex/SwiftExplicitPrecompiledModules -no-color-diagnostics -Xcc -fno-color-diagnostics -enable-testing -g -debug-info-format\=dwarf -dwarf-version\=4 -swift-version 5 -Onone -D SWIFT_PACKAGE -D DEBUG -D SWIFT_MODULE_RESOURCE_BUNDLE_UNAVAILABLE -D Xcode -serialize-debugging-options -enable-experimental-feature DebugDescriptionMacro -empty-abi-descriptor -validate-clang-modules-once -clang-build-session-file /Users/admin/builder/spi-builder-workspace/.derivedData/ModuleCache.noindex/Session.modulevalidation -Xcc -working-directory -Xcc /Users/admin/builder/spi-builder-workspace/.swiftpm/xcode -enable-anonymous-context-mangled-names -file-compilation-dir /Users/admin/builder/spi-builder-workspace/.swiftpm/xcode -Xcc -D_LIBCPP_HARDENING_MODE\=_LIBCPP_HARDENING_MODE_DEBUG -Xcc -ivfsstatcache -Xcc /Users/admin/builder/spi-builder-workspace/.derivedData/SDKStatCaches.noindex/appletvos27.0-24J360-e829b21a6f8c9b70876ba0858053c044b32bfd8d43560033f8d89884cdb90028.sdkstatcache -Xcc -fmodules-prune-interval\=86400 -Xcc -fmodules-prune-after\=345600 -Xcc -I/Users/admin/builder/spi-builder-workspace/.derivedData/Build/Products/Debug-appletvos/include -Xcc -I/Users/admin/builder/spi-builder-workspace/.derivedData/Build/Intermediates.noindex/HPParallaxHeader.build/Debug-appletvos/HPParallaxHeader-t.build/DerivedSources-normal/arm64 -Xcc -I/Users/admin/builder/spi-builder-workspace/.derivedData/Build/Intermediates.noindex/HPParallaxHeader.build/Debug-appletvos/HPParallaxHeader-t.build/DerivedSources/arm64 -Xcc -I/Users/admin/builder/spi-builder-workspace/.derivedData/Build/Intermediates.noindex/HPParallaxHeader.build/Debug-appletvos/HPParallaxHeader-t.build/DerivedSources -Xcc -DSWIFT_PACKAGE -Xcc -DDEBUG\=1 -no-auto-bridging-header-chaining -module-name HPParallaxHeader -const-gather-protocols-file /Users/admin/builder/spi-builder-workspace/.derivedData/Build/Intermediates.noindex/HPParallaxHeader.build/Debug-appletvos/HPParallaxHeader-t.build/Objects-normal/arm64/HPParallaxHeader_const_extract_protocols.json -disable-clang-spi -clang-target arm64-apple-tvos27.0 -target-sdk-version 27.0 -target-sdk-name appletvos27.0 -in-process-plugin-server-path /Applications/Xcode-27.0.0-Release.Candidate.app/Contents/Developer/Toolchains/XcodeDefault.xctoolchain/usr/lib/swift/host/libSwiftInProcPluginServer.dylib -parse-as-library -o /Users/admin/builder/spi-builder-workspace/.derivedData/Build/Intermediates.noindex/HPParallaxHeader.build/Debug-appletvos/HPParallaxHeader-t.build/Objects-normal/arm64/HPScrollViewDelegateForwarder.o -debug-module-path /Users/admin/builder/spi-builder-workspace/.derivedData/Build/Intermediates.noindex/HPParallaxHeader.build/Debug-appletvos/HPParallaxHeader-t.build/Objects-normal/arm64/HPParallaxHeader.swiftmodule -index-unit-output-path /HPParallaxHeader.build/Debug-appletvos/HPParallaxHeader-t.build/Objects-normal/arm64/HPScrollViewDelegateForwarder.o -index-store-path /Users/admin/builder/spi-builder-workspace/.derivedData/Index.noindex/DataStore -index-system-modules
SwiftCompile normal arm64 /Users/admin/builder/spi-builder-workspace/HPParallaxHeader/Classes/HPScrollViewDelegateForwarder.swift (in target 'HPParallaxHeader' from project 'HPParallaxHeader')
    cd /Users/admin/builder/spi-builder-workspace/.swiftpm/xcode
    builtin-SwiftPerFileCompile HPScrollViewDelegateForwarder.swift
SwiftCompile normal arm64 Compiling\ HPScrollViewController.swift /Users/admin/builder/spi-builder-workspace/HPParallaxHeader/Classes/HPScrollViewController.swift (in target 'HPParallaxHeader' from project 'HPParallaxHeader')
SwiftCompile normal arm64 /Users/admin/builder/spi-builder-workspace/HPParallaxHeader/Classes/HPScrollViewController.swift (in target 'HPParallaxHeader' from project 'HPParallaxHeader')
    cd /Users/admin/builder/spi-builder-workspace/.swiftpm/xcode
    builtin-SwiftPerFileCompile HPScrollViewController.swift
SwiftCompile normal arm64 Compiling\ UIScrollView+ParallaxHeader.swift /Users/admin/builder/spi-builder-workspace/HPParallaxHeader/Classes/UIScrollView+ParallaxHeader.swift (in target 'HPParallaxHeader' from project 'HPParallaxHeader')
SwiftCompile normal arm64 /Users/admin/builder/spi-builder-workspace/HPParallaxHeader/Classes/UIScrollView+ParallaxHeader.swift (in target 'HPParallaxHeader' from project 'HPParallaxHeader')
    cd /Users/admin/builder/spi-builder-workspace/.swiftpm/xcode
    builtin-SwiftPerFileCompile UIScrollView+ParallaxHeader.swift
SwiftCompile normal arm64 Compiling\ HPScrollView.swift /Users/admin/builder/spi-builder-workspace/HPParallaxHeader/Classes/HPScrollView.swift (in target 'HPParallaxHeader' from project 'HPParallaxHeader')
SwiftCompile normal arm64 /Users/admin/builder/spi-builder-workspace/HPParallaxHeader/Classes/HPScrollView.swift (in target 'HPParallaxHeader' from project 'HPParallaxHeader')
    cd /Users/admin/builder/spi-builder-workspace/.swiftpm/xcode
    builtin-SwiftPerFileCompile HPScrollView.swift
SwiftDriverJobDiscovery normal arm64 Compiling UIScrollView+ParallaxHeader.swift (in target 'HPParallaxHeader' from project 'HPParallaxHeader')
PruneExplicitPrecompiledModules /Users/admin/builder/spi-builder-workspace/.derivedData/Build/Intermediates.noindex/SwiftExplicitPrecompiledModules
PruneExplicitPrecompiledModules /Users/admin/builder/spi-builder-workspace/.derivedData/Build/Intermediates.noindex/ExplicitPrecompiledModules
PruneExplicitPrecompiledModules /Users/admin/builder/spi-builder-workspace/.derivedData/SDKExplicitPrecompiledModules
2026-09-18 06:16:07.079 xcodebuild[768:4901] [MT] IDERunDestination: Supported platforms for the buildables in the current scheme is empty.
** BUILD FAILED **
The following build commands failed:
	SwiftCompile normal arm64 Compiling\ HPScrollViewDelegateForwarder.swift /Users/admin/builder/spi-builder-workspace/HPParallaxHeader/Classes/HPScrollViewDelegateForwarder.swift (in target 'HPParallaxHeader' from project 'HPParallaxHeader')
	SwiftCompile normal arm64 /Users/admin/builder/spi-builder-workspace/HPParallaxHeader/Classes/HPScrollViewDelegateForwarder.swift (in target 'HPParallaxHeader' from project 'HPParallaxHeader')
	Building workspace HPParallaxHeader with scheme HPParallaxHeader
(3 failures)
BUILD FAILURE 6.4 tvOS