The Swift Package Index logo.Swift Package Index

Build Information

Failed to build NeedleFoundation, reference v0.25.1 (69f7a8), with Swift 6.4 for macOS (Xcode) using Xcode 27.0 on 21 Sep 2026 19:46:26 UTC.

Build Command

env DEVELOPER_DIR=/Applications/Xcode-27.0.0-Release.Candidate.app xcrun xcodebuild -IDEClonedSourcePackagesDirPathOverride=$PWD/.dependencies -skipMacroValidation -skipPackagePluginValidation -derivedDataPath $PWD/.derivedData build -scheme NeedleFoundation -destination platform=macOS,arch=arm64

Build Log

========================================
RunAll
========================================
Builder version: 5.1.0
Interrupt handler set up.
========================================
Checkout
========================================
Clone URL: https://github.com/uber/needle.git
Reference: v0.25.1
Initialized empty Git repository in /Users/admin/builder/spi-builder-workspace/.git/
From https://github.com/uber/needle
 * tag               v0.25.1    -> FETCH_HEAD
HEAD is now at 69f7a88 Update generator binary and version file for v0.25.1
Cloned https://github.com/uber/needle.git
Revision (git rev-parse @):
69f7a889d2736f2621c6083ac29e0a75d158f249
SUCCESS checkout https://github.com/uber/needle.git at v0.25.1
========================================
Build
========================================
Selected platform:         macosXcodebuild
Swift version:             6.4
Building package at path:  $PWD
https://github.com/uber/needle.git
Command line invocation:
    /Applications/Xcode-27.0.0-Release.Candidate.app/Contents/Developer/usr/bin/xcodebuild -IDEClonedSourcePackagesDirPathOverride=/Users/admin/builder/spi-builder-workspace/.dependencies -resolvePackageDependencies
Resolve Package Graph
Fetching from https://github.com/apple/swift-syntax.git
Fetching from https://github.com/uber/swift-concurrency.git
Fetching from https://github.com/apple/swift-tools-support-core
Fetching from https://github.com/uber/swift-common.git
Fetching from https://github.com/apple/swift-system.git
Creating working copy of package ‘swift-common’
Checking out 0.5.0 of package ‘swift-common’
Creating working copy of package ‘swift-system’
Checking out 1.1.1 of package ‘swift-system’
Creating working copy of package ‘swift-concurrency’
Checking out 0.7.1 of package ‘swift-concurrency’
Creating working copy of package ‘swift-syntax’
Checking out 0e85cf7 (0e85cf7) of package ‘swift-syntax’
Creating working copy of package ‘swift-tools-support-core’
Checking out 0.2.7 of package ‘swift-tools-support-core’
Resolved source packages:
  swift-tools-support-core: https://github.com/apple/swift-tools-support-core @ 0.2.7
  swift-system: https://github.com/apple/swift-system.git @ 1.1.1
  Concurrency: https://github.com/uber/swift-concurrency.git @ 0.7.1
  SwiftSyntax: https://github.com/apple/swift-syntax.git @ 0e85cf7 (0e85cf7)
  Needle: /Users/admin/builder/spi-builder-workspace/Generator
  Swift-Common: https://github.com/uber/swift-common.git @ 0.5.0
resolved source packages: swift-tools-support-core, swift-system, Concurrency, SwiftSyntax, Needle, Swift-Common
{
  "dependencies" : [
  ],
  "manifest_display_name" : "NeedleFoundation",
  "name" : "NeedleFoundation",
  "path" : "/Users/admin/builder/spi-builder-workspace",
  "platforms" : [
  ],
  "products" : [
    {
      "name" : "NeedleFoundation",
      "targets" : [
        "NeedleFoundation"
      ],
      "type" : {
        "library" : [
          "automatic"
        ]
      }
    },
    {
      "name" : "NeedleFoundationTest",
      "targets" : [
        "NeedleFoundationTest"
      ],
      "type" : {
        "library" : [
          "automatic"
        ]
      }
    }
  ],
  "swift_languages_versions" : [
    "5"
  ],
  "targets" : [
    {
      "c99name" : "NeedleFoundationTests",
      "module_type" : "SwiftTarget",
      "name" : "NeedleFoundationTests",
      "path" : "Tests/NeedleFoundationTests",
      "sources" : [
        "ComponentTests.swift",
        "DependencyProviderRegistryTests.swift",
        "Pluginized/PluginizedComponentTests.swift"
      ],
      "target_dependencies" : [
        "NeedleFoundation"
      ],
      "type" : "test"
    },
    {
      "c99name" : "NeedleFoundationTestTests",
      "module_type" : "SwiftTarget",
      "name" : "NeedleFoundationTestTests",
      "path" : "Tests/NeedleFoundationTestTests",
      "sources" : [
        "MockComponentPathBuilderTests.swift"
      ],
      "target_dependencies" : [
        "NeedleFoundationTest"
      ],
      "type" : "test"
    },
    {
      "c99name" : "NeedleFoundationTest",
      "module_type" : "SwiftTarget",
      "name" : "NeedleFoundationTest",
      "path" : "Sources/NeedleFoundationTest",
      "product_memberships" : [
        "NeedleFoundationTest"
      ],
      "sources" : [
        "MockComponentPathBuilder.swift"
      ],
      "target_dependencies" : [
        "NeedleFoundation"
      ],
      "type" : "library"
    },
    {
      "c99name" : "NeedleFoundation",
      "module_type" : "SwiftTarget",
      "name" : "NeedleFoundation",
      "path" : "Sources/NeedleFoundation",
      "product_memberships" : [
        "NeedleFoundation",
        "NeedleFoundationTest"
      ],
      "sources" : [
        "Bootstrap.swift",
        "Component.swift",
        "Internal/DependencyProviderRegistry.swift",
        "Pluginized/Internal/PluginExtensionProviderRegistry.swift",
        "Pluginized/NonCoreComponent.swift",
        "Pluginized/PluginizedComponent.swift",
        "Pluginized/PluginizedScopeLifecycle.swift"
      ],
      "type" : "library"
    }
  ],
  "tools_version" : "5.10"
}
{
  "project" : {
    "configurations" : [
      "Debug",
      "Release"
    ],
    "name" : "NeedleFoundation",
    "schemes" : [
      "NeedleFoundation"
    ],
    "targets" : [
      "NeedleFoundation",
      "NeedleFoundationPackageDescription",
      "NeedleFoundationPackageTests",
      "NeedleFoundationTest",
      "NeedleFoundationTestTests",
      "NeedleFoundationTests"
    ]
  }
}
Running build ...
env DEVELOPER_DIR=/Applications/Xcode-27.0.0-Release.Candidate.app xcrun xcodebuild -IDEClonedSourcePackagesDirPathOverride=$PWD/.dependencies -skipMacroValidation -skipPackagePluginValidation -derivedDataPath $PWD/.derivedData build -scheme NeedleFoundation -destination platform=macOS,arch=arm64
Command line invocation:
    /Applications/Xcode-27.0.0-Release.Candidate.app/Contents/Developer/usr/bin/xcodebuild -IDEClonedSourcePackagesDirPathOverride=/Users/admin/builder/spi-builder-workspace/.dependencies -skipMacroValidation -skipPackagePluginValidation -derivedDataPath /Users/admin/builder/spi-builder-workspace/.derivedData build -scheme NeedleFoundation -destination platform=macOS,arch=arm64
Resolve Package Graph
Resolved source packages:
  SwiftSyntax: https://github.com/apple/swift-syntax.git @ 0e85cf7 (0e85cf7)
  Needle: /Users/admin/builder/spi-builder-workspace/Generator
  swift-tools-support-core: https://github.com/apple/swift-tools-support-core @ 0.2.7
  swift-system: https://github.com/apple/swift-system.git @ 1.1.1
  Concurrency: https://github.com/uber/swift-concurrency.git @ 0.7.1
  Swift-Common: https://github.com/uber/swift-common.git @ 0.5.0
ComputePackagePrebuildTargetDependencyGraph
Prepare packages
CreateBuildRequest
SendProjectDescription
CreateBuildOperation
ComputeTargetDependencyGraph
note: Building targets in dependency order
note: Target dependency graph (1 target)
    Target 'NeedleFoundation' in project 'NeedleFoundation' (no dependencies)
GatherProvisioningInputs
CreateBuildDescription
ExecuteExternalTool /Applications/Xcode-27.0.0-Release.Candidate.app/Contents/Developer/Toolchains/XcodeDefault.xctoolchain/usr/bin/clang -v -E -dM -isysroot /Applications/Xcode-27.0.0-Release.Candidate.app/Contents/Developer/Platforms/MacOSX.platform/Developer/SDKs/MacOSX27.0.sdk -x c -c /dev/null
ExecuteExternalTool /Applications/Xcode-27.0.0-Release.Candidate.app/Contents/Developer/Toolchains/XcodeDefault.xctoolchain/usr/bin/swiftc --version
ExecuteExternalTool /Applications/Xcode-27.0.0-Release.Candidate.app/Contents/Developer/Toolchains/XcodeDefault.xctoolchain/usr/bin/ld -version_details
Build description signature: 668800b869adc945716def87948e9037
Build description path: /Users/admin/builder/spi-builder-workspace/.derivedData/Build/Intermediates.noindex/XCBuildData/668800b869adc945716def87948e9037.xcbuilddata
/Users/admin/builder/spi-builder-workspace/NeedleFoundation.xcodeproj: error: The macOS deployment target 'MACOSX_DEPLOYMENT_TARGET' is set to 10.10, but the range of supported deployment target versions is 12.0 to 27.0.x. (in target 'NeedleFoundation' from project 'NeedleFoundation')
** BUILD FAILED **
The following build commands failed:
	Building project NeedleFoundation with scheme NeedleFoundation
(1 failure)
Command line invocation:
    /Applications/Xcode-27.0.0-Release.Candidate.app/Contents/Developer/usr/bin/xcodebuild -IDEClonedSourcePackagesDirPathOverride=/Users/admin/builder/spi-builder-workspace/.dependencies -resolvePackageDependencies
Resolve Package Graph
Resolved source packages:
  Concurrency: https://github.com/uber/swift-concurrency.git @ 0.7.1
  Needle: /Users/admin/builder/spi-builder-workspace/Generator
  swift-tools-support-core: https://github.com/apple/swift-tools-support-core @ 0.2.7
  Swift-Common: https://github.com/uber/swift-common.git @ 0.5.0
  SwiftSyntax: https://github.com/apple/swift-syntax.git @ 0e85cf7 (0e85cf7)
  swift-system: https://github.com/apple/swift-system.git @ 1.1.1
resolved source packages: Concurrency, Needle, swift-tools-support-core, Swift-Common, SwiftSyntax, swift-system
{
  "dependencies" : [
  ],
  "manifest_display_name" : "NeedleFoundation",
  "name" : "NeedleFoundation",
  "path" : "/Users/admin/builder/spi-builder-workspace",
  "platforms" : [
  ],
  "products" : [
    {
      "name" : "NeedleFoundation",
      "targets" : [
        "NeedleFoundation"
      ],
      "type" : {
        "library" : [
          "automatic"
        ]
      }
    },
    {
      "name" : "NeedleFoundationTest",
      "targets" : [
        "NeedleFoundationTest"
      ],
      "type" : {
        "library" : [
          "automatic"
        ]
      }
    }
  ],
  "swift_languages_versions" : [
    "5"
  ],
  "targets" : [
    {
      "c99name" : "NeedleFoundationTests",
      "module_type" : "SwiftTarget",
      "name" : "NeedleFoundationTests",
      "path" : "Tests/NeedleFoundationTests",
      "sources" : [
        "ComponentTests.swift",
        "DependencyProviderRegistryTests.swift",
        "Pluginized/PluginizedComponentTests.swift"
      ],
      "target_dependencies" : [
        "NeedleFoundation"
      ],
      "type" : "test"
    },
    {
      "c99name" : "NeedleFoundationTestTests",
      "module_type" : "SwiftTarget",
      "name" : "NeedleFoundationTestTests",
      "path" : "Tests/NeedleFoundationTestTests",
      "sources" : [
        "MockComponentPathBuilderTests.swift"
      ],
      "target_dependencies" : [
        "NeedleFoundationTest"
      ],
      "type" : "test"
    },
    {
      "c99name" : "NeedleFoundationTest",
      "module_type" : "SwiftTarget",
      "name" : "NeedleFoundationTest",
      "path" : "Sources/NeedleFoundationTest",
      "product_memberships" : [
        "NeedleFoundationTest"
      ],
      "sources" : [
        "MockComponentPathBuilder.swift"
      ],
      "target_dependencies" : [
        "NeedleFoundation"
      ],
      "type" : "library"
    },
    {
      "c99name" : "NeedleFoundation",
      "module_type" : "SwiftTarget",
      "name" : "NeedleFoundation",
      "path" : "Sources/NeedleFoundation",
      "product_memberships" : [
        "NeedleFoundation",
        "NeedleFoundationTest"
      ],
      "sources" : [
        "Bootstrap.swift",
        "Component.swift",
        "Internal/DependencyProviderRegistry.swift",
        "Pluginized/Internal/PluginExtensionProviderRegistry.swift",
        "Pluginized/NonCoreComponent.swift",
        "Pluginized/PluginizedComponent.swift",
        "Pluginized/PluginizedScopeLifecycle.swift"
      ],
      "type" : "library"
    }
  ],
  "tools_version" : "5.10"
}
{
  "project" : {
    "configurations" : [
      "Debug",
      "Release"
    ],
    "name" : "NeedleFoundation",
    "schemes" : [
      "NeedleFoundation"
    ],
    "targets" : [
      "NeedleFoundation",
      "NeedleFoundationPackageDescription",
      "NeedleFoundationPackageTests",
      "NeedleFoundationTest",
      "NeedleFoundationTestTests",
      "NeedleFoundationTests"
    ]
  }
}
Running build ...
env DEVELOPER_DIR=/Applications/Xcode-27.0.0-Release.Candidate.app xcrun xcodebuild -IDEClonedSourcePackagesDirPathOverride=$PWD/.dependencies -skipMacroValidation -skipPackagePluginValidation -derivedDataPath $PWD/.derivedData build -scheme NeedleFoundation -destination platform=macOS,arch=arm64
Command line invocation:
    /Applications/Xcode-27.0.0-Release.Candidate.app/Contents/Developer/usr/bin/xcodebuild -IDEClonedSourcePackagesDirPathOverride=/Users/admin/builder/spi-builder-workspace/.dependencies -skipMacroValidation -skipPackagePluginValidation -derivedDataPath /Users/admin/builder/spi-builder-workspace/.derivedData build -scheme NeedleFoundation -destination platform=macOS,arch=arm64
Resolve Package Graph
Resolved source packages:
  swift-tools-support-core: https://github.com/apple/swift-tools-support-core @ 0.2.7
  Concurrency: https://github.com/uber/swift-concurrency.git @ 0.7.1
  SwiftSyntax: https://github.com/apple/swift-syntax.git @ 0e85cf7 (0e85cf7)
  swift-system: https://github.com/apple/swift-system.git @ 1.1.1
  Needle: /Users/admin/builder/spi-builder-workspace/Generator
  Swift-Common: https://github.com/uber/swift-common.git @ 0.5.0
ComputePackagePrebuildTargetDependencyGraph
Prepare packages
CreateBuildRequest
SendProjectDescription
CreateBuildOperation
ComputeTargetDependencyGraph
note: Building targets in dependency order
note: Target dependency graph (1 target)
    Target 'NeedleFoundation' in project 'NeedleFoundation' (no dependencies)
GatherProvisioningInputs
CreateBuildDescription
/Users/admin/builder/spi-builder-workspace/NeedleFoundation.xcodeproj: error: The macOS deployment target 'MACOSX_DEPLOYMENT_TARGET' is set to 10.10, but the range of supported deployment target versions is 12.0 to 27.0.x. (in target 'NeedleFoundation' from project 'NeedleFoundation')
** BUILD FAILED **
The following build commands failed:
	Building project NeedleFoundation with scheme NeedleFoundation
(1 failure)
BUILD FAILURE 6.4 macosXcodebuild