Build Information
Failed to build d3-async-location, reference main (6191fe), with Swift 6.4 for tvOS using Xcode 27.0 on 21 Sep 2026 15:11:50 UTC.
Build Command
env DEVELOPER_DIR=/Applications/Xcode-27.0.0-Release.Candidate.app xcrun xcodebuild -IDEClonedSourcePackagesDirPathOverride=$PWD/.dependencies -skipMacroValidation -skipPackagePluginValidation -derivedDataPath $PWD/.derivedData build -scheme d3-async-location -destination generic/platform=tvOSBuild Log
========================================
RunAll
========================================
Builder version: 5.1.0
Interrupt handler set up.
========================================
Checkout
========================================
Clone URL: https://github.com/swiftuiux/swift-async-corelocation-streamer.git
Reference: main
Initialized empty Git repository in /Users/admin/builder/spi-builder-workspace/.git/
From https://github.com/swiftuiux/swift-async-corelocation-streamer
* branch main -> FETCH_HEAD
* [new branch] main -> origin/main
HEAD is now at 6191fe0 Update README.md
Cloned https://github.com/swiftuiux/swift-async-corelocation-streamer.git
Revision (git rev-parse @):
6191fe0cb2ea6076e9696484e18b82ed952384c6
SPI manifest file found: $PWD/.spi.yml
SUCCESS checkout https://github.com/swiftuiux/swift-async-corelocation-streamer.git at main
========================================
Build
========================================
Selected platform: tvOS
Swift version: 6.4
Building package at path: $PWD
https://github.com/swiftuiux/swift-async-corelocation-streamer.git
Command line invocation:
/Applications/Xcode-27.0.0-Release.Candidate.app/Contents/Developer/usr/bin/xcodebuild -IDEClonedSourcePackagesDirPathOverride=/Users/admin/builder/spi-builder-workspace/.dependencies -resolvePackageDependencies
Resolve Package Graph
Resolve Package Graph
Resolved source packages:
d3-async-location: /Users/admin/builder/spi-builder-workspace
resolved source packages: d3-async-location
2026-09-21 11:10:58.699 xcodebuild[529:3023] [MT] IDERunDestination: Supported platforms for the buildables in the current scheme is empty.
{
"dependencies" : [
],
"manifest_display_name" : "d3-async-location",
"name" : "d3-async-location",
"path" : "/Users/admin/builder/spi-builder-workspace",
"platforms" : [
{
"name" : "ios",
"version" : "14.0"
},
{
"name" : "watchos",
"version" : "7.0"
}
],
"products" : [
{
"name" : "d3-async-location",
"targets" : [
"d3-async-location"
],
"type" : {
"library" : [
"automatic"
]
}
}
],
"targets" : [
{
"c99name" : "d3_async_locationTests",
"module_type" : "SwiftTarget",
"name" : "d3-async-locationTests",
"path" : "Tests/d3-async-locationTests",
"sources" : [
"d3_async_locationTests.swift"
],
"target_dependencies" : [
"d3-async-location"
],
"type" : "test"
},
{
"c99name" : "d3_async_location",
"module_type" : "SwiftTarget",
"name" : "d3-async-location",
"path" : "Sources/d3-async-location",
"product_memberships" : [
"d3-async-location"
],
"sources" : [
"LocationManagerAsync+/Delegate.swift",
"LocationManagerAsync+/Permission.swift",
"enum/AsyncLocationErrors.swift",
"enum/LocationStreamingState.swift",
"helper/AsyncFIFOQueue.swift",
"helper/LocationManager.swift",
"helper/Strategies.swift",
"protocol/ILocationDelegate.swift",
"protocol/ILocationManager.swift",
"protocol/ILocationResultStrategy.swift",
"protocol/ILocationStreamer.swift",
"service/LocationStreamer.swift",
"service/ObservableLocationStreamer.swift"
],
"type" : "library"
}
],
"tools_version" : "5.6"
}
{
"workspace" : {
"name" : "d3-async-location",
"schemes" : [
"d3-async-location"
]
}
}
2026-09-21 11:11:39.790 xcodebuild[651:4151] [MT] IDERunDestination: Supported platforms for the buildables in the current scheme is empty.
Running build ...
env DEVELOPER_DIR=/Applications/Xcode-27.0.0-Release.Candidate.app xcrun xcodebuild -IDEClonedSourcePackagesDirPathOverride=$PWD/.dependencies -skipMacroValidation -skipPackagePluginValidation -derivedDataPath $PWD/.derivedData build -scheme d3-async-location -destination generic/platform=tvOS
Command line invocation:
/Applications/Xcode-27.0.0-Release.Candidate.app/Contents/Developer/usr/bin/xcodebuild -IDEClonedSourcePackagesDirPathOverride=/Users/admin/builder/spi-builder-workspace/.dependencies -skipMacroValidation -skipPackagePluginValidation -derivedDataPath /Users/admin/builder/spi-builder-workspace/.derivedData build -scheme d3-async-location -destination generic/platform=tvOS
Resolve Package Graph
Resolved source packages:
d3-async-location: /Users/admin/builder/spi-builder-workspace
ComputePackagePrebuildTargetDependencyGraph
Prepare packages
CreateBuildRequest
SendProjectDescription
CreateBuildOperation
ComputeTargetDependencyGraph
note: Building targets in dependency order
note: Target dependency graph (2 targets)
Target 'd3-async-location-product' in project 'd3-async-location'
➜ Explicit dependency on target 'd3-async-location' in project 'd3-async-location'
Target 'd3-async-location' in project 'd3-async-location' (no dependencies)
GatherProvisioningInputs
CreateBuildDescription
ExecuteExternalTool /Applications/Xcode-27.0.0-Release.Candidate.app/Contents/Developer/Toolchains/XcodeDefault.xctoolchain/usr/bin/clang -v -E -dM -isysroot /Applications/Xcode-27.0.0-Release.Candidate.app/Contents/Developer/Platforms/AppleTVOS.platform/Developer/SDKs/AppleTVOS27.0.sdk -x c -c /dev/null
ExecuteExternalTool /Applications/Xcode-27.0.0-Release.Candidate.app/Contents/Developer/Toolchains/XcodeDefault.xctoolchain/usr/bin/swiftc --version
ExecuteExternalTool /Applications/Xcode-27.0.0-Release.Candidate.app/Contents/Developer/Toolchains/XcodeDefault.xctoolchain/usr/bin/ld -version_details
Build description signature: ff0a4a6b08d0e9636fc120c442b8dcf8
Build description path: /Users/admin/builder/spi-builder-workspace/.derivedData/Build/Intermediates.noindex/XCBuildData/ff0a4a6b08d0e9636fc120c442b8dcf8.xcbuilddata
CreateBuildDirectory /Users/admin/builder/spi-builder-workspace/.derivedData/SDKExplicitPrecompiledModules
cd /Users/admin/builder/spi-builder-workspace/.swiftpm/xcode
builtin-create-build-directory /Users/admin/builder/spi-builder-workspace/.derivedData/SDKExplicitPrecompiledModules
CreateBuildDirectory /Users/admin/builder/spi-builder-workspace/.derivedData/ModuleCache.noindex
cd /Users/admin/builder/spi-builder-workspace/.swiftpm/xcode
builtin-create-build-directory /Users/admin/builder/spi-builder-workspace/.derivedData/ModuleCache.noindex
CreateBuildDirectory /Users/admin/builder/spi-builder-workspace/.derivedData/CompilationCache.noindex
cd /Users/admin/builder/spi-builder-workspace/.swiftpm/xcode
builtin-create-build-directory /Users/admin/builder/spi-builder-workspace/.derivedData/CompilationCache.noindex
CreateBuildDirectory /Users/admin/builder/spi-builder-workspace/.derivedData/Build/Products
cd /Users/admin/builder/spi-builder-workspace/.swiftpm/xcode
builtin-create-build-directory /Users/admin/builder/spi-builder-workspace/.derivedData/Build/Products
CreateBuildDirectory /Users/admin/builder/spi-builder-workspace/.derivedData/Build/Intermediates.noindex
cd /Users/admin/builder/spi-builder-workspace/.swiftpm/xcode
builtin-create-build-directory /Users/admin/builder/spi-builder-workspace/.derivedData/Build/Intermediates.noindex
ClangStatCache /Applications/Xcode-27.0.0-Release.Candidate.app/Contents/Developer/Toolchains/XcodeDefault.xctoolchain/usr/bin/clang-stat-cache /Applications/Xcode-27.0.0-Release.Candidate.app/Contents/Developer/Platforms/AppleTVOS.platform/Developer/SDKs/AppleTVOS27.0.sdk /Users/admin/builder/spi-builder-workspace/.derivedData/SDKStatCaches.noindex/appletvos27.0-24J360-e829b21a6f8c9b70876ba0858053c044b32bfd8d43560033f8d89884cdb90028.sdkstatcache
cd /Users/admin/builder/spi-builder-workspace/.swiftpm/xcode
/Applications/Xcode-27.0.0-Release.Candidate.app/Contents/Developer/Toolchains/XcodeDefault.xctoolchain/usr/bin/clang-stat-cache /Applications/Xcode-27.0.0-Release.Candidate.app/Contents/Developer/Platforms/AppleTVOS.platform/Developer/SDKs/AppleTVOS27.0.sdk -o /Users/admin/builder/spi-builder-workspace/.derivedData/SDKStatCaches.noindex/appletvos27.0-24J360-e829b21a6f8c9b70876ba0858053c044b32bfd8d43560033f8d89884cdb90028.sdkstatcache
CreateBuildDirectory /Users/admin/builder/spi-builder-workspace/.derivedData/Build/Intermediates.noindex/SwiftExplicitPrecompiledModules
cd /Users/admin/builder/spi-builder-workspace/.swiftpm/xcode
builtin-create-build-directory /Users/admin/builder/spi-builder-workspace/.derivedData/Build/Intermediates.noindex/SwiftExplicitPrecompiledModules
CreateBuildDirectory /Users/admin/builder/spi-builder-workspace/.derivedData/Build/Intermediates.noindex/PrecompiledHeaders
cd /Users/admin/builder/spi-builder-workspace/.swiftpm/xcode
builtin-create-build-directory /Users/admin/builder/spi-builder-workspace/.derivedData/Build/Intermediates.noindex/PrecompiledHeaders
CreateBuildDirectory /Users/admin/builder/spi-builder-workspace/.derivedData/Build/Intermediates.noindex/ExplicitPrecompiledModules
cd /Users/admin/builder/spi-builder-workspace/.swiftpm/xcode
builtin-create-build-directory /Users/admin/builder/spi-builder-workspace/.derivedData/Build/Intermediates.noindex/ExplicitPrecompiledModules
CreateBuildDirectory /Users/admin/builder/spi-builder-workspace/.derivedData/Build/Intermediates.noindex/EagerLinkingTBDs/Debug-appletvos
cd /Users/admin/builder/spi-builder-workspace/.swiftpm/xcode
builtin-create-build-directory /Users/admin/builder/spi-builder-workspace/.derivedData/Build/Intermediates.noindex/EagerLinkingTBDs/Debug-appletvos
CreateBuildDirectory /Users/admin/builder/spi-builder-workspace/.derivedData/Build/Products/Debug-appletvos
cd /Users/admin/builder/spi-builder-workspace/.swiftpm/xcode
builtin-create-build-directory /Users/admin/builder/spi-builder-workspace/.derivedData/Build/Products/Debug-appletvos
CreateBuildDirectory /Users/admin/builder/spi-builder-workspace/.derivedData/Build/Products/Debug-appletvos/PackageFrameworks
cd /Users/admin/builder/spi-builder-workspace/.swiftpm/xcode
builtin-create-build-directory /Users/admin/builder/spi-builder-workspace/.derivedData/Build/Products/Debug-appletvos/PackageFrameworks
WriteAuxiliaryFile /Users/admin/builder/spi-builder-workspace/.derivedData/Build/Intermediates.noindex/d3-async-location.build/Debug-appletvos/d3-async-location-t.build/d3-async-location.DependencyMetadataFileList (in target 'd3-async-location' from project 'd3-async-location')
cd /Users/admin/builder/spi-builder-workspace
write-file /Users/admin/builder/spi-builder-workspace/.derivedData/Build/Intermediates.noindex/d3-async-location.build/Debug-appletvos/d3-async-location-t.build/d3-async-location.DependencyMetadataFileList
WriteAuxiliaryFile /Users/admin/builder/spi-builder-workspace/.derivedData/Build/Intermediates.noindex/d3-async-location.build/Debug-appletvos/d3-async-location-t.build/d3-async-location.modulemap (in target 'd3-async-location' from project 'd3-async-location')
cd /Users/admin/builder/spi-builder-workspace
write-file /Users/admin/builder/spi-builder-workspace/.derivedData/Build/Intermediates.noindex/d3-async-location.build/Debug-appletvos/d3-async-location-t.build/d3-async-location.modulemap
WriteAuxiliaryFile /Users/admin/builder/spi-builder-workspace/.derivedData/Build/Intermediates.noindex/d3-async-location.build/Debug-appletvos/d3-async-location-t.build/d3-async-location.DependencyStaticMetadataFileList (in target 'd3-async-location' from project 'd3-async-location')
cd /Users/admin/builder/spi-builder-workspace
write-file /Users/admin/builder/spi-builder-workspace/.derivedData/Build/Intermediates.noindex/d3-async-location.build/Debug-appletvos/d3-async-location-t.build/d3-async-location.DependencyStaticMetadataFileList
WriteAuxiliaryFile /Users/admin/builder/spi-builder-workspace/.derivedData/Build/Intermediates.noindex/d3-async-location.build/Debug-appletvos/d3-async-location-t.build/Objects-normal/arm64/d3-async-location_const_extract_protocols.json (in target 'd3-async-location' from project 'd3-async-location')
cd /Users/admin/builder/spi-builder-workspace
write-file /Users/admin/builder/spi-builder-workspace/.derivedData/Build/Intermediates.noindex/d3-async-location.build/Debug-appletvos/d3-async-location-t.build/Objects-normal/arm64/d3-async-location_const_extract_protocols.json
WriteAuxiliaryFile /Users/admin/builder/spi-builder-workspace/.derivedData/Build/Intermediates.noindex/d3-async-location.build/Debug-appletvos/d3-async-location-t.build/Objects-normal/arm64/d3-async-location.SwiftConstValuesFileList (in target 'd3-async-location' from project 'd3-async-location')
cd /Users/admin/builder/spi-builder-workspace
write-file /Users/admin/builder/spi-builder-workspace/.derivedData/Build/Intermediates.noindex/d3-async-location.build/Debug-appletvos/d3-async-location-t.build/Objects-normal/arm64/d3-async-location.SwiftConstValuesFileList
WriteAuxiliaryFile /Users/admin/builder/spi-builder-workspace/.derivedData/Build/Intermediates.noindex/d3-async-location.build/Debug-appletvos/d3-async-location-t.build/Objects-normal/arm64/d3-async-location.SwiftFileList (in target 'd3-async-location' from project 'd3-async-location')
cd /Users/admin/builder/spi-builder-workspace
write-file /Users/admin/builder/spi-builder-workspace/.derivedData/Build/Intermediates.noindex/d3-async-location.build/Debug-appletvos/d3-async-location-t.build/Objects-normal/arm64/d3-async-location.SwiftFileList
WriteAuxiliaryFile /Users/admin/builder/spi-builder-workspace/.derivedData/Build/Intermediates.noindex/d3-async-location.build/Debug-appletvos/d3-async-location-t.build/Objects-normal/arm64/d3-async-location.LinkFileList (in target 'd3-async-location' from project 'd3-async-location')
cd /Users/admin/builder/spi-builder-workspace
write-file /Users/admin/builder/spi-builder-workspace/.derivedData/Build/Intermediates.noindex/d3-async-location.build/Debug-appletvos/d3-async-location-t.build/Objects-normal/arm64/d3-async-location.LinkFileList
WriteAuxiliaryFile /Users/admin/builder/spi-builder-workspace/.derivedData/Build/Intermediates.noindex/d3-async-location.build/Debug-appletvos/d3-async-location-t.build/Objects-normal/arm64/d3-async-location-OutputFileMap.json (in target 'd3-async-location' from project 'd3-async-location')
cd /Users/admin/builder/spi-builder-workspace
write-file /Users/admin/builder/spi-builder-workspace/.derivedData/Build/Intermediates.noindex/d3-async-location.build/Debug-appletvos/d3-async-location-t.build/Objects-normal/arm64/d3-async-location-OutputFileMap.json
Copy /Users/admin/builder/spi-builder-workspace/.derivedData/Build/Intermediates.noindex/GeneratedModuleMaps-appletvos/d3-async-location.modulemap /Users/admin/builder/spi-builder-workspace/.derivedData/Build/Intermediates.noindex/d3-async-location.build/Debug-appletvos/d3-async-location-t.build/d3-async-location.modulemap (in target 'd3-async-location' from project 'd3-async-location')
cd /Users/admin/builder/spi-builder-workspace
builtin-copy -exclude .DS_Store -exclude CVS -exclude .svn -exclude .git -exclude .hg -resolve-src-symlinks /Users/admin/builder/spi-builder-workspace/.derivedData/Build/Intermediates.noindex/d3-async-location.build/Debug-appletvos/d3-async-location-t.build/d3-async-location.modulemap /Users/admin/builder/spi-builder-workspace/.derivedData/Build/Intermediates.noindex/GeneratedModuleMaps-appletvos
SwiftDriver d3-async-location normal arm64 com.apple.xcode.tools.swift.compiler (in target 'd3-async-location' from project 'd3-async-location')
cd /Users/admin/builder/spi-builder-workspace/.swiftpm/xcode
builtin-SwiftDriver -- /Applications/Xcode-27.0.0-Release.Candidate.app/Contents/Developer/Toolchains/XcodeDefault.xctoolchain/usr/bin/swiftc -parse-as-library -module-name d3_async_location -Onone @/Users/admin/builder/spi-builder-workspace/.derivedData/Build/Intermediates.noindex/d3-async-location.build/Debug-appletvos/d3-async-location-t.build/Objects-normal/arm64/d3-async-location.SwiftFileList -DSWIFT_PACKAGE -DDEBUG -DSWIFT_MODULE_RESOURCE_BUNDLE_UNAVAILABLE -DXcode -plugin-path /Applications/Xcode-27.0.0-Release.Candidate.app/Contents/Developer/Toolchains/XcodeDefault.xctoolchain/usr/lib/swift/host/plugins/testing -enable-experimental-feature DebugDescriptionMacro -sdk /Applications/Xcode-27.0.0-Release.Candidate.app/Contents/Developer/Platforms/AppleTVOS.platform/Developer/SDKs/AppleTVOS27.0.sdk -target arm64-apple-tvos15.0 -g -module-cache-path /Users/admin/builder/spi-builder-workspace/.derivedData/ModuleCache.noindex -Xfrontend -serialize-debugging-options -profile-coverage-mapping -profile-generate -enable-testing -index-store-path /Users/admin/builder/spi-builder-workspace/.derivedData/Index.noindex/DataStore -Xcc -D_LIBCPP_HARDENING_MODE\=_LIBCPP_HARDENING_MODE_DEBUG -swift-version 5 -I /Users/admin/builder/spi-builder-workspace/.derivedData/Build/Products/Debug-appletvos -Isystem /Applications/Xcode-27.0.0-Release.Candidate.app/Contents/Developer/Platforms/AppleTVOS.platform/Developer/usr/lib -F /Users/admin/builder/spi-builder-workspace/.derivedData/Build/Products/Debug-appletvos -F /Applications/Xcode-27.0.0-Release.Candidate.app/Contents/Developer/Platforms/AppleTVOS.platform/Developer/Library/Frameworks -F /Applications/Xcode-27.0.0-Release.Candidate.app/Contents/Developer/Platforms/AppleTVOS.platform/Developer/SDKs/AppleTVOS27.0.sdk/Developer/Library/Frameworks -c -j10 -enable-batch-mode -incremental -Xcc -ivfsstatcache -Xcc /Users/admin/builder/spi-builder-workspace/.derivedData/SDKStatCaches.noindex/appletvos27.0-24J360-e829b21a6f8c9b70876ba0858053c044b32bfd8d43560033f8d89884cdb90028.sdkstatcache -output-file-map /Users/admin/builder/spi-builder-workspace/.derivedData/Build/Intermediates.noindex/d3-async-location.build/Debug-appletvos/d3-async-location-t.build/Objects-normal/arm64/d3-async-location-OutputFileMap.json -save-temps -no-color-diagnostics -explicit-module-build -module-cache-path /Users/admin/builder/spi-builder-workspace/.derivedData/Build/Intermediates.noindex/SwiftExplicitPrecompiledModules -clang-scanner-module-cache-path /Users/admin/builder/spi-builder-workspace/.derivedData/ModuleCache.noindex -sdk-module-cache-path /Users/admin/builder/spi-builder-workspace/.derivedData/SDKExplicitPrecompiledModules -emit-dependencies -emit-module -emit-module-path /Users/admin/builder/spi-builder-workspace/.derivedData/Build/Intermediates.noindex/d3-async-location.build/Debug-appletvos/d3-async-location-t.build/Objects-normal/arm64/d3_async_location.swiftmodule -serialize-diagnostics -dependency-scan-serialize-diagnostics-path /Users/admin/builder/spi-builder-workspace/.derivedData/Build/Intermediates.noindex/d3-async-location.build/Debug-appletvos/d3-async-location-t.build/Objects-normal/arm64/d3_async_location-dependency-scan.dia -validate-clang-modules-once -clang-build-session-file /Users/admin/builder/spi-builder-workspace/.derivedData/ModuleCache.noindex/Session.modulevalidation -Xcc -fmodules-prune-interval\=86400 -Xcc -fmodules-prune-after\=345600 -emit-const-values -const-gather-protocols-list /Users/admin/builder/spi-builder-workspace/.derivedData/Build/Intermediates.noindex/d3-async-location.build/Debug-appletvos/d3-async-location-t.build/Objects-normal/arm64/d3-async-location_const_extract_protocols.json -Xcc -I/Users/admin/builder/spi-builder-workspace/.derivedData/Build/Products/Debug-appletvos/include -Xcc -I/Users/admin/builder/spi-builder-workspace/.derivedData/Build/Intermediates.noindex/d3-async-location.build/Debug-appletvos/d3-async-location-t.build/DerivedSources-normal/arm64 -Xcc -I/Users/admin/builder/spi-builder-workspace/.derivedData/Build/Intermediates.noindex/d3-async-location.build/Debug-appletvos/d3-async-location-t.build/DerivedSources/arm64 -Xcc -I/Users/admin/builder/spi-builder-workspace/.derivedData/Build/Intermediates.noindex/d3-async-location.build/Debug-appletvos/d3-async-location-t.build/DerivedSources -Xcc -DSWIFT_PACKAGE -Xcc -DDEBUG\=1 -emit-objc-header -emit-objc-header-path /Users/admin/builder/spi-builder-workspace/.derivedData/Build/Intermediates.noindex/d3-async-location.build/Debug-appletvos/d3-async-location-t.build/Objects-normal/arm64/d3-async-location-Swift.h -working-directory /Users/admin/builder/spi-builder-workspace/.swiftpm/xcode -experimental-emit-module-separately -disable-cmo
SwiftExplicitDependencyGeneratePcm arm64 /Users/admin/builder/spi-builder-workspace/.derivedData/SDKExplicitPrecompiledModules/_Builtin_stdarg-BO2OCAUYVAXDRVQWQ8ISKGNUQ.pcm
SwiftExplicitDependencyGeneratePcm arm64 /Users/admin/builder/spi-builder-workspace/.derivedData/SDKExplicitPrecompiledModules/SwiftShims-8N4EXJ4RUJTR8K9OO3CMOH1EP.pcm
SwiftExplicitDependencyGeneratePcm arm64 /Users/admin/builder/spi-builder-workspace/.derivedData/SDKExplicitPrecompiledModules/_AvailabilityInternal-BV2EDDP0MI5QJDDPEEV4D9D3V.pcm
SwiftExplicitDependencyGeneratePcm arm64 /Users/admin/builder/spi-builder-workspace/.derivedData/SDKExplicitPrecompiledModules/_Builtin_stddef-9ZJZ6FDEZNKTZU8YLPMFT9RAQ.pcm
SwiftExplicitDependencyGeneratePcm arm64 /Users/admin/builder/spi-builder-workspace/.derivedData/SDKExplicitPrecompiledModules/DeveloperToolsSupport-B1X8RI63V48AJRTH2RK6JAARV.pcm
SwiftExplicitDependencyGeneratePcm arm64 /Users/admin/builder/spi-builder-workspace/.derivedData/SDKExplicitPrecompiledModules/ptrauth-8X2KEPL7CTRPS40TUB9APHPK6.pcm
SwiftExplicitDependencyGeneratePcm arm64 /Users/admin/builder/spi-builder-workspace/.derivedData/SDKExplicitPrecompiledModules/_Builtin_stdbool-AHRDH5EKLY6D04C5E42F3VCQI.pcm
SwiftExplicitDependencyGeneratePcm arm64 /Users/admin/builder/spi-builder-workspace/.derivedData/SDKExplicitPrecompiledModules/_SwiftConcurrencyShims-BY5PD8KF1L5KF6F4Q69HE3TJ4.pcm
SwiftExplicitDependencyGeneratePcm arm64 /Users/admin/builder/spi-builder-workspace/.derivedData/SDKExplicitPrecompiledModules/ptrcheck-2AZ6B5IBYD3RRRTFWN2ONASY3.pcm
SwiftExplicitDependencyGeneratePcm arm64 /Users/admin/builder/spi-builder-workspace/.derivedData/SDKExplicitPrecompiledModules/_Builtin_float-8ZJAYZ85YBOAOP52Y9H6IUNP3.pcm
SwiftExplicitDependencyGeneratePcm arm64 /Users/admin/builder/spi-builder-workspace/.derivedData/SDKExplicitPrecompiledModules/_DarwinFoundation1-JOTYMOA1YZCIJ2NON6FQ848O.pcm
SwiftExplicitDependencyGeneratePcm arm64 /Users/admin/builder/spi-builder-workspace/.derivedData/SDKExplicitPrecompiledModules/_DarwinFoundation2-AOGAN1O02NKXRJN5V73AV3V3M.pcm
SwiftExplicitDependencyGeneratePcm arm64 /Users/admin/builder/spi-builder-workspace/.derivedData/SDKExplicitPrecompiledModules/_Builtin_limits-7JU2HP127LIT1X9E2V3D8WZ1.pcm
SwiftExplicitDependencyGeneratePcm arm64 /Users/admin/builder/spi-builder-workspace/.derivedData/SDKExplicitPrecompiledModules/_Builtin_tgmath-7ULT1EUHDHW4OZPSTT33H6QGE.pcm
SwiftExplicitDependencyGeneratePcm arm64 /Users/admin/builder/spi-builder-workspace/.derivedData/SDKExplicitPrecompiledModules/string_h-6EVHP7A717OUS5DMC78F79HWO.pcm
SwiftExplicitDependencyGeneratePcm arm64 /Users/admin/builder/spi-builder-workspace/.derivedData/SDKExplicitPrecompiledModules/_Builtin_stdint-6NFTB6IBKS143IVPGT1EKB7HO.pcm
SwiftExplicitDependencyGeneratePcm arm64 /Users/admin/builder/spi-builder-workspace/.derivedData/SDKExplicitPrecompiledModules/sys_types-8GCAV1YMG5UUGHUID3CA20TCH.pcm
SwiftExplicitDependencyGeneratePcm arm64 /Users/admin/builder/spi-builder-workspace/.derivedData/SDKExplicitPrecompiledModules/_DarwinFoundation3-8SR3855WDFHQPR6G9GHOI2C07.pcm
SwiftExplicitDependencyGeneratePcm arm64 /Users/admin/builder/spi-builder-workspace/.derivedData/SDKExplicitPrecompiledModules/_Builtin_intrinsics-437O2R2NID4WAQVENR63GR82C.pcm
SwiftExplicitDependencyGeneratePcm arm64 /Users/admin/builder/spi-builder-workspace/.derivedData/SDKExplicitPrecompiledModules/_Builtin_stdatomic-3YXHN678NGYM3NL9POJ2HVEIF.pcm
SwiftExplicitDependencyGeneratePcm arm64 /Users/admin/builder/spi-builder-workspace/.derivedData/SDKExplicitPrecompiledModules/_Builtin_inttypes-6X1IQ3QK9KEVKXOK9Y79EW7J3.pcm
SwiftExplicitDependencyGeneratePcm arm64 /Users/admin/builder/spi-builder-workspace/.derivedData/SDKExplicitPrecompiledModules/Darwin-DBSQAVBBPC3D2OMU5ZI2RXMST.pcm
SwiftExplicitDependencyGeneratePcm arm64 /Users/admin/builder/spi-builder-workspace/.derivedData/SDKExplicitPrecompiledModules/simd-117QUXEUT3Z7UQCUYWV2UA228.pcm
SwiftExplicitDependencyGeneratePcm arm64 /Users/admin/builder/spi-builder-workspace/.derivedData/SDKExplicitPrecompiledModules/ObjectiveC-5250FDCE56N8508OR6XUYDKZM.pcm
SwiftExplicitDependencyGeneratePcm arm64 /Users/admin/builder/spi-builder-workspace/.derivedData/SDKExplicitPrecompiledModules/MachO-EH3F5PJCIZG05NO51CEFSZYPW.pcm
SwiftExplicitDependencyGeneratePcm arm64 /Users/admin/builder/spi-builder-workspace/.derivedData/SDKExplicitPrecompiledModules/os_object-E2DGZ0SX0TULQHULZRPO6OKNW.pcm
SwiftExplicitDependencyGeneratePcm arm64 /Users/admin/builder/spi-builder-workspace/.derivedData/SDKExplicitPrecompiledModules/os_workgroup-DBUFF7811DKMX7VPBOJPGGF1U.pcm
SwiftExplicitDependencyGeneratePcm arm64 /Users/admin/builder/spi-builder-workspace/.derivedData/SDKExplicitPrecompiledModules/Spatial-7U8NLEFXSB8BR7PJQGVMF5A4Q.pcm
SwiftExplicitDependencyGeneratePcm arm64 /Users/admin/builder/spi-builder-workspace/.derivedData/SDKExplicitPrecompiledModules/Dispatch-1QL58A0V50C39KVAIC6C38SHL.pcm
SwiftExplicitDependencyGeneratePcm arm64 /Users/admin/builder/spi-builder-workspace/.derivedData/SDKExplicitPrecompiledModules/XPC-6O2DJFT3QUJ7QKTD3SNUB6PCR.pcm
SwiftExplicitDependencyGeneratePcm arm64 /Users/admin/builder/spi-builder-workspace/.derivedData/SDKExplicitPrecompiledModules/CoreFoundation-7TPJ7ENDC4L1A1ESHYI9TXS0D.pcm
SwiftExplicitDependencyGeneratePcm arm64 /Users/admin/builder/spi-builder-workspace/.derivedData/SDKExplicitPrecompiledModules/os-3GJI8H0BNAEZPQPQ1V0VVY3FY.pcm
SwiftExplicitDependencyGeneratePcm arm64 /Users/admin/builder/spi-builder-workspace/.derivedData/SDKExplicitPrecompiledModules/CoreAudioTypes-E7EH96HAL3G83QSWLT7VWYIP4.pcm
SwiftExplicitDependencyGeneratePcm arm64 /Users/admin/builder/spi-builder-workspace/.derivedData/SDKExplicitPrecompiledModules/Security-8VMXEKVDA3MHUH9AOTP905DID.pcm
SwiftExplicitDependencyGeneratePcm arm64 /Users/admin/builder/spi-builder-workspace/.derivedData/SDKExplicitPrecompiledModules/CFNetwork-2CUR2VK9S3S3WPFXPNXNUWYGN.pcm
SwiftExplicitDependencyGeneratePcm arm64 /Users/admin/builder/spi-builder-workspace/.derivedData/SDKExplicitPrecompiledModules/CoreGraphics-CWSP3J98S2658BYCVL6RP99T3.pcm
SwiftExplicitDependencyGeneratePcm arm64 /Users/admin/builder/spi-builder-workspace/.derivedData/SDKExplicitPrecompiledModules/CoreAudio-6IR1XRM0Q9YQZMFW89F3H4V3X.pcm
SwiftExplicitDependencyGeneratePcm arm64 /Users/admin/builder/spi-builder-workspace/.derivedData/SDKExplicitPrecompiledModules/Foundation-BSSIP64DIGUKMAYJOG1WPQ78X.pcm
SwiftExplicitDependencyGeneratePcm arm64 /Users/admin/builder/spi-builder-workspace/.derivedData/SDKExplicitPrecompiledModules/ImageIO-88D4CLEBD4CLWQKT78PZ6H1O8.pcm
SwiftExplicitDependencyGeneratePcm arm64 /Users/admin/builder/spi-builder-workspace/.derivedData/SDKExplicitPrecompiledModules/CoreText-59NY7PABM0I4V978161FOC04A.pcm
SwiftExplicitDependencyGeneratePcm arm64 /Users/admin/builder/spi-builder-workspace/.derivedData/SDKExplicitPrecompiledModules/UserNotifications-E9ZW5TH066WIJWH9080RC5NG4.pcm
SwiftExplicitDependencyGeneratePcm arm64 /Users/admin/builder/spi-builder-workspace/.derivedData/SDKExplicitPrecompiledModules/CoreTransferable-7V4O8DATEQ9F7SDNTCW8YWLG3.pcm
SwiftExplicitDependencyGeneratePcm arm64 /Users/admin/builder/spi-builder-workspace/.derivedData/SDKExplicitPrecompiledModules/UIUtilities-6ZFJ1AK4H8IBGEBMYQBWGBYLK.pcm
SwiftExplicitDependencyGeneratePcm arm64 /Users/admin/builder/spi-builder-workspace/.derivedData/SDKExplicitPrecompiledModules/OSLog-7OT6HHTMY0ZFEQJ095LJZ6NLC.pcm
SwiftExplicitDependencyGeneratePcm arm64 /Users/admin/builder/spi-builder-workspace/.derivedData/SDKExplicitPrecompiledModules/DataDetection-37JIYZ2GWDA1L166PP1D9JKAF.pcm
SwiftExplicitDependencyGeneratePcm arm64 /Users/admin/builder/spi-builder-workspace/.derivedData/SDKExplicitPrecompiledModules/UniformTypeIdentifiers-95CC8U42ZA9STP5K6GP9ZVJS5.pcm
SwiftExplicitDependencyGeneratePcm arm64 /Users/admin/builder/spi-builder-workspace/.derivedData/SDKExplicitPrecompiledModules/IOSurface-38FJ1CKX9FV2RD97O64Z7QB17.pcm
SwiftExplicitDependencyGeneratePcm arm64 /Users/admin/builder/spi-builder-workspace/.derivedData/SDKExplicitPrecompiledModules/CoreData-DYMPHH3PH8AX9I1FHA4VFJ675.pcm
SwiftExplicitDependencyGeneratePcm arm64 /Users/admin/builder/spi-builder-workspace/.derivedData/SDKExplicitPrecompiledModules/Accessibility-B6BODGZ4MQQTY0PBC4SHRP009.pcm
SwiftExplicitDependencyGeneratePcm arm64 /Users/admin/builder/spi-builder-workspace/.derivedData/SDKExplicitPrecompiledModules/_LocationEssentials-ETSJ65FELPWR8WH8G49R1DF2E.pcm
SwiftExplicitDependencyGeneratePcm arm64 /Users/admin/builder/spi-builder-workspace/.derivedData/SDKExplicitPrecompiledModules/Symbols-B5AU9VM9Y7NU79RLMH13Z4IFM.pcm
SwiftExplicitDependencyGeneratePcm arm64 /Users/admin/builder/spi-builder-workspace/.derivedData/SDKExplicitPrecompiledModules/CoreLocation-YVXXAOMVX0JH2KO1XTTKTY51.pcm
SwiftExplicitDependencyGeneratePcm arm64 /Users/admin/builder/spi-builder-workspace/.derivedData/SDKExplicitPrecompiledModules/OpenGLES-4NY99CNDU9WUNUYEIXSS1QFGE.pcm
SwiftExplicitDependencyGeneratePcm arm64 /Users/admin/builder/spi-builder-workspace/.derivedData/SDKExplicitPrecompiledModules/Metal-2KYBS7IML1SD788M91YV7Q0CC.pcm
SwiftExplicitDependencyGeneratePcm arm64 /Users/admin/builder/spi-builder-workspace/.derivedData/SDKExplicitPrecompiledModules/CoreVideo-DPU0PB5X0XLSVA2ETRGI6FJBM.pcm
SwiftExplicitDependencyGeneratePcm arm64 /Users/admin/builder/spi-builder-workspace/.derivedData/SDKExplicitPrecompiledModules/CoreImage-7S2AFJ8EIY3DUFYLEAX1JR1QV.pcm
SwiftExplicitDependencyGeneratePcm arm64 /Users/admin/builder/spi-builder-workspace/.derivedData/SDKExplicitPrecompiledModules/CoreMedia-4OUKVT03LV547KZJDPPJRJ4F8.pcm
SwiftExplicitDependencyGeneratePcm arm64 /Users/admin/builder/spi-builder-workspace/.derivedData/SDKExplicitPrecompiledModules/QuartzCore-DJSYAWKXFGVSAK5CQMOB3JSR.pcm
SwiftExplicitDependencyGeneratePcm arm64 /Users/admin/builder/spi-builder-workspace/.derivedData/SDKExplicitPrecompiledModules/SwiftUICore-543QU5V2NHKUFCYFJDKUJ7NYG.pcm
SwiftExplicitDependencyGeneratePcm arm64 /Users/admin/builder/spi-builder-workspace/.derivedData/SDKExplicitPrecompiledModules/UIKit-1TKWN7VC2X6N3ITMRVA2G0EB2.pcm
SwiftExplicitDependencyGeneratePcm arm64 /Users/admin/builder/spi-builder-workspace/.derivedData/SDKExplicitPrecompiledModules/SwiftUI-7BV1YDT6IZWW6B8OC6ENV0Y0F.pcm
SwiftEmitModule normal arm64 Emitting\ module\ for\ d3_async_location (in target 'd3-async-location' from project 'd3-async-location')
/Users/admin/builder/spi-builder-workspace/Sources/d3-async-location/service/ObservableLocationStreamer.swift:15:2: error: 'Observable()' is only available in tvOS 17.0 or newer
13 | /// ViewModel for asynchronously posting location updates.
14 | @available(iOS 17.0, watchOS 10.0, *)
15 | @Observable
| `- error: 'Observable()' is only available in tvOS 17.0 or newer
16 | public final class ObservableLocationStreamer: ILocationStreamer{
17 |
macro expansion @Observable:1:2: error: 'ObservationTracked()' is only available in tvOS 17.0 or newer
`- /Users/admin/builder/spi-builder-workspace/Sources/d3-async-location/service/ObservableLocationStreamer.swift:31:16: note: expanded code originates here
13 | /// ViewModel for asynchronously posting location updates.
14 | @available(iOS 17.0, watchOS 10.0, *)
15 | @Observable
| `- note: in expansion of macro 'Observable' on property 'results' here
16 | public final class ObservableLocationStreamer: ILocationStreamer{
| `- note: add '@available' attribute to enclosing class
17 |
18 | /// Represents the output of the location manager.
:
29 | /// Use this publisher to feed Views with updates or create a proxy to manipulate the flow,
30 | /// such as filtering, mapping, or dropping results.
31 | @MainActor public private(set) var results: [Output] = []
+--- macro expansion @Observable -----------------------------------
|1 | @ObservationTracked
| | `- error: 'ObservationTracked()' is only available in tvOS 17.0 or newer
+-------------------------------------------------------------------
32 |
33 | /// Current streaming state of the ViewModel.
macro expansion @Observable:1:2: error: 'ObservationTracked()' is only available in tvOS 17.0 or newer
`- /Users/admin/builder/spi-builder-workspace/Sources/d3-async-location/service/ObservableLocationStreamer.swift:34:16: note: expanded code originates here
13 | /// ViewModel for asynchronously posting location updates.
14 | @available(iOS 17.0, watchOS 10.0, *)
15 | @Observable
| `- note: in expansion of macro 'Observable' on property 'state' here
16 | public final class ObservableLocationStreamer: ILocationStreamer{
| `- note: add '@available' attribute to enclosing class
17 |
18 | /// Represents the output of the location manager.
:
32 |
33 | /// Current streaming state of the ViewModel.
34 | @MainActor public private(set) var state: LocationStreamingState = .idle
+--- macro expansion @Observable -----------------------------------
|1 | @ObservationTracked
| | `- error: 'ObservationTracked()' is only available in tvOS 17.0 or newer
+-------------------------------------------------------------------
35 |
36 | // MARK: - Private Properties
macro expansion @Observable:1:2: error: 'ObservationIgnored()' is only available in tvOS 17.0 or newer
`- /Users/admin/builder/spi-builder-workspace/Sources/d3-async-location/service/ObservableLocationStreamer.swift:138:1: note: expanded code originates here
13 | /// ViewModel for asynchronously posting location updates.
14 | @available(iOS 17.0, watchOS 10.0, *)
15 | @Observable
| `- note: in expansion of macro 'Observable' on class 'ObservableLocationStreamer' here
16 | public final class ObservableLocationStreamer: ILocationStreamer{
| `- note: add '@available' attribute to enclosing class
17 |
18 | /// Represents the output of the location manager.
:
136 | state = value
137 | }
138 | }
+--- macro expansion @Observable -----------------------------------
| 1 | @ObservationIgnored private let _$observationRegistrar = Observation.ObservationRegistrar()
| | `- error: 'ObservationIgnored()' is only available in tvOS 17.0 or newer
| 2 |
| 3 | internal nonisolated func access<$s17d3_async_location26ObservableLocationStreamer0D0fMm_6MemberfMu_>(
+-------------------------------------------------------------------
139 |
140 | #endif
macro expansion @ObservationTracked:12:2: error: 'ObservationIgnored()' is only available in tvOS 17.0 or newer
`- /Users/admin/builder/spi-builder-workspace/Sources/d3-async-location/service/ObservableLocationStreamer.swift:31:62: note: expanded code originates here
14 | @available(iOS 17.0, watchOS 10.0, *)
15 | @Observable
16 | public final class ObservableLocationStreamer: ILocationStreamer{
| `- note: add '@available' attribute to enclosing class
17 |
18 | /// Represents the output of the location manager.
:
29 | /// Use this publisher to feed Views with updates or create a proxy to manipulate the flow,
30 | /// such as filtering, mapping, or dropping results.
31 | @MainActor public private(set) var results: [Output] = []
+--- macro expansion @ObservationTracked ---------------------------
|10 | /// such as filtering, mapping, or dropping results.
|11 | @MainActor
|12 | @ObservationIgnored
| | `- error: 'ObservationIgnored()' is only available in tvOS 17.0 or newer
|13 | private var _results: [Output] = []
+-------------------------------------------------------------------
32 |
33 | /// Current streaming state of the ViewModel.
macro expansion @ObservationTracked:6:2: error: 'ObservationIgnored()' is only available in tvOS 17.0 or newer
`- /Users/admin/builder/spi-builder-workspace/Sources/d3-async-location/service/ObservableLocationStreamer.swift:34:77: note: expanded code originates here
14 | @available(iOS 17.0, watchOS 10.0, *)
15 | @Observable
16 | public final class ObservableLocationStreamer: ILocationStreamer{
| `- note: add '@available' attribute to enclosing class
17 |
18 | /// Represents the output of the location manager.
:
32 |
33 | /// Current streaming state of the ViewModel.
34 | @MainActor public private(set) var state: LocationStreamingState = .idle
+--- macro expansion @ObservationTracked ---------------------------
|4 | /// Current streaming state of the ViewModel.
|5 | @MainActor
|6 | @ObservationIgnored
| | `- error: 'ObservationIgnored()' is only available in tvOS 17.0 or newer
|7 | private var _state: LocationStreamingState = .idle
+-------------------------------------------------------------------
35 |
36 | // MARK: - Private Properties
macro expansion @Observable:1:70: error: 'ObservationRegistrar' is only available in tvOS 17.0 or newer
`- /Users/admin/builder/spi-builder-workspace/Sources/d3-async-location/service/ObservableLocationStreamer.swift:138:1: note: expanded code originates here
13 | /// ViewModel for asynchronously posting location updates.
14 | @available(iOS 17.0, watchOS 10.0, *)
15 | @Observable
| `- note: in expansion of macro 'Observable' on class 'ObservableLocationStreamer' here
16 | public final class ObservableLocationStreamer: ILocationStreamer{
| `- note: add '@available' attribute to enclosing class
17 |
18 | /// Represents the output of the location manager.
:
136 | state = value
137 | }
138 | }
+--- macro expansion @Observable -----------------------------------
| 1 | @ObservationIgnored private let _$observationRegistrar = Observation.ObservationRegistrar()
| | `- error: 'ObservationRegistrar' is only available in tvOS 17.0 or newer
| 2 |
| 3 | internal nonisolated func access<$s17d3_async_location26ObservableLocationStreamer0D0fMm_6MemberfMu_>(
+-------------------------------------------------------------------
139 |
140 | #endif
/Users/admin/builder/spi-builder-workspace/Sources/d3-async-location/service/ObservableLocationStreamer.swift:15:2: error: 'Observable()' is only available in tvOS 17.0 or newer
13 | /// ViewModel for asynchronously posting location updates.
14 | @available(iOS 17.0, watchOS 10.0, *)
15 | @Observable
| `- error: 'Observable()' is only available in tvOS 17.0 or newer
16 | public final class ObservableLocationStreamer: ILocationStreamer{
| `- note: add '@available' attribute to enclosing class
17 |
18 | /// Represents the output of the location manager.
Failed frontend command:
SwiftCompile normal arm64 (in target 'd3-async-location' from project 'd3-async-location')
cd /Users/admin/builder/spi-builder-workspace/.swiftpm/xcode
/Applications/Xcode-27.0.0-Release.Candidate.app/Contents/Developer/Toolchains/XcodeDefault.xctoolchain/usr/bin/swift-frontend -frontend -emit-module -experimental-skip-non-inlinable-function-bodies-without-types /Users/admin/builder/spi-builder-workspace/Sources/d3-async-location/LocationManagerAsync+/Delegate.swift /Users/admin/builder/spi-builder-workspace/Sources/d3-async-location/LocationManagerAsync+/Permission.swift /Users/admin/builder/spi-builder-workspace/Sources/d3-async-location/enum/AsyncLocationErrors.swift /Users/admin/builder/spi-builder-workspace/Sources/d3-async-location/enum/LocationStreamingState.swift /Users/admin/builder/spi-builder-workspace/Sources/d3-async-location/helper/AsyncFIFOQueue.swift /Users/admin/builder/spi-builder-workspace/Sources/d3-async-location/helper/LocationManager.swift /Users/admin/builder/spi-builder-workspace/Sources/d3-async-location/helper/Strategies.swift /Users/admin/builder/spi-builder-workspace/Sources/d3-async-location/protocol/ILocationDelegate.swift /Users/admin/builder/spi-builder-workspace/Sources/d3-async-location/protocol/ILocationManager.swift /Users/admin/builder/spi-builder-workspace/Sources/d3-async-location/protocol/ILocationResultStrategy.swift /Users/admin/builder/spi-builder-workspace/Sources/d3-async-location/protocol/ILocationStreamer.swift /Users/admin/builder/spi-builder-workspace/Sources/d3-async-location/service/LocationStreamer.swift /Users/admin/builder/spi-builder-workspace/Sources/d3-async-location/service/ObservableLocationStreamer.swift -target arm64-apple-tvos15.0 -module-can-import-version Observation 6.4.0.31 0 -disable-cross-import-overlay-search -load-resolved-plugin /Applications/Xcode-27.0.0-Release.Candidate.app/Contents/Developer/Platforms/AppleTVOS.platform/Developer/usr/lib/swift/host/plugins/libFoundationMacros.dylib\#/Applications/Xcode-27.0.0-Release.Candidate.app/Contents/Developer/Platforms/AppleTVOS.platform/Developer/usr/bin/swift-plugin-server\#FoundationMacros -load-resolved-plugin /Applications/Xcode-27.0.0-Release.Candidate.app/Contents/Developer/Platforms/AppleTVOS.platform/Developer/usr/lib/swift/host/plugins/libObservationMacros.dylib\#/Applications/Xcode-27.0.0-Release.Candidate.app/Contents/Developer/Platforms/AppleTVOS.platform/Developer/usr/bin/swift-plugin-server\#ObservationMacros -load-resolved-plugin /Applications/Xcode-27.0.0-Release.Candidate.app/Contents/Developer/Platforms/AppleTVOS.platform/Developer/usr/lib/swift/host/plugins/libPreviewsMacros.dylib\#/Applications/Xcode-27.0.0-Release.Candidate.app/Contents/Developer/Platforms/AppleTVOS.platform/Developer/usr/bin/swift-plugin-server\#PreviewsMacros -load-resolved-plugin /Applications/Xcode-27.0.0-Release.Candidate.app/Contents/Developer/Platforms/AppleTVOS.platform/Developer/usr/lib/swift/host/plugins/libSwiftMacros.dylib\#/Applications/Xcode-27.0.0-Release.Candidate.app/Contents/Developer/Platforms/AppleTVOS.platform/Developer/usr/bin/swift-plugin-server\#SwiftMacros -load-resolved-plugin /Applications/Xcode-27.0.0-Release.Candidate.app/Contents/Developer/Platforms/AppleTVOS.platform/Developer/usr/lib/swift/host/plugins/libSwiftUIMacros.dylib\#/Applications/Xcode-27.0.0-Release.Candidate.app/Contents/Developer/Platforms/AppleTVOS.platform/Developer/usr/bin/swift-plugin-server\#SwiftUIMacros -disable-implicit-swift-modules -Xcc -fno-implicit-modules -Xcc -fno-implicit-module-maps -explicit-swift-module-map-file /Users/admin/builder/spi-builder-workspace/.derivedData/Build/Intermediates.noindex/d3-async-location.build/Debug-appletvos/d3-async-location-t.build/Objects-normal/arm64/d3_async_location-dependencies-1.json -Xllvm -aarch64-use-tbi -enable-objc-interop -stack-check -sdk /Applications/Xcode-27.0.0-Release.Candidate.app/Contents/Developer/Platforms/AppleTVOS.platform/Developer/SDKs/AppleTVOS27.0.sdk -I /Users/admin/builder/spi-builder-workspace/.derivedData/Build/Products/Debug-appletvos -Isystem /Applications/Xcode-27.0.0-Release.Candidate.app/Contents/Developer/Platforms/AppleTVOS.platform/Developer/usr/lib -F /Users/admin/builder/spi-builder-workspace/.derivedData/Build/Products/Debug-appletvos -F /Applications/Xcode-27.0.0-Release.Candidate.app/Contents/Developer/Platforms/AppleTVOS.platform/Developer/Library/Frameworks -F /Applications/Xcode-27.0.0-Release.Candidate.app/Contents/Developer/Platforms/AppleTVOS.platform/Developer/SDKs/AppleTVOS27.0.sdk/Developer/Library/Frameworks -module-cache-path /Users/admin/builder/spi-builder-workspace/.derivedData/Build/Intermediates.noindex/SwiftExplicitPrecompiledModules -no-color-diagnostics -Xcc -fno-color-diagnostics -enable-testing -g -debug-info-format\=dwarf -dwarf-version\=4 -profile-generate -profile-coverage-mapping -swift-version 5 -Onone -D SWIFT_PACKAGE -D DEBUG -D SWIFT_MODULE_RESOURCE_BUNDLE_UNAVAILABLE -D Xcode -serialize-debugging-options -enable-experimental-feature DebugDescriptionMacro -empty-abi-descriptor -validate-clang-modules-once -clang-build-session-file /Users/admin/builder/spi-builder-workspace/.derivedData/ModuleCache.noindex/Session.modulevalidation -Xcc -working-directory -Xcc /Users/admin/builder/spi-builder-workspace/.swiftpm/xcode -enable-anonymous-context-mangled-names -file-compilation-dir /Users/admin/builder/spi-builder-workspace/.swiftpm/xcode -Xcc -D_LIBCPP_HARDENING_MODE\=_LIBCPP_HARDENING_MODE_DEBUG -Xcc -ivfsstatcache -Xcc /Users/admin/builder/spi-builder-workspace/.derivedData/SDKStatCaches.noindex/appletvos27.0-24J360-e829b21a6f8c9b70876ba0858053c044b32bfd8d43560033f8d89884cdb90028.sdkstatcache -Xcc -fmodules-prune-interval\=86400 -Xcc -fmodules-prune-after\=345600 -Xcc -I/Users/admin/builder/spi-builder-workspace/.derivedData/Build/Products/Debug-appletvos/include -Xcc -I/Users/admin/builder/spi-builder-workspace/.derivedData/Build/Intermediates.noindex/d3-async-location.build/Debug-appletvos/d3-async-location-t.build/DerivedSources-normal/arm64 -Xcc -I/Users/admin/builder/spi-builder-workspace/.derivedData/Build/Intermediates.noindex/d3-async-location.build/Debug-appletvos/d3-async-location-t.build/DerivedSources/arm64 -Xcc -I/Users/admin/builder/spi-builder-workspace/.derivedData/Build/Intermediates.noindex/d3-async-location.build/Debug-appletvos/d3-async-location-t.build/DerivedSources -Xcc -DSWIFT_PACKAGE -Xcc -DDEBUG\=1 -no-auto-bridging-header-chaining -module-name d3_async_location -const-gather-protocols-file /Users/admin/builder/spi-builder-workspace/.derivedData/Build/Intermediates.noindex/d3-async-location.build/Debug-appletvos/d3-async-location-t.build/Objects-normal/arm64/d3-async-location_const_extract_protocols.json -disable-clang-spi -clang-target arm64-apple-tvos27.0 -target-sdk-version 27.0 -target-sdk-name appletvos27.0 -in-process-plugin-server-path /Applications/Xcode-27.0.0-Release.Candidate.app/Contents/Developer/Toolchains/XcodeDefault.xctoolchain/usr/lib/swift/host/libSwiftInProcPluginServer.dylib -emit-module-doc-path /Users/admin/builder/spi-builder-workspace/.derivedData/Build/Intermediates.noindex/d3-async-location.build/Debug-appletvos/d3-async-location-t.build/Objects-normal/arm64/d3_async_location.swiftdoc -emit-module-source-info-path /Users/admin/builder/spi-builder-workspace/.derivedData/Build/Intermediates.noindex/d3-async-location.build/Debug-appletvos/d3-async-location-t.build/Objects-normal/arm64/d3_async_location.swiftsourceinfo -emit-objc-header-path /Users/admin/builder/spi-builder-workspace/.derivedData/Build/Intermediates.noindex/d3-async-location.build/Debug-appletvos/d3-async-location-t.build/Objects-normal/arm64/d3-async-location-Swift.h -serialize-diagnostics-path /Users/admin/builder/spi-builder-workspace/.derivedData/Build/Intermediates.noindex/d3-async-location.build/Debug-appletvos/d3-async-location-t.build/Objects-normal/arm64/d3-async-location-primary-emit-module.dia -emit-dependencies-path /Users/admin/builder/spi-builder-workspace/.derivedData/Build/Intermediates.noindex/d3-async-location.build/Debug-appletvos/d3-async-location-t.build/Objects-normal/arm64/d3-async-location-primary-emit-module.d -parse-as-library -o /Users/admin/builder/spi-builder-workspace/.derivedData/Build/Intermediates.noindex/d3-async-location.build/Debug-appletvos/d3-async-location-t.build/Objects-normal/arm64/d3_async_location.swiftmodule -emit-abi-descriptor-path /Users/admin/builder/spi-builder-workspace/.derivedData/Build/Intermediates.noindex/d3-async-location.build/Debug-appletvos/d3-async-location-t.build/Objects-normal/arm64/d3_async_location.abi.json
SwiftCompile normal arm64 Compiling\ LocationStreamer.swift /Users/admin/builder/spi-builder-workspace/Sources/d3-async-location/service/LocationStreamer.swift (in target 'd3-async-location' from project 'd3-async-location')
SwiftCompile normal arm64 /Users/admin/builder/spi-builder-workspace/Sources/d3-async-location/service/LocationStreamer.swift (in target 'd3-async-location' from project 'd3-async-location')
cd /Users/admin/builder/spi-builder-workspace/.swiftpm/xcode
builtin-SwiftPerFileCompile LocationStreamer.swift
SwiftCompile normal arm64 Compiling\ ILocationStreamer.swift /Users/admin/builder/spi-builder-workspace/Sources/d3-async-location/protocol/ILocationStreamer.swift (in target 'd3-async-location' from project 'd3-async-location')
SwiftCompile normal arm64 /Users/admin/builder/spi-builder-workspace/Sources/d3-async-location/protocol/ILocationStreamer.swift (in target 'd3-async-location' from project 'd3-async-location')
cd /Users/admin/builder/spi-builder-workspace/.swiftpm/xcode
builtin-SwiftPerFileCompile ILocationStreamer.swift
SwiftCompile normal arm64 Compiling\ ILocationResultStrategy.swift /Users/admin/builder/spi-builder-workspace/Sources/d3-async-location/protocol/ILocationResultStrategy.swift (in target 'd3-async-location' from project 'd3-async-location')
SwiftCompile normal arm64 /Users/admin/builder/spi-builder-workspace/Sources/d3-async-location/protocol/ILocationResultStrategy.swift (in target 'd3-async-location' from project 'd3-async-location')
cd /Users/admin/builder/spi-builder-workspace/.swiftpm/xcode
builtin-SwiftPerFileCompile ILocationResultStrategy.swift
SwiftCompile normal arm64 Compiling\ ObservableLocationStreamer.swift /Users/admin/builder/spi-builder-workspace/Sources/d3-async-location/service/ObservableLocationStreamer.swift (in target 'd3-async-location' from project 'd3-async-location')
/Users/admin/builder/spi-builder-workspace/Sources/d3-async-location/service/ObservableLocationStreamer.swift:15:2: error: 'Observable()' is only available in tvOS 17.0 or newer
13 | /// ViewModel for asynchronously posting location updates.
14 | @available(iOS 17.0, watchOS 10.0, *)
15 | @Observable
| `- error: 'Observable()' is only available in tvOS 17.0 or newer
16 | public final class ObservableLocationStreamer: ILocationStreamer{
17 |
macro expansion @Observable:1:2: error: 'ObservationTracked()' is only available in tvOS 17.0 or newer
`- /Users/admin/builder/spi-builder-workspace/Sources/d3-async-location/service/ObservableLocationStreamer.swift:31:16: note: expanded code originates here
13 | /// ViewModel for asynchronously posting location updates.
14 | @available(iOS 17.0, watchOS 10.0, *)
15 | @Observable
| `- note: in expansion of macro 'Observable' on property 'results' here
16 | public final class ObservableLocationStreamer: ILocationStreamer{
| `- note: add '@available' attribute to enclosing class
17 |
18 | /// Represents the output of the location manager.
:
29 | /// Use this publisher to feed Views with updates or create a proxy to manipulate the flow,
30 | /// such as filtering, mapping, or dropping results.
31 | @MainActor public private(set) var results: [Output] = []
+--- macro expansion @Observable -----------------------------------
|1 | @ObservationTracked
| | `- error: 'ObservationTracked()' is only available in tvOS 17.0 or newer
+-------------------------------------------------------------------
32 |
33 | /// Current streaming state of the ViewModel.
macro expansion @Observable:1:2: error: 'ObservationTracked()' is only available in tvOS 17.0 or newer
`- /Users/admin/builder/spi-builder-workspace/Sources/d3-async-location/service/ObservableLocationStreamer.swift:34:16: note: expanded code originates here
13 | /// ViewModel for asynchronously posting location updates.
14 | @available(iOS 17.0, watchOS 10.0, *)
15 | @Observable
| `- note: in expansion of macro 'Observable' on property 'state' here
16 | public final class ObservableLocationStreamer: ILocationStreamer{
| `- note: add '@available' attribute to enclosing class
17 |
18 | /// Represents the output of the location manager.
:
32 |
33 | /// Current streaming state of the ViewModel.
34 | @MainActor public private(set) var state: LocationStreamingState = .idle
+--- macro expansion @Observable -----------------------------------
|1 | @ObservationTracked
| | `- error: 'ObservationTracked()' is only available in tvOS 17.0 or newer
+-------------------------------------------------------------------
35 |
36 | // MARK: - Private Properties
macro expansion @Observable:1:2: error: 'ObservationIgnored()' is only available in tvOS 17.0 or newer
`- /Users/admin/builder/spi-builder-workspace/Sources/d3-async-location/service/ObservableLocationStreamer.swift:138:1: note: expanded code originates here
13 | /// ViewModel for asynchronously posting location updates.
14 | @available(iOS 17.0, watchOS 10.0, *)
15 | @Observable
| `- note: in expansion of macro 'Observable' on class 'ObservableLocationStreamer' here
16 | public final class ObservableLocationStreamer: ILocationStreamer{
| `- note: add '@available' attribute to enclosing class
17 |
18 | /// Represents the output of the location manager.
:
136 | state = value
137 | }
138 | }
+--- macro expansion @Observable -----------------------------------
| 1 | @ObservationIgnored private let _$observationRegistrar = Observation.ObservationRegistrar()
| | `- error: 'ObservationIgnored()' is only available in tvOS 17.0 or newer
| 2 |
| 3 | internal nonisolated func access<$s17d3_async_location26ObservableLocationStreamer0D0fMm_6MemberfMu_>(
+-------------------------------------------------------------------
139 |
140 | #endif
macro expansion @ObservationTracked:12:2: error: 'ObservationIgnored()' is only available in tvOS 17.0 or newer
`- /Users/admin/builder/spi-builder-workspace/Sources/d3-async-location/service/ObservableLocationStreamer.swift:31:62: note: expanded code originates here
14 | @available(iOS 17.0, watchOS 10.0, *)
15 | @Observable
16 | public final class ObservableLocationStreamer: ILocationStreamer{
| `- note: add '@available' attribute to enclosing class
17 |
18 | /// Represents the output of the location manager.
:
29 | /// Use this publisher to feed Views with updates or create a proxy to manipulate the flow,
30 | /// such as filtering, mapping, or dropping results.
31 | @MainActor public private(set) var results: [Output] = []
+--- macro expansion @ObservationTracked ---------------------------
|10 | /// such as filtering, mapping, or dropping results.
|11 | @MainActor
|12 | @ObservationIgnored
| | `- error: 'ObservationIgnored()' is only available in tvOS 17.0 or newer
|13 | private var _results: [Output] = []
+-------------------------------------------------------------------
32 |
33 | /// Current streaming state of the ViewModel.
macro expansion @ObservationTracked:6:2: error: 'ObservationIgnored()' is only available in tvOS 17.0 or newer
`- /Users/admin/builder/spi-builder-workspace/Sources/d3-async-location/service/ObservableLocationStreamer.swift:34:77: note: expanded code originates here
14 | @available(iOS 17.0, watchOS 10.0, *)
15 | @Observable
16 | public final class ObservableLocationStreamer: ILocationStreamer{
| `- note: add '@available' attribute to enclosing class
17 |
18 | /// Represents the output of the location manager.
:
32 |
33 | /// Current streaming state of the ViewModel.
34 | @MainActor public private(set) var state: LocationStreamingState = .idle
+--- macro expansion @ObservationTracked ---------------------------
|4 | /// Current streaming state of the ViewModel.
|5 | @MainActor
|6 | @ObservationIgnored
| | `- error: 'ObservationIgnored()' is only available in tvOS 17.0 or newer
|7 | private var _state: LocationStreamingState = .idle
+-------------------------------------------------------------------
35 |
36 | // MARK: - Private Properties
SwiftCompile normal arm64 /Users/admin/builder/spi-builder-workspace/Sources/d3-async-location/service/ObservableLocationStreamer.swift (in target 'd3-async-location' from project 'd3-async-location')
cd /Users/admin/builder/spi-builder-workspace/.swiftpm/xcode
builtin-SwiftPerFileCompile ObservableLocationStreamer.swift
SwiftCompile normal arm64 Compiling\ ILocationManager.swift /Users/admin/builder/spi-builder-workspace/Sources/d3-async-location/protocol/ILocationManager.swift (in target 'd3-async-location' from project 'd3-async-location')
SwiftCompile normal arm64 /Users/admin/builder/spi-builder-workspace/Sources/d3-async-location/protocol/ILocationManager.swift (in target 'd3-async-location' from project 'd3-async-location')
cd /Users/admin/builder/spi-builder-workspace/.swiftpm/xcode
builtin-SwiftPerFileCompile ILocationManager.swift
SwiftCompile normal arm64 Compiling\ AsyncFIFOQueue.swift,\ LocationManager.swift /Users/admin/builder/spi-builder-workspace/Sources/d3-async-location/helper/AsyncFIFOQueue.swift /Users/admin/builder/spi-builder-workspace/Sources/d3-async-location/helper/LocationManager.swift (in target 'd3-async-location' from project 'd3-async-location')
SwiftCompile normal arm64 /Users/admin/builder/spi-builder-workspace/Sources/d3-async-location/helper/AsyncFIFOQueue.swift (in target 'd3-async-location' from project 'd3-async-location')
cd /Users/admin/builder/spi-builder-workspace/.swiftpm/xcode
builtin-SwiftPerFileCompile AsyncFIFOQueue.swift
SwiftCompile normal arm64 /Users/admin/builder/spi-builder-workspace/Sources/d3-async-location/helper/LocationManager.swift (in target 'd3-async-location' from project 'd3-async-location')
cd /Users/admin/builder/spi-builder-workspace/.swiftpm/xcode
builtin-SwiftPerFileCompile LocationManager.swift
SwiftCompile normal arm64 Compiling\ ILocationDelegate.swift /Users/admin/builder/spi-builder-workspace/Sources/d3-async-location/protocol/ILocationDelegate.swift (in target 'd3-async-location' from project 'd3-async-location')
SwiftCompile normal arm64 /Users/admin/builder/spi-builder-workspace/Sources/d3-async-location/protocol/ILocationDelegate.swift (in target 'd3-async-location' from project 'd3-async-location')
cd /Users/admin/builder/spi-builder-workspace/.swiftpm/xcode
builtin-SwiftPerFileCompile ILocationDelegate.swift
SwiftCompile normal arm64 Compiling\ Strategies.swift /Users/admin/builder/spi-builder-workspace/Sources/d3-async-location/helper/Strategies.swift (in target 'd3-async-location' from project 'd3-async-location')
SwiftCompile normal arm64 /Users/admin/builder/spi-builder-workspace/Sources/d3-async-location/helper/Strategies.swift (in target 'd3-async-location' from project 'd3-async-location')
cd /Users/admin/builder/spi-builder-workspace/.swiftpm/xcode
builtin-SwiftPerFileCompile Strategies.swift
SwiftCompile normal arm64 Compiling\ AsyncLocationErrors.swift,\ LocationStreamingState.swift /Users/admin/builder/spi-builder-workspace/Sources/d3-async-location/enum/AsyncLocationErrors.swift /Users/admin/builder/spi-builder-workspace/Sources/d3-async-location/enum/LocationStreamingState.swift (in target 'd3-async-location' from project 'd3-async-location')
SwiftCompile normal arm64 /Users/admin/builder/spi-builder-workspace/Sources/d3-async-location/enum/AsyncLocationErrors.swift (in target 'd3-async-location' from project 'd3-async-location')
cd /Users/admin/builder/spi-builder-workspace/.swiftpm/xcode
builtin-SwiftPerFileCompile AsyncLocationErrors.swift
SwiftCompile normal arm64 /Users/admin/builder/spi-builder-workspace/Sources/d3-async-location/enum/LocationStreamingState.swift (in target 'd3-async-location' from project 'd3-async-location')
cd /Users/admin/builder/spi-builder-workspace/.swiftpm/xcode
builtin-SwiftPerFileCompile LocationStreamingState.swift
SwiftCompile normal arm64 Compiling\ Delegate.swift,\ Permission.swift /Users/admin/builder/spi-builder-workspace/Sources/d3-async-location/LocationManagerAsync+/Delegate.swift /Users/admin/builder/spi-builder-workspace/Sources/d3-async-location/LocationManagerAsync+/Permission.swift (in target 'd3-async-location' from project 'd3-async-location')
SwiftCompile normal arm64 /Users/admin/builder/spi-builder-workspace/Sources/d3-async-location/LocationManagerAsync+/Delegate.swift (in target 'd3-async-location' from project 'd3-async-location')
cd /Users/admin/builder/spi-builder-workspace/.swiftpm/xcode
builtin-SwiftPerFileCompile Delegate.swift
SwiftCompile normal arm64 /Users/admin/builder/spi-builder-workspace/Sources/d3-async-location/LocationManagerAsync+/Permission.swift (in target 'd3-async-location' from project 'd3-async-location')
cd /Users/admin/builder/spi-builder-workspace/.swiftpm/xcode
builtin-SwiftPerFileCompile Permission.swift
PruneExplicitPrecompiledModules /Users/admin/builder/spi-builder-workspace/.derivedData/SDKExplicitPrecompiledModules
PruneExplicitPrecompiledModules /Users/admin/builder/spi-builder-workspace/.derivedData/Build/Intermediates.noindex/ExplicitPrecompiledModules
PruneExplicitPrecompiledModules /Users/admin/builder/spi-builder-workspace/.derivedData/Build/Intermediates.noindex/SwiftExplicitPrecompiledModules
2026-09-21 11:11:41.372 xcodebuild[652:4198] [MT] IDERunDestination: Supported platforms for the buildables in the current scheme is empty.
** BUILD FAILED **
The following build commands failed:
SwiftCompile normal arm64 (in target 'd3-async-location' from project 'd3-async-location')
SwiftEmitModule normal arm64 Emitting\ module\ for\ d3_async_location (in target 'd3-async-location' from project 'd3-async-location')
Building workspace d3-async-location with scheme d3-async-location
(3 failures)
Command line invocation:
/Applications/Xcode-27.0.0-Release.Candidate.app/Contents/Developer/usr/bin/xcodebuild -IDEClonedSourcePackagesDirPathOverride=/Users/admin/builder/spi-builder-workspace/.dependencies -resolvePackageDependencies
Resolve Package Graph
Resolved source packages:
d3-async-location: /Users/admin/builder/spi-builder-workspace
resolved source packages: d3-async-location
2026-09-21 11:11:47.492 xcodebuild[740:4561] [MT] IDERunDestination: Supported platforms for the buildables in the current scheme is empty.
{
"dependencies" : [
],
"manifest_display_name" : "d3-async-location",
"name" : "d3-async-location",
"path" : "/Users/admin/builder/spi-builder-workspace",
"platforms" : [
{
"name" : "ios",
"version" : "14.0"
},
{
"name" : "watchos",
"version" : "7.0"
}
],
"products" : [
{
"name" : "d3-async-location",
"targets" : [
"d3-async-location"
],
"type" : {
"library" : [
"automatic"
]
}
}
],
"targets" : [
{
"c99name" : "d3_async_locationTests",
"module_type" : "SwiftTarget",
"name" : "d3-async-locationTests",
"path" : "Tests/d3-async-locationTests",
"sources" : [
"d3_async_locationTests.swift"
],
"target_dependencies" : [
"d3-async-location"
],
"type" : "test"
},
{
"c99name" : "d3_async_location",
"module_type" : "SwiftTarget",
"name" : "d3-async-location",
"path" : "Sources/d3-async-location",
"product_memberships" : [
"d3-async-location"
],
"sources" : [
"LocationManagerAsync+/Delegate.swift",
"LocationManagerAsync+/Permission.swift",
"enum/AsyncLocationErrors.swift",
"enum/LocationStreamingState.swift",
"helper/AsyncFIFOQueue.swift",
"helper/LocationManager.swift",
"helper/Strategies.swift",
"protocol/ILocationDelegate.swift",
"protocol/ILocationManager.swift",
"protocol/ILocationResultStrategy.swift",
"protocol/ILocationStreamer.swift",
"service/LocationStreamer.swift",
"service/ObservableLocationStreamer.swift"
],
"type" : "library"
}
],
"tools_version" : "5.6"
}
{
"workspace" : {
"name" : "d3-async-location",
"schemes" : [
"d3-async-location"
]
}
}
2026-09-21 11:11:48.718 xcodebuild[748:4636] [MT] IDERunDestination: Supported platforms for the buildables in the current scheme is empty.
Running build ...
env DEVELOPER_DIR=/Applications/Xcode-27.0.0-Release.Candidate.app xcrun xcodebuild -IDEClonedSourcePackagesDirPathOverride=$PWD/.dependencies -skipMacroValidation -skipPackagePluginValidation -derivedDataPath $PWD/.derivedData build -scheme d3-async-location -destination generic/platform=tvOS
Command line invocation:
/Applications/Xcode-27.0.0-Release.Candidate.app/Contents/Developer/usr/bin/xcodebuild -IDEClonedSourcePackagesDirPathOverride=/Users/admin/builder/spi-builder-workspace/.dependencies -skipMacroValidation -skipPackagePluginValidation -derivedDataPath /Users/admin/builder/spi-builder-workspace/.derivedData build -scheme d3-async-location -destination generic/platform=tvOS
Resolve Package Graph
Resolved source packages:
d3-async-location: /Users/admin/builder/spi-builder-workspace
ComputePackagePrebuildTargetDependencyGraph
Prepare packages
CreateBuildRequest
SendProjectDescription
CreateBuildOperation
ComputeTargetDependencyGraph
note: Building targets in dependency order
note: Target dependency graph (2 targets)
Target 'd3-async-location-product' in project 'd3-async-location'
➜ Explicit dependency on target 'd3-async-location' in project 'd3-async-location'
Target 'd3-async-location' in project 'd3-async-location' (no dependencies)
GatherProvisioningInputs
CreateBuildDescription
ClangStatCache /Applications/Xcode-27.0.0-Release.Candidate.app/Contents/Developer/Toolchains/XcodeDefault.xctoolchain/usr/bin/clang-stat-cache /Applications/Xcode-27.0.0-Release.Candidate.app/Contents/Developer/Platforms/AppleTVOS.platform/Developer/SDKs/AppleTVOS27.0.sdk /Users/admin/builder/spi-builder-workspace/.derivedData/SDKStatCaches.noindex/appletvos27.0-24J360-e829b21a6f8c9b70876ba0858053c044b32bfd8d43560033f8d89884cdb90028.sdkstatcache
cd /Users/admin/builder/spi-builder-workspace/.swiftpm/xcode
/Applications/Xcode-27.0.0-Release.Candidate.app/Contents/Developer/Toolchains/XcodeDefault.xctoolchain/usr/bin/clang-stat-cache /Applications/Xcode-27.0.0-Release.Candidate.app/Contents/Developer/Platforms/AppleTVOS.platform/Developer/SDKs/AppleTVOS27.0.sdk -o /Users/admin/builder/spi-builder-workspace/.derivedData/SDKStatCaches.noindex/appletvos27.0-24J360-e829b21a6f8c9b70876ba0858053c044b32bfd8d43560033f8d89884cdb90028.sdkstatcache
SwiftDriver d3-async-location normal arm64 com.apple.xcode.tools.swift.compiler (in target 'd3-async-location' from project 'd3-async-location')
cd /Users/admin/builder/spi-builder-workspace/.swiftpm/xcode
builtin-SwiftDriver -- /Applications/Xcode-27.0.0-Release.Candidate.app/Contents/Developer/Toolchains/XcodeDefault.xctoolchain/usr/bin/swiftc -parse-as-library -module-name d3_async_location -Onone @/Users/admin/builder/spi-builder-workspace/.derivedData/Build/Intermediates.noindex/d3-async-location.build/Debug-appletvos/d3-async-location-t.build/Objects-normal/arm64/d3-async-location.SwiftFileList -DSWIFT_PACKAGE -DDEBUG -DSWIFT_MODULE_RESOURCE_BUNDLE_UNAVAILABLE -DXcode -plugin-path /Applications/Xcode-27.0.0-Release.Candidate.app/Contents/Developer/Toolchains/XcodeDefault.xctoolchain/usr/lib/swift/host/plugins/testing -enable-experimental-feature DebugDescriptionMacro -sdk /Applications/Xcode-27.0.0-Release.Candidate.app/Contents/Developer/Platforms/AppleTVOS.platform/Developer/SDKs/AppleTVOS27.0.sdk -target arm64-apple-tvos15.0 -g -module-cache-path /Users/admin/builder/spi-builder-workspace/.derivedData/ModuleCache.noindex -Xfrontend -serialize-debugging-options -profile-coverage-mapping -profile-generate -enable-testing -index-store-path /Users/admin/builder/spi-builder-workspace/.derivedData/Index.noindex/DataStore -Xcc -D_LIBCPP_HARDENING_MODE\=_LIBCPP_HARDENING_MODE_DEBUG -swift-version 5 -I /Users/admin/builder/spi-builder-workspace/.derivedData/Build/Products/Debug-appletvos -Isystem /Applications/Xcode-27.0.0-Release.Candidate.app/Contents/Developer/Platforms/AppleTVOS.platform/Developer/usr/lib -F /Users/admin/builder/spi-builder-workspace/.derivedData/Build/Products/Debug-appletvos -F /Applications/Xcode-27.0.0-Release.Candidate.app/Contents/Developer/Platforms/AppleTVOS.platform/Developer/Library/Frameworks -F /Applications/Xcode-27.0.0-Release.Candidate.app/Contents/Developer/Platforms/AppleTVOS.platform/Developer/SDKs/AppleTVOS27.0.sdk/Developer/Library/Frameworks -c -j10 -enable-batch-mode -incremental -Xcc -ivfsstatcache -Xcc /Users/admin/builder/spi-builder-workspace/.derivedData/SDKStatCaches.noindex/appletvos27.0-24J360-e829b21a6f8c9b70876ba0858053c044b32bfd8d43560033f8d89884cdb90028.sdkstatcache -output-file-map /Users/admin/builder/spi-builder-workspace/.derivedData/Build/Intermediates.noindex/d3-async-location.build/Debug-appletvos/d3-async-location-t.build/Objects-normal/arm64/d3-async-location-OutputFileMap.json -save-temps -no-color-diagnostics -explicit-module-build -module-cache-path /Users/admin/builder/spi-builder-workspace/.derivedData/Build/Intermediates.noindex/SwiftExplicitPrecompiledModules -clang-scanner-module-cache-path /Users/admin/builder/spi-builder-workspace/.derivedData/ModuleCache.noindex -sdk-module-cache-path /Users/admin/builder/spi-builder-workspace/.derivedData/SDKExplicitPrecompiledModules -emit-dependencies -emit-module -emit-module-path /Users/admin/builder/spi-builder-workspace/.derivedData/Build/Intermediates.noindex/d3-async-location.build/Debug-appletvos/d3-async-location-t.build/Objects-normal/arm64/d3_async_location.swiftmodule -serialize-diagnostics -dependency-scan-serialize-diagnostics-path /Users/admin/builder/spi-builder-workspace/.derivedData/Build/Intermediates.noindex/d3-async-location.build/Debug-appletvos/d3-async-location-t.build/Objects-normal/arm64/d3_async_location-dependency-scan.dia -validate-clang-modules-once -clang-build-session-file /Users/admin/builder/spi-builder-workspace/.derivedData/ModuleCache.noindex/Session.modulevalidation -Xcc -fmodules-prune-interval\=86400 -Xcc -fmodules-prune-after\=345600 -emit-const-values -const-gather-protocols-list /Users/admin/builder/spi-builder-workspace/.derivedData/Build/Intermediates.noindex/d3-async-location.build/Debug-appletvos/d3-async-location-t.build/Objects-normal/arm64/d3-async-location_const_extract_protocols.json -Xcc -I/Users/admin/builder/spi-builder-workspace/.derivedData/Build/Products/Debug-appletvos/include -Xcc -I/Users/admin/builder/spi-builder-workspace/.derivedData/Build/Intermediates.noindex/d3-async-location.build/Debug-appletvos/d3-async-location-t.build/DerivedSources-normal/arm64 -Xcc -I/Users/admin/builder/spi-builder-workspace/.derivedData/Build/Intermediates.noindex/d3-async-location.build/Debug-appletvos/d3-async-location-t.build/DerivedSources/arm64 -Xcc -I/Users/admin/builder/spi-builder-workspace/.derivedData/Build/Intermediates.noindex/d3-async-location.build/Debug-appletvos/d3-async-location-t.build/DerivedSources -Xcc -DSWIFT_PACKAGE -Xcc -DDEBUG\=1 -emit-objc-header -emit-objc-header-path /Users/admin/builder/spi-builder-workspace/.derivedData/Build/Intermediates.noindex/d3-async-location.build/Debug-appletvos/d3-async-location-t.build/Objects-normal/arm64/d3-async-location-Swift.h -working-directory /Users/admin/builder/spi-builder-workspace/.swiftpm/xcode -experimental-emit-module-separately -disable-cmo
SwiftCompile normal arm64 Compiling\ AsyncLocationErrors.swift,\ LocationStreamingState.swift /Users/admin/builder/spi-builder-workspace/Sources/d3-async-location/enum/AsyncLocationErrors.swift /Users/admin/builder/spi-builder-workspace/Sources/d3-async-location/enum/LocationStreamingState.swift (in target 'd3-async-location' from project 'd3-async-location')
SwiftCompile normal arm64 /Users/admin/builder/spi-builder-workspace/Sources/d3-async-location/enum/AsyncLocationErrors.swift (in target 'd3-async-location' from project 'd3-async-location')
cd /Users/admin/builder/spi-builder-workspace/.swiftpm/xcode
builtin-SwiftPerFileCompile AsyncLocationErrors.swift
SwiftCompile normal arm64 /Users/admin/builder/spi-builder-workspace/Sources/d3-async-location/enum/LocationStreamingState.swift (in target 'd3-async-location' from project 'd3-async-location')
cd /Users/admin/builder/spi-builder-workspace/.swiftpm/xcode
builtin-SwiftPerFileCompile LocationStreamingState.swift
SwiftCompile normal arm64 Compiling\ Strategies.swift /Users/admin/builder/spi-builder-workspace/Sources/d3-async-location/helper/Strategies.swift (in target 'd3-async-location' from project 'd3-async-location')
SwiftCompile normal arm64 /Users/admin/builder/spi-builder-workspace/Sources/d3-async-location/helper/Strategies.swift (in target 'd3-async-location' from project 'd3-async-location')
cd /Users/admin/builder/spi-builder-workspace/.swiftpm/xcode
builtin-SwiftPerFileCompile Strategies.swift
SwiftCompile normal arm64 Compiling\ ILocationManager.swift /Users/admin/builder/spi-builder-workspace/Sources/d3-async-location/protocol/ILocationManager.swift (in target 'd3-async-location' from project 'd3-async-location')
SwiftCompile normal arm64 /Users/admin/builder/spi-builder-workspace/Sources/d3-async-location/protocol/ILocationManager.swift (in target 'd3-async-location' from project 'd3-async-location')
cd /Users/admin/builder/spi-builder-workspace/.swiftpm/xcode
builtin-SwiftPerFileCompile ILocationManager.swift
SwiftCompile normal arm64 Compiling\ ILocationResultStrategy.swift /Users/admin/builder/spi-builder-workspace/Sources/d3-async-location/protocol/ILocationResultStrategy.swift (in target 'd3-async-location' from project 'd3-async-location')
SwiftCompile normal arm64 /Users/admin/builder/spi-builder-workspace/Sources/d3-async-location/protocol/ILocationResultStrategy.swift (in target 'd3-async-location' from project 'd3-async-location')
cd /Users/admin/builder/spi-builder-workspace/.swiftpm/xcode
builtin-SwiftPerFileCompile ILocationResultStrategy.swift
SwiftEmitModule normal arm64 Emitting\ module\ for\ d3_async_location (in target 'd3-async-location' from project 'd3-async-location')
/Users/admin/builder/spi-builder-workspace/Sources/d3-async-location/service/ObservableLocationStreamer.swift:15:2: error: 'Observable()' is only available in tvOS 17.0 or newer
13 | /// ViewModel for asynchronously posting location updates.
14 | @available(iOS 17.0, watchOS 10.0, *)
15 | @Observable
| `- error: 'Observable()' is only available in tvOS 17.0 or newer
16 | public final class ObservableLocationStreamer: ILocationStreamer{
17 |
macro expansion @Observable:1:2: error: 'ObservationTracked()' is only available in tvOS 17.0 or newer
`- /Users/admin/builder/spi-builder-workspace/Sources/d3-async-location/service/ObservableLocationStreamer.swift:31:16: note: expanded code originates here
13 | /// ViewModel for asynchronously posting location updates.
14 | @available(iOS 17.0, watchOS 10.0, *)
15 | @Observable
| `- note: in expansion of macro 'Observable' on property 'results' here
16 | public final class ObservableLocationStreamer: ILocationStreamer{
| `- note: add '@available' attribute to enclosing class
17 |
18 | /// Represents the output of the location manager.
:
29 | /// Use this publisher to feed Views with updates or create a proxy to manipulate the flow,
30 | /// such as filtering, mapping, or dropping results.
31 | @MainActor public private(set) var results: [Output] = []
+--- macro expansion @Observable -----------------------------------
|1 | @ObservationTracked
| | `- error: 'ObservationTracked()' is only available in tvOS 17.0 or newer
+-------------------------------------------------------------------
32 |
33 | /// Current streaming state of the ViewModel.
macro expansion @Observable:1:2: error: 'ObservationTracked()' is only available in tvOS 17.0 or newer
`- /Users/admin/builder/spi-builder-workspace/Sources/d3-async-location/service/ObservableLocationStreamer.swift:34:16: note: expanded code originates here
13 | /// ViewModel for asynchronously posting location updates.
14 | @available(iOS 17.0, watchOS 10.0, *)
15 | @Observable
| `- note: in expansion of macro 'Observable' on property 'state' here
16 | public final class ObservableLocationStreamer: ILocationStreamer{
| `- note: add '@available' attribute to enclosing class
17 |
18 | /// Represents the output of the location manager.
:
32 |
33 | /// Current streaming state of the ViewModel.
34 | @MainActor public private(set) var state: LocationStreamingState = .idle
+--- macro expansion @Observable -----------------------------------
|1 | @ObservationTracked
| | `- error: 'ObservationTracked()' is only available in tvOS 17.0 or newer
+-------------------------------------------------------------------
35 |
36 | // MARK: - Private Properties
macro expansion @Observable:1:2: error: 'ObservationIgnored()' is only available in tvOS 17.0 or newer
`- /Users/admin/builder/spi-builder-workspace/Sources/d3-async-location/service/ObservableLocationStreamer.swift:138:1: note: expanded code originates here
13 | /// ViewModel for asynchronously posting location updates.
14 | @available(iOS 17.0, watchOS 10.0, *)
15 | @Observable
| `- note: in expansion of macro 'Observable' on class 'ObservableLocationStreamer' here
16 | public final class ObservableLocationStreamer: ILocationStreamer{
| `- note: add '@available' attribute to enclosing class
17 |
18 | /// Represents the output of the location manager.
:
136 | state = value
137 | }
138 | }
+--- macro expansion @Observable -----------------------------------
| 1 | @ObservationIgnored private let _$observationRegistrar = Observation.ObservationRegistrar()
| | `- error: 'ObservationIgnored()' is only available in tvOS 17.0 or newer
| 2 |
| 3 | internal nonisolated func access<$s17d3_async_location26ObservableLocationStreamer0D0fMm_6MemberfMu_>(
+-------------------------------------------------------------------
139 |
140 | #endif
macro expansion @ObservationTracked:12:2: error: 'ObservationIgnored()' is only available in tvOS 17.0 or newer
`- /Users/admin/builder/spi-builder-workspace/Sources/d3-async-location/service/ObservableLocationStreamer.swift:31:62: note: expanded code originates here
14 | @available(iOS 17.0, watchOS 10.0, *)
15 | @Observable
16 | public final class ObservableLocationStreamer: ILocationStreamer{
| `- note: add '@available' attribute to enclosing class
17 |
18 | /// Represents the output of the location manager.
:
29 | /// Use this publisher to feed Views with updates or create a proxy to manipulate the flow,
30 | /// such as filtering, mapping, or dropping results.
31 | @MainActor public private(set) var results: [Output] = []
+--- macro expansion @ObservationTracked ---------------------------
|10 | /// such as filtering, mapping, or dropping results.
|11 | @MainActor
|12 | @ObservationIgnored
| | `- error: 'ObservationIgnored()' is only available in tvOS 17.0 or newer
|13 | private var _results: [Output] = []
+-------------------------------------------------------------------
32 |
33 | /// Current streaming state of the ViewModel.
macro expansion @ObservationTracked:6:2: error: 'ObservationIgnored()' is only available in tvOS 17.0 or newer
`- /Users/admin/builder/spi-builder-workspace/Sources/d3-async-location/service/ObservableLocationStreamer.swift:34:77: note: expanded code originates here
14 | @available(iOS 17.0, watchOS 10.0, *)
15 | @Observable
16 | public final class ObservableLocationStreamer: ILocationStreamer{
| `- note: add '@available' attribute to enclosing class
17 |
18 | /// Represents the output of the location manager.
:
32 |
33 | /// Current streaming state of the ViewModel.
34 | @MainActor public private(set) var state: LocationStreamingState = .idle
+--- macro expansion @ObservationTracked ---------------------------
|4 | /// Current streaming state of the ViewModel.
|5 | @MainActor
|6 | @ObservationIgnored
| | `- error: 'ObservationIgnored()' is only available in tvOS 17.0 or newer
|7 | private var _state: LocationStreamingState = .idle
+-------------------------------------------------------------------
35 |
36 | // MARK: - Private Properties
macro expansion @Observable:1:70: error: 'ObservationRegistrar' is only available in tvOS 17.0 or newer
`- /Users/admin/builder/spi-builder-workspace/Sources/d3-async-location/service/ObservableLocationStreamer.swift:138:1: note: expanded code originates here
13 | /// ViewModel for asynchronously posting location updates.
14 | @available(iOS 17.0, watchOS 10.0, *)
15 | @Observable
| `- note: in expansion of macro 'Observable' on class 'ObservableLocationStreamer' here
16 | public final class ObservableLocationStreamer: ILocationStreamer{
| `- note: add '@available' attribute to enclosing class
17 |
18 | /// Represents the output of the location manager.
:
136 | state = value
137 | }
138 | }
+--- macro expansion @Observable -----------------------------------
| 1 | @ObservationIgnored private let _$observationRegistrar = Observation.ObservationRegistrar()
| | `- error: 'ObservationRegistrar' is only available in tvOS 17.0 or newer
| 2 |
| 3 | internal nonisolated func access<$s17d3_async_location26ObservableLocationStreamer0D0fMm_6MemberfMu_>(
+-------------------------------------------------------------------
139 |
140 | #endif
/Users/admin/builder/spi-builder-workspace/Sources/d3-async-location/service/ObservableLocationStreamer.swift:15:2: error: 'Observable()' is only available in tvOS 17.0 or newer
13 | /// ViewModel for asynchronously posting location updates.
14 | @available(iOS 17.0, watchOS 10.0, *)
15 | @Observable
| `- error: 'Observable()' is only available in tvOS 17.0 or newer
16 | public final class ObservableLocationStreamer: ILocationStreamer{
| `- note: add '@available' attribute to enclosing class
17 |
18 | /// Represents the output of the location manager.
Failed frontend command:
/Applications/Xcode-27.0.0-Release.Candidate.app/Contents/Developer/Toolchains/XcodeDefault.xctoolchain/usr/bin/swift-frontend -frontend -emit-module -experimental-skip-non-inlinable-function-bodies-without-types /Users/admin/builder/spi-builder-workspace/Sources/d3-async-location/LocationManagerAsync+/Delegate.swift /Users/admin/builder/spi-builder-workspace/Sources/d3-async-location/LocationManagerAsync+/Permission.swift /Users/admin/builder/spi-builder-workspace/Sources/d3-async-location/enum/AsyncLocationErrors.swift /Users/admin/builder/spi-builder-workspace/Sources/d3-async-location/enum/LocationStreamingState.swift /Users/admin/builder/spi-builder-workspace/Sources/d3-async-location/helper/AsyncFIFOQueue.swift /Users/admin/builder/spi-builder-workspace/Sources/d3-async-location/helper/LocationManager.swift /Users/admin/builder/spi-builder-workspace/Sources/d3-async-location/helper/Strategies.swift /Users/admin/builder/spi-builder-workspace/Sources/d3-async-location/protocol/ILocationDelegate.swift /Users/admin/builder/spi-builder-workspace/Sources/d3-async-location/protocol/ILocationManager.swift /Users/admin/builder/spi-builder-workspace/Sources/d3-async-location/protocol/ILocationResultStrategy.swift /Users/admin/builder/spi-builder-workspace/Sources/d3-async-location/protocol/ILocationStreamer.swift /Users/admin/builder/spi-builder-workspace/Sources/d3-async-location/service/LocationStreamer.swift /Users/admin/builder/spi-builder-workspace/Sources/d3-async-location/service/ObservableLocationStreamer.swift -target arm64-apple-tvos15.0 -module-can-import-version Observation 6.4.0.31 0 -disable-cross-import-overlay-search -load-resolved-plugin /Applications/Xcode-27.0.0-Release.Candidate.app/Contents/Developer/Platforms/AppleTVOS.platform/Developer/usr/lib/swift/host/plugins/libFoundationMacros.dylib\#/Applications/Xcode-27.0.0-Release.Candidate.app/Contents/Developer/Platforms/AppleTVOS.platform/Developer/usr/bin/swift-plugin-server\#FoundationMacros -load-resolved-plugin /Applications/Xcode-27.0.0-Release.Candidate.app/Contents/Developer/Platforms/AppleTVOS.platform/Developer/usr/lib/swift/host/plugins/libObservationMacros.dylib\#/Applications/Xcode-27.0.0-Release.Candidate.app/Contents/Developer/Platforms/AppleTVOS.platform/Developer/usr/bin/swift-plugin-server\#ObservationMacros -load-resolved-plugin /Applications/Xcode-27.0.0-Release.Candidate.app/Contents/Developer/Platforms/AppleTVOS.platform/Developer/usr/lib/swift/host/plugins/libPreviewsMacros.dylib\#/Applications/Xcode-27.0.0-Release.Candidate.app/Contents/Developer/Platforms/AppleTVOS.platform/Developer/usr/bin/swift-plugin-server\#PreviewsMacros -load-resolved-plugin /Applications/Xcode-27.0.0-Release.Candidate.app/Contents/Developer/Platforms/AppleTVOS.platform/Developer/usr/lib/swift/host/plugins/libSwiftMacros.dylib\#/Applications/Xcode-27.0.0-Release.Candidate.app/Contents/Developer/Platforms/AppleTVOS.platform/Developer/usr/bin/swift-plugin-server\#SwiftMacros -load-resolved-plugin /Applications/Xcode-27.0.0-Release.Candidate.app/Contents/Developer/Platforms/AppleTVOS.platform/Developer/usr/lib/swift/host/plugins/libSwiftUIMacros.dylib\#/Applications/Xcode-27.0.0-Release.Candidate.app/Contents/Developer/Platforms/AppleTVOS.platform/Developer/usr/bin/swift-plugin-server\#SwiftUIMacros -disable-implicit-swift-modules -Xcc -fno-implicit-modules -Xcc -fno-implicit-module-maps -explicit-swift-module-map-file /Users/admin/builder/spi-builder-workspace/.derivedData/Build/Intermediates.noindex/d3-async-location.build/Debug-appletvos/d3-async-location-t.build/Objects-normal/arm64/d3_async_location-dependencies-1.json -Xllvm -aarch64-use-tbi -enable-objc-interop -stack-check -sdk /Applications/Xcode-27.0.0-Release.Candidate.app/Contents/Developer/Platforms/AppleTVOS.platform/Developer/SDKs/AppleTVOS27.0.sdk -I /Users/admin/builder/spi-builder-workspace/.derivedData/Build/Products/Debug-appletvos -Isystem /Applications/Xcode-27.0.0-Release.Candidate.app/Contents/Developer/Platforms/AppleTVOS.platform/Developer/usr/lib -F /Users/admin/builder/spi-builder-workspace/.derivedData/Build/Products/Debug-appletvos -F /Applications/Xcode-27.0.0-Release.Candidate.app/Contents/Developer/Platforms/AppleTVOS.platform/Developer/Library/Frameworks -F /Applications/Xcode-27.0.0-Release.Candidate.app/Contents/Developer/Platforms/AppleTVOS.platform/Developer/SDKs/AppleTVOS27.0.sdk/Developer/Library/Frameworks -module-cache-path /Users/admin/builder/spi-builder-workspace/.derivedData/Build/Intermediates.noindex/SwiftExplicitPrecompiledModules -no-color-diagnostics -Xcc -fno-color-diagnostics -enable-testing -g -debug-info-format\=dwarf -dwarf-version\=4 -profile-generate -profile-coverage-mapping -swift-version 5 -Onone -D SWIFT_PACKAGE -D DEBUG -D SWIFT_MODULE_RESOURCE_BUNDLE_UNAVAILABLE -D Xcode -serialize-debugging-options -enable-experimental-feature DebugDescriptionMacro -empty-abi-descriptor -validate-clang-modules-once -clang-build-session-file /Users/admin/builder/spi-builder-workspace/.derivedData/ModuleCache.noindex/Session.modulevalidation -Xcc -working-directory -Xcc /Users/admin/builder/spi-builder-workspace/.swiftpm/xcode -enable-anonymous-context-mangled-names -file-compilation-dir /Users/admin/builder/spi-builder-workspace/.swiftpm/xcode -Xcc -D_LIBCPP_HARDENING_MODE\=_LIBCPP_HARDENING_MODE_DEBUG -Xcc -ivfsstatcache -Xcc /Users/admin/builder/spi-builder-workspace/.derivedData/SDKStatCaches.noindex/appletvos27.0-24J360-e829b21a6f8c9b70876ba0858053c044b32bfd8d43560033f8d89884cdb90028.sdkstatcache -Xcc -fmodules-prune-interval\=86400 -Xcc -fmodules-prune-after\=345600 -Xcc -I/Users/admin/builder/spi-builder-workspace/.derivedData/Build/Products/Debug-appletvos/include -Xcc -I/Users/admin/builder/spi-builder-workspace/.derivedData/Build/Intermediates.noindex/d3-async-location.build/Debug-appletvos/d3-async-location-t.build/DerivedSources-normal/arm64 -Xcc -I/Users/admin/builder/spi-builder-workspace/.derivedData/Build/Intermediates.noindex/d3-async-location.build/Debug-appletvos/d3-async-location-t.build/DerivedSources/arm64 -Xcc -I/Users/admin/builder/spi-builder-workspace/.derivedData/Build/Intermediates.noindex/d3-async-location.build/Debug-appletvos/d3-async-location-t.build/DerivedSources -Xcc -DSWIFT_PACKAGE -Xcc -DDEBUG\=1 -no-auto-bridging-header-chaining -module-name d3_async_location -const-gather-protocols-file /Users/admin/builder/spi-builder-workspace/.derivedData/Build/Intermediates.noindex/d3-async-location.build/Debug-appletvos/d3-async-location-t.build/Objects-normal/arm64/d3-async-location_const_extract_protocols.json -disable-clang-spi -clang-target arm64-apple-tvos27.0 -target-sdk-version 27.0 -target-sdk-name appletvos27.0 -in-process-plugin-server-path /Applications/Xcode-27.0.0-Release.Candidate.app/Contents/Developer/Toolchains/XcodeDefault.xctoolchain/usr/lib/swift/host/libSwiftInProcPluginServer.dylib -emit-module-doc-path /Users/admin/builder/spi-builder-workspace/.derivedData/Build/Intermediates.noindex/d3-async-location.build/Debug-appletvos/d3-async-location-t.build/Objects-normal/arm64/d3_async_location.swiftdoc -emit-module-source-info-path /Users/admin/builder/spi-builder-workspace/.derivedData/Build/Intermediates.noindex/d3-async-location.build/Debug-appletvos/d3-async-location-t.build/Objects-normal/arm64/d3_async_location.swiftsourceinfo -emit-objc-header-path /Users/admin/builder/spi-builder-workspace/.derivedData/Build/Intermediates.noindex/d3-async-location.build/Debug-appletvos/d3-async-location-t.build/Objects-normal/arm64/d3-async-location-Swift.h -serialize-diagnostics-path /Users/admin/builder/spi-builder-workspace/.derivedData/Build/Intermediates.noindex/d3-async-location.build/Debug-appletvos/d3-async-location-t.build/Objects-normal/arm64/d3-async-location-primary-emit-module.dia -emit-dependencies-path /Users/admin/builder/spi-builder-workspace/.derivedData/Build/Intermediates.noindex/d3-async-location.build/Debug-appletvos/d3-async-location-t.build/Objects-normal/arm64/d3-async-location-primary-emit-module.d -parse-as-library -o /Users/admin/builder/spi-builder-workspace/.derivedData/Build/Intermediates.noindex/d3-async-location.build/Debug-appletvos/d3-async-location-t.build/Objects-normal/arm64/d3_async_location.swiftmodule -emit-abi-descriptor-path /Users/admin/builder/spi-builder-workspace/.derivedData/Build/Intermediates.noindex/d3-async-location.build/Debug-appletvos/d3-async-location-t.build/Objects-normal/arm64/d3_async_location.abi.json
SwiftCompile normal arm64 (in target 'd3-async-location' from project 'd3-async-location')
cd /Users/admin/builder/spi-builder-workspace/.swiftpm/xcode
SwiftCompile normal arm64 Compiling\ AsyncFIFOQueue.swift,\ LocationManager.swift /Users/admin/builder/spi-builder-workspace/Sources/d3-async-location/helper/AsyncFIFOQueue.swift /Users/admin/builder/spi-builder-workspace/Sources/d3-async-location/helper/LocationManager.swift (in target 'd3-async-location' from project 'd3-async-location')
SwiftCompile normal arm64 /Users/admin/builder/spi-builder-workspace/Sources/d3-async-location/helper/AsyncFIFOQueue.swift (in target 'd3-async-location' from project 'd3-async-location')
cd /Users/admin/builder/spi-builder-workspace/.swiftpm/xcode
builtin-SwiftPerFileCompile AsyncFIFOQueue.swift
SwiftCompile normal arm64 /Users/admin/builder/spi-builder-workspace/Sources/d3-async-location/helper/LocationManager.swift (in target 'd3-async-location' from project 'd3-async-location')
cd /Users/admin/builder/spi-builder-workspace/.swiftpm/xcode
builtin-SwiftPerFileCompile LocationManager.swift
SwiftCompile normal arm64 Compiling\ ILocationStreamer.swift /Users/admin/builder/spi-builder-workspace/Sources/d3-async-location/protocol/ILocationStreamer.swift (in target 'd3-async-location' from project 'd3-async-location')
SwiftCompile normal arm64 /Users/admin/builder/spi-builder-workspace/Sources/d3-async-location/protocol/ILocationStreamer.swift (in target 'd3-async-location' from project 'd3-async-location')
cd /Users/admin/builder/spi-builder-workspace/.swiftpm/xcode
builtin-SwiftPerFileCompile ILocationStreamer.swift
SwiftCompile normal arm64 Compiling\ ObservableLocationStreamer.swift /Users/admin/builder/spi-builder-workspace/Sources/d3-async-location/service/ObservableLocationStreamer.swift (in target 'd3-async-location' from project 'd3-async-location')
/Users/admin/builder/spi-builder-workspace/Sources/d3-async-location/service/ObservableLocationStreamer.swift:15:2: error: 'Observable()' is only available in tvOS 17.0 or newer
13 | /// ViewModel for asynchronously posting location updates.
14 | @available(iOS 17.0, watchOS 10.0, *)
15 | @Observable
| `- error: 'Observable()' is only available in tvOS 17.0 or newer
16 | public final class ObservableLocationStreamer: ILocationStreamer{
17 |
macro expansion @Observable:1:2: error: 'ObservationTracked()' is only available in tvOS 17.0 or newer
`- /Users/admin/builder/spi-builder-workspace/Sources/d3-async-location/service/ObservableLocationStreamer.swift:31:16: note: expanded code originates here
13 | /// ViewModel for asynchronously posting location updates.
14 | @available(iOS 17.0, watchOS 10.0, *)
15 | @Observable
| `- note: in expansion of macro 'Observable' on property 'results' here
16 | public final class ObservableLocationStreamer: ILocationStreamer{
| `- note: add '@available' attribute to enclosing class
17 |
18 | /// Represents the output of the location manager.
:
29 | /// Use this publisher to feed Views with updates or create a proxy to manipulate the flow,
30 | /// such as filtering, mapping, or dropping results.
31 | @MainActor public private(set) var results: [Output] = []
+--- macro expansion @Observable -----------------------------------
|1 | @ObservationTracked
| | `- error: 'ObservationTracked()' is only available in tvOS 17.0 or newer
+-------------------------------------------------------------------
32 |
33 | /// Current streaming state of the ViewModel.
macro expansion @Observable:1:2: error: 'ObservationTracked()' is only available in tvOS 17.0 or newer
`- /Users/admin/builder/spi-builder-workspace/Sources/d3-async-location/service/ObservableLocationStreamer.swift:34:16: note: expanded code originates here
13 | /// ViewModel for asynchronously posting location updates.
14 | @available(iOS 17.0, watchOS 10.0, *)
15 | @Observable
| `- note: in expansion of macro 'Observable' on property 'state' here
16 | public final class ObservableLocationStreamer: ILocationStreamer{
| `- note: add '@available' attribute to enclosing class
17 |
18 | /// Represents the output of the location manager.
:
32 |
33 | /// Current streaming state of the ViewModel.
34 | @MainActor public private(set) var state: LocationStreamingState = .idle
+--- macro expansion @Observable -----------------------------------
|1 | @ObservationTracked
| | `- error: 'ObservationTracked()' is only available in tvOS 17.0 or newer
+-------------------------------------------------------------------
35 |
36 | // MARK: - Private Properties
macro expansion @Observable:1:2: error: 'ObservationIgnored()' is only available in tvOS 17.0 or newer
`- /Users/admin/builder/spi-builder-workspace/Sources/d3-async-location/service/ObservableLocationStreamer.swift:138:1: note: expanded code originates here
13 | /// ViewModel for asynchronously posting location updates.
14 | @available(iOS 17.0, watchOS 10.0, *)
15 | @Observable
| `- note: in expansion of macro 'Observable' on class 'ObservableLocationStreamer' here
16 | public final class ObservableLocationStreamer: ILocationStreamer{
| `- note: add '@available' attribute to enclosing class
17 |
18 | /// Represents the output of the location manager.
:
136 | state = value
137 | }
138 | }
+--- macro expansion @Observable -----------------------------------
| 1 | @ObservationIgnored private let _$observationRegistrar = Observation.ObservationRegistrar()
| | `- error: 'ObservationIgnored()' is only available in tvOS 17.0 or newer
| 2 |
| 3 | internal nonisolated func access<$s17d3_async_location26ObservableLocationStreamer0D0fMm_6MemberfMu_>(
+-------------------------------------------------------------------
139 |
140 | #endif
macro expansion @ObservationTracked:12:2: error: 'ObservationIgnored()' is only available in tvOS 17.0 or newer
`- /Users/admin/builder/spi-builder-workspace/Sources/d3-async-location/service/ObservableLocationStreamer.swift:31:62: note: expanded code originates here
14 | @available(iOS 17.0, watchOS 10.0, *)
15 | @Observable
16 | public final class ObservableLocationStreamer: ILocationStreamer{
| `- note: add '@available' attribute to enclosing class
17 |
18 | /// Represents the output of the location manager.
:
29 | /// Use this publisher to feed Views with updates or create a proxy to manipulate the flow,
30 | /// such as filtering, mapping, or dropping results.
31 | @MainActor public private(set) var results: [Output] = []
+--- macro expansion @ObservationTracked ---------------------------
|10 | /// such as filtering, mapping, or dropping results.
|11 | @MainActor
|12 | @ObservationIgnored
| | `- error: 'ObservationIgnored()' is only available in tvOS 17.0 or newer
|13 | private var _results: [Output] = []
+-------------------------------------------------------------------
32 |
33 | /// Current streaming state of the ViewModel.
macro expansion @ObservationTracked:6:2: error: 'ObservationIgnored()' is only available in tvOS 17.0 or newer
`- /Users/admin/builder/spi-builder-workspace/Sources/d3-async-location/service/ObservableLocationStreamer.swift:34:77: note: expanded code originates here
14 | @available(iOS 17.0, watchOS 10.0, *)
15 | @Observable
16 | public final class ObservableLocationStreamer: ILocationStreamer{
| `- note: add '@available' attribute to enclosing class
17 |
18 | /// Represents the output of the location manager.
:
32 |
33 | /// Current streaming state of the ViewModel.
34 | @MainActor public private(set) var state: LocationStreamingState = .idle
+--- macro expansion @ObservationTracked ---------------------------
|4 | /// Current streaming state of the ViewModel.
|5 | @MainActor
|6 | @ObservationIgnored
| | `- error: 'ObservationIgnored()' is only available in tvOS 17.0 or newer
|7 | private var _state: LocationStreamingState = .idle
+-------------------------------------------------------------------
35 |
36 | // MARK: - Private Properties
macro expansion @Observable:1:70: error: 'ObservationRegistrar' is only available in tvOS 17.0 or newer
`- /Users/admin/builder/spi-builder-workspace/Sources/d3-async-location/service/ObservableLocationStreamer.swift:138:1: note: expanded code originates here
13 | /// ViewModel for asynchronously posting location updates.
14 | @available(iOS 17.0, watchOS 10.0, *)
15 | @Observable
| `- note: in expansion of macro 'Observable' on class 'ObservableLocationStreamer' here
16 | public final class ObservableLocationStreamer: ILocationStreamer{
| `- note: add '@available' attribute to enclosing class
17 |
18 | /// Represents the output of the location manager.
:
136 | state = value
137 | }
138 | }
+--- macro expansion @Observable -----------------------------------
| 1 | @ObservationIgnored private let _$observationRegistrar = Observation.ObservationRegistrar()
| | `- error: 'ObservationRegistrar' is only available in tvOS 17.0 or newer
| 2 |
| 3 | internal nonisolated func access<$s17d3_async_location26ObservableLocationStreamer0D0fMm_6MemberfMu_>(
+-------------------------------------------------------------------
139 |
140 | #endif
SwiftCompile normal arm64 /Users/admin/builder/spi-builder-workspace/Sources/d3-async-location/service/ObservableLocationStreamer.swift (in target 'd3-async-location' from project 'd3-async-location')
cd /Users/admin/builder/spi-builder-workspace/.swiftpm/xcode
builtin-SwiftPerFileCompile ObservableLocationStreamer.swift
SwiftCompile normal arm64 Compiling\ LocationStreamer.swift /Users/admin/builder/spi-builder-workspace/Sources/d3-async-location/service/LocationStreamer.swift (in target 'd3-async-location' from project 'd3-async-location')
SwiftCompile normal arm64 /Users/admin/builder/spi-builder-workspace/Sources/d3-async-location/service/LocationStreamer.swift (in target 'd3-async-location' from project 'd3-async-location')
cd /Users/admin/builder/spi-builder-workspace/.swiftpm/xcode
builtin-SwiftPerFileCompile LocationStreamer.swift
SwiftCompile normal arm64 Compiling\ Delegate.swift,\ Permission.swift /Users/admin/builder/spi-builder-workspace/Sources/d3-async-location/LocationManagerAsync+/Delegate.swift /Users/admin/builder/spi-builder-workspace/Sources/d3-async-location/LocationManagerAsync+/Permission.swift (in target 'd3-async-location' from project 'd3-async-location')
/Users/admin/builder/spi-builder-workspace/Sources/d3-async-location/LocationManagerAsync+/Delegate.swift:71:21: error: 'startUpdatingLocation()' is unavailable in tvOS
69 | let stream = fifoQueue.initializeQueue()
70 |
71 | manager.startUpdatingLocation()
| `- error: 'startUpdatingLocation()' is unavailable in tvOS
72 | return stream
73 | }
/Applications/Xcode-27.0.0-Release.Candidate.app/Contents/Developer/Platforms/AppleTVOS.platform/Developer/SDKs/AppleTVOS27.0.sdk/System/Library/Frameworks/CoreLocation.framework/Headers/CLLocationManager.h:598:1: note: 'startUpdatingLocation()' has been explicitly marked unavailable here
596 | * Start updating locations.
597 | */
598 | - (void)startUpdatingLocation API_AVAILABLE(watchos(3.0)) API_UNAVAILABLE(tvos);
| `- note: 'startUpdatingLocation()' has been explicitly marked unavailable here
599 |
600 | /*
SwiftCompile normal arm64 /Users/admin/builder/spi-builder-workspace/Sources/d3-async-location/LocationManagerAsync+/Delegate.swift (in target 'd3-async-location' from project 'd3-async-location')
cd /Users/admin/builder/spi-builder-workspace/.swiftpm/xcode
builtin-SwiftPerFileCompile Delegate.swift
SwiftCompile normal arm64 /Users/admin/builder/spi-builder-workspace/Sources/d3-async-location/LocationManagerAsync+/Permission.swift (in target 'd3-async-location' from project 'd3-async-location')
cd /Users/admin/builder/spi-builder-workspace/.swiftpm/xcode
builtin-SwiftPerFileCompile Permission.swift
SwiftCompile normal arm64 Compiling\ ILocationDelegate.swift /Users/admin/builder/spi-builder-workspace/Sources/d3-async-location/protocol/ILocationDelegate.swift (in target 'd3-async-location' from project 'd3-async-location')
SwiftCompile normal arm64 /Users/admin/builder/spi-builder-workspace/Sources/d3-async-location/protocol/ILocationDelegate.swift (in target 'd3-async-location' from project 'd3-async-location')
cd /Users/admin/builder/spi-builder-workspace/.swiftpm/xcode
builtin-SwiftPerFileCompile ILocationDelegate.swift
PruneExplicitPrecompiledModules /Users/admin/builder/spi-builder-workspace/.derivedData/Build/Intermediates.noindex/ExplicitPrecompiledModules
PruneExplicitPrecompiledModules /Users/admin/builder/spi-builder-workspace/.derivedData/Build/Intermediates.noindex/SwiftExplicitPrecompiledModules
PruneExplicitPrecompiledModules /Users/admin/builder/spi-builder-workspace/.derivedData/SDKExplicitPrecompiledModules
2026-09-21 11:11:49.660 xcodebuild[749:4661] [MT] IDERunDestination: Supported platforms for the buildables in the current scheme is empty.
** BUILD FAILED **
The following build commands failed:
SwiftEmitModule normal arm64 Emitting\ module\ for\ d3_async_location (in target 'd3-async-location' from project 'd3-async-location')
SwiftCompile normal arm64 (in target 'd3-async-location' from project 'd3-async-location')
Building workspace d3-async-location with scheme d3-async-location
(3 failures)
BUILD FAILURE 6.4 tvOS