Build Information
Failed to build swift-slack, reference 2026.10.2 (bbb7b7), with Swift 6.1 for watchOS using Xcode 16.3 on 10 Oct 2026 14:37:21 UTC.
Build Command
No build command. This typically means the build failed at an early stage where we determine the build command.Build Log
========================================
RunAll
========================================
Builder version: 5.1.1
Interrupt handler set up.
========================================
Checkout
========================================
Clone URL: https://github.com/ainame/swift-slack.git
Reference: 2026.10.2
Initialized empty Git repository in /Users/admin/builder/spi-builder-workspace/.git/
From https://github.com/ainame/swift-slack
* tag 2026.10.2 -> FETCH_HEAD
HEAD is now at bbb7b77 Prepare 2026.10.2 release
Submodule path 'vendor/java-slack-sdk': checked out '43fad0e0943e53991d9298d08588915116a7a0aa'
Submodule path 'vendor/slack-api-ref': checked out '0ae4e986fbdb824fd4af8ca175ca45142377c8c3'
Submodule 'vendor/java-slack-sdk' (https://github.com/slackapi/java-slack-sdk.git) registered for path 'vendor/java-slack-sdk'
Submodule 'vendor/slack-api-ref' (https://github.com/slack-ruby/slack-api-ref.git) registered for path 'vendor/slack-api-ref'
Cloning into '/Users/admin/builder/spi-builder-workspace/vendor/java-slack-sdk'...
Cloning into '/Users/admin/builder/spi-builder-workspace/vendor/slack-api-ref'...
Cloned https://github.com/ainame/swift-slack.git
Revision (git rev-parse @):
bbb7b7782a72b683d29bfe1f7594cb2f92ec86e1
SPI manifest file found: $PWD/.spi.yml
SUCCESS checkout https://github.com/ainame/swift-slack.git at 2026.10.2
========================================
Build
========================================
Selected platform: watchOS
Swift version: 6.1
Building package at path: $PWD
https://github.com/ainame/swift-slack.git
https://github.com/ainame/swift-slack.git
error: 'spi-builder-workspace': package 'spi-builder-workspace' is using Swift tools version 6.2.0 but the installed version is 6.1.0
error: fatalError
Command line invocation:
/Applications/Xcode-16.3.0.app/Contents/Developer/usr/bin/xcodebuild -IDEClonedSourcePackagesDirPathOverride=/Users/admin/builder/spi-builder-workspace/.dependencies -resolvePackageDependencies
Resolve Package Graph
package 'spi-builder-workspace' is using Swift tools version 6.2.0 but the installed version is 6.1.0
Resolved source packages:
spi-builder-workspace: (null)
2026-10-10 07:37:19.969 xcodebuild[525:2957] Writing error result bundle to /var/folders/5k/5yc19ymj0jqd5v0zvgfqz0xw0000gn/T/ResultBundle_2026-10-10_07-37-0019.xcresult
xcodebuild: error: Could not resolve package dependencies:
package 'spi-builder-workspace' is using Swift tools version 6.2.0 but the installed version is 6.1.0
Command line invocation:
/Applications/Xcode-16.3.0.app/Contents/Developer/usr/bin/xcodebuild -IDEClonedSourcePackagesDirPathOverride=/Users/admin/builder/spi-builder-workspace/.dependencies -resolvePackageDependencies
Resolve Package Graph
package 'spi-builder-workspace' is using Swift tools version 6.2.0 but the installed version is 6.1.0
Resolved source packages:
spi-builder-workspace: (null)
2026-10-10 07:37:21.273 xcodebuild[563:3197] Writing error result bundle to /var/folders/5k/5yc19ymj0jqd5v0zvgfqz0xw0000gn/T/ResultBundle_2026-10-10_07-37-0021.xcresult
xcodebuild: error: Could not resolve package dependencies:
package 'spi-builder-workspace' is using Swift tools version 6.2.0 but the installed version is 6.1.0
BUILD FAILURE 6.1 watchOS