Build Information
Failed to build PayPalRisk, reference 5.6.0 (97d709), with Swift 6.1 for visionOS using Xcode 16.3 on 4 Sep 2026 16:48:19 UTC.
Build Command
env DEVELOPER_DIR=/Applications/Xcode-16.3.0.app xcrun xcodebuild -IDEClonedSourcePackagesDirPathOverride=$PWD/.dependencies -skipMacroValidation -skipPackagePluginValidation -derivedDataPath $PWD/.derivedData build -scheme PayPalRisk -destination generic/platform=xrOSBuild Log
========================================
RunAll
========================================
Builder version: 5.0.2
Interrupt handler set up.
========================================
Checkout
========================================
Clone URL: https://github.com/paypal/paypal-risk-ios.git
Reference: 5.6.0
Initialized empty Git repository in /Users/admin/builder/spi-builder-workspace/.git/
From https://github.com/paypal/paypal-risk-ios
* tag 5.6.0 -> FETCH_HEAD
HEAD is now at 97d7096 Merge pull request #9 from paypal/develop
Cloned https://github.com/paypal/paypal-risk-ios.git
Revision (git rev-parse @):
97d70968d508992f99ac9c46dd1da4c0cf0a2d97
SUCCESS checkout https://github.com/paypal/paypal-risk-ios.git at 5.6.0
========================================
Build
========================================
Selected platform: visionOS
Swift version: 6.1
Building package at path: $PWD
https://github.com/paypal/paypal-risk-ios.git
https://github.com/paypal/paypal-risk-ios.git
{
"dependencies" : [
],
"manifest_display_name" : "PayPalRisk",
"name" : "PayPalRisk",
"path" : "/Users/admin/builder/spi-builder-workspace",
"platforms" : [
{
"name" : "ios",
"version" : "15.0"
}
],
"products" : [
{
"name" : "PayPalRisk",
"targets" : [
"PPRiskMagnes"
],
"type" : {
"library" : [
"automatic"
]
}
}
],
"swift_languages_versions" : [
"5"
],
"targets" : [
{
"c99name" : "PPRiskMagnes",
"module_type" : "BinaryTarget",
"name" : "PPRiskMagnes",
"path" : "remote/archive/PPRiskMagnes.xcframework.zip",
"product_memberships" : [
"PayPalRisk"
],
"sources" : [
],
"type" : "binary"
}
],
"tools_version" : "5.10"
}
Command line invocation:
/Applications/Xcode-16.3.0.app/Contents/Developer/usr/bin/xcodebuild -IDEClonedSourcePackagesDirPathOverride=/Users/admin/builder/spi-builder-workspace/.dependencies -resolvePackageDependencies
Resolve Package Graph
Resolve Package Graph
Resolved source packages:
PayPalRisk: /Users/admin/builder/spi-builder-workspace
resolved source packages: PayPalRisk
{
"dependencies" : [
],
"manifest_display_name" : "PayPalRisk",
"name" : "PayPalRisk",
"path" : "/Users/admin/builder/spi-builder-workspace",
"platforms" : [
{
"name" : "ios",
"version" : "15.0"
}
],
"products" : [
{
"name" : "PayPalRisk",
"targets" : [
"PPRiskMagnes"
],
"type" : {
"library" : [
"automatic"
]
}
}
],
"swift_languages_versions" : [
"5"
],
"targets" : [
{
"c99name" : "PPRiskMagnes",
"module_type" : "BinaryTarget",
"name" : "PPRiskMagnes",
"path" : "remote/archive/PPRiskMagnes.xcframework.zip",
"product_memberships" : [
"PayPalRisk"
],
"sources" : [
],
"type" : "binary"
}
],
"tools_version" : "5.10"
}
{
"workspace" : {
"name" : "spi-builder-workspace",
"schemes" : [
"PayPalRisk"
]
}
}
Running build ...
env DEVELOPER_DIR=/Applications/Xcode-16.3.0.app xcrun xcodebuild -IDEClonedSourcePackagesDirPathOverride=$PWD/.dependencies -skipMacroValidation -skipPackagePluginValidation -derivedDataPath $PWD/.derivedData build -scheme PayPalRisk -destination generic/platform=xrOS OTHER_SWIFT_FLAGS=-stats-output-dir .stats -strict-concurrency=complete -enable-upcoming-feature StrictConcurrency -enable-upcoming-feature DisableOutwardActorInference -enable-upcoming-feature GlobalActorIsolatedTypesUsability -enable-upcoming-feature InferSendableFromCaptures
Command line invocation:
/Applications/Xcode-16.3.0.app/Contents/Developer/usr/bin/xcodebuild -IDEClonedSourcePackagesDirPathOverride=/Users/admin/builder/spi-builder-workspace/.dependencies -skipMacroValidation -skipPackagePluginValidation -derivedDataPath /Users/admin/builder/spi-builder-workspace/.derivedData build -scheme PayPalRisk -destination generic/platform=xrOS "OTHER_SWIFT_FLAGS=-stats-output-dir .stats -strict-concurrency=complete -enable-upcoming-feature StrictConcurrency -enable-upcoming-feature DisableOutwardActorInference -enable-upcoming-feature GlobalActorIsolatedTypesUsability -enable-upcoming-feature InferSendableFromCaptures"
Build settings from command line:
OTHER_SWIFT_FLAGS = -stats-output-dir .stats -strict-concurrency=complete -enable-upcoming-feature StrictConcurrency -enable-upcoming-feature DisableOutwardActorInference -enable-upcoming-feature GlobalActorIsolatedTypesUsability -enable-upcoming-feature InferSendableFromCaptures
Resolve Package Graph
Resolved source packages:
PayPalRisk: /Users/admin/builder/spi-builder-workspace
ComputePackagePrebuildTargetDependencyGraph
Prepare packages
CreateBuildRequest
SendProjectDescription
CreateBuildOperation
ComputeTargetDependencyGraph
note: Building targets in dependency order
note: Target dependency graph (1 target)
Target 'PayPalRisk' in project 'PayPalRisk' (no dependencies)
GatherProvisioningInputs
CreateBuildDescription
ExecuteExternalTool /Applications/Xcode-16.3.0.app/Contents/Developer/Toolchains/XcodeDefault.xctoolchain/usr/bin/clang -v -E -dM -isysroot /Applications/Xcode-16.3.0.app/Contents/Developer/Platforms/XROS.platform/Developer/SDKs/XROS2.4.sdk -x c -c /dev/null
Build description signature: 34dda640ea53b3e17b8cabf10cb6b6cd
Build description path: /Users/admin/builder/spi-builder-workspace/.derivedData/Build/Intermediates.noindex/XCBuildData/34dda640ea53b3e17b8cabf10cb6b6cd.xcbuilddata
/Users/admin/builder/spi-builder-workspace/.dependencies/artifacts/spi-builder-workspace/PPRiskMagnes/PPRiskMagnes.xcframework:1:1: error: While building for visionOS, no library for this platform was found in '/Users/admin/builder/spi-builder-workspace/.dependencies/artifacts/spi-builder-workspace/PPRiskMagnes/PPRiskMagnes.xcframework'. (in target 'PayPalRisk' from project 'PayPalRisk')
** BUILD FAILED **
The following build commands failed:
Building workspace spi-builder-workspace with scheme PayPalRisk
(1 failure)
Command line invocation:
/Applications/Xcode-16.3.0.app/Contents/Developer/usr/bin/xcodebuild -IDEClonedSourcePackagesDirPathOverride=/Users/admin/builder/spi-builder-workspace/.dependencies -resolvePackageDependencies
Resolve Package Graph
Resolved source packages:
PayPalRisk: /Users/admin/builder/spi-builder-workspace
resolved source packages: PayPalRisk
{
"dependencies" : [
],
"manifest_display_name" : "PayPalRisk",
"name" : "PayPalRisk",
"path" : "/Users/admin/builder/spi-builder-workspace",
"platforms" : [
{
"name" : "ios",
"version" : "15.0"
}
],
"products" : [
{
"name" : "PayPalRisk",
"targets" : [
"PPRiskMagnes"
],
"type" : {
"library" : [
"automatic"
]
}
}
],
"swift_languages_versions" : [
"5"
],
"targets" : [
{
"c99name" : "PPRiskMagnes",
"module_type" : "BinaryTarget",
"name" : "PPRiskMagnes",
"path" : "remote/archive/PPRiskMagnes.xcframework.zip",
"product_memberships" : [
"PayPalRisk"
],
"sources" : [
],
"type" : "binary"
}
],
"tools_version" : "5.10"
}
{
"workspace" : {
"name" : "spi-builder-workspace",
"schemes" : [
"PayPalRisk"
]
}
}
Running build ...
env DEVELOPER_DIR=/Applications/Xcode-16.3.0.app xcrun xcodebuild -IDEClonedSourcePackagesDirPathOverride=$PWD/.dependencies -skipMacroValidation -skipPackagePluginValidation -derivedDataPath $PWD/.derivedData build -scheme PayPalRisk -destination generic/platform=xrOS
Command line invocation:
/Applications/Xcode-16.3.0.app/Contents/Developer/usr/bin/xcodebuild -IDEClonedSourcePackagesDirPathOverride=/Users/admin/builder/spi-builder-workspace/.dependencies -skipMacroValidation -skipPackagePluginValidation -derivedDataPath /Users/admin/builder/spi-builder-workspace/.derivedData build -scheme PayPalRisk -destination generic/platform=xrOS
Resolve Package Graph
Resolved source packages:
PayPalRisk: /Users/admin/builder/spi-builder-workspace
ComputePackagePrebuildTargetDependencyGraph
Prepare packages
CreateBuildRequest
SendProjectDescription
CreateBuildOperation
ComputeTargetDependencyGraph
note: Building targets in dependency order
note: Target dependency graph (1 target)
Target 'PayPalRisk' in project 'PayPalRisk' (no dependencies)
GatherProvisioningInputs
CreateBuildDescription
ExecuteExternalTool /Applications/Xcode-16.3.0.app/Contents/Developer/Toolchains/XcodeDefault.xctoolchain/usr/bin/clang -v -E -dM -isysroot /Applications/Xcode-16.3.0.app/Contents/Developer/Platforms/XROS.platform/Developer/SDKs/XROS2.4.sdk -x c -c /dev/null
Build description signature: 6e250bb5f2fe2c6c6da9f270d151a7ce
Build description path: /Users/admin/builder/spi-builder-workspace/.derivedData/Build/Intermediates.noindex/XCBuildData/6e250bb5f2fe2c6c6da9f270d151a7ce.xcbuilddata
/Users/admin/builder/spi-builder-workspace/.dependencies/artifacts/spi-builder-workspace/PPRiskMagnes/PPRiskMagnes.xcframework:1:1: error: While building for visionOS, no library for this platform was found in '/Users/admin/builder/spi-builder-workspace/.dependencies/artifacts/spi-builder-workspace/PPRiskMagnes/PPRiskMagnes.xcframework'. (in target 'PayPalRisk' from project 'PayPalRisk')
** BUILD FAILED **
The following build commands failed:
Building workspace spi-builder-workspace with scheme PayPalRisk
(1 failure)
BUILD FAILURE 6.1 visionOS