The Swift Package Index logo.Swift Package Index

Build Information

Failed to build Reach5Google, reference master (c7c518), with Swift 6.1 for visionOS using Xcode 16.3 on 24 Aug 2026 18:20:47 UTC.

Build Command

env DEVELOPER_DIR=/Applications/Xcode-16.3.0.app xcrun xcodebuild -IDEClonedSourcePackagesDirPathOverride=$PWD/.dependencies -skipMacroValidation -skipPackagePluginValidation -derivedDataPath $PWD/.derivedData build -scheme Reach5Google -destination generic/platform=xrOS

Build Log

ScanDependencies /Users/admin/builder/spi-builder-workspace/.derivedData/Build/Intermediates.noindex/AppCheck.build/Debug-xros/AppCheckCore.build/Objects-normal/arm64/GACAppCheckStoredToken+GACAppCheckToken.o /Users/admin/builder/spi-builder-workspace/.dependencies/checkouts/app-check/AppCheckCore/Sources/Core/Storage/GACAppCheckStoredToken+GACAppCheckToken.m normal arm64 objective-c com.apple.compilers.llvm.clang.1_0.compiler (in target 'AppCheckCore' from project 'AppCheck')
    cd /Users/admin/builder/spi-builder-workspace/.swiftpm/xcode

    Using response file: /Users/admin/builder/spi-builder-workspace/.derivedData/Build/Intermediates.noindex/AppCheck.build/Debug-xros/AppCheckCore.build/Objects-normal/arm64/e6072d4f65d7061329687fe24e3d63a7-common-args.resp

    builtin-ScanDependencies -o /Users/admin/builder/spi-builder-workspace/.derivedData/Build/Intermediates.noindex/AppCheck.build/Debug-xros/AppCheckCore.build/Objects-normal/arm64/GACAppCheckStoredToken+GACAppCheckToken.o.scan -- /Applications/Xcode-16.3.0.app/Contents/Developer/Toolchains/XcodeDefault.xctoolchain/usr/bin/clang -x objective-c -ivfsstatcache /Users/admin/builder/spi-builder-workspace/.derivedData/SDKStatCaches.noindex/xros2.4-22O233-407b76dbb837030756cbe1ab3f0b01b6.sdkstatcache -fmessage-length\=0 -fdiagnostics-show-note-include-stack -fmacro-backtrace-limit\=0 -fno-color-diagnostics -fmodules-prune-interval\=86400 -fmodules-prune-after\=345600 -fbuild-session-file\=/Users/admin/builder/spi-builder-workspace/.derivedData/ModuleCache.noindex/Session.modulevalidation -fmodules-validate-once-per-build-session -Wnon-modular-include-in-framework-module -Werror\=non-modular-include-in-framework-module -Wno-trigraphs -Wno-missing-field-initializers -Wno-missing-prototypes -Wno-return-type -Wno-implicit-atomic-properties -Wno-objc-interface-ivars -Wno-arc-repeated-use-of-weak -Wno-missing-braces -Wparentheses -Wswitch -Wno-unused-function -Wno-unused-label -Wno-unused-parameter -Wno-unused-variable -Wunused-value -Wno-empty-body -Wno-uninitialized -Wno-unknown-pragmas -w -Wno-shadow -Wno-four-char-constants -Wno-conversion -Wno-constant-conversion -Wno-int-conversion -Wno-bool-conversion -Wno-enum-conversion -Wno-float-conversion -Wno-non-literal-null-conversion -Wno-objc-literal-conversion -Wshorten-64-to-32 -Wpointer-sign -Wno-newline-eof -Wno-selector -Wno-strict-selector-match -Wno-undeclared-selector -Wno-deprecated-implementations -Wno-implicit-fallthrough -fstrict-aliasing -Wprotocol -Wdeprecated-declarations -Wno-sign-conversion -Wno-infinite-recursion -Wno-comma -Wno-block-capture-autoreleasing -Wno-strict-prototypes -Wno-semicolon-before-method-body -index-store-path /Users/admin/builder/spi-builder-workspace/.derivedData/Index.noindex/DataStore @/Users/admin/builder/spi-builder-workspace/.derivedData/Build/Intermediates.noindex/AppCheck.build/Debug-xros/AppCheckCore.build/Objects-normal/arm64/e6072d4f65d7061329687fe24e3d63a7-common-args.resp -MMD -MT dependencies -MF /Users/admin/builder/spi-builder-workspace/.derivedData/Build/Intermediates.noindex/AppCheck.build/Debug-xros/AppCheckCore.build/Objects-normal/arm64/GACAppCheckStoredToken+GACAppCheckToken.d --serialize-diagnostics /Users/admin/builder/spi-builder-workspace/.derivedData/Build/Intermediates.noindex/AppCheck.build/Debug-xros/AppCheckCore.build/Objects-normal/arm64/GACAppCheckStoredToken+GACAppCheckToken.dia -c /Users/admin/builder/spi-builder-workspace/.dependencies/checkouts/app-check/AppCheckCore/Sources/Core/Storage/GACAppCheckStoredToken+GACAppCheckToken.m -o /Users/admin/builder/spi-builder-workspace/.derivedData/Build/Intermediates.noindex/AppCheck.build/Debug-xros/AppCheckCore.build/Objects-normal/arm64/GACAppCheckStoredToken+GACAppCheckToken.o -index-unit-output-path /AppCheck.build/Debug-xros/AppCheckCore.build/Objects-normal/arm64/GACAppCheckStoredToken+GACAppCheckToken.o
ScanDependencies /Users/admin/builder/spi-builder-workspace/.derivedData/Build/Intermediates.noindex/AppCheck.build/Debug-xros/AppCheckCore.build/Objects-normal/arm64/GACAppCheckStorage.o /Users/admin/builder/spi-builder-workspace/.dependencies/checkouts/app-check/AppCheckCore/Sources/Core/Storage/GACAppCheckStorage.m normal arm64 objective-c com.apple.compilers.llvm.clang.1_0.compiler (in target 'AppCheckCore' from project 'AppCheck')
    cd /Users/admin/builder/spi-builder-workspace/.swiftpm/xcode

    Using response file: /Users/admin/builder/spi-builder-workspace/.derivedData/Build/Intermediates.noindex/AppCheck.build/Debug-xros/AppCheckCore.build/Objects-normal/arm64/e6072d4f65d7061329687fe24e3d63a7-common-args.resp

    builtin-ScanDependencies -o /Users/admin/builder/spi-builder-workspace/.derivedData/Build/Intermediates.noindex/AppCheck.build/Debug-xros/AppCheckCore.build/Objects-normal/arm64/GACAppCheckStorage.o.scan -- /Applications/Xcode-16.3.0.app/Contents/Developer/Toolchains/XcodeDefault.xctoolchain/usr/bin/clang -x objective-c -ivfsstatcache /Users/admin/builder/spi-builder-workspace/.derivedData/SDKStatCaches.noindex/xros2.4-22O233-407b76dbb837030756cbe1ab3f0b01b6.sdkstatcache -fmessage-length\=0 -fdiagnostics-show-note-include-stack -fmacro-backtrace-limit\=0 -fno-color-diagnostics -fmodules-prune-interval\=86400 -fmodules-prune-after\=345600 -fbuild-session-file\=/Users/admin/builder/spi-builder-workspace/.derivedData/ModuleCache.noindex/Session.modulevalidation -fmodules-validate-once-per-build-session -Wnon-modular-include-in-framework-module -Werror\=non-modular-include-in-framework-module -Wno-trigraphs -Wno-missing-field-initializers -Wno-missing-prototypes -Wno-return-type -Wno-implicit-atomic-properties -Wno-objc-interface-ivars -Wno-arc-repeated-use-of-weak -Wno-missing-braces -Wparentheses -Wswitch -Wno-unused-function -Wno-unused-label -Wno-unused-parameter -Wno-unused-variable -Wunused-value -Wno-empty-body -Wno-uninitialized -Wno-unknown-pragmas -w -Wno-shadow -Wno-four-char-constants -Wno-conversion -Wno-constant-conversion -Wno-int-conversion -Wno-bool-conversion -Wno-enum-conversion -Wno-float-conversion -Wno-non-literal-null-conversion -Wno-objc-literal-conversion -Wshorten-64-to-32 -Wpointer-sign -Wno-newline-eof -Wno-selector -Wno-strict-selector-match -Wno-undeclared-selector -Wno-deprecated-implementations -Wno-implicit-fallthrough -fstrict-aliasing -Wprotocol -Wdeprecated-declarations -Wno-sign-conversion -Wno-infinite-recursion -Wno-comma -Wno-block-capture-autoreleasing -Wno-strict-prototypes -Wno-semicolon-before-method-body -index-store-path /Users/admin/builder/spi-builder-workspace/.derivedData/Index.noindex/DataStore @/Users/admin/builder/spi-builder-workspace/.derivedData/Build/Intermediates.noindex/AppCheck.build/Debug-xros/AppCheckCore.build/Objects-normal/arm64/e6072d4f65d7061329687fe24e3d63a7-common-args.resp -MMD -MT dependencies -MF /Users/admin/builder/spi-builder-workspace/.derivedData/Build/Intermediates.noindex/AppCheck.build/Debug-xros/AppCheckCore.build/Objects-normal/arm64/GACAppCheckStorage.d --serialize-diagnostics /Users/admin/builder/spi-builder-workspace/.derivedData/Build/Intermediates.noindex/AppCheck.build/Debug-xros/AppCheckCore.build/Objects-normal/arm64/GACAppCheckStorage.dia -c /Users/admin/builder/spi-builder-workspace/.dependencies/checkouts/app-check/AppCheckCore/Sources/Core/Storage/GACAppCheckStorage.m -o /Users/admin/builder/spi-builder-workspace/.derivedData/Build/Intermediates.noindex/AppCheck.build/Debug-xros/AppCheckCore.build/Objects-normal/arm64/GACAppCheckStorage.o -index-unit-output-path /AppCheck.build/Debug-xros/AppCheckCore.build/Objects-normal/arm64/GACAppCheckStorage.o
ScanDependencies /Users/admin/builder/spi-builder-workspace/.derivedData/Build/Intermediates.noindex/AppCheck.build/Debug-xros/AppCheckCore.build/Objects-normal/arm64/GACAppCheckSettings.o /Users/admin/builder/spi-builder-workspace/.dependencies/checkouts/app-check/AppCheckCore/Sources/Core/GACAppCheckSettings.m normal arm64 objective-c com.apple.compilers.llvm.clang.1_0.compiler (in target 'AppCheckCore' from project 'AppCheck')
    cd /Users/admin/builder/spi-builder-workspace/.swiftpm/xcode

    Using response file: /Users/admin/builder/spi-builder-workspace/.derivedData/Build/Intermediates.noindex/AppCheck.build/Debug-xros/AppCheckCore.build/Objects-normal/arm64/e6072d4f65d7061329687fe24e3d63a7-common-args.resp

    builtin-ScanDependencies -o /Users/admin/builder/spi-builder-workspace/.derivedData/Build/Intermediates.noindex/AppCheck.build/Debug-xros/AppCheckCore.build/Objects-normal/arm64/GACAppCheckSettings.o.scan -- /Applications/Xcode-16.3.0.app/Contents/Developer/Toolchains/XcodeDefault.xctoolchain/usr/bin/clang -x objective-c -ivfsstatcache /Users/admin/builder/spi-builder-workspace/.derivedData/SDKStatCaches.noindex/xros2.4-22O233-407b76dbb837030756cbe1ab3f0b01b6.sdkstatcache -fmessage-length\=0 -fdiagnostics-show-note-include-stack -fmacro-backtrace-limit\=0 -fno-color-diagnostics -fmodules-prune-interval\=86400 -fmodules-prune-after\=345600 -fbuild-session-file\=/Users/admin/builder/spi-builder-workspace/.derivedData/ModuleCache.noindex/Session.modulevalidation -fmodules-validate-once-per-build-session -Wnon-modular-include-in-framework-module -Werror\=non-modular-include-in-framework-module -Wno-trigraphs -Wno-missing-field-initializers -Wno-missing-prototypes -Wno-return-type -Wno-implicit-atomic-properties -Wno-objc-interface-ivars -Wno-arc-repeated-use-of-weak -Wno-missing-braces -Wparentheses -Wswitch -Wno-unused-function -Wno-unused-label -Wno-unused-parameter -Wno-unused-variable -Wunused-value -Wno-empty-body -Wno-uninitialized -Wno-unknown-pragmas -w -Wno-shadow -Wno-four-char-constants -Wno-conversion -Wno-constant-conversion -Wno-int-conversion -Wno-bool-conversion -Wno-enum-conversion -Wno-float-conversion -Wno-non-literal-null-conversion -Wno-objc-literal-conversion -Wshorten-64-to-32 -Wpointer-sign -Wno-newline-eof -Wno-selector -Wno-strict-selector-match -Wno-undeclared-selector -Wno-deprecated-implementations -Wno-implicit-fallthrough -fstrict-aliasing -Wprotocol -Wdeprecated-declarations -Wno-sign-conversion -Wno-infinite-recursion -Wno-comma -Wno-block-capture-autoreleasing -Wno-strict-prototypes -Wno-semicolon-before-method-body -index-store-path /Users/admin/builder/spi-builder-workspace/.derivedData/Index.noindex/DataStore @/Users/admin/builder/spi-builder-workspace/.derivedData/Build/Intermediates.noindex/AppCheck.build/Debug-xros/AppCheckCore.build/Objects-normal/arm64/e6072d4f65d7061329687fe24e3d63a7-common-args.resp -MMD -MT dependencies -MF /Users/admin/builder/spi-builder-workspace/.derivedData/Build/Intermediates.noindex/AppCheck.build/Debug-xros/AppCheckCore.build/Objects-normal/arm64/GACAppCheckSettings.d --serialize-diagnostics /Users/admin/builder/spi-builder-workspace/.derivedData/Build/Intermediates.noindex/AppCheck.build/Debug-xros/AppCheckCore.build/Objects-normal/arm64/GACAppCheckSettings.dia -c /Users/admin/builder/spi-builder-workspace/.dependencies/checkouts/app-check/AppCheckCore/Sources/Core/GACAppCheckSettings.m -o /Users/admin/builder/spi-builder-workspace/.derivedData/Build/Intermediates.noindex/AppCheck.build/Debug-xros/AppCheckCore.build/Objects-normal/arm64/GACAppCheckSettings.o -index-unit-output-path /AppCheck.build/Debug-xros/AppCheckCore.build/Objects-normal/arm64/GACAppCheckSettings.o
ScanDependencies /Users/admin/builder/spi-builder-workspace/.derivedData/Build/Intermediates.noindex/AppCheck.build/Debug-xros/AppCheckCore.build/Objects-normal/arm64/GACAppCheckLogger.o /Users/admin/builder/spi-builder-workspace/.dependencies/checkouts/app-check/AppCheckCore/Sources/Core/GACAppCheckLogger.m normal arm64 objective-c com.apple.compilers.llvm.clang.1_0.compiler (in target 'AppCheckCore' from project 'AppCheck')
    cd /Users/admin/builder/spi-builder-workspace/.swiftpm/xcode

    Using response file: /Users/admin/builder/spi-builder-workspace/.derivedData/Build/Intermediates.noindex/AppCheck.build/Debug-xros/AppCheckCore.build/Objects-normal/arm64/e6072d4f65d7061329687fe24e3d63a7-common-args.resp

    builtin-ScanDependencies -o /Users/admin/builder/spi-builder-workspace/.derivedData/Build/Intermediates.noindex/AppCheck.build/Debug-xros/AppCheckCore.build/Objects-normal/arm64/GACAppCheckLogger.o.scan -- /Applications/Xcode-16.3.0.app/Contents/Developer/Toolchains/XcodeDefault.xctoolchain/usr/bin/clang -x objective-c -ivfsstatcache /Users/admin/builder/spi-builder-workspace/.derivedData/SDKStatCaches.noindex/xros2.4-22O233-407b76dbb837030756cbe1ab3f0b01b6.sdkstatcache -fmessage-length\=0 -fdiagnostics-show-note-include-stack -fmacro-backtrace-limit\=0 -fno-color-diagnostics -fmodules-prune-interval\=86400 -fmodules-prune-after\=345600 -fbuild-session-file\=/Users/admin/builder/spi-builder-workspace/.derivedData/ModuleCache.noindex/Session.modulevalidation -fmodules-validate-once-per-build-session -Wnon-modular-include-in-framework-module -Werror\=non-modular-include-in-framework-module -Wno-trigraphs -Wno-missing-field-initializers -Wno-missing-prototypes -Wno-return-type -Wno-implicit-atomic-properties -Wno-objc-interface-ivars -Wno-arc-repeated-use-of-weak -Wno-missing-braces -Wparentheses -Wswitch -Wno-unused-function -Wno-unused-label -Wno-unused-parameter -Wno-unused-variable -Wunused-value -Wno-empty-body -Wno-uninitialized -Wno-unknown-pragmas -w -Wno-shadow -Wno-four-char-constants -Wno-conversion -Wno-constant-conversion -Wno-int-conversion -Wno-bool-conversion -Wno-enum-conversion -Wno-float-conversion -Wno-non-literal-null-conversion -Wno-objc-literal-conversion -Wshorten-64-to-32 -Wpointer-sign -Wno-newline-eof -Wno-selector -Wno-strict-selector-match -Wno-undeclared-selector -Wno-deprecated-implementations -Wno-implicit-fallthrough -fstrict-aliasing -Wprotocol -Wdeprecated-declarations -Wno-sign-conversion -Wno-infinite-recursion -Wno-comma -Wno-block-capture-autoreleasing -Wno-strict-prototypes -Wno-semicolon-before-method-body -index-store-path /Users/admin/builder/spi-builder-workspace/.derivedData/Index.noindex/DataStore @/Users/admin/builder/spi-builder-workspace/.derivedData/Build/Intermediates.noindex/AppCheck.build/Debug-xros/AppCheckCore.build/Objects-normal/arm64/e6072d4f65d7061329687fe24e3d63a7-common-args.resp -MMD -MT dependencies -MF /Users/admin/builder/spi-builder-workspace/.derivedData/Build/Intermediates.noindex/AppCheck.build/Debug-xros/AppCheckCore.build/Objects-normal/arm64/GACAppCheckLogger.d --serialize-diagnostics /Users/admin/builder/spi-builder-workspace/.derivedData/Build/Intermediates.noindex/AppCheck.build/Debug-xros/AppCheckCore.build/Objects-normal/arm64/GACAppCheckLogger.dia -c /Users/admin/builder/spi-builder-workspace/.dependencies/checkouts/app-check/AppCheckCore/Sources/Core/GACAppCheckLogger.m -o /Users/admin/builder/spi-builder-workspace/.derivedData/Build/Intermediates.noindex/AppCheck.build/Debug-xros/AppCheckCore.build/Objects-normal/arm64/GACAppCheckLogger.o -index-unit-output-path /AppCheck.build/Debug-xros/AppCheckCore.build/Objects-normal/arm64/GACAppCheckLogger.o
ScanDependencies /Users/admin/builder/spi-builder-workspace/.derivedData/Build/Intermediates.noindex/AppCheck.build/Debug-xros/AppCheckCore.build/Objects-normal/arm64/GACAppCheckHTTPError.o /Users/admin/builder/spi-builder-workspace/.dependencies/checkouts/app-check/AppCheckCore/Sources/Core/Errors/GACAppCheckHTTPError.m normal arm64 objective-c com.apple.compilers.llvm.clang.1_0.compiler (in target 'AppCheckCore' from project 'AppCheck')
    cd /Users/admin/builder/spi-builder-workspace/.swiftpm/xcode

    Using response file: /Users/admin/builder/spi-builder-workspace/.derivedData/Build/Intermediates.noindex/AppCheck.build/Debug-xros/AppCheckCore.build/Objects-normal/arm64/e6072d4f65d7061329687fe24e3d63a7-common-args.resp

    builtin-ScanDependencies -o /Users/admin/builder/spi-builder-workspace/.derivedData/Build/Intermediates.noindex/AppCheck.build/Debug-xros/AppCheckCore.build/Objects-normal/arm64/GACAppCheckHTTPError.o.scan -- /Applications/Xcode-16.3.0.app/Contents/Developer/Toolchains/XcodeDefault.xctoolchain/usr/bin/clang -x objective-c -ivfsstatcache /Users/admin/builder/spi-builder-workspace/.derivedData/SDKStatCaches.noindex/xros2.4-22O233-407b76dbb837030756cbe1ab3f0b01b6.sdkstatcache -fmessage-length\=0 -fdiagnostics-show-note-include-stack -fmacro-backtrace-limit\=0 -fno-color-diagnostics -fmodules-prune-interval\=86400 -fmodules-prune-after\=345600 -fbuild-session-file\=/Users/admin/builder/spi-builder-workspace/.derivedData/ModuleCache.noindex/Session.modulevalidation -fmodules-validate-once-per-build-session -Wnon-modular-include-in-framework-module -Werror\=non-modular-include-in-framework-module -Wno-trigraphs -Wno-missing-field-initializers -Wno-missing-prototypes -Wno-return-type -Wno-implicit-atomic-properties -Wno-objc-interface-ivars -Wno-arc-repeated-use-of-weak -Wno-missing-braces -Wparentheses -Wswitch -Wno-unused-function -Wno-unused-label -Wno-unused-parameter -Wno-unused-variable -Wunused-value -Wno-empty-body -Wno-uninitialized -Wno-unknown-pragmas -w -Wno-shadow -Wno-four-char-constants -Wno-conversion -Wno-constant-conversion -Wno-int-conversion -Wno-bool-conversion -Wno-enum-conversion -Wno-float-conversion -Wno-non-literal-null-conversion -Wno-objc-literal-conversion -Wshorten-64-to-32 -Wpointer-sign -Wno-newline-eof -Wno-selector -Wno-strict-selector-match -Wno-undeclared-selector -Wno-deprecated-implementations -Wno-implicit-fallthrough -fstrict-aliasing -Wprotocol -Wdeprecated-declarations -Wno-sign-conversion -Wno-infinite-recursion -Wno-comma -Wno-block-capture-autoreleasing -Wno-strict-prototypes -Wno-semicolon-before-method-body -index-store-path /Users/admin/builder/spi-builder-workspace/.derivedData/Index.noindex/DataStore @/Users/admin/builder/spi-builder-workspace/.derivedData/Build/Intermediates.noindex/AppCheck.build/Debug-xros/AppCheckCore.build/Objects-normal/arm64/e6072d4f65d7061329687fe24e3d63a7-common-args.resp -MMD -MT dependencies -MF /Users/admin/builder/spi-builder-workspace/.derivedData/Build/Intermediates.noindex/AppCheck.build/Debug-xros/AppCheckCore.build/Objects-normal/arm64/GACAppCheckHTTPError.d --serialize-diagnostics /Users/admin/builder/spi-builder-workspace/.derivedData/Build/Intermediates.noindex/AppCheck.build/Debug-xros/AppCheckCore.build/Objects-normal/arm64/GACAppCheckHTTPError.dia -c /Users/admin/builder/spi-builder-workspace/.dependencies/checkouts/app-check/AppCheckCore/Sources/Core/Errors/GACAppCheckHTTPError.m -o /Users/admin/builder/spi-builder-workspace/.derivedData/Build/Intermediates.noindex/AppCheck.build/Debug-xros/AppCheckCore.build/Objects-normal/arm64/GACAppCheckHTTPError.o -index-unit-output-path /AppCheck.build/Debug-xros/AppCheckCore.build/Objects-normal/arm64/GACAppCheckHTTPError.o
ScanDependencies /Users/admin/builder/spi-builder-workspace/.derivedData/Build/Intermediates.noindex/AppCheck.build/Debug-xros/AppCheckCore.build/Objects-normal/arm64/GACAppCheckErrors.o /Users/admin/builder/spi-builder-workspace/.dependencies/checkouts/app-check/AppCheckCore/Sources/Core/Errors/GACAppCheckErrors.m normal arm64 objective-c com.apple.compilers.llvm.clang.1_0.compiler (in target 'AppCheckCore' from project 'AppCheck')
    cd /Users/admin/builder/spi-builder-workspace/.swiftpm/xcode

    Using response file: /Users/admin/builder/spi-builder-workspace/.derivedData/Build/Intermediates.noindex/AppCheck.build/Debug-xros/AppCheckCore.build/Objects-normal/arm64/e6072d4f65d7061329687fe24e3d63a7-common-args.resp

    builtin-ScanDependencies -o /Users/admin/builder/spi-builder-workspace/.derivedData/Build/Intermediates.noindex/AppCheck.build/Debug-xros/AppCheckCore.build/Objects-normal/arm64/GACAppCheckErrors.o.scan -- /Applications/Xcode-16.3.0.app/Contents/Developer/Toolchains/XcodeDefault.xctoolchain/usr/bin/clang -x objective-c -ivfsstatcache /Users/admin/builder/spi-builder-workspace/.derivedData/SDKStatCaches.noindex/xros2.4-22O233-407b76dbb837030756cbe1ab3f0b01b6.sdkstatcache -fmessage-length\=0 -fdiagnostics-show-note-include-stack -fmacro-backtrace-limit\=0 -fno-color-diagnostics -fmodules-prune-interval\=86400 -fmodules-prune-after\=345600 -fbuild-session-file\=/Users/admin/builder/spi-builder-workspace/.derivedData/ModuleCache.noindex/Session.modulevalidation -fmodules-validate-once-per-build-session -Wnon-modular-include-in-framework-module -Werror\=non-modular-include-in-framework-module -Wno-trigraphs -Wno-missing-field-initializers -Wno-missing-prototypes -Wno-return-type -Wno-implicit-atomic-properties -Wno-objc-interface-ivars -Wno-arc-repeated-use-of-weak -Wno-missing-braces -Wparentheses -Wswitch -Wno-unused-function -Wno-unused-label -Wno-unused-parameter -Wno-unused-variable -Wunused-value -Wno-empty-body -Wno-uninitialized -Wno-unknown-pragmas -w -Wno-shadow -Wno-four-char-constants -Wno-conversion -Wno-constant-conversion -Wno-int-conversion -Wno-bool-conversion -Wno-enum-conversion -Wno-float-conversion -Wno-non-literal-null-conversion -Wno-objc-literal-conversion -Wshorten-64-to-32 -Wpointer-sign -Wno-newline-eof -Wno-selector -Wno-strict-selector-match -Wno-undeclared-selector -Wno-deprecated-implementations -Wno-implicit-fallthrough -fstrict-aliasing -Wprotocol -Wdeprecated-declarations -Wno-sign-conversion -Wno-infinite-recursion -Wno-comma -Wno-block-capture-autoreleasing -Wno-strict-prototypes -Wno-semicolon-before-method-body -index-store-path /Users/admin/builder/spi-builder-workspace/.derivedData/Index.noindex/DataStore @/Users/admin/builder/spi-builder-workspace/.derivedData/Build/Intermediates.noindex/AppCheck.build/Debug-xros/AppCheckCore.build/Objects-normal/arm64/e6072d4f65d7061329687fe24e3d63a7-common-args.resp -MMD -MT dependencies -MF /Users/admin/builder/spi-builder-workspace/.derivedData/Build/Intermediates.noindex/AppCheck.build/Debug-xros/AppCheckCore.build/Objects-normal/arm64/GACAppCheckErrors.d --serialize-diagnostics /Users/admin/builder/spi-builder-workspace/.derivedData/Build/Intermediates.noindex/AppCheck.build/Debug-xros/AppCheckCore.build/Objects-normal/arm64/GACAppCheckErrors.dia -c /Users/admin/builder/spi-builder-workspace/.dependencies/checkouts/app-check/AppCheckCore/Sources/Core/Errors/GACAppCheckErrors.m -o /Users/admin/builder/spi-builder-workspace/.derivedData/Build/Intermediates.noindex/AppCheck.build/Debug-xros/AppCheckCore.build/Objects-normal/arm64/GACAppCheckErrors.o -index-unit-output-path /AppCheck.build/Debug-xros/AppCheckCore.build/Objects-normal/arm64/GACAppCheckErrors.o
ScanDependencies /Users/admin/builder/spi-builder-workspace/.derivedData/Build/Intermediates.noindex/AppCheck.build/Debug-xros/AppCheckCore.build/Objects-normal/arm64/GACAppCheckErrorUtil.o /Users/admin/builder/spi-builder-workspace/.dependencies/checkouts/app-check/AppCheckCore/Sources/Core/Errors/GACAppCheckErrorUtil.m normal arm64 objective-c com.apple.compilers.llvm.clang.1_0.compiler (in target 'AppCheckCore' from project 'AppCheck')
    cd /Users/admin/builder/spi-builder-workspace/.swiftpm/xcode

    Using response file: /Users/admin/builder/spi-builder-workspace/.derivedData/Build/Intermediates.noindex/AppCheck.build/Debug-xros/AppCheckCore.build/Objects-normal/arm64/e6072d4f65d7061329687fe24e3d63a7-common-args.resp

    builtin-ScanDependencies -o /Users/admin/builder/spi-builder-workspace/.derivedData/Build/Intermediates.noindex/AppCheck.build/Debug-xros/AppCheckCore.build/Objects-normal/arm64/GACAppCheckErrorUtil.o.scan -- /Applications/Xcode-16.3.0.app/Contents/Developer/Toolchains/XcodeDefault.xctoolchain/usr/bin/clang -x objective-c -ivfsstatcache /Users/admin/builder/spi-builder-workspace/.derivedData/SDKStatCaches.noindex/xros2.4-22O233-407b76dbb837030756cbe1ab3f0b01b6.sdkstatcache -fmessage-length\=0 -fdiagnostics-show-note-include-stack -fmacro-backtrace-limit\=0 -fno-color-diagnostics -fmodules-prune-interval\=86400 -fmodules-prune-after\=345600 -fbuild-session-file\=/Users/admin/builder/spi-builder-workspace/.derivedData/ModuleCache.noindex/Session.modulevalidation -fmodules-validate-once-per-build-session -Wnon-modular-include-in-framework-module -Werror\=non-modular-include-in-framework-module -Wno-trigraphs -Wno-missing-field-initializers -Wno-missing-prototypes -Wno-return-type -Wno-implicit-atomic-properties -Wno-objc-interface-ivars -Wno-arc-repeated-use-of-weak -Wno-missing-braces -Wparentheses -Wswitch -Wno-unused-function -Wno-unused-label -Wno-unused-parameter -Wno-unused-variable -Wunused-value -Wno-empty-body -Wno-uninitialized -Wno-unknown-pragmas -w -Wno-shadow -Wno-four-char-constants -Wno-conversion -Wno-constant-conversion -Wno-int-conversion -Wno-bool-conversion -Wno-enum-conversion -Wno-float-conversion -Wno-non-literal-null-conversion -Wno-objc-literal-conversion -Wshorten-64-to-32 -Wpointer-sign -Wno-newline-eof -Wno-selector -Wno-strict-selector-match -Wno-undeclared-selector -Wno-deprecated-implementations -Wno-implicit-fallthrough -fstrict-aliasing -Wprotocol -Wdeprecated-declarations -Wno-sign-conversion -Wno-infinite-recursion -Wno-comma -Wno-block-capture-autoreleasing -Wno-strict-prototypes -Wno-semicolon-before-method-body -index-store-path /Users/admin/builder/spi-builder-workspace/.derivedData/Index.noindex/DataStore @/Users/admin/builder/spi-builder-workspace/.derivedData/Build/Intermediates.noindex/AppCheck.build/Debug-xros/AppCheckCore.build/Objects-normal/arm64/e6072d4f65d7061329687fe24e3d63a7-common-args.resp -MMD -MT dependencies -MF /Users/admin/builder/spi-builder-workspace/.derivedData/Build/Intermediates.noindex/AppCheck.build/Debug-xros/AppCheckCore.build/Objects-normal/arm64/GACAppCheckErrorUtil.d --serialize-diagnostics /Users/admin/builder/spi-builder-workspace/.derivedData/Build/Intermediates.noindex/AppCheck.build/Debug-xros/AppCheckCore.build/Objects-normal/arm64/GACAppCheckErrorUtil.dia -c /Users/admin/builder/spi-builder-workspace/.dependencies/checkouts/app-check/AppCheckCore/Sources/Core/Errors/GACAppCheckErrorUtil.m -o /Users/admin/builder/spi-builder-workspace/.derivedData/Build/Intermediates.noindex/AppCheck.build/Debug-xros/AppCheckCore.build/Objects-normal/arm64/GACAppCheckErrorUtil.o -index-unit-output-path /AppCheck.build/Debug-xros/AppCheckCore.build/Objects-normal/arm64/GACAppCheckErrorUtil.o
ScanDependencies /Users/admin/builder/spi-builder-workspace/.derivedData/Build/Intermediates.noindex/AppCheck.build/Debug-xros/AppCheckCore.build/Objects-normal/arm64/GACAppCheckDebugProviderAPIService.o /Users/admin/builder/spi-builder-workspace/.dependencies/checkouts/app-check/AppCheckCore/Sources/DebugProvider/API/GACAppCheckDebugProviderAPIService.m normal arm64 objective-c com.apple.compilers.llvm.clang.1_0.compiler (in target 'AppCheckCore' from project 'AppCheck')
    cd /Users/admin/builder/spi-builder-workspace/.swiftpm/xcode

    Using response file: /Users/admin/builder/spi-builder-workspace/.derivedData/Build/Intermediates.noindex/AppCheck.build/Debug-xros/AppCheckCore.build/Objects-normal/arm64/e6072d4f65d7061329687fe24e3d63a7-common-args.resp

    builtin-ScanDependencies -o /Users/admin/builder/spi-builder-workspace/.derivedData/Build/Intermediates.noindex/AppCheck.build/Debug-xros/AppCheckCore.build/Objects-normal/arm64/GACAppCheckDebugProviderAPIService.o.scan -- /Applications/Xcode-16.3.0.app/Contents/Developer/Toolchains/XcodeDefault.xctoolchain/usr/bin/clang -x objective-c -ivfsstatcache /Users/admin/builder/spi-builder-workspace/.derivedData/SDKStatCaches.noindex/xros2.4-22O233-407b76dbb837030756cbe1ab3f0b01b6.sdkstatcache -fmessage-length\=0 -fdiagnostics-show-note-include-stack -fmacro-backtrace-limit\=0 -fno-color-diagnostics -fmodules-prune-interval\=86400 -fmodules-prune-after\=345600 -fbuild-session-file\=/Users/admin/builder/spi-builder-workspace/.derivedData/ModuleCache.noindex/Session.modulevalidation -fmodules-validate-once-per-build-session -Wnon-modular-include-in-framework-module -Werror\=non-modular-include-in-framework-module -Wno-trigraphs -Wno-missing-field-initializers -Wno-missing-prototypes -Wno-return-type -Wno-implicit-atomic-properties -Wno-objc-interface-ivars -Wno-arc-repeated-use-of-weak -Wno-missing-braces -Wparentheses -Wswitch -Wno-unused-function -Wno-unused-label -Wno-unused-parameter -Wno-unused-variable -Wunused-value -Wno-empty-body -Wno-uninitialized -Wno-unknown-pragmas -w -Wno-shadow -Wno-four-char-constants -Wno-conversion -Wno-constant-conversion -Wno-int-conversion -Wno-bool-conversion -Wno-enum-conversion -Wno-float-conversion -Wno-non-literal-null-conversion -Wno-objc-literal-conversion -Wshorten-64-to-32 -Wpointer-sign -Wno-newline-eof -Wno-selector -Wno-strict-selector-match -Wno-undeclared-selector -Wno-deprecated-implementations -Wno-implicit-fallthrough -fstrict-aliasing -Wprotocol -Wdeprecated-declarations -Wno-sign-conversion -Wno-infinite-recursion -Wno-comma -Wno-block-capture-autoreleasing -Wno-strict-prototypes -Wno-semicolon-before-method-body -index-store-path /Users/admin/builder/spi-builder-workspace/.derivedData/Index.noindex/DataStore @/Users/admin/builder/spi-builder-workspace/.derivedData/Build/Intermediates.noindex/AppCheck.build/Debug-xros/AppCheckCore.build/Objects-normal/arm64/e6072d4f65d7061329687fe24e3d63a7-common-args.resp -MMD -MT dependencies -MF /Users/admin/builder/spi-builder-workspace/.derivedData/Build/Intermediates.noindex/AppCheck.build/Debug-xros/AppCheckCore.build/Objects-normal/arm64/GACAppCheckDebugProviderAPIService.d --serialize-diagnostics /Users/admin/builder/spi-builder-workspace/.derivedData/Build/Intermediates.noindex/AppCheck.build/Debug-xros/AppCheckCore.build/Objects-normal/arm64/GACAppCheckDebugProviderAPIService.dia -c /Users/admin/builder/spi-builder-workspace/.dependencies/checkouts/app-check/AppCheckCore/Sources/DebugProvider/API/GACAppCheckDebugProviderAPIService.m -o /Users/admin/builder/spi-builder-workspace/.derivedData/Build/Intermediates.noindex/AppCheck.build/Debug-xros/AppCheckCore.build/Objects-normal/arm64/GACAppCheckDebugProviderAPIService.o -index-unit-output-path /AppCheck.build/Debug-xros/AppCheckCore.build/Objects-normal/arm64/GACAppCheckDebugProviderAPIService.o
ScanDependencies /Users/admin/builder/spi-builder-workspace/.derivedData/Build/Intermediates.noindex/AppCheck.build/Debug-xros/AppCheckCore.build/Objects-normal/arm64/GACAppCheckDebugProvider.o /Users/admin/builder/spi-builder-workspace/.dependencies/checkouts/app-check/AppCheckCore/Sources/DebugProvider/GACAppCheckDebugProvider.m normal arm64 objective-c com.apple.compilers.llvm.clang.1_0.compiler (in target 'AppCheckCore' from project 'AppCheck')
    cd /Users/admin/builder/spi-builder-workspace/.swiftpm/xcode

    Using response file: /Users/admin/builder/spi-builder-workspace/.derivedData/Build/Intermediates.noindex/AppCheck.build/Debug-xros/AppCheckCore.build/Objects-normal/arm64/e6072d4f65d7061329687fe24e3d63a7-common-args.resp

    builtin-ScanDependencies -o /Users/admin/builder/spi-builder-workspace/.derivedData/Build/Intermediates.noindex/AppCheck.build/Debug-xros/AppCheckCore.build/Objects-normal/arm64/GACAppCheckDebugProvider.o.scan -- /Applications/Xcode-16.3.0.app/Contents/Developer/Toolchains/XcodeDefault.xctoolchain/usr/bin/clang -x objective-c -ivfsstatcache /Users/admin/builder/spi-builder-workspace/.derivedData/SDKStatCaches.noindex/xros2.4-22O233-407b76dbb837030756cbe1ab3f0b01b6.sdkstatcache -fmessage-length\=0 -fdiagnostics-show-note-include-stack -fmacro-backtrace-limit\=0 -fno-color-diagnostics -fmodules-prune-interval\=86400 -fmodules-prune-after\=345600 -fbuild-session-file\=/Users/admin/builder/spi-builder-workspace/.derivedData/ModuleCache.noindex/Session.modulevalidation -fmodules-validate-once-per-build-session -Wnon-modular-include-in-framework-module -Werror\=non-modular-include-in-framework-module -Wno-trigraphs -Wno-missing-field-initializers -Wno-missing-prototypes -Wno-return-type -Wno-implicit-atomic-properties -Wno-objc-interface-ivars -Wno-arc-repeated-use-of-weak -Wno-missing-braces -Wparentheses -Wswitch -Wno-unused-function -Wno-unused-label -Wno-unused-parameter -Wno-unused-variable -Wunused-value -Wno-empty-body -Wno-uninitialized -Wno-unknown-pragmas -w -Wno-shadow -Wno-four-char-constants -Wno-conversion -Wno-constant-conversion -Wno-int-conversion -Wno-bool-conversion -Wno-enum-conversion -Wno-float-conversion -Wno-non-literal-null-conversion -Wno-objc-literal-conversion -Wshorten-64-to-32 -Wpointer-sign -Wno-newline-eof -Wno-selector -Wno-strict-selector-match -Wno-undeclared-selector -Wno-deprecated-implementations -Wno-implicit-fallthrough -fstrict-aliasing -Wprotocol -Wdeprecated-declarations -Wno-sign-conversion -Wno-infinite-recursion -Wno-comma -Wno-block-capture-autoreleasing -Wno-strict-prototypes -Wno-semicolon-before-method-body -index-store-path /Users/admin/builder/spi-builder-workspace/.derivedData/Index.noindex/DataStore @/Users/admin/builder/spi-builder-workspace/.derivedData/Build/Intermediates.noindex/AppCheck.build/Debug-xros/AppCheckCore.build/Objects-normal/arm64/e6072d4f65d7061329687fe24e3d63a7-common-args.resp -MMD -MT dependencies -MF /Users/admin/builder/spi-builder-workspace/.derivedData/Build/Intermediates.noindex/AppCheck.build/Debug-xros/AppCheckCore.build/Objects-normal/arm64/GACAppCheckDebugProvider.d --serialize-diagnostics /Users/admin/builder/spi-builder-workspace/.derivedData/Build/Intermediates.noindex/AppCheck.build/Debug-xros/AppCheckCore.build/Objects-normal/arm64/GACAppCheckDebugProvider.dia -c /Users/admin/builder/spi-builder-workspace/.dependencies/checkouts/app-check/AppCheckCore/Sources/DebugProvider/GACAppCheckDebugProvider.m -o /Users/admin/builder/spi-builder-workspace/.derivedData/Build/Intermediates.noindex/AppCheck.build/Debug-xros/AppCheckCore.build/Objects-normal/arm64/GACAppCheckDebugProvider.o -index-unit-output-path /AppCheck.build/Debug-xros/AppCheckCore.build/Objects-normal/arm64/GACAppCheckDebugProvider.o
ScanDependencies /Users/admin/builder/spi-builder-workspace/.derivedData/Build/Intermediates.noindex/AppCheck.build/Debug-xros/AppCheckCore.build/Objects-normal/arm64/GACAppCheckCryptoUtils.o /Users/admin/builder/spi-builder-workspace/.dependencies/checkouts/app-check/AppCheckCore/Sources/Core/Utils/GACAppCheckCryptoUtils.m normal arm64 objective-c com.apple.compilers.llvm.clang.1_0.compiler (in target 'AppCheckCore' from project 'AppCheck')
    cd /Users/admin/builder/spi-builder-workspace/.swiftpm/xcode

    Using response file: /Users/admin/builder/spi-builder-workspace/.derivedData/Build/Intermediates.noindex/AppCheck.build/Debug-xros/AppCheckCore.build/Objects-normal/arm64/e6072d4f65d7061329687fe24e3d63a7-common-args.resp

    builtin-ScanDependencies -o /Users/admin/builder/spi-builder-workspace/.derivedData/Build/Intermediates.noindex/AppCheck.build/Debug-xros/AppCheckCore.build/Objects-normal/arm64/GACAppCheckCryptoUtils.o.scan -- /Applications/Xcode-16.3.0.app/Contents/Developer/Toolchains/XcodeDefault.xctoolchain/usr/bin/clang -x objective-c -ivfsstatcache /Users/admin/builder/spi-builder-workspace/.derivedData/SDKStatCaches.noindex/xros2.4-22O233-407b76dbb837030756cbe1ab3f0b01b6.sdkstatcache -fmessage-length\=0 -fdiagnostics-show-note-include-stack -fmacro-backtrace-limit\=0 -fno-color-diagnostics -fmodules-prune-interval\=86400 -fmodules-prune-after\=345600 -fbuild-session-file\=/Users/admin/builder/spi-builder-workspace/.derivedData/ModuleCache.noindex/Session.modulevalidation -fmodules-validate-once-per-build-session -Wnon-modular-include-in-framework-module -Werror\=non-modular-include-in-framework-module -Wno-trigraphs -Wno-missing-field-initializers -Wno-missing-prototypes -Wno-return-type -Wno-implicit-atomic-properties -Wno-objc-interface-ivars -Wno-arc-repeated-use-of-weak -Wno-missing-braces -Wparentheses -Wswitch -Wno-unused-function -Wno-unused-label -Wno-unused-parameter -Wno-unused-variable -Wunused-value -Wno-empty-body -Wno-uninitialized -Wno-unknown-pragmas -w -Wno-shadow -Wno-four-char-constants -Wno-conversion -Wno-constant-conversion -Wno-int-conversion -Wno-bool-conversion -Wno-enum-conversion -Wno-float-conversion -Wno-non-literal-null-conversion -Wno-objc-literal-conversion -Wshorten-64-to-32 -Wpointer-sign -Wno-newline-eof -Wno-selector -Wno-strict-selector-match -Wno-undeclared-selector -Wno-deprecated-implementations -Wno-implicit-fallthrough -fstrict-aliasing -Wprotocol -Wdeprecated-declarations -Wno-sign-conversion -Wno-infinite-recursion -Wno-comma -Wno-block-capture-autoreleasing -Wno-strict-prototypes -Wno-semicolon-before-method-body -index-store-path /Users/admin/builder/spi-builder-workspace/.derivedData/Index.noindex/DataStore @/Users/admin/builder/spi-builder-workspace/.derivedData/Build/Intermediates.noindex/AppCheck.build/Debug-xros/AppCheckCore.build/Objects-normal/arm64/e6072d4f65d7061329687fe24e3d63a7-common-args.resp -MMD -MT dependencies -MF /Users/admin/builder/spi-builder-workspace/.derivedData/Build/Intermediates.noindex/AppCheck.build/Debug-xros/AppCheckCore.build/Objects-normal/arm64/GACAppCheckCryptoUtils.d --serialize-diagnostics /Users/admin/builder/spi-builder-workspace/.derivedData/Build/Intermediates.noindex/AppCheck.build/Debug-xros/AppCheckCore.build/Objects-normal/arm64/GACAppCheckCryptoUtils.dia -c /Users/admin/builder/spi-builder-workspace/.dependencies/checkouts/app-check/AppCheckCore/Sources/Core/Utils/GACAppCheckCryptoUtils.m -o /Users/admin/builder/spi-builder-workspace/.derivedData/Build/Intermediates.noindex/AppCheck.build/Debug-xros/AppCheckCore.build/Objects-normal/arm64/GACAppCheckCryptoUtils.o -index-unit-output-path /AppCheck.build/Debug-xros/AppCheckCore.build/Objects-normal/arm64/GACAppCheckCryptoUtils.o
ScanDependencies /Users/admin/builder/spi-builder-workspace/.derivedData/Build/Intermediates.noindex/AppCheck.build/Debug-xros/AppCheckCore.build/Objects-normal/arm64/GACAppCheckBackoffWrapper.o /Users/admin/builder/spi-builder-workspace/.dependencies/checkouts/app-check/AppCheckCore/Sources/Core/Backoff/GACAppCheckBackoffWrapper.m normal arm64 objective-c com.apple.compilers.llvm.clang.1_0.compiler (in target 'AppCheckCore' from project 'AppCheck')
    cd /Users/admin/builder/spi-builder-workspace/.swiftpm/xcode

    Using response file: /Users/admin/builder/spi-builder-workspace/.derivedData/Build/Intermediates.noindex/AppCheck.build/Debug-xros/AppCheckCore.build/Objects-normal/arm64/e6072d4f65d7061329687fe24e3d63a7-common-args.resp

    builtin-ScanDependencies -o /Users/admin/builder/spi-builder-workspace/.derivedData/Build/Intermediates.noindex/AppCheck.build/Debug-xros/AppCheckCore.build/Objects-normal/arm64/GACAppCheckBackoffWrapper.o.scan -- /Applications/Xcode-16.3.0.app/Contents/Developer/Toolchains/XcodeDefault.xctoolchain/usr/bin/clang -x objective-c -ivfsstatcache /Users/admin/builder/spi-builder-workspace/.derivedData/SDKStatCaches.noindex/xros2.4-22O233-407b76dbb837030756cbe1ab3f0b01b6.sdkstatcache -fmessage-length\=0 -fdiagnostics-show-note-include-stack -fmacro-backtrace-limit\=0 -fno-color-diagnostics -fmodules-prune-interval\=86400 -fmodules-prune-after\=345600 -fbuild-session-file\=/Users/admin/builder/spi-builder-workspace/.derivedData/ModuleCache.noindex/Session.modulevalidation -fmodules-validate-once-per-build-session -Wnon-modular-include-in-framework-module -Werror\=non-modular-include-in-framework-module -Wno-trigraphs -Wno-missing-field-initializers -Wno-missing-prototypes -Wno-return-type -Wno-implicit-atomic-properties -Wno-objc-interface-ivars -Wno-arc-repeated-use-of-weak -Wno-missing-braces -Wparentheses -Wswitch -Wno-unused-function -Wno-unused-label -Wno-unused-parameter -Wno-unused-variable -Wunused-value -Wno-empty-body -Wno-uninitialized -Wno-unknown-pragmas -w -Wno-shadow -Wno-four-char-constants -Wno-conversion -Wno-constant-conversion -Wno-int-conversion -Wno-bool-conversion -Wno-enum-conversion -Wno-float-conversion -Wno-non-literal-null-conversion -Wno-objc-literal-conversion -Wshorten-64-to-32 -Wpointer-sign -Wno-newline-eof -Wno-selector -Wno-strict-selector-match -Wno-undeclared-selector -Wno-deprecated-implementations -Wno-implicit-fallthrough -fstrict-aliasing -Wprotocol -Wdeprecated-declarations -Wno-sign-conversion -Wno-infinite-recursion -Wno-comma -Wno-block-capture-autoreleasing -Wno-strict-prototypes -Wno-semicolon-before-method-body -index-store-path /Users/admin/builder/spi-builder-workspace/.derivedData/Index.noindex/DataStore @/Users/admin/builder/spi-builder-workspace/.derivedData/Build/Intermediates.noindex/AppCheck.build/Debug-xros/AppCheckCore.build/Objects-normal/arm64/e6072d4f65d7061329687fe24e3d63a7-common-args.resp -MMD -MT dependencies -MF /Users/admin/builder/spi-builder-workspace/.derivedData/Build/Intermediates.noindex/AppCheck.build/Debug-xros/AppCheckCore.build/Objects-normal/arm64/GACAppCheckBackoffWrapper.d --serialize-diagnostics /Users/admin/builder/spi-builder-workspace/.derivedData/Build/Intermediates.noindex/AppCheck.build/Debug-xros/AppCheckCore.build/Objects-normal/arm64/GACAppCheckBackoffWrapper.dia -c /Users/admin/builder/spi-builder-workspace/.dependencies/checkouts/app-check/AppCheckCore/Sources/Core/Backoff/GACAppCheckBackoffWrapper.m -o /Users/admin/builder/spi-builder-workspace/.derivedData/Build/Intermediates.noindex/AppCheck.build/Debug-xros/AppCheckCore.build/Objects-normal/arm64/GACAppCheckBackoffWrapper.o -index-unit-output-path /AppCheck.build/Debug-xros/AppCheckCore.build/Objects-normal/arm64/GACAppCheckBackoffWrapper.o
ScanDependencies /Users/admin/builder/spi-builder-workspace/.derivedData/Build/Intermediates.noindex/AppCheck.build/Debug-xros/AppCheckCore.build/Objects-normal/arm64/GACAppCheckAPIService.o /Users/admin/builder/spi-builder-workspace/.dependencies/checkouts/app-check/AppCheckCore/Sources/Core/APIService/GACAppCheckAPIService.m normal arm64 objective-c com.apple.compilers.llvm.clang.1_0.compiler (in target 'AppCheckCore' from project 'AppCheck')
    cd /Users/admin/builder/spi-builder-workspace/.swiftpm/xcode

    Using response file: /Users/admin/builder/spi-builder-workspace/.derivedData/Build/Intermediates.noindex/AppCheck.build/Debug-xros/AppCheckCore.build/Objects-normal/arm64/e6072d4f65d7061329687fe24e3d63a7-common-args.resp

    builtin-ScanDependencies -o /Users/admin/builder/spi-builder-workspace/.derivedData/Build/Intermediates.noindex/AppCheck.build/Debug-xros/AppCheckCore.build/Objects-normal/arm64/GACAppCheckAPIService.o.scan -- /Applications/Xcode-16.3.0.app/Contents/Developer/Toolchains/XcodeDefault.xctoolchain/usr/bin/clang -x objective-c -ivfsstatcache /Users/admin/builder/spi-builder-workspace/.derivedData/SDKStatCaches.noindex/xros2.4-22O233-407b76dbb837030756cbe1ab3f0b01b6.sdkstatcache -fmessage-length\=0 -fdiagnostics-show-note-include-stack -fmacro-backtrace-limit\=0 -fno-color-diagnostics -fmodules-prune-interval\=86400 -fmodules-prune-after\=345600 -fbuild-session-file\=/Users/admin/builder/spi-builder-workspace/.derivedData/ModuleCache.noindex/Session.modulevalidation -fmodules-validate-once-per-build-session -Wnon-modular-include-in-framework-module -Werror\=non-modular-include-in-framework-module -Wno-trigraphs -Wno-missing-field-initializers -Wno-missing-prototypes -Wno-return-type -Wno-implicit-atomic-properties -Wno-objc-interface-ivars -Wno-arc-repeated-use-of-weak -Wno-missing-braces -Wparentheses -Wswitch -Wno-unused-function -Wno-unused-label -Wno-unused-parameter -Wno-unused-variable -Wunused-value -Wno-empty-body -Wno-uninitialized -Wno-unknown-pragmas -w -Wno-shadow -Wno-four-char-constants -Wno-conversion -Wno-constant-conversion -Wno-int-conversion -Wno-bool-conversion -Wno-enum-conversion -Wno-float-conversion -Wno-non-literal-null-conversion -Wno-objc-literal-conversion -Wshorten-64-to-32 -Wpointer-sign -Wno-newline-eof -Wno-selector -Wno-strict-selector-match -Wno-undeclared-selector -Wno-deprecated-implementations -Wno-implicit-fallthrough -fstrict-aliasing -Wprotocol -Wdeprecated-declarations -Wno-sign-conversion -Wno-infinite-recursion -Wno-comma -Wno-block-capture-autoreleasing -Wno-strict-prototypes -Wno-semicolon-before-method-body -index-store-path /Users/admin/builder/spi-builder-workspace/.derivedData/Index.noindex/DataStore @/Users/admin/builder/spi-builder-workspace/.derivedData/Build/Intermediates.noindex/AppCheck.build/Debug-xros/AppCheckCore.build/Objects-normal/arm64/e6072d4f65d7061329687fe24e3d63a7-common-args.resp -MMD -MT dependencies -MF /Users/admin/builder/spi-builder-workspace/.derivedData/Build/Intermediates.noindex/AppCheck.build/Debug-xros/AppCheckCore.build/Objects-normal/arm64/GACAppCheckAPIService.d --serialize-diagnostics /Users/admin/builder/spi-builder-workspace/.derivedData/Build/Intermediates.noindex/AppCheck.build/Debug-xros/AppCheckCore.build/Objects-normal/arm64/GACAppCheckAPIService.dia -c /Users/admin/builder/spi-builder-workspace/.dependencies/checkouts/app-check/AppCheckCore/Sources/Core/APIService/GACAppCheckAPIService.m -o /Users/admin/builder/spi-builder-workspace/.derivedData/Build/Intermediates.noindex/AppCheck.build/Debug-xros/AppCheckCore.build/Objects-normal/arm64/GACAppCheckAPIService.o -index-unit-output-path /AppCheck.build/Debug-xros/AppCheckCore.build/Objects-normal/arm64/GACAppCheckAPIService.o
ScanDependencies /Users/admin/builder/spi-builder-workspace/.derivedData/Build/Intermediates.noindex/AppCheck.build/Debug-xros/AppCheckCore.build/Objects-normal/arm64/GACAppCheck.o /Users/admin/builder/spi-builder-workspace/.dependencies/checkouts/app-check/AppCheckCore/Sources/Core/GACAppCheck.m normal arm64 objective-c com.apple.compilers.llvm.clang.1_0.compiler (in target 'AppCheckCore' from project 'AppCheck')
    cd /Users/admin/builder/spi-builder-workspace/.swiftpm/xcode

    Using response file: /Users/admin/builder/spi-builder-workspace/.derivedData/Build/Intermediates.noindex/AppCheck.build/Debug-xros/AppCheckCore.build/Objects-normal/arm64/e6072d4f65d7061329687fe24e3d63a7-common-args.resp

    builtin-ScanDependencies -o /Users/admin/builder/spi-builder-workspace/.derivedData/Build/Intermediates.noindex/AppCheck.build/Debug-xros/AppCheckCore.build/Objects-normal/arm64/GACAppCheck.o.scan -- /Applications/Xcode-16.3.0.app/Contents/Developer/Toolchains/XcodeDefault.xctoolchain/usr/bin/clang -x objective-c -ivfsstatcache /Users/admin/builder/spi-builder-workspace/.derivedData/SDKStatCaches.noindex/xros2.4-22O233-407b76dbb837030756cbe1ab3f0b01b6.sdkstatcache -fmessage-length\=0 -fdiagnostics-show-note-include-stack -fmacro-backtrace-limit\=0 -fno-color-diagnostics -fmodules-prune-interval\=86400 -fmodules-prune-after\=345600 -fbuild-session-file\=/Users/admin/builder/spi-builder-workspace/.derivedData/ModuleCache.noindex/Session.modulevalidation -fmodules-validate-once-per-build-session -Wnon-modular-include-in-framework-module -Werror\=non-modular-include-in-framework-module -Wno-trigraphs -Wno-missing-field-initializers -Wno-missing-prototypes -Wno-return-type -Wno-implicit-atomic-properties -Wno-objc-interface-ivars -Wno-arc-repeated-use-of-weak -Wno-missing-braces -Wparentheses -Wswitch -Wno-unused-function -Wno-unused-label -Wno-unused-parameter -Wno-unused-variable -Wunused-value -Wno-empty-body -Wno-uninitialized -Wno-unknown-pragmas -w -Wno-shadow -Wno-four-char-constants -Wno-conversion -Wno-constant-conversion -Wno-int-conversion -Wno-bool-conversion -Wno-enum-conversion -Wno-float-conversion -Wno-non-literal-null-conversion -Wno-objc-literal-conversion -Wshorten-64-to-32 -Wpointer-sign -Wno-newline-eof -Wno-selector -Wno-strict-selector-match -Wno-undeclared-selector -Wno-deprecated-implementations -Wno-implicit-fallthrough -fstrict-aliasing -Wprotocol -Wdeprecated-declarations -Wno-sign-conversion -Wno-infinite-recursion -Wno-comma -Wno-block-capture-autoreleasing -Wno-strict-prototypes -Wno-semicolon-before-method-body -index-store-path /Users/admin/builder/spi-builder-workspace/.derivedData/Index.noindex/DataStore @/Users/admin/builder/spi-builder-workspace/.derivedData/Build/Intermediates.noindex/AppCheck.build/Debug-xros/AppCheckCore.build/Objects-normal/arm64/e6072d4f65d7061329687fe24e3d63a7-common-args.resp -MMD -MT dependencies -MF /Users/admin/builder/spi-builder-workspace/.derivedData/Build/Intermediates.noindex/AppCheck.build/Debug-xros/AppCheckCore.build/Objects-normal/arm64/GACAppCheck.d --serialize-diagnostics /Users/admin/builder/spi-builder-workspace/.derivedData/Build/Intermediates.noindex/AppCheck.build/Debug-xros/AppCheckCore.build/Objects-normal/arm64/GACAppCheck.dia -c /Users/admin/builder/spi-builder-workspace/.dependencies/checkouts/app-check/AppCheckCore/Sources/Core/GACAppCheck.m -o /Users/admin/builder/spi-builder-workspace/.derivedData/Build/Intermediates.noindex/AppCheck.build/Debug-xros/AppCheckCore.build/Objects-normal/arm64/GACAppCheck.o -index-unit-output-path /AppCheck.build/Debug-xros/AppCheckCore.build/Objects-normal/arm64/GACAppCheck.o
SwiftEmitModule normal arm64 Emitting\ module\ for\ GTMAppAuth (in target 'GTMAppAuth' from project 'GTMAppAuth')
EmitSwiftModule normal arm64 (in target 'GTMAppAuth' from project 'GTMAppAuth')
    cd /Users/admin/builder/spi-builder-workspace/.swiftpm/xcode

CompileC /Users/admin/builder/spi-builder-workspace/.derivedData/Build/Intermediates.noindex/AppCheck.build/Debug-xros/AppCheckCore.build/Objects-normal/arm64/GACAppCheckToken+APIResponse.o /Users/admin/builder/spi-builder-workspace/.dependencies/checkouts/app-check/AppCheckCore/Sources/Core/APIService/GACAppCheckToken+APIResponse.m normal arm64 objective-c com.apple.compilers.llvm.clang.1_0.compiler (in target 'AppCheckCore' from project 'AppCheck')
    cd /Users/admin/builder/spi-builder-workspace/.swiftpm/xcode

    Using response file: /Users/admin/builder/spi-builder-workspace/.derivedData/Build/Intermediates.noindex/AppCheck.build/Debug-xros/AppCheckCore.build/Objects-normal/arm64/e6072d4f65d7061329687fe24e3d63a7-common-args.resp

    /Applications/Xcode-16.3.0.app/Contents/Developer/Toolchains/XcodeDefault.xctoolchain/usr/bin/clang -x objective-c -ivfsstatcache /Users/admin/builder/spi-builder-workspace/.derivedData/SDKStatCaches.noindex/xros2.4-22O233-407b76dbb837030756cbe1ab3f0b01b6.sdkstatcache -fmessage-length\=0 -fdiagnostics-show-note-include-stack -fmacro-backtrace-limit\=0 -fno-color-diagnostics -fmodules-prune-interval\=86400 -fmodules-prune-after\=345600 -fbuild-session-file\=/Users/admin/builder/spi-builder-workspace/.derivedData/ModuleCache.noindex/Session.modulevalidation -fmodules-validate-once-per-build-session -Wnon-modular-include-in-framework-module -Werror\=non-modular-include-in-framework-module -Wno-trigraphs -Wno-missing-field-initializers -Wno-missing-prototypes -Wno-return-type -Wno-implicit-atomic-properties -Wno-objc-interface-ivars -Wno-arc-repeated-use-of-weak -Wno-missing-braces -Wparentheses -Wswitch -Wno-unused-function -Wno-unused-label -Wno-unused-parameter -Wno-unused-variable -Wunused-value -Wno-empty-body -Wno-uninitialized -Wno-unknown-pragmas -w -Wno-shadow -Wno-four-char-constants -Wno-conversion -Wno-constant-conversion -Wno-int-conversion -Wno-bool-conversion -Wno-enum-conversion -Wno-float-conversion -Wno-non-literal-null-conversion -Wno-objc-literal-conversion -Wshorten-64-to-32 -Wpointer-sign -Wno-newline-eof -Wno-selector -Wno-strict-selector-match -Wno-undeclared-selector -Wno-deprecated-implementations -Wno-implicit-fallthrough -fstrict-aliasing -Wprotocol -Wdeprecated-declarations -Wno-sign-conversion -Wno-infinite-recursion -Wno-comma -Wno-block-capture-autoreleasing -Wno-strict-prototypes -Wno-semicolon-before-method-body -index-store-path /Users/admin/builder/spi-builder-workspace/.derivedData/Index.noindex/DataStore @/Users/admin/builder/spi-builder-workspace/.derivedData/Build/Intermediates.noindex/AppCheck.build/Debug-xros/AppCheckCore.build/Objects-normal/arm64/e6072d4f65d7061329687fe24e3d63a7-common-args.resp -MMD -MT dependencies -MF /Users/admin/builder/spi-builder-workspace/.derivedData/Build/Intermediates.noindex/AppCheck.build/Debug-xros/AppCheckCore.build/Objects-normal/arm64/GACAppCheckToken+APIResponse.d --serialize-diagnostics /Users/admin/builder/spi-builder-workspace/.derivedData/Build/Intermediates.noindex/AppCheck.build/Debug-xros/AppCheckCore.build/Objects-normal/arm64/GACAppCheckToken+APIResponse.dia -c /Users/admin/builder/spi-builder-workspace/.dependencies/checkouts/app-check/AppCheckCore/Sources/Core/APIService/GACAppCheckToken+APIResponse.m -o /Users/admin/builder/spi-builder-workspace/.derivedData/Build/Intermediates.noindex/AppCheck.build/Debug-xros/AppCheckCore.build/Objects-normal/arm64/GACAppCheckToken+APIResponse.o -index-unit-output-path /AppCheck.build/Debug-xros/AppCheckCore.build/Objects-normal/arm64/GACAppCheckToken+APIResponse.o
CompileC /Users/admin/builder/spi-builder-workspace/.derivedData/Build/Intermediates.noindex/AppCheck.build/Debug-xros/AppCheckCore.build/Objects-normal/arm64/GACAppCheckTimer.o /Users/admin/builder/spi-builder-workspace/.dependencies/checkouts/app-check/AppCheckCore/Sources/Core/TokenRefresh/GACAppCheckTimer.m normal arm64 objective-c com.apple.compilers.llvm.clang.1_0.compiler (in target 'AppCheckCore' from project 'AppCheck')
    cd /Users/admin/builder/spi-builder-workspace/.swiftpm/xcode

    Using response file: /Users/admin/builder/spi-builder-workspace/.derivedData/Build/Intermediates.noindex/AppCheck.build/Debug-xros/AppCheckCore.build/Objects-normal/arm64/e6072d4f65d7061329687fe24e3d63a7-common-args.resp

    /Applications/Xcode-16.3.0.app/Contents/Developer/Toolchains/XcodeDefault.xctoolchain/usr/bin/clang -x objective-c -ivfsstatcache /Users/admin/builder/spi-builder-workspace/.derivedData/SDKStatCaches.noindex/xros2.4-22O233-407b76dbb837030756cbe1ab3f0b01b6.sdkstatcache -fmessage-length\=0 -fdiagnostics-show-note-include-stack -fmacro-backtrace-limit\=0 -fno-color-diagnostics -fmodules-prune-interval\=86400 -fmodules-prune-after\=345600 -fbuild-session-file\=/Users/admin/builder/spi-builder-workspace/.derivedData/ModuleCache.noindex/Session.modulevalidation -fmodules-validate-once-per-build-session -Wnon-modular-include-in-framework-module -Werror\=non-modular-include-in-framework-module -Wno-trigraphs -Wno-missing-field-initializers -Wno-missing-prototypes -Wno-return-type -Wno-implicit-atomic-properties -Wno-objc-interface-ivars -Wno-arc-repeated-use-of-weak -Wno-missing-braces -Wparentheses -Wswitch -Wno-unused-function -Wno-unused-label -Wno-unused-parameter -Wno-unused-variable -Wunused-value -Wno-empty-body -Wno-uninitialized -Wno-unknown-pragmas -w -Wno-shadow -Wno-four-char-constants -Wno-conversion -Wno-constant-conversion -Wno-int-conversion -Wno-bool-conversion -Wno-enum-conversion -Wno-float-conversion -Wno-non-literal-null-conversion -Wno-objc-literal-conversion -Wshorten-64-to-32 -Wpointer-sign -Wno-newline-eof -Wno-selector -Wno-strict-selector-match -Wno-undeclared-selector -Wno-deprecated-implementations -Wno-implicit-fallthrough -fstrict-aliasing -Wprotocol -Wdeprecated-declarations -Wno-sign-conversion -Wno-infinite-recursion -Wno-comma -Wno-block-capture-autoreleasing -Wno-strict-prototypes -Wno-semicolon-before-method-body -index-store-path /Users/admin/builder/spi-builder-workspace/.derivedData/Index.noindex/DataStore @/Users/admin/builder/spi-builder-workspace/.derivedData/Build/Intermediates.noindex/AppCheck.build/Debug-xros/AppCheckCore.build/Objects-normal/arm64/e6072d4f65d7061329687fe24e3d63a7-common-args.resp -MMD -MT dependencies -MF /Users/admin/builder/spi-builder-workspace/.derivedData/Build/Intermediates.noindex/AppCheck.build/Debug-xros/AppCheckCore.build/Objects-normal/arm64/GACAppCheckTimer.d --serialize-diagnostics /Users/admin/builder/spi-builder-workspace/.derivedData/Build/Intermediates.noindex/AppCheck.build/Debug-xros/AppCheckCore.build/Objects-normal/arm64/GACAppCheckTimer.dia -c /Users/admin/builder/spi-builder-workspace/.dependencies/checkouts/app-check/AppCheckCore/Sources/Core/TokenRefresh/GACAppCheckTimer.m -o /Users/admin/builder/spi-builder-workspace/.derivedData/Build/Intermediates.noindex/AppCheck.build/Debug-xros/AppCheckCore.build/Objects-normal/arm64/GACAppCheckTimer.o -index-unit-output-path /AppCheck.build/Debug-xros/AppCheckCore.build/Objects-normal/arm64/GACAppCheckTimer.o
SwiftEmitModule normal arm64 Emitting\ module\ for\ Reach5 (in target 'Reach5' from project 'Reach5')
EmitSwiftModule normal arm64 (in target 'Reach5' from project 'Reach5')
    cd /Users/admin/builder/spi-builder-workspace/.swiftpm/xcode

CompileC /Users/admin/builder/spi-builder-workspace/.derivedData/Build/Intermediates.noindex/AppCheck.build/Debug-xros/AppCheckCore.build/Objects-normal/arm64/GACAppCheckStoredToken.o /Users/admin/builder/spi-builder-workspace/.dependencies/checkouts/app-check/AppCheckCore/Sources/Core/Storage/GACAppCheckStoredToken.m normal arm64 objective-c com.apple.compilers.llvm.clang.1_0.compiler (in target 'AppCheckCore' from project 'AppCheck')
    cd /Users/admin/builder/spi-builder-workspace/.swiftpm/xcode

    Using response file: /Users/admin/builder/spi-builder-workspace/.derivedData/Build/Intermediates.noindex/AppCheck.build/Debug-xros/AppCheckCore.build/Objects-normal/arm64/e6072d4f65d7061329687fe24e3d63a7-common-args.resp

    /Applications/Xcode-16.3.0.app/Contents/Developer/Toolchains/XcodeDefault.xctoolchain/usr/bin/clang -x objective-c -ivfsstatcache /Users/admin/builder/spi-builder-workspace/.derivedData/SDKStatCaches.noindex/xros2.4-22O233-407b76dbb837030756cbe1ab3f0b01b6.sdkstatcache -fmessage-length\=0 -fdiagnostics-show-note-include-stack -fmacro-backtrace-limit\=0 -fno-color-diagnostics -fmodules-prune-interval\=86400 -fmodules-prune-after\=345600 -fbuild-session-file\=/Users/admin/builder/spi-builder-workspace/.derivedData/ModuleCache.noindex/Session.modulevalidation -fmodules-validate-once-per-build-session -Wnon-modular-include-in-framework-module -Werror\=non-modular-include-in-framework-module -Wno-trigraphs -Wno-missing-field-initializers -Wno-missing-prototypes -Wno-return-type -Wno-implicit-atomic-properties -Wno-objc-interface-ivars -Wno-arc-repeated-use-of-weak -Wno-missing-braces -Wparentheses -Wswitch -Wno-unused-function -Wno-unused-label -Wno-unused-parameter -Wno-unused-variable -Wunused-value -Wno-empty-body -Wno-uninitialized -Wno-unknown-pragmas -w -Wno-shadow -Wno-four-char-constants -Wno-conversion -Wno-constant-conversion -Wno-int-conversion -Wno-bool-conversion -Wno-enum-conversion -Wno-float-conversion -Wno-non-literal-null-conversion -Wno-objc-literal-conversion -Wshorten-64-to-32 -Wpointer-sign -Wno-newline-eof -Wno-selector -Wno-strict-selector-match -Wno-undeclared-selector -Wno-deprecated-implementations -Wno-implicit-fallthrough -fstrict-aliasing -Wprotocol -Wdeprecated-declarations -Wno-sign-conversion -Wno-infinite-recursion -Wno-comma -Wno-block-capture-autoreleasing -Wno-strict-prototypes -Wno-semicolon-before-method-body -index-store-path /Users/admin/builder/spi-builder-workspace/.derivedData/Index.noindex/DataStore @/Users/admin/builder/spi-builder-workspace/.derivedData/Build/Intermediates.noindex/AppCheck.build/Debug-xros/AppCheckCore.build/Objects-normal/arm64/e6072d4f65d7061329687fe24e3d63a7-common-args.resp -MMD -MT dependencies -MF /Users/admin/builder/spi-builder-workspace/.derivedData/Build/Intermediates.noindex/AppCheck.build/Debug-xros/AppCheckCore.build/Objects-normal/arm64/GACAppCheckStoredToken.d --serialize-diagnostics /Users/admin/builder/spi-builder-workspace/.derivedData/Build/Intermediates.noindex/AppCheck.build/Debug-xros/AppCheckCore.build/Objects-normal/arm64/GACAppCheckStoredToken.dia -c /Users/admin/builder/spi-builder-workspace/.dependencies/checkouts/app-check/AppCheckCore/Sources/Core/Storage/GACAppCheckStoredToken.m -o /Users/admin/builder/spi-builder-workspace/.derivedData/Build/Intermediates.noindex/AppCheck.build/Debug-xros/AppCheckCore.build/Objects-normal/arm64/GACAppCheckStoredToken.o -index-unit-output-path /AppCheck.build/Debug-xros/AppCheckCore.build/Objects-normal/arm64/GACAppCheckStoredToken.o
CompileC /Users/admin/builder/spi-builder-workspace/.derivedData/Build/Intermediates.noindex/AppCheck.build/Debug-xros/AppCheckCore.build/Objects-normal/arm64/GACAppCheckStoredToken+GACAppCheckToken.o /Users/admin/builder/spi-builder-workspace/.dependencies/checkouts/app-check/AppCheckCore/Sources/Core/Storage/GACAppCheckStoredToken+GACAppCheckToken.m normal arm64 objective-c com.apple.compilers.llvm.clang.1_0.compiler (in target 'AppCheckCore' from project 'AppCheck')
    cd /Users/admin/builder/spi-builder-workspace/.swiftpm/xcode

    Using response file: /Users/admin/builder/spi-builder-workspace/.derivedData/Build/Intermediates.noindex/AppCheck.build/Debug-xros/AppCheckCore.build/Objects-normal/arm64/e6072d4f65d7061329687fe24e3d63a7-common-args.resp

    /Applications/Xcode-16.3.0.app/Contents/Developer/Toolchains/XcodeDefault.xctoolchain/usr/bin/clang -x objective-c -ivfsstatcache /Users/admin/builder/spi-builder-workspace/.derivedData/SDKStatCaches.noindex/xros2.4-22O233-407b76dbb837030756cbe1ab3f0b01b6.sdkstatcache -fmessage-length\=0 -fdiagnostics-show-note-include-stack -fmacro-backtrace-limit\=0 -fno-color-diagnostics -fmodules-prune-interval\=86400 -fmodules-prune-after\=345600 -fbuild-session-file\=/Users/admin/builder/spi-builder-workspace/.derivedData/ModuleCache.noindex/Session.modulevalidation -fmodules-validate-once-per-build-session -Wnon-modular-include-in-framework-module -Werror\=non-modular-include-in-framework-module -Wno-trigraphs -Wno-missing-field-initializers -Wno-missing-prototypes -Wno-return-type -Wno-implicit-atomic-properties -Wno-objc-interface-ivars -Wno-arc-repeated-use-of-weak -Wno-missing-braces -Wparentheses -Wswitch -Wno-unused-function -Wno-unused-label -Wno-unused-parameter -Wno-unused-variable -Wunused-value -Wno-empty-body -Wno-uninitialized -Wno-unknown-pragmas -w -Wno-shadow -Wno-four-char-constants -Wno-conversion -Wno-constant-conversion -Wno-int-conversion -Wno-bool-conversion -Wno-enum-conversion -Wno-float-conversion -Wno-non-literal-null-conversion -Wno-objc-literal-conversion -Wshorten-64-to-32 -Wpointer-sign -Wno-newline-eof -Wno-selector -Wno-strict-selector-match -Wno-undeclared-selector -Wno-deprecated-implementations -Wno-implicit-fallthrough -fstrict-aliasing -Wprotocol -Wdeprecated-declarations -Wno-sign-conversion -Wno-infinite-recursion -Wno-comma -Wno-block-capture-autoreleasing -Wno-strict-prototypes -Wno-semicolon-before-method-body -index-store-path /Users/admin/builder/spi-builder-workspace/.derivedData/Index.noindex/DataStore @/Users/admin/builder/spi-builder-workspace/.derivedData/Build/Intermediates.noindex/AppCheck.build/Debug-xros/AppCheckCore.build/Objects-normal/arm64/e6072d4f65d7061329687fe24e3d63a7-common-args.resp -MMD -MT dependencies -MF /Users/admin/builder/spi-builder-workspace/.derivedData/Build/Intermediates.noindex/AppCheck.build/Debug-xros/AppCheckCore.build/Objects-normal/arm64/GACAppCheckStoredToken+GACAppCheckToken.d --serialize-diagnostics /Users/admin/builder/spi-builder-workspace/.derivedData/Build/Intermediates.noindex/AppCheck.build/Debug-xros/AppCheckCore.build/Objects-normal/arm64/GACAppCheckStoredToken+GACAppCheckToken.dia -c /Users/admin/builder/spi-builder-workspace/.dependencies/checkouts/app-check/AppCheckCore/Sources/Core/Storage/GACAppCheckStoredToken+GACAppCheckToken.m -o /Users/admin/builder/spi-builder-workspace/.derivedData/Build/Intermediates.noindex/AppCheck.build/Debug-xros/AppCheckCore.build/Objects-normal/arm64/GACAppCheckStoredToken+GACAppCheckToken.o -index-unit-output-path /AppCheck.build/Debug-xros/AppCheckCore.build/Objects-normal/arm64/GACAppCheckStoredToken+GACAppCheckToken.o
CompileC /Users/admin/builder/spi-builder-workspace/.derivedData/Build/Intermediates.noindex/AppCheck.build/Debug-xros/AppCheckCore.build/Objects-normal/arm64/GACAppCheckSettings.o /Users/admin/builder/spi-builder-workspace/.dependencies/checkouts/app-check/AppCheckCore/Sources/Core/GACAppCheckSettings.m normal arm64 objective-c com.apple.compilers.llvm.clang.1_0.compiler (in target 'AppCheckCore' from project 'AppCheck')
    cd /Users/admin/builder/spi-builder-workspace/.swiftpm/xcode

    Using response file: /Users/admin/builder/spi-builder-workspace/.derivedData/Build/Intermediates.noindex/AppCheck.build/Debug-xros/AppCheckCore.build/Objects-normal/arm64/e6072d4f65d7061329687fe24e3d63a7-common-args.resp

    /Applications/Xcode-16.3.0.app/Contents/Developer/Toolchains/XcodeDefault.xctoolchain/usr/bin/clang -x objective-c -ivfsstatcache /Users/admin/builder/spi-builder-workspace/.derivedData/SDKStatCaches.noindex/xros2.4-22O233-407b76dbb837030756cbe1ab3f0b01b6.sdkstatcache -fmessage-length\=0 -fdiagnostics-show-note-include-stack -fmacro-backtrace-limit\=0 -fno-color-diagnostics -fmodules-prune-interval\=86400 -fmodules-prune-after\=345600 -fbuild-session-file\=/Users/admin/builder/spi-builder-workspace/.derivedData/ModuleCache.noindex/Session.modulevalidation -fmodules-validate-once-per-build-session -Wnon-modular-include-in-framework-module -Werror\=non-modular-include-in-framework-module -Wno-trigraphs -Wno-missing-field-initializers -Wno-missing-prototypes -Wno-return-type -Wno-implicit-atomic-properties -Wno-objc-interface-ivars -Wno-arc-repeated-use-of-weak -Wno-missing-braces -Wparentheses -Wswitch -Wno-unused-function -Wno-unused-label -Wno-unused-parameter -Wno-unused-variable -Wunused-value -Wno-empty-body -Wno-uninitialized -Wno-unknown-pragmas -w -Wno-shadow -Wno-four-char-constants -Wno-conversion -Wno-constant-conversion -Wno-int-conversion -Wno-bool-conversion -Wno-enum-conversion -Wno-float-conversion -Wno-non-literal-null-conversion -Wno-objc-literal-conversion -Wshorten-64-to-32 -Wpointer-sign -Wno-newline-eof -Wno-selector -Wno-strict-selector-match -Wno-undeclared-selector -Wno-deprecated-implementations -Wno-implicit-fallthrough -fstrict-aliasing -Wprotocol -Wdeprecated-declarations -Wno-sign-conversion -Wno-infinite-recursion -Wno-comma -Wno-block-capture-autoreleasing -Wno-strict-prototypes -Wno-semicolon-before-method-body -index-store-path /Users/admin/builder/spi-builder-workspace/.derivedData/Index.noindex/DataStore @/Users/admin/builder/spi-builder-workspace/.derivedData/Build/Intermediates.noindex/AppCheck.build/Debug-xros/AppCheckCore.build/Objects-normal/arm64/e6072d4f65d7061329687fe24e3d63a7-common-args.resp -MMD -MT dependencies -MF /Users/admin/builder/spi-builder-workspace/.derivedData/Build/Intermediates.noindex/AppCheck.build/Debug-xros/AppCheckCore.build/Objects-normal/arm64/GACAppCheckSettings.d --serialize-diagnostics /Users/admin/builder/spi-builder-workspace/.derivedData/Build/Intermediates.noindex/AppCheck.build/Debug-xros/AppCheckCore.build/Objects-normal/arm64/GACAppCheckSettings.dia -c /Users/admin/builder/spi-builder-workspace/.dependencies/checkouts/app-check/AppCheckCore/Sources/Core/GACAppCheckSettings.m -o /Users/admin/builder/spi-builder-workspace/.derivedData/Build/Intermediates.noindex/AppCheck.build/Debug-xros/AppCheckCore.build/Objects-normal/arm64/GACAppCheckSettings.o -index-unit-output-path /AppCheck.build/Debug-xros/AppCheckCore.build/Objects-normal/arm64/GACAppCheckSettings.o
CompileC /Users/admin/builder/spi-builder-workspace/.derivedData/Build/Intermediates.noindex/AppCheck.build/Debug-xros/AppCheckCore.build/Objects-normal/arm64/GACAppCheckLogger.o /Users/admin/builder/spi-builder-workspace/.dependencies/checkouts/app-check/AppCheckCore/Sources/Core/GACAppCheckLogger.m normal arm64 objective-c com.apple.compilers.llvm.clang.1_0.compiler (in target 'AppCheckCore' from project 'AppCheck')
    cd /Users/admin/builder/spi-builder-workspace/.swiftpm/xcode

    Using response file: /Users/admin/builder/spi-builder-workspace/.derivedData/Build/Intermediates.noindex/AppCheck.build/Debug-xros/AppCheckCore.build/Objects-normal/arm64/e6072d4f65d7061329687fe24e3d63a7-common-args.resp

    /Applications/Xcode-16.3.0.app/Contents/Developer/Toolchains/XcodeDefault.xctoolchain/usr/bin/clang -x objective-c -ivfsstatcache /Users/admin/builder/spi-builder-workspace/.derivedData/SDKStatCaches.noindex/xros2.4-22O233-407b76dbb837030756cbe1ab3f0b01b6.sdkstatcache -fmessage-length\=0 -fdiagnostics-show-note-include-stack -fmacro-backtrace-limit\=0 -fno-color-diagnostics -fmodules-prune-interval\=86400 -fmodules-prune-after\=345600 -fbuild-session-file\=/Users/admin/builder/spi-builder-workspace/.derivedData/ModuleCache.noindex/Session.modulevalidation -fmodules-validate-once-per-build-session -Wnon-modular-include-in-framework-module -Werror\=non-modular-include-in-framework-module -Wno-trigraphs -Wno-missing-field-initializers -Wno-missing-prototypes -Wno-return-type -Wno-implicit-atomic-properties -Wno-objc-interface-ivars -Wno-arc-repeated-use-of-weak -Wno-missing-braces -Wparentheses -Wswitch -Wno-unused-function -Wno-unused-label -Wno-unused-parameter -Wno-unused-variable -Wunused-value -Wno-empty-body -Wno-uninitialized -Wno-unknown-pragmas -w -Wno-shadow -Wno-four-char-constants -Wno-conversion -Wno-constant-conversion -Wno-int-conversion -Wno-bool-conversion -Wno-enum-conversion -Wno-float-conversion -Wno-non-literal-null-conversion -Wno-objc-literal-conversion -Wshorten-64-to-32 -Wpointer-sign -Wno-newline-eof -Wno-selector -Wno-strict-selector-match -Wno-undeclared-selector -Wno-deprecated-implementations -Wno-implicit-fallthrough -fstrict-aliasing -Wprotocol -Wdeprecated-declarations -Wno-sign-conversion -Wno-infinite-recursion -Wno-comma -Wno-block-capture-autoreleasing -Wno-strict-prototypes -Wno-semicolon-before-method-body -index-store-path /Users/admin/builder/spi-builder-workspace/.derivedData/Index.noindex/DataStore @/Users/admin/builder/spi-builder-workspace/.derivedData/Build/Intermediates.noindex/AppCheck.build/Debug-xros/AppCheckCore.build/Objects-normal/arm64/e6072d4f65d7061329687fe24e3d63a7-common-args.resp -MMD -MT dependencies -MF /Users/admin/builder/spi-builder-workspace/.derivedData/Build/Intermediates.noindex/AppCheck.build/Debug-xros/AppCheckCore.build/Objects-normal/arm64/GACAppCheckLogger.d --serialize-diagnostics /Users/admin/builder/spi-builder-workspace/.derivedData/Build/Intermediates.noindex/AppCheck.build/Debug-xros/AppCheckCore.build/Objects-normal/arm64/GACAppCheckLogger.dia -c /Users/admin/builder/spi-builder-workspace/.dependencies/checkouts/app-check/AppCheckCore/Sources/Core/GACAppCheckLogger.m -o /Users/admin/builder/spi-builder-workspace/.derivedData/Build/Intermediates.noindex/AppCheck.build/Debug-xros/AppCheckCore.build/Objects-normal/arm64/GACAppCheckLogger.o -index-unit-output-path /AppCheck.build/Debug-xros/AppCheckCore.build/Objects-normal/arm64/GACAppCheckLogger.o
CompileC /Users/admin/builder/spi-builder-workspace/.derivedData/Build/Intermediates.noindex/AppCheck.build/Debug-xros/AppCheckCore.build/Objects-normal/arm64/GACAppCheckHTTPError.o /Users/admin/builder/spi-builder-workspace/.dependencies/checkouts/app-check/AppCheckCore/Sources/Core/Errors/GACAppCheckHTTPError.m normal arm64 objective-c com.apple.compilers.llvm.clang.1_0.compiler (in target 'AppCheckCore' from project 'AppCheck')
    cd /Users/admin/builder/spi-builder-workspace/.swiftpm/xcode

    Using response file: /Users/admin/builder/spi-builder-workspace/.derivedData/Build/Intermediates.noindex/AppCheck.build/Debug-xros/AppCheckCore.build/Objects-normal/arm64/e6072d4f65d7061329687fe24e3d63a7-common-args.resp

    /Applications/Xcode-16.3.0.app/Contents/Developer/Toolchains/XcodeDefault.xctoolchain/usr/bin/clang -x objective-c -ivfsstatcache /Users/admin/builder/spi-builder-workspace/.derivedData/SDKStatCaches.noindex/xros2.4-22O233-407b76dbb837030756cbe1ab3f0b01b6.sdkstatcache -fmessage-length\=0 -fdiagnostics-show-note-include-stack -fmacro-backtrace-limit\=0 -fno-color-diagnostics -fmodules-prune-interval\=86400 -fmodules-prune-after\=345600 -fbuild-session-file\=/Users/admin/builder/spi-builder-workspace/.derivedData/ModuleCache.noindex/Session.modulevalidation -fmodules-validate-once-per-build-session -Wnon-modular-include-in-framework-module -Werror\=non-modular-include-in-framework-module -Wno-trigraphs -Wno-missing-field-initializers -Wno-missing-prototypes -Wno-return-type -Wno-implicit-atomic-properties -Wno-objc-interface-ivars -Wno-arc-repeated-use-of-weak -Wno-missing-braces -Wparentheses -Wswitch -Wno-unused-function -Wno-unused-label -Wno-unused-parameter -Wno-unused-variable -Wunused-value -Wno-empty-body -Wno-uninitialized -Wno-unknown-pragmas -w -Wno-shadow -Wno-four-char-constants -Wno-conversion -Wno-constant-conversion -Wno-int-conversion -Wno-bool-conversion -Wno-enum-conversion -Wno-float-conversion -Wno-non-literal-null-conversion -Wno-objc-literal-conversion -Wshorten-64-to-32 -Wpointer-sign -Wno-newline-eof -Wno-selector -Wno-strict-selector-match -Wno-undeclared-selector -Wno-deprecated-implementations -Wno-implicit-fallthrough -fstrict-aliasing -Wprotocol -Wdeprecated-declarations -Wno-sign-conversion -Wno-infinite-recursion -Wno-comma -Wno-block-capture-autoreleasing -Wno-strict-prototypes -Wno-semicolon-before-method-body -index-store-path /Users/admin/builder/spi-builder-workspace/.derivedData/Index.noindex/DataStore @/Users/admin/builder/spi-builder-workspace/.derivedData/Build/Intermediates.noindex/AppCheck.build/Debug-xros/AppCheckCore.build/Objects-normal/arm64/e6072d4f65d7061329687fe24e3d63a7-common-args.resp -MMD -MT dependencies -MF /Users/admin/builder/spi-builder-workspace/.derivedData/Build/Intermediates.noindex/AppCheck.build/Debug-xros/AppCheckCore.build/Objects-normal/arm64/GACAppCheckHTTPError.d --serialize-diagnostics /Users/admin/builder/spi-builder-workspace/.derivedData/Build/Intermediates.noindex/AppCheck.build/Debug-xros/AppCheckCore.build/Objects-normal/arm64/GACAppCheckHTTPError.dia -c /Users/admin/builder/spi-builder-workspace/.dependencies/checkouts/app-check/AppCheckCore/Sources/Core/Errors/GACAppCheckHTTPError.m -o /Users/admin/builder/spi-builder-workspace/.derivedData/Build/Intermediates.noindex/AppCheck.build/Debug-xros/AppCheckCore.build/Objects-normal/arm64/GACAppCheckHTTPError.o -index-unit-output-path /AppCheck.build/Debug-xros/AppCheckCore.build/Objects-normal/arm64/GACAppCheckHTTPError.o
CompileC /Users/admin/builder/spi-builder-workspace/.derivedData/Build/Intermediates.noindex/AppCheck.build/Debug-xros/AppCheckCore.build/Objects-normal/arm64/GACAppCheckErrors.o /Users/admin/builder/spi-builder-workspace/.dependencies/checkouts/app-check/AppCheckCore/Sources/Core/Errors/GACAppCheckErrors.m normal arm64 objective-c com.apple.compilers.llvm.clang.1_0.compiler (in target 'AppCheckCore' from project 'AppCheck')
    cd /Users/admin/builder/spi-builder-workspace/.swiftpm/xcode

    Using response file: /Users/admin/builder/spi-builder-workspace/.derivedData/Build/Intermediates.noindex/AppCheck.build/Debug-xros/AppCheckCore.build/Objects-normal/arm64/e6072d4f65d7061329687fe24e3d63a7-common-args.resp

    /Applications/Xcode-16.3.0.app/Contents/Developer/Toolchains/XcodeDefault.xctoolchain/usr/bin/clang -x objective-c -ivfsstatcache /Users/admin/builder/spi-builder-workspace/.derivedData/SDKStatCaches.noindex/xros2.4-22O233-407b76dbb837030756cbe1ab3f0b01b6.sdkstatcache -fmessage-length\=0 -fdiagnostics-show-note-include-stack -fmacro-backtrace-limit\=0 -fno-color-diagnostics -fmodules-prune-interval\=86400 -fmodules-prune-after\=345600 -fbuild-session-file\=/Users/admin/builder/spi-builder-workspace/.derivedData/ModuleCache.noindex/Session.modulevalidation -fmodules-validate-once-per-build-session -Wnon-modular-include-in-framework-module -Werror\=non-modular-include-in-framework-module -Wno-trigraphs -Wno-missing-field-initializers -Wno-missing-prototypes -Wno-return-type -Wno-implicit-atomic-properties -Wno-objc-interface-ivars -Wno-arc-repeated-use-of-weak -Wno-missing-braces -Wparentheses -Wswitch -Wno-unused-function -Wno-unused-label -Wno-unused-parameter -Wno-unused-variable -Wunused-value -Wno-empty-body -Wno-uninitialized -Wno-unknown-pragmas -w -Wno-shadow -Wno-four-char-constants -Wno-conversion -Wno-constant-conversion -Wno-int-conversion -Wno-bool-conversion -Wno-enum-conversion -Wno-float-conversion -Wno-non-literal-null-conversion -Wno-objc-literal-conversion -Wshorten-64-to-32 -Wpointer-sign -Wno-newline-eof -Wno-selector -Wno-strict-selector-match -Wno-undeclared-selector -Wno-deprecated-implementations -Wno-implicit-fallthrough -fstrict-aliasing -Wprotocol -Wdeprecated-declarations -Wno-sign-conversion -Wno-infinite-recursion -Wno-comma -Wno-block-capture-autoreleasing -Wno-strict-prototypes -Wno-semicolon-before-method-body -index-store-path /Users/admin/builder/spi-builder-workspace/.derivedData/Index.noindex/DataStore @/Users/admin/builder/spi-builder-workspace/.derivedData/Build/Intermediates.noindex/AppCheck.build/Debug-xros/AppCheckCore.build/Objects-normal/arm64/e6072d4f65d7061329687fe24e3d63a7-common-args.resp -MMD -MT dependencies -MF /Users/admin/builder/spi-builder-workspace/.derivedData/Build/Intermediates.noindex/AppCheck.build/Debug-xros/AppCheckCore.build/Objects-normal/arm64/GACAppCheckErrors.d --serialize-diagnostics /Users/admin/builder/spi-builder-workspace/.derivedData/Build/Intermediates.noindex/AppCheck.build/Debug-xros/AppCheckCore.build/Objects-normal/arm64/GACAppCheckErrors.dia -c /Users/admin/builder/spi-builder-workspace/.dependencies/checkouts/app-check/AppCheckCore/Sources/Core/Errors/GACAppCheckErrors.m -o /Users/admin/builder/spi-builder-workspace/.derivedData/Build/Intermediates.noindex/AppCheck.build/Debug-xros/AppCheckCore.build/Objects-normal/arm64/GACAppCheckErrors.o -index-unit-output-path /AppCheck.build/Debug-xros/AppCheckCore.build/Objects-normal/arm64/GACAppCheckErrors.o
CompileC /Users/admin/builder/spi-builder-workspace/.derivedData/Build/Intermediates.noindex/AppCheck.build/Debug-xros/AppCheckCore.build/Objects-normal/arm64/GACAppCheckDebugProviderAPIService.o /Users/admin/builder/spi-builder-workspace/.dependencies/checkouts/app-check/AppCheckCore/Sources/DebugProvider/API/GACAppCheckDebugProviderAPIService.m normal arm64 objective-c com.apple.compilers.llvm.clang.1_0.compiler (in target 'AppCheckCore' from project 'AppCheck')
    cd /Users/admin/builder/spi-builder-workspace/.swiftpm/xcode

    Using response file: /Users/admin/builder/spi-builder-workspace/.derivedData/Build/Intermediates.noindex/AppCheck.build/Debug-xros/AppCheckCore.build/Objects-normal/arm64/e6072d4f65d7061329687fe24e3d63a7-common-args.resp

    /Applications/Xcode-16.3.0.app/Contents/Developer/Toolchains/XcodeDefault.xctoolchain/usr/bin/clang -x objective-c -ivfsstatcache /Users/admin/builder/spi-builder-workspace/.derivedData/SDKStatCaches.noindex/xros2.4-22O233-407b76dbb837030756cbe1ab3f0b01b6.sdkstatcache -fmessage-length\=0 -fdiagnostics-show-note-include-stack -fmacro-backtrace-limit\=0 -fno-color-diagnostics -fmodules-prune-interval\=86400 -fmodules-prune-after\=345600 -fbuild-session-file\=/Users/admin/builder/spi-builder-workspace/.derivedData/ModuleCache.noindex/Session.modulevalidation -fmodules-validate-once-per-build-session -Wnon-modular-include-in-framework-module -Werror\=non-modular-include-in-framework-module -Wno-trigraphs -Wno-missing-field-initializers -Wno-missing-prototypes -Wno-return-type -Wno-implicit-atomic-properties -Wno-objc-interface-ivars -Wno-arc-repeated-use-of-weak -Wno-missing-braces -Wparentheses -Wswitch -Wno-unused-function -Wno-unused-label -Wno-unused-parameter -Wno-unused-variable -Wunused-value -Wno-empty-body -Wno-uninitialized -Wno-unknown-pragmas -w -Wno-shadow -Wno-four-char-constants -Wno-conversion -Wno-constant-conversion -Wno-int-conversion -Wno-bool-conversion -Wno-enum-conversion -Wno-float-conversion -Wno-non-literal-null-conversion -Wno-objc-literal-conversion -Wshorten-64-to-32 -Wpointer-sign -Wno-newline-eof -Wno-selector -Wno-strict-selector-match -Wno-undeclared-selector -Wno-deprecated-implementations -Wno-implicit-fallthrough -fstrict-aliasing -Wprotocol -Wdeprecated-declarations -Wno-sign-conversion -Wno-infinite-recursion -Wno-comma -Wno-block-capture-autoreleasing -Wno-strict-prototypes -Wno-semicolon-before-method-body -index-store-path /Users/admin/builder/spi-builder-workspace/.derivedData/Index.noindex/DataStore @/Users/admin/builder/spi-builder-workspace/.derivedData/Build/Intermediates.noindex/AppCheck.build/Debug-xros/AppCheckCore.build/Objects-normal/arm64/e6072d4f65d7061329687fe24e3d63a7-common-args.resp -MMD -MT dependencies -MF /Users/admin/builder/spi-builder-workspace/.derivedData/Build/Intermediates.noindex/AppCheck.build/Debug-xros/AppCheckCore.build/Objects-normal/arm64/GACAppCheckDebugProviderAPIService.d --serialize-diagnostics /Users/admin/builder/spi-builder-workspace/.derivedData/Build/Intermediates.noindex/AppCheck.build/Debug-xros/AppCheckCore.build/Objects-normal/arm64/GACAppCheckDebugProviderAPIService.dia -c /Users/admin/builder/spi-builder-workspace/.dependencies/checkouts/app-check/AppCheckCore/Sources/DebugProvider/API/GACAppCheckDebugProviderAPIService.m -o /Users/admin/builder/spi-builder-workspace/.derivedData/Build/Intermediates.noindex/AppCheck.build/Debug-xros/AppCheckCore.build/Objects-normal/arm64/GACAppCheckDebugProviderAPIService.o -index-unit-output-path /AppCheck.build/Debug-xros/AppCheckCore.build/Objects-normal/arm64/GACAppCheckDebugProviderAPIService.o
CompileC /Users/admin/builder/spi-builder-workspace/.derivedData/Build/Intermediates.noindex/AppCheck.build/Debug-xros/AppCheckCore.build/Objects-normal/arm64/GACAppCheckBackoffWrapper.o /Users/admin/builder/spi-builder-workspace/.dependencies/checkouts/app-check/AppCheckCore/Sources/Core/Backoff/GACAppCheckBackoffWrapper.m normal arm64 objective-c com.apple.compilers.llvm.clang.1_0.compiler (in target 'AppCheckCore' from project 'AppCheck')
    cd /Users/admin/builder/spi-builder-workspace/.swiftpm/xcode

    Using response file: /Users/admin/builder/spi-builder-workspace/.derivedData/Build/Intermediates.noindex/AppCheck.build/Debug-xros/AppCheckCore.build/Objects-normal/arm64/e6072d4f65d7061329687fe24e3d63a7-common-args.resp

    /Applications/Xcode-16.3.0.app/Contents/Developer/Toolchains/XcodeDefault.xctoolchain/usr/bin/clang -x objective-c -ivfsstatcache /Users/admin/builder/spi-builder-workspace/.derivedData/SDKStatCaches.noindex/xros2.4-22O233-407b76dbb837030756cbe1ab3f0b01b6.sdkstatcache -fmessage-length\=0 -fdiagnostics-show-note-include-stack -fmacro-backtrace-limit\=0 -fno-color-diagnostics -fmodules-prune-interval\=86400 -fmodules-prune-after\=345600 -fbuild-session-file\=/Users/admin/builder/spi-builder-workspace/.derivedData/ModuleCache.noindex/Session.modulevalidation -fmodules-validate-once-per-build-session -Wnon-modular-include-in-framework-module -Werror\=non-modular-include-in-framework-module -Wno-trigraphs -Wno-missing-field-initializers -Wno-missing-prototypes -Wno-return-type -Wno-implicit-atomic-properties -Wno-objc-interface-ivars -Wno-arc-repeated-use-of-weak -Wno-missing-braces -Wparentheses -Wswitch -Wno-unused-function -Wno-unused-label -Wno-unused-parameter -Wno-unused-variable -Wunused-value -Wno-empty-body -Wno-uninitialized -Wno-unknown-pragmas -w -Wno-shadow -Wno-four-char-constants -Wno-conversion -Wno-constant-conversion -Wno-int-conversion -Wno-bool-conversion -Wno-enum-conversion -Wno-float-conversion -Wno-non-literal-null-conversion -Wno-objc-literal-conversion -Wshorten-64-to-32 -Wpointer-sign -Wno-newline-eof -Wno-selector -Wno-strict-selector-match -Wno-undeclared-selector -Wno-deprecated-implementations -Wno-implicit-fallthrough -fstrict-aliasing -Wprotocol -Wdeprecated-declarations -Wno-sign-conversion -Wno-infinite-recursion -Wno-comma -Wno-block-capture-autoreleasing -Wno-strict-prototypes -Wno-semicolon-before-method-body -index-store-path /Users/admin/builder/spi-builder-workspace/.derivedData/Index.noindex/DataStore @/Users/admin/builder/spi-builder-workspace/.derivedData/Build/Intermediates.noindex/AppCheck.build/Debug-xros/AppCheckCore.build/Objects-normal/arm64/e6072d4f65d7061329687fe24e3d63a7-common-args.resp -MMD -MT dependencies -MF /Users/admin/builder/spi-builder-workspace/.derivedData/Build/Intermediates.noindex/AppCheck.build/Debug-xros/AppCheckCore.build/Objects-normal/arm64/GACAppCheckBackoffWrapper.d --serialize-diagnostics /Users/admin/builder/spi-builder-workspace/.derivedData/Build/Intermediates.noindex/AppCheck.build/Debug-xros/AppCheckCore.build/Objects-normal/arm64/GACAppCheckBackoffWrapper.dia -c /Users/admin/builder/spi-builder-workspace/.dependencies/checkouts/app-check/AppCheckCore/Sources/Core/Backoff/GACAppCheckBackoffWrapper.m -o /Users/admin/builder/spi-builder-workspace/.derivedData/Build/Intermediates.noindex/AppCheck.build/Debug-xros/AppCheckCore.build/Objects-normal/arm64/GACAppCheckBackoffWrapper.o -index-unit-output-path /AppCheck.build/Debug-xros/AppCheckCore.build/Objects-normal/arm64/GACAppCheckBackoffWrapper.o
CompileC /Users/admin/builder/spi-builder-workspace/.derivedData/Build/Intermediates.noindex/AppCheck.build/Debug-xros/AppCheckCore.build/Objects-normal/arm64/GACAppCheckAPIService.o /Users/admin/builder/spi-builder-workspace/.dependencies/checkouts/app-check/AppCheckCore/Sources/Core/APIService/GACAppCheckAPIService.m normal arm64 objective-c com.apple.compilers.llvm.clang.1_0.compiler (in target 'AppCheckCore' from project 'AppCheck')
    cd /Users/admin/builder/spi-builder-workspace/.swiftpm/xcode

    Using response file: /Users/admin/builder/spi-builder-workspace/.derivedData/Build/Intermediates.noindex/AppCheck.build/Debug-xros/AppCheckCore.build/Objects-normal/arm64/e6072d4f65d7061329687fe24e3d63a7-common-args.resp

    /Applications/Xcode-16.3.0.app/Contents/Developer/Toolchains/XcodeDefault.xctoolchain/usr/bin/clang -x objective-c -ivfsstatcache /Users/admin/builder/spi-builder-workspace/.derivedData/SDKStatCaches.noindex/xros2.4-22O233-407b76dbb837030756cbe1ab3f0b01b6.sdkstatcache -fmessage-length\=0 -fdiagnostics-show-note-include-stack -fmacro-backtrace-limit\=0 -fno-color-diagnostics -fmodules-prune-interval\=86400 -fmodules-prune-after\=345600 -fbuild-session-file\=/Users/admin/builder/spi-builder-workspace/.derivedData/ModuleCache.noindex/Session.modulevalidation -fmodules-validate-once-per-build-session -Wnon-modular-include-in-framework-module -Werror\=non-modular-include-in-framework-module -Wno-trigraphs -Wno-missing-field-initializers -Wno-missing-prototypes -Wno-return-type -Wno-implicit-atomic-properties -Wno-objc-interface-ivars -Wno-arc-repeated-use-of-weak -Wno-missing-braces -Wparentheses -Wswitch -Wno-unused-function -Wno-unused-label -Wno-unused-parameter -Wno-unused-variable -Wunused-value -Wno-empty-body -Wno-uninitialized -Wno-unknown-pragmas -w -Wno-shadow -Wno-four-char-constants -Wno-conversion -Wno-constant-conversion -Wno-int-conversion -Wno-bool-conversion -Wno-enum-conversion -Wno-float-conversion -Wno-non-literal-null-conversion -Wno-objc-literal-conversion -Wshorten-64-to-32 -Wpointer-sign -Wno-newline-eof -Wno-selector -Wno-strict-selector-match -Wno-undeclared-selector -Wno-deprecated-implementations -Wno-implicit-fallthrough -fstrict-aliasing -Wprotocol -Wdeprecated-declarations -Wno-sign-conversion -Wno-infinite-recursion -Wno-comma -Wno-block-capture-autoreleasing -Wno-strict-prototypes -Wno-semicolon-before-method-body -index-store-path /Users/admin/builder/spi-builder-workspace/.derivedData/Index.noindex/DataStore @/Users/admin/builder/spi-builder-workspace/.derivedData/Build/Intermediates.noindex/AppCheck.build/Debug-xros/AppCheckCore.build/Objects-normal/arm64/e6072d4f65d7061329687fe24e3d63a7-common-args.resp -MMD -MT dependencies -MF /Users/admin/builder/spi-builder-workspace/.derivedData/Build/Intermediates.noindex/AppCheck.build/Debug-xros/AppCheckCore.build/Objects-normal/arm64/GACAppCheckAPIService.d --serialize-diagnostics /Users/admin/builder/spi-builder-workspace/.derivedData/Build/Intermediates.noindex/AppCheck.build/Debug-xros/AppCheckCore.build/Objects-normal/arm64/GACAppCheckAPIService.dia -c /Users/admin/builder/spi-builder-workspace/.dependencies/checkouts/app-check/AppCheckCore/Sources/Core/APIService/GACAppCheckAPIService.m -o /Users/admin/builder/spi-builder-workspace/.derivedData/Build/Intermediates.noindex/AppCheck.build/Debug-xros/AppCheckCore.build/Objects-normal/arm64/GACAppCheckAPIService.o -index-unit-output-path /AppCheck.build/Debug-xros/AppCheckCore.build/Objects-normal/arm64/GACAppCheckAPIService.o
CompileC /Users/admin/builder/spi-builder-workspace/.derivedData/Build/Intermediates.noindex/AppCheck.build/Debug-xros/AppCheckCore.build/Objects-normal/arm64/GACAppCheck.o /Users/admin/builder/spi-builder-workspace/.dependencies/checkouts/app-check/AppCheckCore/Sources/Core/GACAppCheck.m normal arm64 objective-c com.apple.compilers.llvm.clang.1_0.compiler (in target 'AppCheckCore' from project 'AppCheck')
    cd /Users/admin/builder/spi-builder-workspace/.swiftpm/xcode

    Using response file: /Users/admin/builder/spi-builder-workspace/.derivedData/Build/Intermediates.noindex/AppCheck.build/Debug-xros/AppCheckCore.build/Objects-normal/arm64/e6072d4f65d7061329687fe24e3d63a7-common-args.resp

    /Applications/Xcode-16.3.0.app/Contents/Developer/Toolchains/XcodeDefault.xctoolchain/usr/bin/clang -x objective-c -ivfsstatcache /Users/admin/builder/spi-builder-workspace/.derivedData/SDKStatCaches.noindex/xros2.4-22O233-407b76dbb837030756cbe1ab3f0b01b6.sdkstatcache -fmessage-length\=0 -fdiagnostics-show-note-include-stack -fmacro-backtrace-limit\=0 -fno-color-diagnostics -fmodules-prune-interval\=86400 -fmodules-prune-after\=345600 -fbuild-session-file\=/Users/admin/builder/spi-builder-workspace/.derivedData/ModuleCache.noindex/Session.modulevalidation -fmodules-validate-once-per-build-session -Wnon-modular-include-in-framework-module -Werror\=non-modular-include-in-framework-module -Wno-trigraphs -Wno-missing-field-initializers -Wno-missing-prototypes -Wno-return-type -Wno-implicit-atomic-properties -Wno-objc-interface-ivars -Wno-arc-repeated-use-of-weak -Wno-missing-braces -Wparentheses -Wswitch -Wno-unused-function -Wno-unused-label -Wno-unused-parameter -Wno-unused-variable -Wunused-value -Wno-empty-body -Wno-uninitialized -Wno-unknown-pragmas -w -Wno-shadow -Wno-four-char-constants -Wno-conversion -Wno-constant-conversion -Wno-int-conversion -Wno-bool-conversion -Wno-enum-conversion -Wno-float-conversion -Wno-non-literal-null-conversion -Wno-objc-literal-conversion -Wshorten-64-to-32 -Wpointer-sign -Wno-newline-eof -Wno-selector -Wno-strict-selector-match -Wno-undeclared-selector -Wno-deprecated-implementations -Wno-implicit-fallthrough -fstrict-aliasing -Wprotocol -Wdeprecated-declarations -Wno-sign-conversion -Wno-infinite-recursion -Wno-comma -Wno-block-capture-autoreleasing -Wno-strict-prototypes -Wno-semicolon-before-method-body -index-store-path /Users/admin/builder/spi-builder-workspace/.derivedData/Index.noindex/DataStore @/Users/admin/builder/spi-builder-workspace/.derivedData/Build/Intermediates.noindex/AppCheck.build/Debug-xros/AppCheckCore.build/Objects-normal/arm64/e6072d4f65d7061329687fe24e3d63a7-common-args.resp -MMD -MT dependencies -MF /Users/admin/builder/spi-builder-workspace/.derivedData/Build/Intermediates.noindex/AppCheck.build/Debug-xros/AppCheckCore.build/Objects-normal/arm64/GACAppCheck.d --serialize-diagnostics /Users/admin/builder/spi-builder-workspace/.derivedData/Build/Intermediates.noindex/AppCheck.build/Debug-xros/AppCheckCore.build/Objects-normal/arm64/GACAppCheck.dia -c /Users/admin/builder/spi-builder-workspace/.dependencies/checkouts/app-check/AppCheckCore/Sources/Core/GACAppCheck.m -o /Users/admin/builder/spi-builder-workspace/.derivedData/Build/Intermediates.noindex/AppCheck.build/Debug-xros/AppCheckCore.build/Objects-normal/arm64/GACAppCheck.o -index-unit-output-path /AppCheck.build/Debug-xros/AppCheckCore.build/Objects-normal/arm64/GACAppCheck.o
PrecompileModule /Users/admin/builder/spi-builder-workspace/.derivedData/Build/Intermediates.noindex/ExplicitPrecompiledModules/GoogleUtilities_Environment-3GI789IM5GJCBAZZB966VIHHD.scan
    cd /Users/admin/builder/spi-builder-workspace/.swiftpm/xcode
    builtin-precompileModule /Users/admin/builder/spi-builder-workspace/.derivedData/Build/Intermediates.noindex/ExplicitPrecompiledModules/GoogleUtilities_Environment-3GI789IM5GJCBAZZB966VIHHD.scan
PrecompileModule /Users/admin/builder/spi-builder-workspace/.derivedData/Build/Intermediates.noindex/ExplicitPrecompiledModules/CommonCrypto-ASX8W1Z7BUOT6FLDJX1XSMEHI.scan
    cd /Users/admin/builder/spi-builder-workspace/.swiftpm/xcode
    builtin-precompileModule /Users/admin/builder/spi-builder-workspace/.derivedData/Build/Intermediates.noindex/ExplicitPrecompiledModules/CommonCrypto-ASX8W1Z7BUOT6FLDJX1XSMEHI.scan
PrecompileModule /Users/admin/builder/spi-builder-workspace/.derivedData/Build/Intermediates.noindex/ExplicitPrecompiledModules/GoogleUtilities_UserDefaults-4FBCB3MTC53YX0KFZUTHDWG0C.scan
    cd /Users/admin/builder/spi-builder-workspace/.swiftpm/xcode
    builtin-precompileModule /Users/admin/builder/spi-builder-workspace/.derivedData/Build/Intermediates.noindex/ExplicitPrecompiledModules/GoogleUtilities_UserDefaults-4FBCB3MTC53YX0KFZUTHDWG0C.scan
SwiftCompile normal arm64 Compiling\ resource_bundle_accessor.swift,\ AppleProvider.swift,\ CredentialManager.swift,\ DefaultProvider.swift,\ LoginWKWebview.swift,\ Presentation.swift,\ Provider.swift,\ ReachFive.swift,\ ReachFiveApi.swift,\ ReachFiveApplication.swift,\ ReachFiveError.swift /Users/admin/builder/spi-builder-workspace/.derivedData/Build/Intermediates.noindex/Reach5.build/Debug-xros/Reach5.build/DerivedSources/resource_bundle_accessor.swift /Users/admin/builder/spi-builder-workspace/.dependencies/checkouts/reachfive-ios/Sources/Core/Classes/AppleProvider.swift /Users/admin/builder/spi-builder-workspace/.dependencies/checkouts/reachfive-ios/Sources/Core/Classes/CredentialManager.swift /Users/admin/builder/spi-builder-workspace/.dependencies/checkouts/reachfive-ios/Sources/Core/Classes/DefaultProvider.swift /Users/admin/builder/spi-builder-workspace/.dependencies/checkouts/reachfive-ios/Sources/Core/Classes/LoginWKWebview.swift /Users/admin/builder/spi-builder-workspace/.dependencies/checkouts/reachfive-ios/Sources/Core/Classes/Presentation.swift /Users/admin/builder/spi-builder-workspace/.dependencies/checkouts/reachfive-ios/Sources/Core/Classes/Provider.swift /Users/admin/builder/spi-builder-workspace/.dependencies/checkouts/reachfive-ios/Sources/Core/Classes/ReachFive.swift /Users/admin/builder/spi-builder-workspace/.dependencies/checkouts/reachfive-ios/Sources/Core/Classes/ReachFiveApi.swift /Users/admin/builder/spi-builder-workspace/.dependencies/checkouts/reachfive-ios/Sources/Core/Classes/ReachFiveApplication.swift /Users/admin/builder/spi-builder-workspace/.dependencies/checkouts/reachfive-ios/Sources/Core/Classes/ReachFiveError.swift (in target 'Reach5' from project 'Reach5')
SwiftCompile normal arm64 /Users/admin/builder/spi-builder-workspace/.derivedData/Build/Intermediates.noindex/Reach5.build/Debug-xros/Reach5.build/DerivedSources/resource_bundle_accessor.swift (in target 'Reach5' from project 'Reach5')
    cd /Users/admin/builder/spi-builder-workspace/.swiftpm/xcode

SwiftCompile normal arm64 /Users/admin/builder/spi-builder-workspace/.dependencies/checkouts/reachfive-ios/Sources/Core/Classes/AppleProvider.swift (in target 'Reach5' from project 'Reach5')
    cd /Users/admin/builder/spi-builder-workspace/.swiftpm/xcode

SwiftCompile normal arm64 /Users/admin/builder/spi-builder-workspace/.dependencies/checkouts/reachfive-ios/Sources/Core/Classes/CredentialManager.swift (in target 'Reach5' from project 'Reach5')
    cd /Users/admin/builder/spi-builder-workspace/.swiftpm/xcode

SwiftCompile normal arm64 /Users/admin/builder/spi-builder-workspace/.dependencies/checkouts/reachfive-ios/Sources/Core/Classes/DefaultProvider.swift (in target 'Reach5' from project 'Reach5')
    cd /Users/admin/builder/spi-builder-workspace/.swiftpm/xcode

SwiftCompile normal arm64 /Users/admin/builder/spi-builder-workspace/.dependencies/checkouts/reachfive-ios/Sources/Core/Classes/LoginWKWebview.swift (in target 'Reach5' from project 'Reach5')
    cd /Users/admin/builder/spi-builder-workspace/.swiftpm/xcode

SwiftCompile normal arm64 /Users/admin/builder/spi-builder-workspace/.dependencies/checkouts/reachfive-ios/Sources/Core/Classes/Presentation.swift (in target 'Reach5' from project 'Reach5')
    cd /Users/admin/builder/spi-builder-workspace/.swiftpm/xcode

SwiftCompile normal arm64 /Users/admin/builder/spi-builder-workspace/.dependencies/checkouts/reachfive-ios/Sources/Core/Classes/Provider.swift (in target 'Reach5' from project 'Reach5')
    cd /Users/admin/builder/spi-builder-workspace/.swiftpm/xcode

SwiftCompile normal arm64 /Users/admin/builder/spi-builder-workspace/.dependencies/checkouts/reachfive-ios/Sources/Core/Classes/ReachFive.swift (in target 'Reach5' from project 'Reach5')
    cd /Users/admin/builder/spi-builder-workspace/.swiftpm/xcode

SwiftCompile normal arm64 /Users/admin/builder/spi-builder-workspace/.dependencies/checkouts/reachfive-ios/Sources/Core/Classes/ReachFiveApi.swift (in target 'Reach5' from project 'Reach5')
    cd /Users/admin/builder/spi-builder-workspace/.swiftpm/xcode

SwiftCompile normal arm64 /Users/admin/builder/spi-builder-workspace/.dependencies/checkouts/reachfive-ios/Sources/Core/Classes/ReachFiveApplication.swift (in target 'Reach5' from project 'Reach5')
    cd /Users/admin/builder/spi-builder-workspace/.swiftpm/xcode

SwiftCompile normal arm64 /Users/admin/builder/spi-builder-workspace/.dependencies/checkouts/reachfive-ios/Sources/Core/Classes/ReachFiveError.swift (in target 'Reach5' from project 'Reach5')
    cd /Users/admin/builder/spi-builder-workspace/.swiftpm/xcode

SwiftCompile normal arm64 Compiling\ ProvidersConfigsResult.swift,\ SdkConfig.swift,\ SdkInternalConfig.swift,\ SessionDevicesResponse.swift,\ SignupTokenResponse.swift,\ AuthCodeRequest.swift,\ LoginProviderRequest.swift,\ LoginRequest.swift,\ MfaCredentialsRequest.swift,\ MfaStepUpRequest.swift /Users/admin/builder/spi-builder-workspace/.dependencies/checkouts/reachfive-ios/Sources/Core/Classes/models/ProvidersConfigsResult.swift /Users/admin/builder/spi-builder-workspace/.dependencies/checkouts/reachfive-ios/Sources/Core/Classes/models/SdkConfig.swift /Users/admin/builder/spi-builder-workspace/.dependencies/checkouts/reachfive-ios/Sources/Core/Classes/models/SdkInternalConfig.swift /Users/admin/builder/spi-builder-workspace/.dependencies/checkouts/reachfive-ios/Sources/Core/Classes/models/SessionDevicesResponse.swift /Users/admin/builder/spi-builder-workspace/.dependencies/checkouts/reachfive-ios/Sources/Core/Classes/models/SignupTokenResponse.swift /Users/admin/builder/spi-builder-workspace/.dependencies/checkouts/reachfive-ios/Sources/Core/Classes/models/requests/AuthCodeRequest.swift /Users/admin/builder/spi-builder-workspace/.dependencies/checkouts/reachfive-ios/Sources/Core/Classes/models/requests/LoginProviderRequest.swift /Users/admin/builder/spi-builder-workspace/.dependencies/checkouts/reachfive-ios/Sources/Core/Classes/models/requests/LoginRequest.swift /Users/admin/builder/spi-builder-workspace/.dependencies/checkouts/reachfive-ios/Sources/Core/Classes/models/requests/MfaCredentialsRequest.swift /Users/admin/builder/spi-builder-workspace/.dependencies/checkouts/reachfive-ios/Sources/Core/Classes/models/requests/MfaStepUpRequest.swift (in target 'Reach5' from project 'Reach5')
SwiftCompile normal arm64 /Users/admin/builder/spi-builder-workspace/.dependencies/checkouts/reachfive-ios/Sources/Core/Classes/models/ProvidersConfigsResult.swift (in target 'Reach5' from project 'Reach5')
    cd /Users/admin/builder/spi-builder-workspace/.swiftpm/xcode

SwiftCompile normal arm64 /Users/admin/builder/spi-builder-workspace/.dependencies/checkouts/reachfive-ios/Sources/Core/Classes/models/SdkConfig.swift (in target 'Reach5' from project 'Reach5')
    cd /Users/admin/builder/spi-builder-workspace/.swiftpm/xcode

SwiftCompile normal arm64 /Users/admin/builder/spi-builder-workspace/.dependencies/checkouts/reachfive-ios/Sources/Core/Classes/models/SdkInternalConfig.swift (in target 'Reach5' from project 'Reach5')
    cd /Users/admin/builder/spi-builder-workspace/.swiftpm/xcode

SwiftCompile normal arm64 /Users/admin/builder/spi-builder-workspace/.dependencies/checkouts/reachfive-ios/Sources/Core/Classes/models/SessionDevicesResponse.swift (in target 'Reach5' from project 'Reach5')
    cd /Users/admin/builder/spi-builder-workspace/.swiftpm/xcode

SwiftCompile normal arm64 /Users/admin/builder/spi-builder-workspace/.dependencies/checkouts/reachfive-ios/Sources/Core/Classes/models/SignupTokenResponse.swift (in target 'Reach5' from project 'Reach5')
    cd /Users/admin/builder/spi-builder-workspace/.swiftpm/xcode

SwiftCompile normal arm64 /Users/admin/builder/spi-builder-workspace/.dependencies/checkouts/reachfive-ios/Sources/Core/Classes/models/requests/AuthCodeRequest.swift (in target 'Reach5' from project 'Reach5')
    cd /Users/admin/builder/spi-builder-workspace/.swiftpm/xcode

SwiftCompile normal arm64 /Users/admin/builder/spi-builder-workspace/.dependencies/checkouts/reachfive-ios/Sources/Core/Classes/models/requests/LoginProviderRequest.swift (in target 'Reach5' from project 'Reach5')
    cd /Users/admin/builder/spi-builder-workspace/.swiftpm/xcode

SwiftCompile normal arm64 /Users/admin/builder/spi-builder-workspace/.dependencies/checkouts/reachfive-ios/Sources/Core/Classes/models/requests/LoginRequest.swift (in target 'Reach5' from project 'Reach5')
    cd /Users/admin/builder/spi-builder-workspace/.swiftpm/xcode

SwiftCompile normal arm64 /Users/admin/builder/spi-builder-workspace/.dependencies/checkouts/reachfive-ios/Sources/Core/Classes/models/requests/MfaCredentialsRequest.swift (in target 'Reach5' from project 'Reach5')
    cd /Users/admin/builder/spi-builder-workspace/.swiftpm/xcode

SwiftCompile normal arm64 /Users/admin/builder/spi-builder-workspace/.dependencies/checkouts/reachfive-ios/Sources/Core/Classes/models/requests/MfaStepUpRequest.swift (in target 'Reach5' from project 'Reach5')
    cd /Users/admin/builder/spi-builder-workspace/.swiftpm/xcode

CompileC /Users/admin/builder/spi-builder-workspace/.derivedData/Build/Intermediates.noindex/AppCheck.build/Debug-xros/AppCheckCore.build/Objects-normal/arm64/GACAppCheckStorage.o /Users/admin/builder/spi-builder-workspace/.dependencies/checkouts/app-check/AppCheckCore/Sources/Core/Storage/GACAppCheckStorage.m normal arm64 objective-c com.apple.compilers.llvm.clang.1_0.compiler (in target 'AppCheckCore' from project 'AppCheck')
    cd /Users/admin/builder/spi-builder-workspace/.swiftpm/xcode

    Using response file: /Users/admin/builder/spi-builder-workspace/.derivedData/Build/Intermediates.noindex/AppCheck.build/Debug-xros/AppCheckCore.build/Objects-normal/arm64/e6072d4f65d7061329687fe24e3d63a7-common-args.resp

    /Applications/Xcode-16.3.0.app/Contents/Developer/Toolchains/XcodeDefault.xctoolchain/usr/bin/clang -x objective-c -ivfsstatcache /Users/admin/builder/spi-builder-workspace/.derivedData/SDKStatCaches.noindex/xros2.4-22O233-407b76dbb837030756cbe1ab3f0b01b6.sdkstatcache -fmessage-length\=0 -fdiagnostics-show-note-include-stack -fmacro-backtrace-limit\=0 -fno-color-diagnostics -fmodules-prune-interval\=86400 -fmodules-prune-after\=345600 -fbuild-session-file\=/Users/admin/builder/spi-builder-workspace/.derivedData/ModuleCache.noindex/Session.modulevalidation -fmodules-validate-once-per-build-session -Wnon-modular-include-in-framework-module -Werror\=non-modular-include-in-framework-module -Wno-trigraphs -Wno-missing-field-initializers -Wno-missing-prototypes -Wno-return-type -Wno-implicit-atomic-properties -Wno-objc-interface-ivars -Wno-arc-repeated-use-of-weak -Wno-missing-braces -Wparentheses -Wswitch -Wno-unused-function -Wno-unused-label -Wno-unused-parameter -Wno-unused-variable -Wunused-value -Wno-empty-body -Wno-uninitialized -Wno-unknown-pragmas -w -Wno-shadow -Wno-four-char-constants -Wno-conversion -Wno-constant-conversion -Wno-int-conversion -Wno-bool-conversion -Wno-enum-conversion -Wno-float-conversion -Wno-non-literal-null-conversion -Wno-objc-literal-conversion -Wshorten-64-to-32 -Wpointer-sign -Wno-newline-eof -Wno-selector -Wno-strict-selector-match -Wno-undeclared-selector -Wno-deprecated-implementations -Wno-implicit-fallthrough -fstrict-aliasing -Wprotocol -Wdeprecated-declarations -Wno-sign-conversion -Wno-infinite-recursion -Wno-comma -Wno-block-capture-autoreleasing -Wno-strict-prototypes -Wno-semicolon-before-method-body -index-store-path /Users/admin/builder/spi-builder-workspace/.derivedData/Index.noindex/DataStore @/Users/admin/builder/spi-builder-workspace/.derivedData/Build/Intermediates.noindex/AppCheck.build/Debug-xros/AppCheckCore.build/Objects-normal/arm64/e6072d4f65d7061329687fe24e3d63a7-common-args.resp -MMD -MT dependencies -MF /Users/admin/builder/spi-builder-workspace/.derivedData/Build/Intermediates.noindex/AppCheck.build/Debug-xros/AppCheckCore.build/Objects-normal/arm64/GACAppCheckStorage.d --serialize-diagnostics /Users/admin/builder/spi-builder-workspace/.derivedData/Build/Intermediates.noindex/AppCheck.build/Debug-xros/AppCheckCore.build/Objects-normal/arm64/GACAppCheckStorage.dia -c /Users/admin/builder/spi-builder-workspace/.dependencies/checkouts/app-check/AppCheckCore/Sources/Core/Storage/GACAppCheckStorage.m -o /Users/admin/builder/spi-builder-workspace/.derivedData/Build/Intermediates.noindex/AppCheck.build/Debug-xros/AppCheckCore.build/Objects-normal/arm64/GACAppCheckStorage.o -index-unit-output-path /AppCheck.build/Debug-xros/AppCheckCore.build/Objects-normal/arm64/GACAppCheckStorage.o
CompileC /Users/admin/builder/spi-builder-workspace/.derivedData/Build/Intermediates.noindex/AppCheck.build/Debug-xros/AppCheckCore.build/Objects-normal/arm64/GACAppCheckErrorUtil.o /Users/admin/builder/spi-builder-workspace/.dependencies/checkouts/app-check/AppCheckCore/Sources/Core/Errors/GACAppCheckErrorUtil.m normal arm64 objective-c com.apple.compilers.llvm.clang.1_0.compiler (in target 'AppCheckCore' from project 'AppCheck')
    cd /Users/admin/builder/spi-builder-workspace/.swiftpm/xcode

    Using response file: /Users/admin/builder/spi-builder-workspace/.derivedData/Build/Intermediates.noindex/AppCheck.build/Debug-xros/AppCheckCore.build/Objects-normal/arm64/e6072d4f65d7061329687fe24e3d63a7-common-args.resp

    /Applications/Xcode-16.3.0.app/Contents/Developer/Toolchains/XcodeDefault.xctoolchain/usr/bin/clang -x objective-c -ivfsstatcache /Users/admin/builder/spi-builder-workspace/.derivedData/SDKStatCaches.noindex/xros2.4-22O233-407b76dbb837030756cbe1ab3f0b01b6.sdkstatcache -fmessage-length\=0 -fdiagnostics-show-note-include-stack -fmacro-backtrace-limit\=0 -fno-color-diagnostics -fmodules-prune-interval\=86400 -fmodules-prune-after\=345600 -fbuild-session-file\=/Users/admin/builder/spi-builder-workspace/.derivedData/ModuleCache.noindex/Session.modulevalidation -fmodules-validate-once-per-build-session -Wnon-modular-include-in-framework-module -Werror\=non-modular-include-in-framework-module -Wno-trigraphs -Wno-missing-field-initializers -Wno-missing-prototypes -Wno-return-type -Wno-implicit-atomic-properties -Wno-objc-interface-ivars -Wno-arc-repeated-use-of-weak -Wno-missing-braces -Wparentheses -Wswitch -Wno-unused-function -Wno-unused-label -Wno-unused-parameter -Wno-unused-variable -Wunused-value -Wno-empty-body -Wno-uninitialized -Wno-unknown-pragmas -w -Wno-shadow -Wno-four-char-constants -Wno-conversion -Wno-constant-conversion -Wno-int-conversion -Wno-bool-conversion -Wno-enum-conversion -Wno-float-conversion -Wno-non-literal-null-conversion -Wno-objc-literal-conversion -Wshorten-64-to-32 -Wpointer-sign -Wno-newline-eof -Wno-selector -Wno-strict-selector-match -Wno-undeclared-selector -Wno-deprecated-implementations -Wno-implicit-fallthrough -fstrict-aliasing -Wprotocol -Wdeprecated-declarations -Wno-sign-conversion -Wno-infinite-recursion -Wno-comma -Wno-block-capture-autoreleasing -Wno-strict-prototypes -Wno-semicolon-before-method-body -index-store-path /Users/admin/builder/spi-builder-workspace/.derivedData/Index.noindex/DataStore @/Users/admin/builder/spi-builder-workspace/.derivedData/Build/Intermediates.noindex/AppCheck.build/Debug-xros/AppCheckCore.build/Objects-normal/arm64/e6072d4f65d7061329687fe24e3d63a7-common-args.resp -MMD -MT dependencies -MF /Users/admin/builder/spi-builder-workspace/.derivedData/Build/Intermediates.noindex/AppCheck.build/Debug-xros/AppCheckCore.build/Objects-normal/arm64/GACAppCheckErrorUtil.d --serialize-diagnostics /Users/admin/builder/spi-builder-workspace/.derivedData/Build/Intermediates.noindex/AppCheck.build/Debug-xros/AppCheckCore.build/Objects-normal/arm64/GACAppCheckErrorUtil.dia -c /Users/admin/builder/spi-builder-workspace/.dependencies/checkouts/app-check/AppCheckCore/Sources/Core/Errors/GACAppCheckErrorUtil.m -o /Users/admin/builder/spi-builder-workspace/.derivedData/Build/Intermediates.noindex/AppCheck.build/Debug-xros/AppCheckCore.build/Objects-normal/arm64/GACAppCheckErrorUtil.o -index-unit-output-path /AppCheck.build/Debug-xros/AppCheckCore.build/Objects-normal/arm64/GACAppCheckErrorUtil.o
CompileC /Users/admin/builder/spi-builder-workspace/.derivedData/Build/Intermediates.noindex/AppCheck.build/Debug-xros/AppCheckCore.build/Objects-normal/arm64/GACAppCheckDebugProvider.o /Users/admin/builder/spi-builder-workspace/.dependencies/checkouts/app-check/AppCheckCore/Sources/DebugProvider/GACAppCheckDebugProvider.m normal arm64 objective-c com.apple.compilers.llvm.clang.1_0.compiler (in target 'AppCheckCore' from project 'AppCheck')
    cd /Users/admin/builder/spi-builder-workspace/.swiftpm/xcode

    Using response file: /Users/admin/builder/spi-builder-workspace/.derivedData/Build/Intermediates.noindex/AppCheck.build/Debug-xros/AppCheckCore.build/Objects-normal/arm64/e6072d4f65d7061329687fe24e3d63a7-common-args.resp

    /Applications/Xcode-16.3.0.app/Contents/Developer/Toolchains/XcodeDefault.xctoolchain/usr/bin/clang -x objective-c -ivfsstatcache /Users/admin/builder/spi-builder-workspace/.derivedData/SDKStatCaches.noindex/xros2.4-22O233-407b76dbb837030756cbe1ab3f0b01b6.sdkstatcache -fmessage-length\=0 -fdiagnostics-show-note-include-stack -fmacro-backtrace-limit\=0 -fno-color-diagnostics -fmodules-prune-interval\=86400 -fmodules-prune-after\=345600 -fbuild-session-file\=/Users/admin/builder/spi-builder-workspace/.derivedData/ModuleCache.noindex/Session.modulevalidation -fmodules-validate-once-per-build-session -Wnon-modular-include-in-framework-module -Werror\=non-modular-include-in-framework-module -Wno-trigraphs -Wno-missing-field-initializers -Wno-missing-prototypes -Wno-return-type -Wno-implicit-atomic-properties -Wno-objc-interface-ivars -Wno-arc-repeated-use-of-weak -Wno-missing-braces -Wparentheses -Wswitch -Wno-unused-function -Wno-unused-label -Wno-unused-parameter -Wno-unused-variable -Wunused-value -Wno-empty-body -Wno-uninitialized -Wno-unknown-pragmas -w -Wno-shadow -Wno-four-char-constants -Wno-conversion -Wno-constant-conversion -Wno-int-conversion -Wno-bool-conversion -Wno-enum-conversion -Wno-float-conversion -Wno-non-literal-null-conversion -Wno-objc-literal-conversion -Wshorten-64-to-32 -Wpointer-sign -Wno-newline-eof -Wno-selector -Wno-strict-selector-match -Wno-undeclared-selector -Wno-deprecated-implementations -Wno-implicit-fallthrough -fstrict-aliasing -Wprotocol -Wdeprecated-declarations -Wno-sign-conversion -Wno-infinite-recursion -Wno-comma -Wno-block-capture-autoreleasing -Wno-strict-prototypes -Wno-semicolon-before-method-body -index-store-path /Users/admin/builder/spi-builder-workspace/.derivedData/Index.noindex/DataStore @/Users/admin/builder/spi-builder-workspace/.derivedData/Build/Intermediates.noindex/AppCheck.build/Debug-xros/AppCheckCore.build/Objects-normal/arm64/e6072d4f65d7061329687fe24e3d63a7-common-args.resp -MMD -MT dependencies -MF /Users/admin/builder/spi-builder-workspace/.derivedData/Build/Intermediates.noindex/AppCheck.build/Debug-xros/AppCheckCore.build/Objects-normal/arm64/GACAppCheckDebugProvider.d --serialize-diagnostics /Users/admin/builder/spi-builder-workspace/.derivedData/Build/Intermediates.noindex/AppCheck.build/Debug-xros/AppCheckCore.build/Objects-normal/arm64/GACAppCheckDebugProvider.dia -c /Users/admin/builder/spi-builder-workspace/.dependencies/checkouts/app-check/AppCheckCore/Sources/DebugProvider/GACAppCheckDebugProvider.m -o /Users/admin/builder/spi-builder-workspace/.derivedData/Build/Intermediates.noindex/AppCheck.build/Debug-xros/AppCheckCore.build/Objects-normal/arm64/GACAppCheckDebugProvider.o -index-unit-output-path /AppCheck.build/Debug-xros/AppCheckCore.build/Objects-normal/arm64/GACAppCheckDebugProvider.o
CompileC /Users/admin/builder/spi-builder-workspace/.derivedData/Build/Intermediates.noindex/AppCheck.build/Debug-xros/AppCheckCore.build/Objects-normal/arm64/GACAppCheckCryptoUtils.o /Users/admin/builder/spi-builder-workspace/.dependencies/checkouts/app-check/AppCheckCore/Sources/Core/Utils/GACAppCheckCryptoUtils.m normal arm64 objective-c com.apple.compilers.llvm.clang.1_0.compiler (in target 'AppCheckCore' from project 'AppCheck')
    cd /Users/admin/builder/spi-builder-workspace/.swiftpm/xcode

    Using response file: /Users/admin/builder/spi-builder-workspace/.derivedData/Build/Intermediates.noindex/AppCheck.build/Debug-xros/AppCheckCore.build/Objects-normal/arm64/e6072d4f65d7061329687fe24e3d63a7-common-args.resp

    /Applications/Xcode-16.3.0.app/Contents/Developer/Toolchains/XcodeDefault.xctoolchain/usr/bin/clang -x objective-c -ivfsstatcache /Users/admin/builder/spi-builder-workspace/.derivedData/SDKStatCaches.noindex/xros2.4-22O233-407b76dbb837030756cbe1ab3f0b01b6.sdkstatcache -fmessage-length\=0 -fdiagnostics-show-note-include-stack -fmacro-backtrace-limit\=0 -fno-color-diagnostics -fmodules-prune-interval\=86400 -fmodules-prune-after\=345600 -fbuild-session-file\=/Users/admin/builder/spi-builder-workspace/.derivedData/ModuleCache.noindex/Session.modulevalidation -fmodules-validate-once-per-build-session -Wnon-modular-include-in-framework-module -Werror\=non-modular-include-in-framework-module -Wno-trigraphs -Wno-missing-field-initializers -Wno-missing-prototypes -Wno-return-type -Wno-implicit-atomic-properties -Wno-objc-interface-ivars -Wno-arc-repeated-use-of-weak -Wno-missing-braces -Wparentheses -Wswitch -Wno-unused-function -Wno-unused-label -Wno-unused-parameter -Wno-unused-variable -Wunused-value -Wno-empty-body -Wno-uninitialized -Wno-unknown-pragmas -w -Wno-shadow -Wno-four-char-constants -Wno-conversion -Wno-constant-conversion -Wno-int-conversion -Wno-bool-conversion -Wno-enum-conversion -Wno-float-conversion -Wno-non-literal-null-conversion -Wno-objc-literal-conversion -Wshorten-64-to-32 -Wpointer-sign -Wno-newline-eof -Wno-selector -Wno-strict-selector-match -Wno-undeclared-selector -Wno-deprecated-implementations -Wno-implicit-fallthrough -fstrict-aliasing -Wprotocol -Wdeprecated-declarations -Wno-sign-conversion -Wno-infinite-recursion -Wno-comma -Wno-block-capture-autoreleasing -Wno-strict-prototypes -Wno-semicolon-before-method-body -index-store-path /Users/admin/builder/spi-builder-workspace/.derivedData/Index.noindex/DataStore @/Users/admin/builder/spi-builder-workspace/.derivedData/Build/Intermediates.noindex/AppCheck.build/Debug-xros/AppCheckCore.build/Objects-normal/arm64/e6072d4f65d7061329687fe24e3d63a7-common-args.resp -MMD -MT dependencies -MF /Users/admin/builder/spi-builder-workspace/.derivedData/Build/Intermediates.noindex/AppCheck.build/Debug-xros/AppCheckCore.build/Objects-normal/arm64/GACAppCheckCryptoUtils.d --serialize-diagnostics /Users/admin/builder/spi-builder-workspace/.derivedData/Build/Intermediates.noindex/AppCheck.build/Debug-xros/AppCheckCore.build/Objects-normal/arm64/GACAppCheckCryptoUtils.dia -c /Users/admin/builder/spi-builder-workspace/.dependencies/checkouts/app-check/AppCheckCore/Sources/Core/Utils/GACAppCheckCryptoUtils.m -o /Users/admin/builder/spi-builder-workspace/.derivedData/Build/Intermediates.noindex/AppCheck.build/Debug-xros/AppCheckCore.build/Objects-normal/arm64/GACAppCheckCryptoUtils.o -index-unit-output-path /AppCheck.build/Debug-xros/AppCheckCore.build/Objects-normal/arm64/GACAppCheckCryptoUtils.o
SwiftCompile normal arm64 Compiling\ DictionaryEncodable.swift,\ Logger.swift,\ NetworkClient.swift,\ Pkce.swift,\ Storage.swift,\ StringUtils.swift,\ URL+Normalization.swift,\ URL+WebAuth.swift,\ WebAuthentication.swift,\ WebSessionMode.swift /Users/admin/builder/spi-builder-workspace/.dependencies/checkouts/reachfive-ios/Sources/Core/Classes/utils/DictionaryEncodable.swift /Users/admin/builder/spi-builder-workspace/.dependencies/checkouts/reachfive-ios/Sources/Core/Classes/utils/Logger.swift /Users/admin/builder/spi-builder-workspace/.dependencies/checkouts/reachfive-ios/Sources/Core/Classes/utils/NetworkClient.swift /Users/admin/builder/spi-builder-workspace/.dependencies/checkouts/reachfive-ios/Sources/Core/Classes/utils/Pkce.swift /Users/admin/builder/spi-builder-workspace/.dependencies/checkouts/reachfive-ios/Sources/Core/Classes/utils/Storage.swift /Users/admin/builder/spi-builder-workspace/.dependencies/checkouts/reachfive-ios/Sources/Core/Classes/utils/StringUtils.swift /Users/admin/builder/spi-builder-workspace/.dependencies/checkouts/reachfive-ios/Sources/Core/Classes/utils/URL+Normalization.swift /Users/admin/builder/spi-builder-workspace/.dependencies/checkouts/reachfive-ios/Sources/Core/Classes/web/URL+WebAuth.swift /Users/admin/builder/spi-builder-workspace/.dependencies/checkouts/reachfive-ios/Sources/Core/Classes/web/WebAuthentication.swift /Users/admin/builder/spi-builder-workspace/.dependencies/checkouts/reachfive-ios/Sources/Core/Classes/web/WebSessionMode.swift (in target 'Reach5' from project 'Reach5')
Failed frontend command:
/Applications/Xcode-16.3.0.app/Contents/Developer/Toolchains/XcodeDefault.xctoolchain/usr/bin/swift-frontend -frontend -c /Users/admin/builder/spi-builder-workspace/.derivedData/Build/Intermediates.noindex/Reach5.build/Debug-xros/Reach5.build/DerivedSources/resource_bundle_accessor.swift /Users/admin/builder/spi-builder-workspace/.dependencies/checkouts/reachfive-ios/Sources/Core/Classes/AppleProvider.swift /Users/admin/builder/spi-builder-workspace/.dependencies/checkouts/reachfive-ios/Sources/Core/Classes/CredentialManager.swift /Users/admin/builder/spi-builder-workspace/.dependencies/checkouts/reachfive-ios/Sources/Core/Classes/DefaultProvider.swift /Users/admin/builder/spi-builder-workspace/.dependencies/checkouts/reachfive-ios/Sources/Core/Classes/LoginWKWebview.swift /Users/admin/builder/spi-builder-workspace/.dependencies/checkouts/reachfive-ios/Sources/Core/Classes/Presentation.swift /Users/admin/builder/spi-builder-workspace/.dependencies/checkouts/reachfive-ios/Sources/Core/Classes/Provider.swift /Users/admin/builder/spi-builder-workspace/.dependencies/checkouts/reachfive-ios/Sources/Core/Classes/ReachFive.swift /Users/admin/builder/spi-builder-workspace/.dependencies/checkouts/reachfive-ios/Sources/Core/Classes/ReachFiveApi.swift /Users/admin/builder/spi-builder-workspace/.dependencies/checkouts/reachfive-ios/Sources/Core/Classes/ReachFiveApplication.swift /Users/admin/builder/spi-builder-workspace/.dependencies/checkouts/reachfive-ios/Sources/Core/Classes/ReachFiveError.swift /Users/admin/builder/spi-builder-workspace/.dependencies/checkouts/reachfive-ios/Sources/Core/Classes/ReachFiveLogin.swift /Users/admin/builder/spi-builder-workspace/.dependencies/checkouts/reachfive-ios/Sources/Core/Classes/ReachFiveMfa.swift /Users/admin/builder/spi-builder-workspace/.dependencies/checkouts/reachfive-ios/Sources/Core/Classes/ReachFiveNative.swift /Users/admin/builder/spi-builder-workspace/.dependencies/checkouts/reachfive-ios/Sources/Core/Classes/ReachFivePassword.swift /Users/admin/builder/spi-builder-workspace/.dependencies/checkouts/reachfive-ios/Sources/Core/Classes/ReachFivePasswordLess.swift /Users/admin/builder/spi-builder-workspace/.dependencies/checkouts/reachfive-ios/Sources/Core/Classes/ReachFiveProfile.swift /Users/admin/builder/spi-builder-workspace/.dependencies/checkouts/reachfive-ios/Sources/Core/Classes/ReachFiveProviders.swift /Users/admin/builder/spi-builder-workspace/.dependencies/checkouts/reachfive-ios/Sources/Core/Classes/ReachFiveSessionDevice.swift /Users/admin/builder/spi-builder-workspace/.dependencies/checkouts/reachfive-ios/Sources/Core/Classes/ReachFiveToken.swift /Users/admin/builder/spi-builder-workspace/.dependencies/checkouts/reachfive-ios/Sources/Core/Classes/ReachFiveWebviewLogin.swift /Users/admin/builder/spi-builder-workspace/.dependencies/checkouts/reachfive-ios/Sources/Core/Classes/SdkVersion.swift /Users/admin/builder/spi-builder-workspace/.dependencies/checkouts/reachfive-ios/Sources/Core/Classes/models/AccessTokenResponse.swift /Users/admin/builder/spi-builder-workspace/.dependencies/checkouts/reachfive-ios/Sources/Core/Classes/models/AuthToken.swift /Users/admin/builder/spi-builder-workspace/.dependencies/checkouts/reachfive-ios/Sources/Core/Classes/models/ClientConfigResponse.swift /Users/admin/builder/spi-builder-workspace/.dependencies/checkouts/reachfive-ios/Sources/Core/Classes/models/Consent.swift /Users/admin/builder/spi-builder-workspace/.dependencies/checkouts/reachfive-ios/Sources/Core/Classes/models/Emails.swift /Users/admin/builder/spi-builder-workspace/.dependencies/checkouts/reachfive-ios/Sources/Core/Classes/models/LoginSummary.swift /Users/admin/builder/spi-builder-workspace/.dependencies/checkouts/reachfive-ios/Sources/Core/Classes/models/OpenIdUser.swift /Users/admin/builder/spi-builder-workspace/.dependencies/checkouts/reachfive-ios/Sources/Core/Classes/models/Profile.swift /Users/admin/builder/spi-builder-workspace/.dependencies/checkouts/reachfive-ios/Sources/Core/Classes/models/ProfileAddress.swift /Users/admin/builder/spi-builder-workspace/.dependencies/checkouts/reachfive-ios/Sources/Core/Classes/models/ProfileUpdate.swift /Users/admin/builder/spi-builder-workspace/.dependencies/checkouts/reachfive-ios/Sources/Core/Classes/models/ProviderConfig.swift /Users/admin/builder/spi-builder-workspace/.dependencies/checkouts/reachfive-ios/Sources/Core/Classes/models/ProvidersConfigsResult.swift /Users/admin/builder/spi-builder-workspace/.dependencies/checkouts/reachfive-ios/Sources/Core/Classes/models/SdkConfig.swift /Users/admin/builder/spi-builder-workspace/.dependencies/checkouts/reachfive-ios/Sources/Core/Classes/models/SdkInternalConfig.swift /Users/admin/builder/spi-builder-workspace/.dependencies/checkouts/reachfive-ios/Sources/Core/Classes/models/SessionDevicesResponse.swift /Users/admin/builder/spi-builder-workspace/.dependencies/checkouts/reachfive-ios/Sources/Core/Classes/models/SignupTokenResponse.swift /Users/admin/builder/spi-builder-workspace/.dependencies/checkouts/reachfive-ios/Sources/Core/Classes/models/requests/AuthCodeRequest.swift /Users/admin/builder/spi-builder-workspace/.dependencies/checkouts/reachfive-ios/Sources/Core/Classes/models/requests/LoginProviderRequest.swift /Users/admin/builder/spi-builder-workspace/.dependencies/checkouts/reachfive-ios/Sources/Core/Classes/models/requests/LoginRequest.swift /Users/admin/builder/spi-builder-workspace/.dependencies/checkouts/reachfive-ios/Sources/Core/Classes/models/requests/MfaCredentialsRequest.swift /Users/admin/builder/spi-builder-workspace/.dependencies/checkouts/reachfive-ios/Sources/Core/Classes/models/requests/MfaStepUpRequest.swift /Users/admin/builder/spi-builder-workspace/.dependencies/checkouts/reachfive-ios/Sources/Core/Classes/models/requests/ProfileSignupRequest.swift /Users/admin/builder/spi-builder-workspace/.dependencies/checkouts/reachfive-ios/Sources/Core/Classes/models/requests/RefreshRequest.swift /Users/admin/builder/spi-builder-workspace/.dependencies/checkouts/reachfive-ios/Sources/Core/Classes/models/requests/RequestAccountRecoveryRequest.swift /Users/admin/builder/spi-builder-workspace/.dependencies/checkouts/reachfive-ios/Sources/Core/Classes/models/requests/RequestPasswordResetRequest.swift /Users/admin/builder/spi-builder-workspace/.dependencies/checkouts/reachfive-ios/Sources/Core/Classes/models/requests/RevokeTokenRequest.swift /Users/admin/builder/spi-builder-workspace/.dependencies/checkouts/reachfive-ios/Sources/Core/Classes/models/requests/SignupRequest.swift /Users/admin/builder/spi-builder-workspace/.dependencies/checkouts/reachfive-ios/Sources/Core/Classes/models/requests/StartPasswordlessRequest.swift /Users/admin/builder/spi-builder-workspace/.dependencies/checkouts/reachfive-ios/Sources/Core/Classes/models/requests/TokenType.swift /Users/admin/builder/spi-builder-workspace/.dependencies/checkouts/reachfive-ios/Sources/Core/Classes/models/requests/UpdateEmailRequest.swift /Users/admin/builder/spi-builder-workspace/.dependencies/checkouts/reachfive-ios/Sources/Core/Classes/models/requests/UpdatePasswordRequest.swift /Users/admin/builder/spi-builder-workspace/.dependencies/checkouts/reachfive-ios/Sources/Core/Classes/models/requests/UpdatePhoneNumberRequest.swift /Users/admin/builder/spi-builder-workspace/.dependencies/checkouts/reachfive-ios/Sources/Core/Classes/models/requests/VerifyAuthCodeRequest.swift /Users/admin/builder/spi-builder-workspace/.dependencies/checkouts/reachfive-ios/Sources/Core/Classes/models/requests/VerifyEmailRequest.swift /Users/admin/builder/spi-builder-workspace/.dependencies/checkouts/reachfive-ios/Sources/Core/Classes/models/requests/VerifyPhoneNumberRequest.swift /Users/admin/builder/spi-builder-workspace/.dependencies/checkouts/reachfive-ios/Sources/Core/Classes/models/requests/WebSessionLogoutRequest.swift /Users/admin/builder/spi-builder-workspace/.dependencies/checkouts/reachfive-ios/Sources/Core/Classes/models/requests/WebviewLoginRequest.swift /Users/admin/builder/spi-builder-workspace/.dependencies/checkouts/reachfive-ios/Sources/Core/Classes/models/requests/webAuthn/AuthenticationPublicKeyCredential.swift /Users/admin/builder/spi-builder-workspace/.dependencies/checkouts/reachfive-ios/Sources/Core/Classes/models/requests/webAuthn/NativeLoginRequest.swift /Users/admin/builder/spi-builder-workspace/.dependencies/checkouts/reachfive-ios/Sources/Core/Classes/models/requests/webAuthn/NewPasskeyRequest.swift /Users/admin/builder/spi-builder-workspace/.dependencies/checkouts/reachfive-ios/Sources/Core/Classes/models/requests/webAuthn/PasskeySignupRequest.swift /Users/admin/builder/spi-builder-workspace/.dependencies/checkouts/reachfive-ios/Sources/Core/Classes/models/requests/webAuthn/ProfilePasskeySignupRequest.swift /Users/admin/builder/spi-builder-workspace/.dependencies/checkouts/reachfive-ios/Sources/Core/Classes/models/requests/webAuthn/R5AuthenticatorAssertionResponse.swift /Users/admin/builder/spi-builder-workspace/.dependencies/checkouts/reachfive-ios/Sources/Core/Classes/models/requests/webAuthn/R5AuthenticatorAttestationResponse.swift /Users/admin/builder/spi-builder-workspace/.dependencies/checkouts/reachfive-ios/Sources/Core/Classes/models/requests/webAuthn/R5PublicKeyCredentialRequestOptions.swift /Users/admin/builder/spi-builder-workspace/.dependencies/checkouts/reachfive-ios/Sources/Core/Classes/models/requests/webAuthn/RegistrationPublicKeyCredential.swift /Users/admin/builder/spi-builder-workspace/.dependencies/checkouts/reachfive-ios/Sources/Core/Classes/models/requests/webAuthn/RegistrationRequest.swift /Users/admin/builder/spi-builder-workspace/.dependencies/checkouts/reachfive-ios/Sources/Core/Classes/models/requests/webAuthn/ResetOptions.swift /Users/admin/builder/spi-builder-workspace/.dependencies/checkouts/reachfive-ios/Sources/Core/Classes/models/requests/webAuthn/ResetPasskeyRequest.swift /Users/admin/builder/spi-builder-workspace/.dependencies/checkouts/reachfive-ios/Sources/Core/Classes/models/requests/webAuthn/ResetPublicKeyCredential.swift /Users/admin/builder/spi-builder-workspace/.dependencies/checkouts/reachfive-ios/Sources/Core/Classes/models/requests/webAuthn/SignupOptions.swift /Users/admin/builder/spi-builder-workspace/.dependencies/checkouts/reachfive-ios/Sources/Core/Classes/models/requests/webAuthn/WebAuthnLoginRequest.swift /Users/admin/builder/spi-builder-workspace/.dependencies/checkouts/reachfive-ios/Sources/Core/Classes/models/requests/webAuthn/WebauthnSignupCredential.swift /Users/admin/builder/spi-builder-workspace/.dependencies/checkouts/reachfive-ios/Sources/Core/Classes/models/responses/TknMfa.swift /Users/admin/builder/spi-builder-workspace/.dependencies/checkouts/reachfive-ios/Sources/Core/Classes/models/responses/VerifyEmailResponse.swift /Users/admin/builder/spi-builder-workspace/.dependencies/checkouts/reachfive-ios/Sources/Core/Classes/models/responses/trustedDevices/TrustedDevice.swift /Users/admin/builder/spi-builder-workspace/.dependencies/checkouts/reachfive-ios/Sources/Core/Classes/models/responses/webAuthn/AuthenticationOptions.swift /Users/admin/builder/spi-builder-workspace/.dependencies/checkouts/reachfive-ios/Sources/Core/Classes/models/responses/webAuthn/AuthenticationToken.swift /Users/admin/builder/spi-builder-workspace/.dependencies/checkouts/reachfive-ios/Sources/Core/Classes/models/responses/webAuthn/CredentialCreationOptions.swift /Users/admin/builder/spi-builder-workspace/.dependencies/checkouts/reachfive-ios/Sources/Core/Classes/models/responses/webAuthn/DeviceCredential.swift /Users/admin/builder/spi-builder-workspace/.dependencies/checkouts/reachfive-ios/Sources/Core/Classes/models/responses/webAuthn/R5AuthenticatorSelectionCriteria.swift /Users/admin/builder/spi-builder-workspace/.dependencies/checkouts/reachfive-ios/Sources/Core/Classes/models/responses/webAuthn/R5PublicKeyCredentialCreationOptions.swift /Users/admin/builder/spi-builder-workspace/.dependencies/checkouts/reachfive-ios/Sources/Core/Classes/models/responses/webAuthn/R5PublicKeyCredentialDescriptor.swift /Users/admin/builder/spi-builder-workspace/.dependencies/checkouts/reachfive-ios/Sources/Core/Classes/models/responses/webAuthn/R5PublicKeyCredentialParameter.swift /Users/admin/builder/spi-builder-workspace/.dependencies/checkouts/reachfive-ios/Sources/Core/Classes/models/responses/webAuthn/R5PublicKeyCredentialRpEntity.swift /Users/admin/builder/spi-builder-workspace/.dependencies/checkouts/reachfive-ios/Sources/Core/Classes/models/responses/webAuthn/R5PublicKeyCredentialUserEntity.swift /Users/admin/builder/spi-builder-workspace/.dependencies/checkouts/reachfive-ios/Sources/Core/Classes/models/responses/webAuthn/RegistrationOptions.swift /Users/admin/builder/spi-builder-workspace/.dependencies/checkouts/reachfive-ios/Sources/Core/Classes/utils/Async.swift /Users/admin/builder/spi-builder-workspace/.dependencies/checkouts/reachfive-ios/Sources/Core/Classes/utils/Base64.swift /Users/admin/builder/spi-builder-workspace/.dependencies/checkouts/reachfive-ios/Sources/Core/Classes/utils/CustomField.swift /Users/admin/builder/spi-builder-workspace/.dependencies/checkouts/reachfive-ios/Sources/Core/Classes/utils/DataRequest.swift -primary-file /Users/admin/builder/spi-builder-workspace/.dependencies/checkouts/reachfive-ios/Sources/Core/Classes/utils/DictionaryEncodable.swift -primary-file /Users/admin/builder/spi-builder-workspace/.dependencies/checkouts/reachfive-ios/Sources/Core/Classes/utils/Logger.swift -primary-file /Users/admin/builder/spi-builder-workspace/.dependencies/checkouts/reachfive-ios/Sources/Core/Classes/utils/NetworkClient.swift -primary-file /Users/admin/builder/spi-builder-workspace/.dependencies/checkouts/reachfive-ios/Sources/Core/Classes/utils/Pkce.swift -primary-file /Users/admin/builder/spi-builder-workspace/.dependencies/checkouts/reachfive-ios/Sources/Core/Classes/utils/Storage.swift -primary-file /Users/admin/builder/spi-builder-workspace/.dependencies/checkouts/reachfive-ios/Sources/Core/Classes/utils/StringUtils.swift -primary-file /Users/admin/builder/spi-builder-workspace/.dependencies/checkouts/reachfive-ios/Sources/Core/Classes/utils/URL+Normalization.swift -primary-file /Users/admin/builder/spi-builder-workspace/.dependencies/checkouts/reachfive-ios/Sources/Core/Classes/web/URL+WebAuth.swift -primary-file /Users/admin/builder/spi-builder-workspace/.dependencies/checkouts/reachfive-ios/Sources/Core/Classes/web/WebAuthentication.swift -primary-file /Users/admin/builder/spi-builder-workspace/.dependencies/checkouts/reachfive-ios/Sources/Core/Classes/web/WebSessionMode.swift -supplementary-output-file-map /Users/admin/builder/spi-builder-workspace/.derivedData/Build/Intermediates.noindex/Reach5.build/Debug-xros/Reach5.build/Objects-normal/arm64/supplementaryOutputs-10 -target arm64-apple-xros1.0 -Xllvm -aarch64-use-tbi -enable-objc-interop -stack-check -sdk /Applications/Xcode-16.3.0.app/Contents/Developer/Platforms/XROS.platform/Developer/SDKs/XROS2.4.sdk -I /Users/admin/builder/spi-builder-workspace/.derivedData/Build/Products/Debug-xros -I /Applications/Xcode-16.3.0.app/Contents/Developer/Platforms/XROS.platform/Developer/usr/lib -F /Users/admin/builder/spi-builder-workspace/.derivedData/Build/Products/Debug-xros -F /Applications/Xcode-16.3.0.app/Contents/Developer/Platforms/XROS.platform/Developer/Library/Frameworks -F /Applications/Xcode-16.3.0.app/Contents/Developer/Platforms/XROS.platform/Developer/SDKs/XROS2.4.sdk/Developer/Library/Frameworks -no-color-diagnostics -enable-testing -g -debug-info-format\=dwarf -dwarf-version\=4 -module-cache-path /Users/admin/builder/spi-builder-workspace/.derivedData/ModuleCache.noindex -suppress-warnings -swift-version 5 -enforce-exclusivity\=checked -Onone -D SWIFT_PACKAGE -D DEBUG -D Xcode -serialize-debugging-options -const-gather-protocols-file /Users/admin/builder/spi-builder-workspace/.derivedData/Build/Intermediates.noindex/Reach5.build/Debug-xros/Reach5.build/Objects-normal/arm64/Reach5_const_extract_protocols.json -enable-experimental-feature DebugDescriptionMacro -empty-abi-descriptor -plugin-path /Applications/Xcode-16.3.0.app/Contents/Developer/Toolchains/XcodeDefault.xctoolchain/usr/lib/swift/host/plugins/testing -validate-clang-modules-once -clang-build-session-file /Users/admin/builder/spi-builder-workspace/.derivedData/ModuleCache.noindex/Session.modulevalidation -Xcc -working-directory -Xcc /Users/admin/builder/spi-builder-workspace/.swiftpm/xcode -resource-dir /Applications/Xcode-16.3.0.app/Contents/Developer/Toolchains/XcodeDefault.xctoolchain/usr/lib/swift -enable-anonymous-context-mangled-names -file-compilation-dir /Users/admin/builder/spi-builder-workspace/.swiftpm/xcode -Xcc -ivfsstatcache -Xcc /Users/admin/builder/spi-builder-workspace/.derivedData/SDKStatCaches.noindex/xros2.4-22O233-407b76dbb837030756cbe1ab3f0b01b6.sdkstatcache -Xcc -I/Users/admin/builder/spi-builder-workspace/.derivedData/Build/Intermediates.noindex/Reach5.build/Debug-xros/Reach5.build/swift-overrides.hmap -Xcc -I/Users/admin/builder/spi-builder-workspace/.derivedData/Build/Products/Debug-xros/include -Xcc -I/Users/admin/builder/spi-builder-workspace/.derivedData/Build/Intermediates.noindex/Reach5.build/Debug-xros/Reach5.build/DerivedSources-normal/arm64 -Xcc -I/Users/admin/builder/spi-builder-workspace/.derivedData/Build/Intermediates.noindex/Reach5.build/Debug-xros/Reach5.build/DerivedSources/arm64 -Xcc -I/Users/admin/builder/spi-builder-workspace/.derivedData/Build/Intermediates.noindex/Reach5.build/Debug-xros/Reach5.build/DerivedSources -Xcc -DSWIFT_PACKAGE -Xcc -DDEBUG\=1 -module-name Reach5 -package-name reachfive_ios -frontend-parseable-output -disable-clang-spi -target-sdk-version 2.4 -target-sdk-name xros2.4 -external-plugin-path /Applications/Xcode-16.3.0.app/Contents/Developer/Platforms/XROS.platform/Developer/usr/lib/swift/host/plugins\#/Applications/Xcode-16.3.0.app/Contents/Developer/Platforms/XROS.platform/Developer/usr/bin/swift-plugin-server -external-plugin-path /Applications/Xcode-16.3.0.app/Contents/Developer/Platforms/XROS.platform/Developer/usr/local/lib/swift/host/plugins\#/Applications/Xcode-16.3.0.app/Contents/Developer/Platforms/XROS.platform/Developer/usr/bin/swift-plugin-server -in-process-plugin-server-path /Applications/Xcode-16.3.0.app/Contents/Developer/Toolchains/XcodeDefault.xctoolchain/usr/lib/swift/host/libSwiftInProcPluginServer.dylib -plugin-path /Applications/Xcode-16.3.0.app/Contents/Developer/Toolchains/XcodeDefault.xctoolchain/usr/lib/swift/host/plugins -plugin-path /Applications/Xcode-16.3.0.app/Contents/Developer/Toolchains/XcodeDefault.xctoolchain/usr/local/lib/swift/host/plugins -o /Users/admin/builder/spi-builder-workspace/.derivedData/Build/Intermediates.noindex/Reach5.build/Debug-xros/Reach5.build/Objects-normal/arm64/DictionaryEncodable.o -o /Users/admin/builder/spi-builder-workspace/.derivedData/Build/Intermediates.noindex/Reach5.build/Debug-xros/Reach5.build/Objects-normal/arm64/Logger.o -o /Users/admin/builder/spi-builder-workspace/.derivedData/Build/Intermediates.noindex/Reach5.build/Debug-xros/Reach5.build/Objects-normal/arm64/NetworkClient.o -o /Users/admin/builder/spi-builder-workspace/.derivedData/Build/Intermediates.noindex/Reach5.build/Debug-xros/Reach5.build/Objects-normal/arm64/Pkce.o -o /Users/admin/builder/spi-builder-workspace/.derivedData/Build/Intermediates.noindex/Reach5.build/Debug-xros/Reach5.build/Objects-normal/arm64/Storage.o -o /Users/admin/builder/spi-builder-workspace/.derivedData/Build/Intermediates.noindex/Reach5.build/Debug-xros/Reach5.build/Objects-normal/arm64/StringUtils.o -o /Users/admin/builder/spi-builder-workspace/.derivedData/Build/Intermediates.noindex/Reach5.build/Debug-xros/Reach5.build/Objects-normal/arm64/URL+Normalization.o -o /Users/admin/builder/spi-builder-workspace/.derivedData/Build/Intermediates.noindex/Reach5.build/Debug-xros/Reach5.build/Objects-normal/arm64/URL+WebAuth.o -o /Users/admin/builder/spi-builder-workspace/.derivedData/Build/Intermediates.noindex/Reach5.build/Debug-xros/Reach5.build/Objects-normal/arm64/WebAuthentication.o -o /Users/admin/builder/spi-builder-workspace/.derivedData/Build/Intermediates.noindex/Reach5.build/Debug-xros/Reach5.build/Objects-normal/arm64/WebSessionMode.o -index-unit-output-path /Reach5.build/Debug-xros/Reach5.build/Objects-normal/arm64/DictionaryEncodable.o -index-unit-output-path /Reach5.build/Debug-xros/Reach5.build/Objects-normal/arm64/Logger.o -index-unit-output-path /Reach5.build/Debug-xros/Reach5.build/Objects-normal/arm64/NetworkClient.o -index-unit-output-path /Reach5.build/Debug-xros/Reach5.build/Objects-normal/arm64/Pkce.o -index-unit-output-path /Reach5.build/Debug-xros/Reach5.build/Objects-normal/arm64/Storage.o -index-unit-output-path /Reach5.build/Debug-xros/Reach5.build/Objects-normal/arm64/StringUtils.o -index-unit-output-path /Reach5.build/Debug-xros/Reach5.build/Objects-normal/arm64/URL+Normalization.o -index-unit-output-path /Reach5.build/Debug-xros/Reach5.build/Objects-normal/arm64/URL+WebAuth.o -index-unit-output-path /Reach5.build/Debug-xros/Reach5.build/Objects-normal/arm64/WebAuthentication.o -index-unit-output-path /Reach5.build/Debug-xros/Reach5.build/Objects-normal/arm64/WebSessionMode.o -index-store-path /Users/admin/builder/spi-builder-workspace/.derivedData/Index.noindex/DataStore -index-system-modules
SwiftCompile normal arm64 /Users/admin/builder/spi-builder-workspace/.dependencies/checkouts/reachfive-ios/Sources/Core/Classes/utils/DictionaryEncodable.swift (in target 'Reach5' from project 'Reach5')
    cd /Users/admin/builder/spi-builder-workspace/.swiftpm/xcode

/Users/admin/builder/spi-builder-workspace/.dependencies/checkouts/reachfive-ios/Sources/Core/Classes/web/WebAuthentication.swift:188:23: error: 'init(url:callback:completionHandler:)' is only available in visionOS 1.1 or newer
            session = ASWebAuthenticationSession(
                      ^
/Users/admin/builder/spi-builder-workspace/.dependencies/checkouts/reachfive-ios/Sources/Core/Classes/web/WebAuthentication.swift:188:23: note: add 'if #available' version check
            session = ASWebAuthenticationSession(
                      ^
/Users/admin/builder/spi-builder-workspace/.dependencies/checkouts/reachfive-ios/Sources/Core/Classes/web/WebAuthentication.swift:150:18: note: add @available attribute to enclosing instance method
    private func prepareSession(
                 ^
/Users/admin/builder/spi-builder-workspace/.dependencies/checkouts/reachfive-ios/Sources/Core/Classes/web/WebAuthentication.swift:32:13: note: add @available attribute to enclosing class
final class WebAuthenticationSession {
            ^
SwiftCompile normal arm64 /Users/admin/builder/spi-builder-workspace/.dependencies/checkouts/reachfive-ios/Sources/Core/Classes/utils/Logger.swift (in target 'Reach5' from project 'Reach5')
    cd /Users/admin/builder/spi-builder-workspace/.swiftpm/xcode

/Users/admin/builder/spi-builder-workspace/.dependencies/checkouts/reachfive-ios/Sources/Core/Classes/web/WebAuthentication.swift:188:23: error: 'init(url:callback:completionHandler:)' is only available in visionOS 1.1 or newer
            session = ASWebAuthenticationSession(
                      ^
/Users/admin/builder/spi-builder-workspace/.dependencies/checkouts/reachfive-ios/Sources/Core/Classes/web/WebAuthentication.swift:188:23: note: add 'if #available' version check
            session = ASWebAuthenticationSession(
                      ^
/Users/admin/builder/spi-builder-workspace/.dependencies/checkouts/reachfive-ios/Sources/Core/Classes/web/WebAuthentication.swift:150:18: note: add @available attribute to enclosing instance method
    private func prepareSession(
                 ^
/Users/admin/builder/spi-builder-workspace/.dependencies/checkouts/reachfive-ios/Sources/Core/Classes/web/WebAuthentication.swift:32:13: note: add @available attribute to enclosing class
final class WebAuthenticationSession {
            ^
SwiftCompile normal arm64 /Users/admin/builder/spi-builder-workspace/.dependencies/checkouts/reachfive-ios/Sources/Core/Classes/utils/NetworkClient.swift (in target 'Reach5' from project 'Reach5')
    cd /Users/admin/builder/spi-builder-workspace/.swiftpm/xcode

/Users/admin/builder/spi-builder-workspace/.dependencies/checkouts/reachfive-ios/Sources/Core/Classes/web/WebAuthentication.swift:188:23: error: 'init(url:callback:completionHandler:)' is only available in visionOS 1.1 or newer
            session = ASWebAuthenticationSession(
                      ^
/Users/admin/builder/spi-builder-workspace/.dependencies/checkouts/reachfive-ios/Sources/Core/Classes/web/WebAuthentication.swift:188:23: note: add 'if #available' version check
            session = ASWebAuthenticationSession(
                      ^
/Users/admin/builder/spi-builder-workspace/.dependencies/checkouts/reachfive-ios/Sources/Core/Classes/web/WebAuthentication.swift:150:18: note: add @available attribute to enclosing instance method
    private func prepareSession(
                 ^
/Users/admin/builder/spi-builder-workspace/.dependencies/checkouts/reachfive-ios/Sources/Core/Classes/web/WebAuthentication.swift:32:13: note: add @available attribute to enclosing class
final class WebAuthenticationSession {
            ^
SwiftCompile normal arm64 /Users/admin/builder/spi-builder-workspace/.dependencies/checkouts/reachfive-ios/Sources/Core/Classes/utils/Pkce.swift (in target 'Reach5' from project 'Reach5')
    cd /Users/admin/builder/spi-builder-workspace/.swiftpm/xcode

/Users/admin/builder/spi-builder-workspace/.dependencies/checkouts/reachfive-ios/Sources/Core/Classes/web/WebAuthentication.swift:188:23: error: 'init(url:callback:completionHandler:)' is only available in visionOS 1.1 or newer
            session = ASWebAuthenticationSession(
                      ^
/Users/admin/builder/spi-builder-workspace/.dependencies/checkouts/reachfive-ios/Sources/Core/Classes/web/WebAuthentication.swift:188:23: note: add 'if #available' version check
            session = ASWebAuthenticationSession(
                      ^
/Users/admin/builder/spi-builder-workspace/.dependencies/checkouts/reachfive-ios/Sources/Core/Classes/web/WebAuthentication.swift:150:18: note: add @available attribute to enclosing instance method
    private func prepareSession(
                 ^
/Users/admin/builder/spi-builder-workspace/.dependencies/checkouts/reachfive-ios/Sources/Core/Classes/web/WebAuthentication.swift:32:13: note: add @available attribute to enclosing class
final class WebAuthenticationSession {
            ^
SwiftCompile normal arm64 /Users/admin/builder/spi-builder-workspace/.dependencies/checkouts/reachfive-ios/Sources/Core/Classes/utils/Storage.swift (in target 'Reach5' from project 'Reach5')
    cd /Users/admin/builder/spi-builder-workspace/.swiftpm/xcode

/Users/admin/builder/spi-builder-workspace/.dependencies/checkouts/reachfive-ios/Sources/Core/Classes/web/WebAuthentication.swift:188:23: error: 'init(url:callback:completionHandler:)' is only available in visionOS 1.1 or newer
            session = ASWebAuthenticationSession(
                      ^
/Users/admin/builder/spi-builder-workspace/.dependencies/checkouts/reachfive-ios/Sources/Core/Classes/web/WebAuthentication.swift:188:23: note: add 'if #available' version check
            session = ASWebAuthenticationSession(
                      ^
/Users/admin/builder/spi-builder-workspace/.dependencies/checkouts/reachfive-ios/Sources/Core/Classes/web/WebAuthentication.swift:150:18: note: add @available attribute to enclosing instance method
    private func prepareSession(
                 ^
/Users/admin/builder/spi-builder-workspace/.dependencies/checkouts/reachfive-ios/Sources/Core/Classes/web/WebAuthentication.swift:32:13: note: add @available attribute to enclosing class
final class WebAuthenticationSession {
            ^
SwiftCompile normal arm64 /Users/admin/builder/spi-builder-workspace/.dependencies/checkouts/reachfive-ios/Sources/Core/Classes/utils/StringUtils.swift (in target 'Reach5' from project 'Reach5')
    cd /Users/admin/builder/spi-builder-workspace/.swiftpm/xcode

/Users/admin/builder/spi-builder-workspace/.dependencies/checkouts/reachfive-ios/Sources/Core/Classes/web/WebAuthentication.swift:188:23: error: 'init(url:callback:completionHandler:)' is only available in visionOS 1.1 or newer
            session = ASWebAuthenticationSession(
                      ^
/Users/admin/builder/spi-builder-workspace/.dependencies/checkouts/reachfive-ios/Sources/Core/Classes/web/WebAuthentication.swift:188:23: note: add 'if #available' version check
            session = ASWebAuthenticationSession(
                      ^
/Users/admin/builder/spi-builder-workspace/.dependencies/checkouts/reachfive-ios/Sources/Core/Classes/web/WebAuthentication.swift:150:18: note: add @available attribute to enclosing instance method
    private func prepareSession(
                 ^
/Users/admin/builder/spi-builder-workspace/.dependencies/checkouts/reachfive-ios/Sources/Core/Classes/web/WebAuthentication.swift:32:13: note: add @available attribute to enclosing class
final class WebAuthenticationSession {
            ^
SwiftCompile normal arm64 /Users/admin/builder/spi-builder-workspace/.dependencies/checkouts/reachfive-ios/Sources/Core/Classes/utils/URL+Normalization.swift (in target 'Reach5' from project 'Reach5')
    cd /Users/admin/builder/spi-builder-workspace/.swiftpm/xcode

/Users/admin/builder/spi-builder-workspace/.dependencies/checkouts/reachfive-ios/Sources/Core/Classes/web/WebAuthentication.swift:188:23: error: 'init(url:callback:completionHandler:)' is only available in visionOS 1.1 or newer
            session = ASWebAuthenticationSession(
                      ^
/Users/admin/builder/spi-builder-workspace/.dependencies/checkouts/reachfive-ios/Sources/Core/Classes/web/WebAuthentication.swift:188:23: note: add 'if #available' version check
            session = ASWebAuthenticationSession(
                      ^
/Users/admin/builder/spi-builder-workspace/.dependencies/checkouts/reachfive-ios/Sources/Core/Classes/web/WebAuthentication.swift:150:18: note: add @available attribute to enclosing instance method
    private func prepareSession(
                 ^
/Users/admin/builder/spi-builder-workspace/.dependencies/checkouts/reachfive-ios/Sources/Core/Classes/web/WebAuthentication.swift:32:13: note: add @available attribute to enclosing class
final class WebAuthenticationSession {
            ^
SwiftCompile normal arm64 /Users/admin/builder/spi-builder-workspace/.dependencies/checkouts/reachfive-ios/Sources/Core/Classes/web/URL+WebAuth.swift (in target 'Reach5' from project 'Reach5')
    cd /Users/admin/builder/spi-builder-workspace/.swiftpm/xcode

/Users/admin/builder/spi-builder-workspace/.dependencies/checkouts/reachfive-ios/Sources/Core/Classes/web/WebAuthentication.swift:188:23: error: 'init(url:callback:completionHandler:)' is only available in visionOS 1.1 or newer
            session = ASWebAuthenticationSession(
                      ^
/Users/admin/builder/spi-builder-workspace/.dependencies/checkouts/reachfive-ios/Sources/Core/Classes/web/WebAuthentication.swift:188:23: note: add 'if #available' version check
            session = ASWebAuthenticationSession(
                      ^
/Users/admin/builder/spi-builder-workspace/.dependencies/checkouts/reachfive-ios/Sources/Core/Classes/web/WebAuthentication.swift:150:18: note: add @available attribute to enclosing instance method
    private func prepareSession(
                 ^
/Users/admin/builder/spi-builder-workspace/.dependencies/checkouts/reachfive-ios/Sources/Core/Classes/web/WebAuthentication.swift:32:13: note: add @available attribute to enclosing class
final class WebAuthenticationSession {
            ^
SwiftCompile normal arm64 /Users/admin/builder/spi-builder-workspace/.dependencies/checkouts/reachfive-ios/Sources/Core/Classes/web/WebAuthentication.swift (in target 'Reach5' from project 'Reach5')
    cd /Users/admin/builder/spi-builder-workspace/.swiftpm/xcode

/Users/admin/builder/spi-builder-workspace/.dependencies/checkouts/reachfive-ios/Sources/Core/Classes/web/WebAuthentication.swift:188:23: error: 'init(url:callback:completionHandler:)' is only available in visionOS 1.1 or newer
            session = ASWebAuthenticationSession(
                      ^
/Users/admin/builder/spi-builder-workspace/.dependencies/checkouts/reachfive-ios/Sources/Core/Classes/web/WebAuthentication.swift:188:23: note: add 'if #available' version check
            session = ASWebAuthenticationSession(
                      ^
/Users/admin/builder/spi-builder-workspace/.dependencies/checkouts/reachfive-ios/Sources/Core/Classes/web/WebAuthentication.swift:150:18: note: add @available attribute to enclosing instance method
    private func prepareSession(
                 ^
/Users/admin/builder/spi-builder-workspace/.dependencies/checkouts/reachfive-ios/Sources/Core/Classes/web/WebAuthentication.swift:32:13: note: add @available attribute to enclosing class
final class WebAuthenticationSession {
            ^
SwiftCompile normal arm64 /Users/admin/builder/spi-builder-workspace/.dependencies/checkouts/reachfive-ios/Sources/Core/Classes/web/WebSessionMode.swift (in target 'Reach5' from project 'Reach5')
    cd /Users/admin/builder/spi-builder-workspace/.swiftpm/xcode

/Users/admin/builder/spi-builder-workspace/.dependencies/checkouts/reachfive-ios/Sources/Core/Classes/web/WebAuthentication.swift:188:23: error: 'init(url:callback:completionHandler:)' is only available in visionOS 1.1 or newer
            session = ASWebAuthenticationSession(
                      ^
/Users/admin/builder/spi-builder-workspace/.dependencies/checkouts/reachfive-ios/Sources/Core/Classes/web/WebAuthentication.swift:188:23: note: add 'if #available' version check
            session = ASWebAuthenticationSession(
                      ^
/Users/admin/builder/spi-builder-workspace/.dependencies/checkouts/reachfive-ios/Sources/Core/Classes/web/WebAuthentication.swift:150:18: note: add @available attribute to enclosing instance method
    private func prepareSession(
                 ^
/Users/admin/builder/spi-builder-workspace/.dependencies/checkouts/reachfive-ios/Sources/Core/Classes/web/WebAuthentication.swift:32:13: note: add @available attribute to enclosing class
final class WebAuthenticationSession {
            ^
SwiftCompile normal arm64 Compiling\ UpdatePhoneNumberRequest.swift,\ VerifyAuthCodeRequest.swift,\ VerifyEmailRequest.swift,\ VerifyPhoneNumberRequest.swift,\ WebSessionLogoutRequest.swift,\ WebviewLoginRequest.swift,\ AuthenticationPublicKeyCredential.swift,\ NativeLoginRequest.swift,\ NewPasskeyRequest.swift,\ PasskeySignupRequest.swift /Users/admin/builder/spi-builder-workspace/.dependencies/checkouts/reachfive-ios/Sources/Core/Classes/models/requests/UpdatePhoneNumberRequest.swift /Users/admin/builder/spi-builder-workspace/.dependencies/checkouts/reachfive-ios/Sources/Core/Classes/models/requests/VerifyAuthCodeRequest.swift /Users/admin/builder/spi-builder-workspace/.dependencies/checkouts/reachfive-ios/Sources/Core/Classes/models/requests/VerifyEmailRequest.swift /Users/admin/builder/spi-builder-workspace/.dependencies/checkouts/reachfive-ios/Sources/Core/Classes/models/requests/VerifyPhoneNumberRequest.swift /Users/admin/builder/spi-builder-workspace/.dependencies/checkouts/reachfive-ios/Sources/Core/Classes/models/requests/WebSessionLogoutRequest.swift /Users/admin/builder/spi-builder-workspace/.dependencies/checkouts/reachfive-ios/Sources/Core/Classes/models/requests/WebviewLoginRequest.swift /Users/admin/builder/spi-builder-workspace/.dependencies/checkouts/reachfive-ios/Sources/Core/Classes/models/requests/webAuthn/AuthenticationPublicKeyCredential.swift /Users/admin/builder/spi-builder-workspace/.dependencies/checkouts/reachfive-ios/Sources/Core/Classes/models/requests/webAuthn/NativeLoginRequest.swift /Users/admin/builder/spi-builder-workspace/.dependencies/checkouts/reachfive-ios/Sources/Core/Classes/models/requests/webAuthn/NewPasskeyRequest.swift /Users/admin/builder/spi-builder-workspace/.dependencies/checkouts/reachfive-ios/Sources/Core/Classes/models/requests/webAuthn/PasskeySignupRequest.swift (in target 'Reach5' from project 'Reach5')
SwiftCompile normal arm64 /Users/admin/builder/spi-builder-workspace/.dependencies/checkouts/reachfive-ios/Sources/Core/Classes/models/requests/UpdatePhoneNumberRequest.swift (in target 'Reach5' from project 'Reach5')
    cd /Users/admin/builder/spi-builder-workspace/.swiftpm/xcode

SwiftCompile normal arm64 /Users/admin/builder/spi-builder-workspace/.dependencies/checkouts/reachfive-ios/Sources/Core/Classes/models/requests/VerifyAuthCodeRequest.swift (in target 'Reach5' from project 'Reach5')
    cd /Users/admin/builder/spi-builder-workspace/.swiftpm/xcode

SwiftCompile normal arm64 /Users/admin/builder/spi-builder-workspace/.dependencies/checkouts/reachfive-ios/Sources/Core/Classes/models/requests/VerifyEmailRequest.swift (in target 'Reach5' from project 'Reach5')
    cd /Users/admin/builder/spi-builder-workspace/.swiftpm/xcode

SwiftCompile normal arm64 /Users/admin/builder/spi-builder-workspace/.dependencies/checkouts/reachfive-ios/Sources/Core/Classes/models/requests/VerifyPhoneNumberRequest.swift (in target 'Reach5' from project 'Reach5')
    cd /Users/admin/builder/spi-builder-workspace/.swiftpm/xcode

SwiftCompile normal arm64 /Users/admin/builder/spi-builder-workspace/.dependencies/checkouts/reachfive-ios/Sources/Core/Classes/models/requests/WebSessionLogoutRequest.swift (in target 'Reach5' from project 'Reach5')
    cd /Users/admin/builder/spi-builder-workspace/.swiftpm/xcode

SwiftCompile normal arm64 /Users/admin/builder/spi-builder-workspace/.dependencies/checkouts/reachfive-ios/Sources/Core/Classes/models/requests/WebviewLoginRequest.swift (in target 'Reach5' from project 'Reach5')
    cd /Users/admin/builder/spi-builder-workspace/.swiftpm/xcode

SwiftCompile normal arm64 /Users/admin/builder/spi-builder-workspace/.dependencies/checkouts/reachfive-ios/Sources/Core/Classes/models/requests/webAuthn/AuthenticationPublicKeyCredential.swift (in target 'Reach5' from project 'Reach5')
    cd /Users/admin/builder/spi-builder-workspace/.swiftpm/xcode

SwiftCompile normal arm64 /Users/admin/builder/spi-builder-workspace/.dependencies/checkouts/reachfive-ios/Sources/Core/Classes/models/requests/webAuthn/NativeLoginRequest.swift (in target 'Reach5' from project 'Reach5')
    cd /Users/admin/builder/spi-builder-workspace/.swiftpm/xcode

SwiftCompile normal arm64 /Users/admin/builder/spi-builder-workspace/.dependencies/checkouts/reachfive-ios/Sources/Core/Classes/models/requests/webAuthn/NewPasskeyRequest.swift (in target 'Reach5' from project 'Reach5')
    cd /Users/admin/builder/spi-builder-workspace/.swiftpm/xcode

SwiftCompile normal arm64 /Users/admin/builder/spi-builder-workspace/.dependencies/checkouts/reachfive-ios/Sources/Core/Classes/models/requests/webAuthn/PasskeySignupRequest.swift (in target 'Reach5' from project 'Reach5')
    cd /Users/admin/builder/spi-builder-workspace/.swiftpm/xcode

SwiftCompile normal arm64 Compiling\ ProfileSignupRequest.swift,\ RefreshRequest.swift,\ RequestAccountRecoveryRequest.swift,\ RequestPasswordResetRequest.swift,\ RevokeTokenRequest.swift,\ SignupRequest.swift,\ StartPasswordlessRequest.swift,\ TokenType.swift,\ UpdateEmailRequest.swift,\ UpdatePasswordRequest.swift /Users/admin/builder/spi-builder-workspace/.dependencies/checkouts/reachfive-ios/Sources/Core/Classes/models/requests/ProfileSignupRequest.swift /Users/admin/builder/spi-builder-workspace/.dependencies/checkouts/reachfive-ios/Sources/Core/Classes/models/requests/RefreshRequest.swift /Users/admin/builder/spi-builder-workspace/.dependencies/checkouts/reachfive-ios/Sources/Core/Classes/models/requests/RequestAccountRecoveryRequest.swift /Users/admin/builder/spi-builder-workspace/.dependencies/checkouts/reachfive-ios/Sources/Core/Classes/models/requests/RequestPasswordResetRequest.swift /Users/admin/builder/spi-builder-workspace/.dependencies/checkouts/reachfive-ios/Sources/Core/Classes/models/requests/RevokeTokenRequest.swift /Users/admin/builder/spi-builder-workspace/.dependencies/checkouts/reachfive-ios/Sources/Core/Classes/models/requests/SignupRequest.swift /Users/admin/builder/spi-builder-workspace/.dependencies/checkouts/reachfive-ios/Sources/Core/Classes/models/requests/StartPasswordlessRequest.swift /Users/admin/builder/spi-builder-workspace/.dependencies/checkouts/reachfive-ios/Sources/Core/Classes/models/requests/TokenType.swift /Users/admin/builder/spi-builder-workspace/.dependencies/checkouts/reachfive-ios/Sources/Core/Classes/models/requests/UpdateEmailRequest.swift /Users/admin/builder/spi-builder-workspace/.dependencies/checkouts/reachfive-ios/Sources/Core/Classes/models/requests/UpdatePasswordRequest.swift (in target 'Reach5' from project 'Reach5')
SwiftCompile normal arm64 /Users/admin/builder/spi-builder-workspace/.dependencies/checkouts/reachfive-ios/Sources/Core/Classes/models/requests/ProfileSignupRequest.swift (in target 'Reach5' from project 'Reach5')
    cd /Users/admin/builder/spi-builder-workspace/.swiftpm/xcode

SwiftCompile normal arm64 /Users/admin/builder/spi-builder-workspace/.dependencies/checkouts/reachfive-ios/Sources/Core/Classes/models/requests/RefreshRequest.swift (in target 'Reach5' from project 'Reach5')
    cd /Users/admin/builder/spi-builder-workspace/.swiftpm/xcode

SwiftCompile normal arm64 /Users/admin/builder/spi-builder-workspace/.dependencies/checkouts/reachfive-ios/Sources/Core/Classes/models/requests/RequestAccountRecoveryRequest.swift (in target 'Reach5' from project 'Reach5')
    cd /Users/admin/builder/spi-builder-workspace/.swiftpm/xcode

SwiftCompile normal arm64 /Users/admin/builder/spi-builder-workspace/.dependencies/checkouts/reachfive-ios/Sources/Core/Classes/models/requests/RequestPasswordResetRequest.swift (in target 'Reach5' from project 'Reach5')
    cd /Users/admin/builder/spi-builder-workspace/.swiftpm/xcode

SwiftCompile normal arm64 /Users/admin/builder/spi-builder-workspace/.dependencies/checkouts/reachfive-ios/Sources/Core/Classes/models/requests/RevokeTokenRequest.swift (in target 'Reach5' from project 'Reach5')
    cd /Users/admin/builder/spi-builder-workspace/.swiftpm/xcode

SwiftCompile normal arm64 /Users/admin/builder/spi-builder-workspace/.dependencies/checkouts/reachfive-ios/Sources/Core/Classes/models/requests/SignupRequest.swift (in target 'Reach5' from project 'Reach5')
    cd /Users/admin/builder/spi-builder-workspace/.swiftpm/xcode

SwiftCompile normal arm64 /Users/admin/builder/spi-builder-workspace/.dependencies/checkouts/reachfive-ios/Sources/Core/Classes/models/requests/StartPasswordlessRequest.swift (in target 'Reach5' from project 'Reach5')
    cd /Users/admin/builder/spi-builder-workspace/.swiftpm/xcode

SwiftCompile normal arm64 /Users/admin/builder/spi-builder-workspace/.dependencies/checkouts/reachfive-ios/Sources/Core/Classes/models/requests/TokenType.swift (in target 'Reach5' from project 'Reach5')
    cd /Users/admin/builder/spi-builder-workspace/.swiftpm/xcode

SwiftCompile normal arm64 /Users/admin/builder/spi-builder-workspace/.dependencies/checkouts/reachfive-ios/Sources/Core/Classes/models/requests/UpdateEmailRequest.swift (in target 'Reach5' from project 'Reach5')
    cd /Users/admin/builder/spi-builder-workspace/.swiftpm/xcode

SwiftCompile normal arm64 /Users/admin/builder/spi-builder-workspace/.dependencies/checkouts/reachfive-ios/Sources/Core/Classes/models/requests/UpdatePasswordRequest.swift (in target 'Reach5' from project 'Reach5')
    cd /Users/admin/builder/spi-builder-workspace/.swiftpm/xcode

SwiftCompile normal arm64 Compiling\ AccessTokenResponse.swift,\ AuthToken.swift,\ ClientConfigResponse.swift,\ Consent.swift,\ Emails.swift,\ LoginSummary.swift,\ OpenIdUser.swift,\ Profile.swift,\ ProfileAddress.swift,\ ProfileUpdate.swift,\ ProviderConfig.swift /Users/admin/builder/spi-builder-workspace/.dependencies/checkouts/reachfive-ios/Sources/Core/Classes/models/AccessTokenResponse.swift /Users/admin/builder/spi-builder-workspace/.dependencies/checkouts/reachfive-ios/Sources/Core/Classes/models/AuthToken.swift /Users/admin/builder/spi-builder-workspace/.dependencies/checkouts/reachfive-ios/Sources/Core/Classes/models/ClientConfigResponse.swift /Users/admin/builder/spi-builder-workspace/.dependencies/checkouts/reachfive-ios/Sources/Core/Classes/models/Consent.swift /Users/admin/builder/spi-builder-workspace/.dependencies/checkouts/reachfive-ios/Sources/Core/Classes/models/Emails.swift /Users/admin/builder/spi-builder-workspace/.dependencies/checkouts/reachfive-ios/Sources/Core/Classes/models/LoginSummary.swift /Users/admin/builder/spi-builder-workspace/.dependencies/checkouts/reachfive-ios/Sources/Core/Classes/models/OpenIdUser.swift /Users/admin/builder/spi-builder-workspace/.dependencies/checkouts/reachfive-ios/Sources/Core/Classes/models/Profile.swift /Users/admin/builder/spi-builder-workspace/.dependencies/checkouts/reachfive-ios/Sources/Core/Classes/models/ProfileAddress.swift /Users/admin/builder/spi-builder-workspace/.dependencies/checkouts/reachfive-ios/Sources/Core/Classes/models/ProfileUpdate.swift /Users/admin/builder/spi-builder-workspace/.dependencies/checkouts/reachfive-ios/Sources/Core/Classes/models/ProviderConfig.swift (in target 'Reach5' from project 'Reach5')
SwiftCompile normal arm64 /Users/admin/builder/spi-builder-workspace/.dependencies/checkouts/reachfive-ios/Sources/Core/Classes/models/AccessTokenResponse.swift (in target 'Reach5' from project 'Reach5')
    cd /Users/admin/builder/spi-builder-workspace/.swiftpm/xcode

SwiftCompile normal arm64 /Users/admin/builder/spi-builder-workspace/.dependencies/checkouts/reachfive-ios/Sources/Core/Classes/models/AuthToken.swift (in target 'Reach5' from project 'Reach5')
    cd /Users/admin/builder/spi-builder-workspace/.swiftpm/xcode

SwiftCompile normal arm64 /Users/admin/builder/spi-builder-workspace/.dependencies/checkouts/reachfive-ios/Sources/Core/Classes/models/ClientConfigResponse.swift (in target 'Reach5' from project 'Reach5')
    cd /Users/admin/builder/spi-builder-workspace/.swiftpm/xcode

SwiftCompile normal arm64 /Users/admin/builder/spi-builder-workspace/.dependencies/checkouts/reachfive-ios/Sources/Core/Classes/models/Consent.swift (in target 'Reach5' from project 'Reach5')
    cd /Users/admin/builder/spi-builder-workspace/.swiftpm/xcode

SwiftCompile normal arm64 /Users/admin/builder/spi-builder-workspace/.dependencies/checkouts/reachfive-ios/Sources/Core/Classes/models/Emails.swift (in target 'Reach5' from project 'Reach5')
    cd /Users/admin/builder/spi-builder-workspace/.swiftpm/xcode

SwiftCompile normal arm64 /Users/admin/builder/spi-builder-workspace/.dependencies/checkouts/reachfive-ios/Sources/Core/Classes/models/LoginSummary.swift (in target 'Reach5' from project 'Reach5')
    cd /Users/admin/builder/spi-builder-workspace/.swiftpm/xcode

SwiftCompile normal arm64 /Users/admin/builder/spi-builder-workspace/.dependencies/checkouts/reachfive-ios/Sources/Core/Classes/models/OpenIdUser.swift (in target 'Reach5' from project 'Reach5')
    cd /Users/admin/builder/spi-builder-workspace/.swiftpm/xcode

SwiftCompile normal arm64 /Users/admin/builder/spi-builder-workspace/.dependencies/checkouts/reachfive-ios/Sources/Core/Classes/models/Profile.swift (in target 'Reach5' from project 'Reach5')
    cd /Users/admin/builder/spi-builder-workspace/.swiftpm/xcode

SwiftCompile normal arm64 /Users/admin/builder/spi-builder-workspace/.dependencies/checkouts/reachfive-ios/Sources/Core/Classes/models/ProfileAddress.swift (in target 'Reach5' from project 'Reach5')
    cd /Users/admin/builder/spi-builder-workspace/.swiftpm/xcode

SwiftCompile normal arm64 /Users/admin/builder/spi-builder-workspace/.dependencies/checkouts/reachfive-ios/Sources/Core/Classes/models/ProfileUpdate.swift (in target 'Reach5' from project 'Reach5')
    cd /Users/admin/builder/spi-builder-workspace/.swiftpm/xcode

SwiftCompile normal arm64 /Users/admin/builder/spi-builder-workspace/.dependencies/checkouts/reachfive-ios/Sources/Core/Classes/models/ProviderConfig.swift (in target 'Reach5' from project 'Reach5')
    cd /Users/admin/builder/spi-builder-workspace/.swiftpm/xcode

SwiftCompile normal arm64 Compiling\ ProfilePasskeySignupRequest.swift,\ R5AuthenticatorAssertionResponse.swift,\ R5AuthenticatorAttestationResponse.swift,\ R5PublicKeyCredentialRequestOptions.swift,\ RegistrationPublicKeyCredential.swift,\ RegistrationRequest.swift,\ ResetOptions.swift,\ ResetPasskeyRequest.swift,\ ResetPublicKeyCredential.swift,\ SignupOptions.swift /Users/admin/builder/spi-builder-workspace/.dependencies/checkouts/reachfive-ios/Sources/Core/Classes/models/requests/webAuthn/ProfilePasskeySignupRequest.swift /Users/admin/builder/spi-builder-workspace/.dependencies/checkouts/reachfive-ios/Sources/Core/Classes/models/requests/webAuthn/R5AuthenticatorAssertionResponse.swift /Users/admin/builder/spi-builder-workspace/.dependencies/checkouts/reachfive-ios/Sources/Core/Classes/models/requests/webAuthn/R5AuthenticatorAttestationResponse.swift /Users/admin/builder/spi-builder-workspace/.dependencies/checkouts/reachfive-ios/Sources/Core/Classes/models/requests/webAuthn/R5PublicKeyCredentialRequestOptions.swift /Users/admin/builder/spi-builder-workspace/.dependencies/checkouts/reachfive-ios/Sources/Core/Classes/models/requests/webAuthn/RegistrationPublicKeyCredential.swift /Users/admin/builder/spi-builder-workspace/.dependencies/checkouts/reachfive-ios/Sources/Core/Classes/models/requests/webAuthn/RegistrationRequest.swift /Users/admin/builder/spi-builder-workspace/.dependencies/checkouts/reachfive-ios/Sources/Core/Classes/models/requests/webAuthn/ResetOptions.swift /Users/admin/builder/spi-builder-workspace/.dependencies/checkouts/reachfive-ios/Sources/Core/Classes/models/requests/webAuthn/ResetPasskeyRequest.swift /Users/admin/builder/spi-builder-workspace/.dependencies/checkouts/reachfive-ios/Sources/Core/Classes/models/requests/webAuthn/ResetPublicKeyCredential.swift /Users/admin/builder/spi-builder-workspace/.dependencies/checkouts/reachfive-ios/Sources/Core/Classes/models/requests/webAuthn/SignupOptions.swift (in target 'Reach5' from project 'Reach5')
SwiftCompile normal arm64 /Users/admin/builder/spi-builder-workspace/.dependencies/checkouts/reachfive-ios/Sources/Core/Classes/models/requests/webAuthn/ProfilePasskeySignupRequest.swift (in target 'Reach5' from project 'Reach5')
    cd /Users/admin/builder/spi-builder-workspace/.swiftpm/xcode

SwiftCompile normal arm64 /Users/admin/builder/spi-builder-workspace/.dependencies/checkouts/reachfive-ios/Sources/Core/Classes/models/requests/webAuthn/R5AuthenticatorAssertionResponse.swift (in target 'Reach5' from project 'Reach5')
    cd /Users/admin/builder/spi-builder-workspace/.swiftpm/xcode

SwiftCompile normal arm64 /Users/admin/builder/spi-builder-workspace/.dependencies/checkouts/reachfive-ios/Sources/Core/Classes/models/requests/webAuthn/R5AuthenticatorAttestationResponse.swift (in target 'Reach5' from project 'Reach5')
    cd /Users/admin/builder/spi-builder-workspace/.swiftpm/xcode

SwiftCompile normal arm64 /Users/admin/builder/spi-builder-workspace/.dependencies/checkouts/reachfive-ios/Sources/Core/Classes/models/requests/webAuthn/R5PublicKeyCredentialRequestOptions.swift (in target 'Reach5' from project 'Reach5')
    cd /Users/admin/builder/spi-builder-workspace/.swiftpm/xcode

SwiftCompile normal arm64 /Users/admin/builder/spi-builder-workspace/.dependencies/checkouts/reachfive-ios/Sources/Core/Classes/models/requests/webAuthn/RegistrationPublicKeyCredential.swift (in target 'Reach5' from project 'Reach5')
    cd /Users/admin/builder/spi-builder-workspace/.swiftpm/xcode

SwiftCompile normal arm64 /Users/admin/builder/spi-builder-workspace/.dependencies/checkouts/reachfive-ios/Sources/Core/Classes/models/requests/webAuthn/RegistrationRequest.swift (in target 'Reach5' from project 'Reach5')
    cd /Users/admin/builder/spi-builder-workspace/.swiftpm/xcode

SwiftCompile normal arm64 /Users/admin/builder/spi-builder-workspace/.dependencies/checkouts/reachfive-ios/Sources/Core/Classes/models/requests/webAuthn/ResetOptions.swift (in target 'Reach5' from project 'Reach5')
    cd /Users/admin/builder/spi-builder-workspace/.swiftpm/xcode

SwiftCompile normal arm64 /Users/admin/builder/spi-builder-workspace/.dependencies/checkouts/reachfive-ios/Sources/Core/Classes/models/requests/webAuthn/ResetPasskeyRequest.swift (in target 'Reach5' from project 'Reach5')
    cd /Users/admin/builder/spi-builder-workspace/.swiftpm/xcode

SwiftCompile normal arm64 /Users/admin/builder/spi-builder-workspace/.dependencies/checkouts/reachfive-ios/Sources/Core/Classes/models/requests/webAuthn/ResetPublicKeyCredential.swift (in target 'Reach5' from project 'Reach5')
    cd /Users/admin/builder/spi-builder-workspace/.swiftpm/xcode

SwiftCompile normal arm64 /Users/admin/builder/spi-builder-workspace/.dependencies/checkouts/reachfive-ios/Sources/Core/Classes/models/requests/webAuthn/SignupOptions.swift (in target 'Reach5' from project 'Reach5')
    cd /Users/admin/builder/spi-builder-workspace/.swiftpm/xcode

SwiftCompile normal arm64 Compiling\ ReachFiveLogin.swift,\ ReachFiveMfa.swift,\ ReachFiveNative.swift,\ ReachFivePassword.swift,\ ReachFivePasswordLess.swift,\ ReachFiveProfile.swift,\ ReachFiveProviders.swift,\ ReachFiveSessionDevice.swift,\ ReachFiveToken.swift,\ ReachFiveWebviewLogin.swift,\ SdkVersion.swift /Users/admin/builder/spi-builder-workspace/.dependencies/checkouts/reachfive-ios/Sources/Core/Classes/ReachFiveLogin.swift /Users/admin/builder/spi-builder-workspace/.dependencies/checkouts/reachfive-ios/Sources/Core/Classes/ReachFiveMfa.swift /Users/admin/builder/spi-builder-workspace/.dependencies/checkouts/reachfive-ios/Sources/Core/Classes/ReachFiveNative.swift /Users/admin/builder/spi-builder-workspace/.dependencies/checkouts/reachfive-ios/Sources/Core/Classes/ReachFivePassword.swift /Users/admin/builder/spi-builder-workspace/.dependencies/checkouts/reachfive-ios/Sources/Core/Classes/ReachFivePasswordLess.swift /Users/admin/builder/spi-builder-workspace/.dependencies/checkouts/reachfive-ios/Sources/Core/Classes/ReachFiveProfile.swift /Users/admin/builder/spi-builder-workspace/.dependencies/checkouts/reachfive-ios/Sources/Core/Classes/ReachFiveProviders.swift /Users/admin/builder/spi-builder-workspace/.dependencies/checkouts/reachfive-ios/Sources/Core/Classes/ReachFiveSessionDevice.swift /Users/admin/builder/spi-builder-workspace/.dependencies/checkouts/reachfive-ios/Sources/Core/Classes/ReachFiveToken.swift /Users/admin/builder/spi-builder-workspace/.dependencies/checkouts/reachfive-ios/Sources/Core/Classes/ReachFiveWebviewLogin.swift /Users/admin/builder/spi-builder-workspace/.dependencies/checkouts/reachfive-ios/Sources/Core/Classes/SdkVersion.swift (in target 'Reach5' from project 'Reach5')
SwiftCompile normal arm64 /Users/admin/builder/spi-builder-workspace/.dependencies/checkouts/reachfive-ios/Sources/Core/Classes/ReachFiveLogin.swift (in target 'Reach5' from project 'Reach5')
    cd /Users/admin/builder/spi-builder-workspace/.swiftpm/xcode

SwiftCompile normal arm64 /Users/admin/builder/spi-builder-workspace/.dependencies/checkouts/reachfive-ios/Sources/Core/Classes/ReachFiveMfa.swift (in target 'Reach5' from project 'Reach5')
    cd /Users/admin/builder/spi-builder-workspace/.swiftpm/xcode

SwiftCompile normal arm64 /Users/admin/builder/spi-builder-workspace/.dependencies/checkouts/reachfive-ios/Sources/Core/Classes/ReachFiveNative.swift (in target 'Reach5' from project 'Reach5')
    cd /Users/admin/builder/spi-builder-workspace/.swiftpm/xcode

SwiftCompile normal arm64 /Users/admin/builder/spi-builder-workspace/.dependencies/checkouts/reachfive-ios/Sources/Core/Classes/ReachFivePassword.swift (in target 'Reach5' from project 'Reach5')
    cd /Users/admin/builder/spi-builder-workspace/.swiftpm/xcode

SwiftCompile normal arm64 /Users/admin/builder/spi-builder-workspace/.dependencies/checkouts/reachfive-ios/Sources/Core/Classes/ReachFivePasswordLess.swift (in target 'Reach5' from project 'Reach5')
    cd /Users/admin/builder/spi-builder-workspace/.swiftpm/xcode

SwiftCompile normal arm64 /Users/admin/builder/spi-builder-workspace/.dependencies/checkouts/reachfive-ios/Sources/Core/Classes/ReachFiveProfile.swift (in target 'Reach5' from project 'Reach5')
    cd /Users/admin/builder/spi-builder-workspace/.swiftpm/xcode

SwiftCompile normal arm64 /Users/admin/builder/spi-builder-workspace/.dependencies/checkouts/reachfive-ios/Sources/Core/Classes/ReachFiveProviders.swift (in target 'Reach5' from project 'Reach5')
    cd /Users/admin/builder/spi-builder-workspace/.swiftpm/xcode

SwiftCompile normal arm64 /Users/admin/builder/spi-builder-workspace/.dependencies/checkouts/reachfive-ios/Sources/Core/Classes/ReachFiveSessionDevice.swift (in target 'Reach5' from project 'Reach5')
    cd /Users/admin/builder/spi-builder-workspace/.swiftpm/xcode

SwiftCompile normal arm64 /Users/admin/builder/spi-builder-workspace/.dependencies/checkouts/reachfive-ios/Sources/Core/Classes/ReachFiveToken.swift (in target 'Reach5' from project 'Reach5')
    cd /Users/admin/builder/spi-builder-workspace/.swiftpm/xcode

SwiftCompile normal arm64 /Users/admin/builder/spi-builder-workspace/.dependencies/checkouts/reachfive-ios/Sources/Core/Classes/ReachFiveWebviewLogin.swift (in target 'Reach5' from project 'Reach5')
    cd /Users/admin/builder/spi-builder-workspace/.swiftpm/xcode

SwiftCompile normal arm64 /Users/admin/builder/spi-builder-workspace/.dependencies/checkouts/reachfive-ios/Sources/Core/Classes/SdkVersion.swift (in target 'Reach5' from project 'Reach5')
    cd /Users/admin/builder/spi-builder-workspace/.swiftpm/xcode

SwiftCompile normal arm64 Compiling\ R5PublicKeyCredentialCreationOptions.swift,\ R5PublicKeyCredentialDescriptor.swift,\ R5PublicKeyCredentialParameter.swift,\ R5PublicKeyCredentialRpEntity.swift,\ R5PublicKeyCredentialUserEntity.swift,\ RegistrationOptions.swift,\ Async.swift,\ Base64.swift,\ CustomField.swift,\ DataRequest.swift /Users/admin/builder/spi-builder-workspace/.dependencies/checkouts/reachfive-ios/Sources/Core/Classes/models/responses/webAuthn/R5PublicKeyCredentialCreationOptions.swift /Users/admin/builder/spi-builder-workspace/.dependencies/checkouts/reachfive-ios/Sources/Core/Classes/models/responses/webAuthn/R5PublicKeyCredentialDescriptor.swift /Users/admin/builder/spi-builder-workspace/.dependencies/checkouts/reachfive-ios/Sources/Core/Classes/models/responses/webAuthn/R5PublicKeyCredentialParameter.swift /Users/admin/builder/spi-builder-workspace/.dependencies/checkouts/reachfive-ios/Sources/Core/Classes/models/responses/webAuthn/R5PublicKeyCredentialRpEntity.swift /Users/admin/builder/spi-builder-workspace/.dependencies/checkouts/reachfive-ios/Sources/Core/Classes/models/responses/webAuthn/R5PublicKeyCredentialUserEntity.swift /Users/admin/builder/spi-builder-workspace/.dependencies/checkouts/reachfive-ios/Sources/Core/Classes/models/responses/webAuthn/RegistrationOptions.swift /Users/admin/builder/spi-builder-workspace/.dependencies/checkouts/reachfive-ios/Sources/Core/Classes/utils/Async.swift /Users/admin/builder/spi-builder-workspace/.dependencies/checkouts/reachfive-ios/Sources/Core/Classes/utils/Base64.swift /Users/admin/builder/spi-builder-workspace/.dependencies/checkouts/reachfive-ios/Sources/Core/Classes/utils/CustomField.swift /Users/admin/builder/spi-builder-workspace/.dependencies/checkouts/reachfive-ios/Sources/Core/Classes/utils/DataRequest.swift (in target 'Reach5' from project 'Reach5')
SwiftCompile normal arm64 /Users/admin/builder/spi-builder-workspace/.dependencies/checkouts/reachfive-ios/Sources/Core/Classes/models/responses/webAuthn/R5PublicKeyCredentialCreationOptions.swift (in target 'Reach5' from project 'Reach5')
    cd /Users/admin/builder/spi-builder-workspace/.swiftpm/xcode

SwiftCompile normal arm64 /Users/admin/builder/spi-builder-workspace/.dependencies/checkouts/reachfive-ios/Sources/Core/Classes/models/responses/webAuthn/R5PublicKeyCredentialDescriptor.swift (in target 'Reach5' from project 'Reach5')
    cd /Users/admin/builder/spi-builder-workspace/.swiftpm/xcode

SwiftCompile normal arm64 /Users/admin/builder/spi-builder-workspace/.dependencies/checkouts/reachfive-ios/Sources/Core/Classes/models/responses/webAuthn/R5PublicKeyCredentialParameter.swift (in target 'Reach5' from project 'Reach5')
    cd /Users/admin/builder/spi-builder-workspace/.swiftpm/xcode

SwiftCompile normal arm64 /Users/admin/builder/spi-builder-workspace/.dependencies/checkouts/reachfive-ios/Sources/Core/Classes/models/responses/webAuthn/R5PublicKeyCredentialRpEntity.swift (in target 'Reach5' from project 'Reach5')
    cd /Users/admin/builder/spi-builder-workspace/.swiftpm/xcode

SwiftCompile normal arm64 /Users/admin/builder/spi-builder-workspace/.dependencies/checkouts/reachfive-ios/Sources/Core/Classes/models/responses/webAuthn/R5PublicKeyCredentialUserEntity.swift (in target 'Reach5' from project 'Reach5')
    cd /Users/admin/builder/spi-builder-workspace/.swiftpm/xcode

SwiftCompile normal arm64 /Users/admin/builder/spi-builder-workspace/.dependencies/checkouts/reachfive-ios/Sources/Core/Classes/models/responses/webAuthn/RegistrationOptions.swift (in target 'Reach5' from project 'Reach5')
    cd /Users/admin/builder/spi-builder-workspace/.swiftpm/xcode

SwiftCompile normal arm64 /Users/admin/builder/spi-builder-workspace/.dependencies/checkouts/reachfive-ios/Sources/Core/Classes/utils/Async.swift (in target 'Reach5' from project 'Reach5')
    cd /Users/admin/builder/spi-builder-workspace/.swiftpm/xcode

SwiftCompile normal arm64 /Users/admin/builder/spi-builder-workspace/.dependencies/checkouts/reachfive-ios/Sources/Core/Classes/utils/Base64.swift (in target 'Reach5' from project 'Reach5')
    cd /Users/admin/builder/spi-builder-workspace/.swiftpm/xcode

SwiftCompile normal arm64 /Users/admin/builder/spi-builder-workspace/.dependencies/checkouts/reachfive-ios/Sources/Core/Classes/utils/CustomField.swift (in target 'Reach5' from project 'Reach5')
    cd /Users/admin/builder/spi-builder-workspace/.swiftpm/xcode

SwiftCompile normal arm64 /Users/admin/builder/spi-builder-workspace/.dependencies/checkouts/reachfive-ios/Sources/Core/Classes/utils/DataRequest.swift (in target 'Reach5' from project 'Reach5')
    cd /Users/admin/builder/spi-builder-workspace/.swiftpm/xcode

SwiftDriverJobDiscovery normal arm64 Emitting module for GTMAppAuth (in target 'GTMAppAuth' from project 'GTMAppAuth')
SwiftDriver\ Compilation\ Requirements GTMAppAuth normal arm64 com.apple.xcode.tools.swift.compiler (in target 'GTMAppAuth' from project 'GTMAppAuth')
    cd /Users/admin/builder/spi-builder-workspace/.swiftpm/xcode
    builtin-Swift-Compilation-Requirements -- /Applications/Xcode-16.3.0.app/Contents/Developer/Toolchains/XcodeDefault.xctoolchain/usr/bin/swiftc -module-name GTMAppAuth -Onone -enforce-exclusivity\=checked @/Users/admin/builder/spi-builder-workspace/.derivedData/Build/Intermediates.noindex/GTMAppAuth.build/Debug-xros/GTMAppAuth.build/Objects-normal/arm64/GTMAppAuth.SwiftFileList -DSWIFT_PACKAGE -DDEBUG -Xcc -fmodule-map-file\=/Users/admin/builder/spi-builder-workspace/.derivedData/Build/Intermediates.noindex/GeneratedModuleMaps-xros/GTMSessionFetcherCore.modulemap -Xcc -fmodule-map-file\=/Users/admin/builder/spi-builder-workspace/.derivedData/Build/Intermediates.noindex/GeneratedModuleMaps-xros/AppAuthCore.modulemap -DXcode -plugin-path /Applications/Xcode-16.3.0.app/Contents/Developer/Toolchains/XcodeDefault.xctoolchain/usr/lib/swift/host/plugins/testing -enable-experimental-feature DebugDescriptionMacro -sdk /Applications/Xcode-16.3.0.app/Contents/Developer/Platforms/XROS.platform/Developer/SDKs/XROS2.4.sdk -target arm64-apple-xros1.0 -g -module-cache-path /Users/admin/builder/spi-builder-workspace/.derivedData/ModuleCache.noindex -Xfrontend -serialize-debugging-options -enable-testing -suppress-warnings -index-store-path /Users/admin/builder/spi-builder-workspace/.derivedData/Index.noindex/DataStore -swift-version 5 -I /Users/admin/builder/spi-builder-workspace/.derivedData/Build/Products/Debug-xros -I /Applications/Xcode-16.3.0.app/Contents/Developer/Platforms/XROS.platform/Developer/usr/lib -F /Users/admin/builder/spi-builder-workspace/.derivedData/Build/Products/Debug-xros/PackageFrameworks -F /Users/admin/builder/spi-builder-workspace/.derivedData/Build/Products/Debug-xros/PackageFrameworks -F /Users/admin/builder/spi-builder-workspace/.derivedData/Build/Products/Debug-xros -F /Applications/Xcode-16.3.0.app/Contents/Developer/Platforms/XROS.platform/Developer/Library/Frameworks -F /Applications/Xcode-16.3.0.app/Contents/Developer/Platforms/XROS.platform/Developer/SDKs/XROS2.4.sdk/Developer/Library/Frameworks -c -j10 -enable-batch-mode -incremental -Xcc -ivfsstatcache -Xcc /Users/admin/builder/spi-builder-workspace/.derivedData/SDKStatCaches.noindex/xros2.4-22O233-407b76dbb837030756cbe1ab3f0b01b6.sdkstatcache -output-file-map /Users/admin/builder/spi-builder-workspace/.derivedData/Build/Intermediates.noindex/GTMAppAuth.build/Debug-xros/GTMAppAuth.build/Objects-normal/arm64/GTMAppAuth-OutputFileMap.json -use-frontend-parseable-output -save-temps -no-color-diagnostics -serialize-diagnostics -emit-dependencies -emit-module -emit-module-path /Users/admin/builder/spi-builder-workspace/.derivedData/Build/Intermediates.noindex/GTMAppAuth.build/Debug-xros/GTMAppAuth.build/Objects-normal/arm64/GTMAppAuth.swiftmodule -validate-clang-modules-once -clang-build-session-file /Users/admin/builder/spi-builder-workspace/.derivedData/ModuleCache.noindex/Session.modulevalidation -Xcc -I/Users/admin/builder/spi-builder-workspace/.derivedData/Build/Intermediates.noindex/GTMAppAuth.build/Debug-xros/GTMAppAuth.build/swift-overrides.hmap -emit-const-values -Xfrontend -const-gather-protocols-file -Xfrontend /Users/admin/builder/spi-builder-workspace/.derivedData/Build/Intermediates.noindex/GTMAppAuth.build/Debug-xros/GTMAppAuth.build/Objects-normal/arm64/GTMAppAuth_const_extract_protocols.json -Xcc -I/Users/admin/builder/spi-builder-workspace/.dependencies/checkouts/gtm-session-fetcher/Sources/Core/Public -Xcc -I/Users/admin/builder/spi-builder-workspace/.dependencies/checkouts/AppAuth-iOS/Sources/AppAuthCore -Xcc -I/Users/admin/builder/spi-builder-workspace/.derivedData/Build/Products/Debug-xros/include -Xcc -I/Users/admin/builder/spi-builder-workspace/.derivedData/Build/Intermediates.noindex/GTMAppAuth.build/Debug-xros/GTMAppAuth.build/DerivedSources-normal/arm64 -Xcc -I/Users/admin/builder/spi-builder-workspace/.derivedData/Build/Intermediates.noindex/GTMAppAuth.build/Debug-xros/GTMAppAuth.build/DerivedSources/arm64 -Xcc -I/Users/admin/builder/spi-builder-workspace/.derivedData/Build/Intermediates.noindex/GTMAppAuth.build/Debug-xros/GTMAppAuth.build/DerivedSources -Xcc -DSWIFT_PACKAGE -Xcc -DDEBUG\=1 -emit-objc-header -emit-objc-header-path /Users/admin/builder/spi-builder-workspace/.derivedData/Build/Intermediates.noindex/GTMAppAuth.build/Debug-xros/GTMAppAuth.build/Objects-normal/arm64/GTMAppAuth-Swift.h -working-directory /Users/admin/builder/spi-builder-workspace/.swiftpm/xcode -experimental-emit-module-separately -disable-cmo
SwiftDriverJobDiscovery normal arm64 Emitting module for Reach5 (in target 'Reach5' from project 'Reach5')
SwiftDriver\ Compilation\ Requirements Reach5 normal arm64 com.apple.xcode.tools.swift.compiler (in target 'Reach5' from project 'Reach5')
    cd /Users/admin/builder/spi-builder-workspace/.swiftpm/xcode
    builtin-Swift-Compilation-Requirements -- /Applications/Xcode-16.3.0.app/Contents/Developer/Toolchains/XcodeDefault.xctoolchain/usr/bin/swiftc -module-name Reach5 -Onone -enforce-exclusivity\=checked @/Users/admin/builder/spi-builder-workspace/.derivedData/Build/Intermediates.noindex/Reach5.build/Debug-xros/Reach5.build/Objects-normal/arm64/Reach5.SwiftFileList -DSWIFT_PACKAGE -DDEBUG -DXcode -plugin-path /Applications/Xcode-16.3.0.app/Contents/Developer/Toolchains/XcodeDefault.xctoolchain/usr/lib/swift/host/plugins/testing -enable-experimental-feature DebugDescriptionMacro -sdk /Applications/Xcode-16.3.0.app/Contents/Developer/Platforms/XROS.platform/Developer/SDKs/XROS2.4.sdk -target arm64-apple-xros1.0 -g -module-cache-path /Users/admin/builder/spi-builder-workspace/.derivedData/ModuleCache.noindex -Xfrontend -serialize-debugging-options -enable-testing -suppress-warnings -index-store-path /Users/admin/builder/spi-builder-workspace/.derivedData/Index.noindex/DataStore -swift-version 5 -I /Users/admin/builder/spi-builder-workspace/.derivedData/Build/Products/Debug-xros -I /Applications/Xcode-16.3.0.app/Contents/Developer/Platforms/XROS.platform/Developer/usr/lib -F /Users/admin/builder/spi-builder-workspace/.derivedData/Build/Products/Debug-xros -F /Applications/Xcode-16.3.0.app/Contents/Developer/Platforms/XROS.platform/Developer/Library/Frameworks -F /Applications/Xcode-16.3.0.app/Contents/Developer/Platforms/XROS.platform/Developer/SDKs/XROS2.4.sdk/Developer/Library/Frameworks -c -j10 -enable-batch-mode -incremental -Xcc -ivfsstatcache -Xcc /Users/admin/builder/spi-builder-workspace/.derivedData/SDKStatCaches.noindex/xros2.4-22O233-407b76dbb837030756cbe1ab3f0b01b6.sdkstatcache -output-file-map /Users/admin/builder/spi-builder-workspace/.derivedData/Build/Intermediates.noindex/Reach5.build/Debug-xros/Reach5.build/Objects-normal/arm64/Reach5-OutputFileMap.json -use-frontend-parseable-output -save-temps -no-color-diagnostics -serialize-diagnostics -emit-dependencies -emit-module -emit-module-path /Users/admin/builder/spi-builder-workspace/.derivedData/Build/Intermediates.noindex/Reach5.build/Debug-xros/Reach5.build/Objects-normal/arm64/Reach5.swiftmodule -validate-clang-modules-once -clang-build-session-file /Users/admin/builder/spi-builder-workspace/.derivedData/ModuleCache.noindex/Session.modulevalidation -package-name reachfive_ios -Xcc -I/Users/admin/builder/spi-builder-workspace/.derivedData/Build/Intermediates.noindex/Reach5.build/Debug-xros/Reach5.build/swift-overrides.hmap -emit-const-values -Xfrontend -const-gather-protocols-file -Xfrontend /Users/admin/builder/spi-builder-workspace/.derivedData/Build/Intermediates.noindex/Reach5.build/Debug-xros/Reach5.build/Objects-normal/arm64/Reach5_const_extract_protocols.json -Xcc -I/Users/admin/builder/spi-builder-workspace/.derivedData/Build/Products/Debug-xros/include -Xcc -I/Users/admin/builder/spi-builder-workspace/.derivedData/Build/Intermediates.noindex/Reach5.build/Debug-xros/Reach5.build/DerivedSources-normal/arm64 -Xcc -I/Users/admin/builder/spi-builder-workspace/.derivedData/Build/Intermediates.noindex/Reach5.build/Debug-xros/Reach5.build/DerivedSources/arm64 -Xcc -I/Users/admin/builder/spi-builder-workspace/.derivedData/Build/Intermediates.noindex/Reach5.build/Debug-xros/Reach5.build/DerivedSources -Xcc -DSWIFT_PACKAGE -Xcc -DDEBUG\=1 -emit-objc-header -emit-objc-header-path /Users/admin/builder/spi-builder-workspace/.derivedData/Build/Intermediates.noindex/Reach5.build/Debug-xros/Reach5.build/Objects-normal/arm64/Reach5-Swift.h -working-directory /Users/admin/builder/spi-builder-workspace/.swiftpm/xcode -experimental-emit-module-separately -disable-cmo
Copy /Users/admin/builder/spi-builder-workspace/.derivedData/Build/Products/Debug-xros/GTMAppAuth.swiftmodule/arm64-apple-xros.swiftmodule /Users/admin/builder/spi-builder-workspace/.derivedData/Build/Intermediates.noindex/GTMAppAuth.build/Debug-xros/GTMAppAuth.build/Objects-normal/arm64/GTMAppAuth.swiftmodule (in target 'GTMAppAuth' from project 'GTMAppAuth')
    cd /Users/admin/builder/spi-builder-workspace/.dependencies/checkouts/GTMAppAuth
    builtin-copy -exclude .DS_Store -exclude CVS -exclude .svn -exclude .git -exclude .hg -resolve-src-symlinks -rename /Users/admin/builder/spi-builder-workspace/.derivedData/Build/Intermediates.noindex/GTMAppAuth.build/Debug-xros/GTMAppAuth.build/Objects-normal/arm64/GTMAppAuth.swiftmodule /Users/admin/builder/spi-builder-workspace/.derivedData/Build/Products/Debug-xros/GTMAppAuth.swiftmodule/arm64-apple-xros.swiftmodule
Copy /Users/admin/builder/spi-builder-workspace/.derivedData/Build/Products/Debug-xros/Reach5.swiftmodule/arm64-apple-xros.swiftmodule /Users/admin/builder/spi-builder-workspace/.derivedData/Build/Intermediates.noindex/Reach5.build/Debug-xros/Reach5.build/Objects-normal/arm64/Reach5.swiftmodule (in target 'Reach5' from project 'Reach5')
    cd /Users/admin/builder/spi-builder-workspace/.dependencies/checkouts/reachfive-ios
    builtin-copy -exclude .DS_Store -exclude CVS -exclude .svn -exclude .git -exclude .hg -resolve-src-symlinks -rename /Users/admin/builder/spi-builder-workspace/.derivedData/Build/Intermediates.noindex/Reach5.build/Debug-xros/Reach5.build/Objects-normal/arm64/Reach5.swiftmodule /Users/admin/builder/spi-builder-workspace/.derivedData/Build/Products/Debug-xros/Reach5.swiftmodule/arm64-apple-xros.swiftmodule
Copy /Users/admin/builder/spi-builder-workspace/.derivedData/Build/Products/Debug-xros/Reach5.swiftmodule/arm64-apple-xros.abi.json /Users/admin/builder/spi-builder-workspace/.derivedData/Build/Intermediates.noindex/Reach5.build/Debug-xros/Reach5.build/Objects-normal/arm64/Reach5.abi.json (in target 'Reach5' from project 'Reach5')
    cd /Users/admin/builder/spi-builder-workspace/.dependencies/checkouts/reachfive-ios
    builtin-copy -exclude .DS_Store -exclude CVS -exclude .svn -exclude .git -exclude .hg -resolve-src-symlinks -rename /Users/admin/builder/spi-builder-workspace/.derivedData/Build/Intermediates.noindex/Reach5.build/Debug-xros/Reach5.build/Objects-normal/arm64/Reach5.abi.json /Users/admin/builder/spi-builder-workspace/.derivedData/Build/Products/Debug-xros/Reach5.swiftmodule/arm64-apple-xros.abi.json
Copy /Users/admin/builder/spi-builder-workspace/.derivedData/Build/Products/Debug-xros/GTMAppAuth.swiftmodule/arm64-apple-xros.abi.json /Users/admin/builder/spi-builder-workspace/.derivedData/Build/Intermediates.noindex/GTMAppAuth.build/Debug-xros/GTMAppAuth.build/Objects-normal/arm64/GTMAppAuth.abi.json (in target 'GTMAppAuth' from project 'GTMAppAuth')
    cd /Users/admin/builder/spi-builder-workspace/.dependencies/checkouts/GTMAppAuth
    builtin-copy -exclude .DS_Store -exclude CVS -exclude .svn -exclude .git -exclude .hg -resolve-src-symlinks -rename /Users/admin/builder/spi-builder-workspace/.derivedData/Build/Intermediates.noindex/GTMAppAuth.build/Debug-xros/GTMAppAuth.build/Objects-normal/arm64/GTMAppAuth.abi.json /Users/admin/builder/spi-builder-workspace/.derivedData/Build/Products/Debug-xros/GTMAppAuth.swiftmodule/arm64-apple-xros.abi.json
SwiftCompile normal arm64 Compiling\ WebAuthnLoginRequest.swift,\ WebauthnSignupCredential.swift,\ TknMfa.swift,\ VerifyEmailResponse.swift,\ TrustedDevice.swift,\ AuthenticationOptions.swift,\ AuthenticationToken.swift,\ CredentialCreationOptions.swift,\ DeviceCredential.swift,\ R5AuthenticatorSelectionCriteria.swift /Users/admin/builder/spi-builder-workspace/.dependencies/checkouts/reachfive-ios/Sources/Core/Classes/models/requests/webAuthn/WebAuthnLoginRequest.swift /Users/admin/builder/spi-builder-workspace/.dependencies/checkouts/reachfive-ios/Sources/Core/Classes/models/requests/webAuthn/WebauthnSignupCredential.swift /Users/admin/builder/spi-builder-workspace/.dependencies/checkouts/reachfive-ios/Sources/Core/Classes/models/responses/TknMfa.swift /Users/admin/builder/spi-builder-workspace/.dependencies/checkouts/reachfive-ios/Sources/Core/Classes/models/responses/VerifyEmailResponse.swift /Users/admin/builder/spi-builder-workspace/.dependencies/checkouts/reachfive-ios/Sources/Core/Classes/models/responses/trustedDevices/TrustedDevice.swift /Users/admin/builder/spi-builder-workspace/.dependencies/checkouts/reachfive-ios/Sources/Core/Classes/models/responses/webAuthn/AuthenticationOptions.swift /Users/admin/builder/spi-builder-workspace/.dependencies/checkouts/reachfive-ios/Sources/Core/Classes/models/responses/webAuthn/AuthenticationToken.swift /Users/admin/builder/spi-builder-workspace/.dependencies/checkouts/reachfive-ios/Sources/Core/Classes/models/responses/webAuthn/CredentialCreationOptions.swift /Users/admin/builder/spi-builder-workspace/.dependencies/checkouts/reachfive-ios/Sources/Core/Classes/models/responses/webAuthn/DeviceCredential.swift /Users/admin/builder/spi-builder-workspace/.dependencies/checkouts/reachfive-ios/Sources/Core/Classes/models/responses/webAuthn/R5AuthenticatorSelectionCriteria.swift (in target 'Reach5' from project 'Reach5')
SwiftCompile normal arm64 /Users/admin/builder/spi-builder-workspace/.dependencies/checkouts/reachfive-ios/Sources/Core/Classes/models/requests/webAuthn/WebAuthnLoginRequest.swift (in target 'Reach5' from project 'Reach5')
    cd /Users/admin/builder/spi-builder-workspace/.swiftpm/xcode

SwiftCompile normal arm64 Compiling\ resource_bundle_accessor.swift /Users/admin/builder/spi-builder-workspace/.derivedData/Build/Intermediates.noindex/GTMAppAuth.build/Debug-xros/GTMAppAuth.build/DerivedSources/resource_bundle_accessor.swift (in target 'GTMAppAuth' from project 'GTMAppAuth')
Command SwiftCompile failed with a nonzero exit code
** BUILD FAILED **
The following build commands failed:
	SwiftCompile normal arm64 Compiling\ DictionaryEncodable.swift,\ Logger.swift,\ NetworkClient.swift,\ Pkce.swift,\ Storage.swift,\ StringUtils.swift,\ URL+Normalization.swift,\ URL+WebAuth.swift,\ WebAuthentication.swift,\ WebSessionMode.swift /Users/admin/builder/spi-builder-workspace/.dependencies/checkouts/reachfive-ios/Sources/Core/Classes/utils/DictionaryEncodable.swift /Users/admin/builder/spi-builder-workspace/.dependencies/checkouts/reachfive-ios/Sources/Core/Classes/utils/Logger.swift /Users/admin/builder/spi-builder-workspace/.dependencies/checkouts/reachfive-ios/Sources/Core/Classes/utils/NetworkClient.swift /Users/admin/builder/spi-builder-workspace/.dependencies/checkouts/reachfive-ios/Sources/Core/Classes/utils/Pkce.swift /Users/admin/builder/spi-builder-workspace/.dependencies/checkouts/reachfive-ios/Sources/Core/Classes/utils/Storage.swift /Users/admin/builder/spi-builder-workspace/.dependencies/checkouts/reachfive-ios/Sources/Core/Classes/utils/StringUtils.swift /Users/admin/builder/spi-builder-workspace/.dependencies/checkouts/reachfive-ios/Sources/Core/Classes/utils/URL+Normalization.swift /Users/admin/builder/spi-builder-workspace/.dependencies/checkouts/reachfive-ios/Sources/Core/Classes/web/URL+WebAuth.swift /Users/admin/builder/spi-builder-workspace/.dependencies/checkouts/reachfive-ios/Sources/Core/Classes/web/WebAuthentication.swift /Users/admin/builder/spi-builder-workspace/.dependencies/checkouts/reachfive-ios/Sources/Core/Classes/web/WebSessionMode.swift (in target 'Reach5' from project 'Reach5')
	SwiftCompile normal arm64 /Users/admin/builder/spi-builder-workspace/.dependencies/checkouts/reachfive-ios/Sources/Core/Classes/utils/DictionaryEncodable.swift (in target 'Reach5' from project 'Reach5')
	SwiftCompile normal arm64 /Users/admin/builder/spi-builder-workspace/.dependencies/checkouts/reachfive-ios/Sources/Core/Classes/utils/Logger.swift (in target 'Reach5' from project 'Reach5')
	SwiftCompile normal arm64 /Users/admin/builder/spi-builder-workspace/.dependencies/checkouts/reachfive-ios/Sources/Core/Classes/utils/NetworkClient.swift (in target 'Reach5' from project 'Reach5')
	SwiftCompile normal arm64 /Users/admin/builder/spi-builder-workspace/.dependencies/checkouts/reachfive-ios/Sources/Core/Classes/utils/Pkce.swift (in target 'Reach5' from project 'Reach5')
	SwiftCompile normal arm64 /Users/admin/builder/spi-builder-workspace/.dependencies/checkouts/reachfive-ios/Sources/Core/Classes/utils/Storage.swift (in target 'Reach5' from project 'Reach5')
	SwiftCompile normal arm64 /Users/admin/builder/spi-builder-workspace/.dependencies/checkouts/reachfive-ios/Sources/Core/Classes/utils/StringUtils.swift (in target 'Reach5' from project 'Reach5')
	SwiftCompile normal arm64 /Users/admin/builder/spi-builder-workspace/.dependencies/checkouts/reachfive-ios/Sources/Core/Classes/utils/URL+Normalization.swift (in target 'Reach5' from project 'Reach5')
	SwiftCompile normal arm64 /Users/admin/builder/spi-builder-workspace/.dependencies/checkouts/reachfive-ios/Sources/Core/Classes/web/URL+WebAuth.swift (in target 'Reach5' from project 'Reach5')
	SwiftCompile normal arm64 /Users/admin/builder/spi-builder-workspace/.dependencies/checkouts/reachfive-ios/Sources/Core/Classes/web/WebAuthentication.swift (in target 'Reach5' from project 'Reach5')
	SwiftCompile normal arm64 /Users/admin/builder/spi-builder-workspace/.dependencies/checkouts/reachfive-ios/Sources/Core/Classes/web/WebSessionMode.swift (in target 'Reach5' from project 'Reach5')
	SwiftCompile normal arm64 Compiling\ resource_bundle_accessor.swift /Users/admin/builder/spi-builder-workspace/.derivedData/Build/Intermediates.noindex/GTMAppAuth.build/Debug-xros/GTMAppAuth.build/DerivedSources/resource_bundle_accessor.swift (in target 'GTMAppAuth' from project 'GTMAppAuth')
	Building workspace spi-builder-workspace with scheme Reach5Google
(13 failures)
BUILD FAILURE 6.1 visionOS