The Swift Package Index logo.Swift Package Index

Build Information

Failed to build Navigator, reference 0.0.1 (e7c852), with Swift 6.4 for Linux on 21 Sep 2026 03:12:09 UTC.

Build Command

bash -c docker run --pull=always --rm -v "checkouts-54344845-3":/host -w "$PWD" -e JAVA_HOME="/root/.sdkman/candidates/java/current" -e SPI_BUILD="1" -e SPI_PROCESSING="1" registry.gitlab.com/saguaro1/spi-images:basic-6.4-latest swift build --triple x86_64-unknown-linux-gnu 2>&1

Build Log

========================================
RunAll
========================================
Builder version: 5.1.0
Interrupt handler set up.
========================================
Checkout
========================================
Clone URL: https://github.com/taji-taji/Navigator.git
Reference: 0.0.1
Initialized empty Git repository in /host/spi-builder-workspace/.git/
hint: Using 'master' as the name for the initial branch. This default branch name
hint: is subject to change. To configure the initial branch name to use in all
hint: of your new repositories, which will suppress this warning, call:
hint:
hint: 	git config --global init.defaultBranch <name>
hint:
hint: Names commonly chosen instead of 'master' are 'main', 'trunk' and
hint: 'development'. The just-created branch can be renamed via this command:
hint:
hint: 	git branch -m <name>
From https://github.com/taji-taji/Navigator
 * tag               0.0.1      -> FETCH_HEAD
HEAD is now at e7c8526 Merge pull request #3 from taji-taji/fix-platform
Cloned https://github.com/taji-taji/Navigator.git
Revision (git rev-parse @):
e7c8526ad37e94f06e5992a3612430883f33d08e
SUCCESS checkout https://github.com/taji-taji/Navigator.git at 0.0.1
========================================
Build
========================================
Selected platform:         linux
Swift version:             6.4
Building package at path:  $PWD
https://github.com/taji-taji/Navigator.git
Running build ...
bash -c docker run --pull=always --rm -v "checkouts-54344845-3":/host -w "$PWD" -e JAVA_HOME="/root/.sdkman/candidates/java/current" -e SPI_BUILD="1" -e SPI_PROCESSING="1" registry.gitlab.com/saguaro1/spi-images:basic-6.4-latest swift build --triple x86_64-unknown-linux-gnu 2>&1
basic-6.4-latest: Pulling from saguaro1/spi-images
Digest: sha256:c77fcce225e223ac0fafed844619173fc6de8d62dd560eeb28db3182af6a282b
Status: Image is up to date for registry.gitlab.com/saguaro1/spi-images:basic-6.4-latest
Fetching https://github.com/apple/swift-syntax
[1/79999] Fetching swift-syntax
Fetched https://github.com/apple/swift-syntax (4.82s)
Computing version for https://github.com/apple/swift-syntax
Computed https://github.com/apple/swift-syntax at 509.1.1 (6.79s)
Creating working copy for https://github.com/apple/swift-syntax
Working copy of https://github.com/apple/swift-syntax resolved at 509.1.1
Building for debugging...
[Computing dependencies]
[Constructing description]
[Pre-planning 1 / 446]
[Planning deferred tasks]
[Starting]
[10 / 190] SwiftCompilerPlugin
[93 / 193] SwiftSyntax509
[99 / 194] SwiftSyntax
[107 / 203] SwiftSyntax
[109 / 204] SwiftSyntax
[111 / 204] SwiftSyntax
[119 / 208] SwiftBasicFormat
[123 / 220] SwiftDiagnostics
[124 / 229] SwiftParser
[125 / 229] SwiftParser
[137 / 229] SwiftParser
[138 / 229] SwiftParser
[139 / 229] SwiftParser
[140 / 229] SwiftParser
[141 / 229] SwiftParser
[143 / 229] SwiftParser
[147 / 229] SwiftParser
[149 / 229] SwiftDiagnostics
[150 / 229] SwiftDiagnostics
[151 / 229] SwiftDiagnostics
[153 / 229] SwiftOperators
[154 / 229] SwiftBasicFormat
[155 / 229] SwiftParserDiagnostics
[156 / 229] SwiftParserDiagnostics
[159 / 240] SwiftOperators
[161 / 250] SwiftOperators
[162 / 251] SwiftParserDiagnostics
[163 / 252] SwiftParserDiagnostics
[164 / 252] SwiftParserDiagnostics
[175 / 252] SwiftSyntaxBuilder
[176 / 252] SwiftSyntaxBuilder
[178 / 252] SwiftParserDiagnostics
[179 / 252] SwiftParser
[181 / 252] SwiftParser
[184 / 252] SwiftOperators
[185 / 252] SwiftOperators
[187 / 252] SwiftOperators
[188 / 252] SwiftOperators
[190 / 252] SwiftBasicFormat
[193 / 253]
[196 / 262] SwiftSyntaxBuilder
[198 / 263] SwiftSyntaxBuilder
[199 / 263] SwiftSyntaxBuilder
[200 / 263] SwiftSyntaxBuilder
[202 / 263] SwiftSyntaxBuilder
[207 / 263] SwiftSyntaxMacros
[210 / 264]
[212 / 273] SwiftSyntaxMacros
[213 / 273] SwiftSyntaxMacros
[214 / 273] SwiftSyntaxMacros
[215 / 273] SwiftSyntaxMacros
[219 / 273] SwiftSyntaxMacros
[221 / 273] SwiftSyntaxMacros-product
[223 / 273] SwiftSyntaxMacros-product
[227 / 282] SwiftSyntaxMacroExpansion
[229 / 283] SwiftSyntaxMacroExpansion
[230 / 284] SwiftSyntaxMacros
[232 / 284] SwiftSyntaxMacros
[235 / 284] SwiftSyntaxMacroExpansion
[237 / 284] SwiftSyntaxMacroExpansion
[243 / 285]
[246 / 292] SwiftCompilerPluginMessageHandling
[247 / 292] SwiftSyntaxBuilder
[248 / 293] SwiftSyntaxBuilder
[251 / 293] SwiftSyntaxBuilder
[260 / 296] SwiftCompilerPlugin
[260 / 296] SwiftSyntaxMacroExpansion
[262 / 297] SwiftCompilerPluginMessageHandling
[264 / 298] SwiftCompilerPlugin
[269 / 298] SwiftCompilerPlugin
[270 / 299] SwiftCompilerPlugin
[271 / 299] SwiftSyntax
[274 / 300] SwiftSyntax
[280 / 300] SwiftSyntaxBuilder
[289 / 301] NavigatableMacros
[292 / 303] NavigatableMacros
[296 / 304] NavigatableMacros
error: SwiftCompile normal x86_64 /host/spi-builder-workspace/Sources/Navigator/Navigator.swift failed with a nonzero exit code. Command line:     cd /host
    builtin-SwiftPerFileCompile Navigator.swift
/host/spi-builder-workspace/Sources/Navigator/Navigatable.swift:1:8: error: no such module 'SwiftUI'
 1 | import SwiftUI
   |        `- error: no such module 'SwiftUI'
 2 |
 3 | public protocol Navigatable where Self: View {
Failed frontend command:
/usr/bin/swift-frontend -frontend -c /host/spi-builder-workspace/Sources/Navigator/Navigatable.swift -primary-file /host/spi-builder-workspace/Sources/Navigator/Navigator.swift /host/spi-builder-workspace/Sources/Navigator/RootView.swift -emit-dependencies-path /host/spi-builder-workspace/.build/out/Intermediates.noindex/Navigator.build/Debug-linux-x86_64/Navigator-t.build/Objects-normal/x86_64/Navigator.d -emit-const-values-path /host/spi-builder-workspace/.build/out/Intermediates.noindex/Navigator.build/Debug-linux-x86_64/Navigator-t.build/Objects-normal/x86_64/Navigator.swiftconstvalues -emit-reference-dependencies-path /host/spi-builder-workspace/.build/out/Intermediates.noindex/Navigator.build/Debug-linux-x86_64/Navigator-t.build/Objects-normal/x86_64/Navigator.swiftdeps -serialize-diagnostics-path /host/spi-builder-workspace/.build/out/Intermediates.noindex/Navigator.build/Debug-linux-x86_64/Navigator-t.build/Objects-normal/x86_64/Navigator.dia -target x86_64-unknown-linux-gnu -disable-objc-interop -I /host/spi-builder-workspace/.build/out/Products/Debug-linux-x86_64 -module-cache-path /host/spi-builder-workspace/.build/out/ModuleCache.noindex -color-diagnostics -Xcc -fcolor-diagnostics -enable-testing -g -debug-info-format\=dwarf -dwarf-version\=4 -swift-version 5 -Onone -D SWIFT_PACKAGE -D DEBUG -D SWIFT_MODULE_RESOURCE_BUNDLE_UNAVAILABLE -D Xcode -serialize-debugging-options -load-plugin-executable /host/spi-builder-workspace/.build/out/Products/Debug-linux-x86_64/NavigatableMacros\#NavigatableMacros -enable-experimental-feature DebugDescriptionMacro -empty-abi-descriptor -external-plugin-path /usr/lib/swift/host/plugins/testing\#/usr/bin/swift-plugin-server -validate-clang-modules-once -clang-build-session-file /host/spi-builder-workspace/.build/out/ModuleCache.noindex/Session.modulevalidation -Xcc -working-directory -Xcc /host -enable-anonymous-context-mangled-names -file-compilation-dir /host -Xcc -fno-omit-frame-pointer -Xcc -D_LIBCPP_HARDENING_MODE\=_LIBCPP_HARDENING_MODE_DEBUG -Xcc -fmodules-prune-interval\=86400 -Xcc -fmodules-prune-after\=345600 -Xcc -I/host/spi-builder-workspace/.build/out/Products/Debug-linux-x86_64/include -Xcc -I/host/spi-builder-workspace/.build/out/Intermediates.noindex/Navigator.build/Debug-linux-x86_64/Navigator-t.build/DerivedSources-normal/x86_64 -Xcc -I/host/spi-builder-workspace/.build/out/Intermediates.noindex/Navigator.build/Debug-linux-x86_64/Navigator-t.build/DerivedSources/x86_64 -Xcc -I/host/spi-builder-workspace/.build/out/Intermediates.noindex/Navigator.build/Debug-linux-x86_64/Navigator-t.build/DerivedSources -Xcc -DSWIFT_PACKAGE -Xcc -DDEBUG\=1 -no-auto-bridging-header-chaining -module-name Navigator -package-name spi_builder_workspace -const-gather-protocols-file /host/spi-builder-workspace/.build/out/Intermediates.noindex/Navigator.build/Debug-linux-x86_64/Navigator-t.build/Objects-normal/x86_64/Navigator_const_extract_protocols.json -in-process-plugin-server-path /usr/lib/swift/host/libSwiftInProcPluginServer.so -plugin-path /usr/lib/swift/host/plugins -plugin-path /usr/local/lib/swift/host/plugins -parse-as-library -o /host/spi-builder-workspace/.build/out/Intermediates.noindex/Navigator.build/Debug-linux-x86_64/Navigator-t.build/Objects-normal/x86_64/Navigator.o -index-unit-output-path /Navigator.build/Debug-linux-x86_64/Navigator-t.build/Objects-normal/x86_64/Navigator.o -index-store-path /host/spi-builder-workspace/.build/out -index-system-modules
error: SwiftCompile normal x86_64 /host/spi-builder-workspace/Sources/Navigator/RootView.swift failed with a nonzero exit code. Command line:     cd /host
    builtin-SwiftPerFileCompile RootView.swift
/host/spi-builder-workspace/Sources/Navigator/Navigatable.swift:1:8: error: no such module 'SwiftUI'
 1 | import SwiftUI
   |        `- error: no such module 'SwiftUI'
 2 |
 3 | public protocol Navigatable where Self: View {
Failed frontend command:
/usr/bin/swift-frontend -frontend -c /host/spi-builder-workspace/Sources/Navigator/Navigatable.swift /host/spi-builder-workspace/Sources/Navigator/Navigator.swift -primary-file /host/spi-builder-workspace/Sources/Navigator/RootView.swift -emit-dependencies-path /host/spi-builder-workspace/.build/out/Intermediates.noindex/Navigator.build/Debug-linux-x86_64/Navigator-t.build/Objects-normal/x86_64/RootView.d -emit-const-values-path /host/spi-builder-workspace/.build/out/Intermediates.noindex/Navigator.build/Debug-linux-x86_64/Navigator-t.build/Objects-normal/x86_64/RootView.swiftconstvalues -emit-reference-dependencies-path /host/spi-builder-workspace/.build/out/Intermediates.noindex/Navigator.build/Debug-linux-x86_64/Navigator-t.build/Objects-normal/x86_64/RootView.swiftdeps -serialize-diagnostics-path /host/spi-builder-workspace/.build/out/Intermediates.noindex/Navigator.build/Debug-linux-x86_64/Navigator-t.build/Objects-normal/x86_64/RootView.dia -target x86_64-unknown-linux-gnu -disable-objc-interop -I /host/spi-builder-workspace/.build/out/Products/Debug-linux-x86_64 -module-cache-path /host/spi-builder-workspace/.build/out/ModuleCache.noindex -color-diagnostics -Xcc -fcolor-diagnostics -enable-testing -g -debug-info-format\=dwarf -dwarf-version\=4 -swift-version 5 -Onone -D SWIFT_PACKAGE -D DEBUG -D SWIFT_MODULE_RESOURCE_BUNDLE_UNAVAILABLE -D Xcode -serialize-debugging-options -load-plugin-executable /host/spi-builder-workspace/.build/out/Products/Debug-linux-x86_64/NavigatableMacros\#NavigatableMacros -enable-experimental-feature DebugDescriptionMacro -empty-abi-descriptor -external-plugin-path /usr/lib/swift/host/plugins/testing\#/usr/bin/swift-plugin-server -validate-clang-modules-once -clang-build-session-file /host/spi-builder-workspace/.build/out/ModuleCache.noindex/Session.modulevalidation -Xcc -working-directory -Xcc /host -enable-anonymous-context-mangled-names -file-compilation-dir /host -Xcc -fno-omit-frame-pointer -Xcc -D_LIBCPP_HARDENING_MODE\=_LIBCPP_HARDENING_MODE_DEBUG -Xcc -fmodules-prune-interval\=86400 -Xcc -fmodules-prune-after\=345600 -Xcc -I/host/spi-builder-workspace/.build/out/Products/Debug-linux-x86_64/include -Xcc -I/host/spi-builder-workspace/.build/out/Intermediates.noindex/Navigator.build/Debug-linux-x86_64/Navigator-t.build/DerivedSources-normal/x86_64 -Xcc -I/host/spi-builder-workspace/.build/out/Intermediates.noindex/Navigator.build/Debug-linux-x86_64/Navigator-t.build/DerivedSources/x86_64 -Xcc -I/host/spi-builder-workspace/.build/out/Intermediates.noindex/Navigator.build/Debug-linux-x86_64/Navigator-t.build/DerivedSources -Xcc -DSWIFT_PACKAGE -Xcc -DDEBUG\=1 -no-auto-bridging-header-chaining -module-name Navigator -package-name spi_builder_workspace -const-gather-protocols-file /host/spi-builder-workspace/.build/out/Intermediates.noindex/Navigator.build/Debug-linux-x86_64/Navigator-t.build/Objects-normal/x86_64/Navigator_const_extract_protocols.json -in-process-plugin-server-path /usr/lib/swift/host/libSwiftInProcPluginServer.so -plugin-path /usr/lib/swift/host/plugins -plugin-path /usr/local/lib/swift/host/plugins -parse-as-library -o /host/spi-builder-workspace/.build/out/Intermediates.noindex/Navigator.build/Debug-linux-x86_64/Navigator-t.build/Objects-normal/x86_64/RootView.o -index-unit-output-path /Navigator.build/Debug-linux-x86_64/Navigator-t.build/Objects-normal/x86_64/RootView.o -index-store-path /host/spi-builder-workspace/.build/out -index-system-modules
error: Build failed
BUILD FAILURE 6.4 linux