The Swift Package Index logo.Swift Package Index

Build Information

Failed to build TrafficAuthSDK, reference v1.1.1 (0a11ac), with Swift 6.2 for tvOS using Xcode 26.3 on 12 Oct 2026 18:19:52 UTC.

Build Command

env DEVELOPER_DIR=/Applications/Xcode-26.3.0.app xcrun xcodebuild -IDEClonedSourcePackagesDirPathOverride=$PWD/.dependencies -skipMacroValidation -skipPackagePluginValidation -derivedDataPath $PWD/.derivedData build -scheme TrafficAuthSDK -destination generic/platform=tvOS

Build Log

========================================
RunAll
========================================
Builder version: 5.1.1
Interrupt handler set up.
========================================
Checkout
========================================
Clone URL: https://github.com/TrafficAuth/trafficauth-sdk-ios.git
Reference: v1.1.1
Initialized empty Git repository in /Users/admin/builder/spi-builder-workspace/.git/
From https://github.com/TrafficAuth/trafficauth-sdk-ios
 * tag               v1.1.1     -> FETCH_HEAD
HEAD is now at 0a11aca TAM-581: prepare iOS SDK 1.1.1 distribution
Cloned https://github.com/TrafficAuth/trafficauth-sdk-ios.git
Revision (git rev-parse @):
0a11aca05ef93dcd4b186386e761d73f22c4f380
SPI manifest file found: $PWD/.spi.yml
SUCCESS checkout https://github.com/TrafficAuth/trafficauth-sdk-ios.git at v1.1.1
========================================
Build
========================================
Selected platform:         tvOS
Swift version:             6.2
Building package at path:  $PWD
https://github.com/TrafficAuth/trafficauth-sdk-ios.git
Command line invocation:
    /Applications/Xcode-26.3.0.app/Contents/Developer/usr/bin/xcodebuild -IDEClonedSourcePackagesDirPathOverride=/Users/admin/builder/spi-builder-workspace/.dependencies -resolvePackageDependencies
Resolve Package Graph
Resolve Package Graph
Resolved source packages:
  TrafficAuthSDK: /Users/admin/builder/spi-builder-workspace
resolved source packages: TrafficAuthSDK
2026-10-12 14:19:27.860 xcodebuild[572:3131] [MT] IDERunDestination: Supported platforms for the buildables in the current scheme is empty.
{
  "dependencies" : [
  ],
  "manifest_display_name" : "TrafficAuthSDK",
  "name" : "TrafficAuthSDK",
  "path" : "/Users/admin/builder/spi-builder-workspace",
  "platforms" : [
    {
      "name" : "ios",
      "version" : "17.0"
    }
  ],
  "products" : [
    {
      "name" : "TrafficAuthSDK",
      "targets" : [
        "TrafficAuthSDK",
        "libEncoderLib"
      ],
      "type" : {
        "library" : [
          "automatic"
        ]
      }
    }
  ],
  "targets" : [
    {
      "c99name" : "libEncoderLib",
      "module_type" : "BinaryTarget",
      "name" : "libEncoderLib",
      "path" : "remote/archive/libEncoderLib.xcframework.zip",
      "product_memberships" : [
        "TrafficAuthSDK"
      ],
      "sources" : [
      ],
      "type" : "binary"
    },
    {
      "c99name" : "TrafficAuthSDK",
      "module_type" : "BinaryTarget",
      "name" : "TrafficAuthSDK",
      "path" : "remote/archive/TrafficAuthSDK.xcframework.zip",
      "product_memberships" : [
        "TrafficAuthSDK"
      ],
      "sources" : [
      ],
      "type" : "binary"
    }
  ],
  "tools_version" : "5.9"
}
{
  "workspace" : {
    "name" : "spi-builder-workspace",
    "schemes" : [
      "TrafficAuthSDK"
    ]
  }
}
2026-10-12 14:19:46.161 xcodebuild[768:4471] [MT] IDERunDestination: Supported platforms for the buildables in the current scheme is empty.
Running build ...
env DEVELOPER_DIR=/Applications/Xcode-26.3.0.app xcrun xcodebuild -IDEClonedSourcePackagesDirPathOverride=$PWD/.dependencies -skipMacroValidation -skipPackagePluginValidation -derivedDataPath $PWD/.derivedData build -scheme TrafficAuthSDK -destination generic/platform=tvOS
Command line invocation:
    /Applications/Xcode-26.3.0.app/Contents/Developer/usr/bin/xcodebuild -IDEClonedSourcePackagesDirPathOverride=/Users/admin/builder/spi-builder-workspace/.dependencies -skipMacroValidation -skipPackagePluginValidation -derivedDataPath /Users/admin/builder/spi-builder-workspace/.derivedData build -scheme TrafficAuthSDK -destination generic/platform=tvOS
Resolve Package Graph
Resolved source packages:
  TrafficAuthSDK: /Users/admin/builder/spi-builder-workspace
ComputePackagePrebuildTargetDependencyGraph
Prepare packages
CreateBuildRequest
SendProjectDescription
CreateBuildOperation
ComputeTargetDependencyGraph
note: Building targets in dependency order
note: Target dependency graph (1 target)
    Target 'TrafficAuthSDK' in project 'TrafficAuthSDK' (no dependencies)
GatherProvisioningInputs
CreateBuildDescription
ExecuteExternalTool /Applications/Xcode-26.3.0.app/Contents/Developer/Toolchains/XcodeDefault.xctoolchain/usr/bin/clang -v -E -dM -isysroot /Applications/Xcode-26.3.0.app/Contents/Developer/Platforms/AppleTVOS.platform/Developer/SDKs/AppleTVOS26.2.sdk -x c -c /dev/null
Build description signature: b398ac82f6f1fa145ac8e03501665591
Build description path: /Users/admin/builder/spi-builder-workspace/.derivedData/Build/Intermediates.noindex/XCBuildData/b398ac82f6f1fa145ac8e03501665591.xcbuilddata
/Users/admin/builder/spi-builder-workspace/.dependencies/artifacts/spi-builder-workspace/TrafficAuthSDK/TrafficAuthSDK.xcframework:1:1: error: While building for tvOS, no library for this platform was found in '/Users/admin/builder/spi-builder-workspace/.dependencies/artifacts/spi-builder-workspace/TrafficAuthSDK/TrafficAuthSDK.xcframework'. (in target 'TrafficAuthSDK' from project 'TrafficAuthSDK')
/Users/admin/builder/spi-builder-workspace/.dependencies/artifacts/spi-builder-workspace/libEncoderLib/libEncoderLib.xcframework:1:1: error: While building for tvOS, no library for this platform was found in '/Users/admin/builder/spi-builder-workspace/.dependencies/artifacts/spi-builder-workspace/libEncoderLib/libEncoderLib.xcframework'. (in target 'TrafficAuthSDK' from project 'TrafficAuthSDK')
2026-10-12 14:19:47.782 xcodebuild[770:4526] [MT] IDERunDestination: Supported platforms for the buildables in the current scheme is empty.
** BUILD FAILED **
The following build commands failed:
	Building workspace spi-builder-workspace with scheme TrafficAuthSDK
(1 failure)
Command line invocation:
    /Applications/Xcode-26.3.0.app/Contents/Developer/usr/bin/xcodebuild -IDEClonedSourcePackagesDirPathOverride=/Users/admin/builder/spi-builder-workspace/.dependencies -resolvePackageDependencies
Resolve Package Graph
Resolved source packages:
  TrafficAuthSDK: /Users/admin/builder/spi-builder-workspace
resolved source packages: TrafficAuthSDK
2026-10-12 14:19:50.135 xcodebuild[783:4630] [MT] IDERunDestination: Supported platforms for the buildables in the current scheme is empty.
{
  "dependencies" : [
  ],
  "manifest_display_name" : "TrafficAuthSDK",
  "name" : "TrafficAuthSDK",
  "path" : "/Users/admin/builder/spi-builder-workspace",
  "platforms" : [
    {
      "name" : "ios",
      "version" : "17.0"
    }
  ],
  "products" : [
    {
      "name" : "TrafficAuthSDK",
      "targets" : [
        "TrafficAuthSDK",
        "libEncoderLib"
      ],
      "type" : {
        "library" : [
          "automatic"
        ]
      }
    }
  ],
  "targets" : [
    {
      "c99name" : "libEncoderLib",
      "module_type" : "BinaryTarget",
      "name" : "libEncoderLib",
      "path" : "remote/archive/libEncoderLib.xcframework.zip",
      "product_memberships" : [
        "TrafficAuthSDK"
      ],
      "sources" : [
      ],
      "type" : "binary"
    },
    {
      "c99name" : "TrafficAuthSDK",
      "module_type" : "BinaryTarget",
      "name" : "TrafficAuthSDK",
      "path" : "remote/archive/TrafficAuthSDK.xcframework.zip",
      "product_memberships" : [
        "TrafficAuthSDK"
      ],
      "sources" : [
      ],
      "type" : "binary"
    }
  ],
  "tools_version" : "5.9"
}
{
  "workspace" : {
    "name" : "spi-builder-workspace",
    "schemes" : [
      "TrafficAuthSDK"
    ]
  }
}
2026-10-12 14:19:51.275 xcodebuild[791:4690] [MT] IDERunDestination: Supported platforms for the buildables in the current scheme is empty.
Running build ...
env DEVELOPER_DIR=/Applications/Xcode-26.3.0.app xcrun xcodebuild -IDEClonedSourcePackagesDirPathOverride=$PWD/.dependencies -skipMacroValidation -skipPackagePluginValidation -derivedDataPath $PWD/.derivedData build -scheme TrafficAuthSDK -destination generic/platform=tvOS
Command line invocation:
    /Applications/Xcode-26.3.0.app/Contents/Developer/usr/bin/xcodebuild -IDEClonedSourcePackagesDirPathOverride=/Users/admin/builder/spi-builder-workspace/.dependencies -skipMacroValidation -skipPackagePluginValidation -derivedDataPath /Users/admin/builder/spi-builder-workspace/.derivedData build -scheme TrafficAuthSDK -destination generic/platform=tvOS
Resolve Package Graph
Resolved source packages:
  TrafficAuthSDK: /Users/admin/builder/spi-builder-workspace
ComputePackagePrebuildTargetDependencyGraph
Prepare packages
CreateBuildRequest
SendProjectDescription
CreateBuildOperation
ComputeTargetDependencyGraph
note: Building targets in dependency order
note: Target dependency graph (1 target)
    Target 'TrafficAuthSDK' in project 'TrafficAuthSDK' (no dependencies)
GatherProvisioningInputs
CreateBuildDescription
ExecuteExternalTool /Applications/Xcode-26.3.0.app/Contents/Developer/Toolchains/XcodeDefault.xctoolchain/usr/bin/clang -v -E -dM -isysroot /Applications/Xcode-26.3.0.app/Contents/Developer/Platforms/AppleTVOS.platform/Developer/SDKs/AppleTVOS26.2.sdk -x c -c /dev/null
Build description signature: b398ac82f6f1fa145ac8e03501665591
Build description path: /Users/admin/builder/spi-builder-workspace/.derivedData/Build/Intermediates.noindex/XCBuildData/b398ac82f6f1fa145ac8e03501665591.xcbuilddata
/Users/admin/builder/spi-builder-workspace/.dependencies/artifacts/spi-builder-workspace/TrafficAuthSDK/TrafficAuthSDK.xcframework:1:1: error: While building for tvOS, no library for this platform was found in '/Users/admin/builder/spi-builder-workspace/.dependencies/artifacts/spi-builder-workspace/TrafficAuthSDK/TrafficAuthSDK.xcframework'. (in target 'TrafficAuthSDK' from project 'TrafficAuthSDK')
/Users/admin/builder/spi-builder-workspace/.dependencies/artifacts/spi-builder-workspace/libEncoderLib/libEncoderLib.xcframework:1:1: error: While building for tvOS, no library for this platform was found in '/Users/admin/builder/spi-builder-workspace/.dependencies/artifacts/spi-builder-workspace/libEncoderLib/libEncoderLib.xcframework'. (in target 'TrafficAuthSDK' from project 'TrafficAuthSDK')
2026-10-12 14:19:52.186 xcodebuild[793:4720] [MT] IDERunDestination: Supported platforms for the buildables in the current scheme is empty.
** BUILD FAILED **
The following build commands failed:
	Building workspace spi-builder-workspace with scheme TrafficAuthSDK
(1 failure)
BUILD FAILURE 6.2 tvOS