The Swift Package Index logo.Swift Package Index

Build Information

Failed to build Sourcery, reference master (f9d80d), with Swift 6.1 for Wasm on 2 Jul 2026 01:21:12 UTC.

Build Command

bash -c docker run --pull=always --rm -v "checkouts-53886769-0":/host -w "$PWD" -e JAVA_HOME="/root/.sdkman/candidates/java/current" -e SPI_BUILD="1" -e SPI_PROCESSING="1" registry.gitlab.com/saguaro1/spi-images:wasm-6.1-latest swift build --swift-sdk wasm32-unknown-wasi 2>&1

Build Log

========================================
RunAll
========================================
Builder version: 0e64495ecc1688c3b3e031a5ef1348b5c05091ae
Interrupt handler set up.
========================================
Checkout
========================================
Clone URL: https://github.com/krzysztofzablocki/sourcery.git
Reference: master
Initialized empty Git repository in /host/spi-builder-workspace/.git/
hint: Using 'master' as the name for the initial branch. This default branch name
hint: is subject to change. To configure the initial branch name to use in all
hint: of your new repositories, which will suppress this warning, call:
hint:
hint: 	git config --global init.defaultBranch <name>
hint:
hint: Names commonly chosen instead of 'master' are 'main', 'trunk' and
hint: 'development'. The just-created branch can be renamed via this command:
hint:
hint: 	git branch -m <name>
From https://github.com/krzysztofzablocki/sourcery
 * branch            master     -> FETCH_HEAD
 * [new branch]      master     -> origin/master
HEAD is now at f9d80dd Merge pull request #1464 from sorinc03/fix/watch-file-annotations-reset
Cloned https://github.com/krzysztofzablocki/sourcery.git
Revision (git rev-parse @):
f9d80ddec1d42b83b776064162ce0a93a0289334
SUCCESS checkout https://github.com/krzysztofzablocki/sourcery.git at master
========================================
Build
========================================
Selected platform:         wasm
Swift version:             6.1
Building package at path:  $PWD
https://github.com/krzysztofzablocki/sourcery.git
https://github.com/krzysztofzablocki/sourcery.git
WARNING: environment variable SUPPRESS_SWIFT_6_FLAGS is not set
Running build ...
bash -c docker run --pull=always --rm -v "checkouts-53886769-0":/host -w "$PWD" -e JAVA_HOME="/root/.sdkman/candidates/java/current" -e SPI_BUILD="1" -e SPI_PROCESSING="1" registry.gitlab.com/saguaro1/spi-images:wasm-6.1-latest swift build --swift-sdk wasm32-unknown-wasi -Xswiftc -Xfrontend -Xswiftc -stats-output-dir -Xswiftc -Xfrontend -Xswiftc .stats -Xswiftc -strict-concurrency=complete -Xswiftc -enable-upcoming-feature -Xswiftc StrictConcurrency -Xswiftc -enable-upcoming-feature -Xswiftc DisableOutwardActorInference -Xswiftc -enable-upcoming-feature -Xswiftc GlobalActorIsolatedTypesUsability -Xswiftc -enable-upcoming-feature -Xswiftc InferSendableFromCaptures 2>&1
wasm-6.1-latest: Pulling from saguaro1/spi-images
Digest: sha256:1ad245dad3d2ae0004e1afbc92334bd39884ed9ca587cf04d0a8d5f640fb02e9
Status: Image is up to date for registry.gitlab.com/saguaro1/spi-images:wasm-6.1-latest
Fetching https://github.com/art-divin/swift-package-manager.git
Fetching https://github.com/Quick/Nimble.git
Fetching https://github.com/Quick/Quick.git
Fetching https://github.com/apple/swift-crypto.git
Fetching https://github.com/swiftlang/swift-syntax.git
[1/68975] Fetching swift-package-manager
[691/83881] Fetching swift-package-manager, quick
[19105/103853] Fetching swift-package-manager, quick, nimble
[30011/121636] Fetching swift-package-manager, quick, nimble, swift-crypto
[83050/197427] Fetching swift-package-manager, quick, nimble, swift-crypto, swift-syntax
Fetching https://github.com/tuist/XcodeProj.git
Fetched https://github.com/apple/swift-crypto.git from cache (1.75s)
[173581/179644] Fetching swift-package-manager, quick, nimble, swift-syntax
Fetching https://github.com/art-divin/StencilSwiftKit.git
Fetched https://github.com/art-divin/swift-package-manager.git from cache (1.75s)
Fetching https://github.com/kylef/PathKit.git
[105364/110669] Fetching quick, nimble, swift-syntax
[110670/112121] Fetching quick, nimble, swift-syntax, pathkit
[112122/115243] Fetching quick, nimble, swift-syntax, pathkit, stencilswiftkit
Fetched https://github.com/kylef/PathKit.git from cache (0.41s)
Fetching https://github.com/kylef/Commander.git
[110701/113791] Fetching quick, nimble, swift-syntax, stencilswiftkit
[111232/138522] Fetching quick, nimble, swift-syntax, stencilswiftkit, xcodeproj
[136682/140110] Fetching quick, nimble, swift-syntax, stencilswiftkit, xcodeproj, commander
Fetched https://github.com/kylef/Commander.git from cache (0.76s)
Fetching https://github.com/jpsim/Yams.git
Fetched https://github.com/tuist/XcodeProj.git from cache (1.22s)
[112355/113791] Fetching quick, nimble, swift-syntax, stencilswiftkit
Fetched https://github.com/Quick/Quick.git from cache (3.16s)
Fetched https://github.com/Quick/Nimble.git from cache (3.17s)
Fetched https://github.com/swiftlang/swift-syntax.git from cache (3.18s)
Fetched https://github.com/art-divin/StencilSwiftKit.git from cache (1.56s)
[1/11837] Fetching yams
Fetched https://github.com/jpsim/Yams.git from cache (1.35s)
Computing version for https://github.com/art-divin/swift-package-manager.git
Computed https://github.com/art-divin/swift-package-manager.git at 1.0.8 (4.67s)
Fetching https://github.com/art-divin/swift-llbuild.git
Fetching https://github.com/apple/swift-collections.git
Fetching https://github.com/apple/swift-system.git
Fetching https://github.com/apple/swift-certificates.git
Fetching https://github.com/art-divin/swift-driver.git
Fetching https://github.com/art-divin/swift-tools-support-core.git
[1/17437] Fetching swift-llbuild
[350/20928] Fetching swift-llbuild, swift-tools-support-core
[6457/28277] Fetching swift-llbuild, swift-tools-support-core, swift-certificates
[6458/34218] Fetching swift-llbuild, swift-tools-support-core, swift-certificates, swift-system
[7688/59501] Fetching swift-llbuild, swift-tools-support-core, swift-certificates, swift-system, swift-collections
[37820/82533] Fetching swift-llbuild, swift-tools-support-core, swift-certificates, swift-system, swift-collections, swift-driver
Fetched https://github.com/art-divin/swift-llbuild.git from cache (0.84s)
[41795/65096] Fetching swift-tools-support-core, swift-certificates, swift-system, swift-collections, swift-driver
Fetched https://github.com/apple/swift-system.git from cache (1.23s)
Fetched https://github.com/art-divin/swift-tools-support-core.git from cache (1.24s)
Fetched https://github.com/apple/swift-certificates.git from cache (1.24s)
Fetched https://github.com/art-divin/swift-driver.git from cache (1.24s)
Fetched https://github.com/apple/swift-collections.git from cache (1.25s)
Computing version for https://github.com/apple/swift-crypto.git
Computed https://github.com/apple/swift-crypto.git at 3.0.0 (1.51s)
Computing version for https://github.com/tuist/XcodeProj.git
Computed https://github.com/tuist/XcodeProj.git at 8.24.6 (0.21s)
Fetching https://github.com/tadija/AEXML.git
[1/2155] Fetching aexml
Fetched https://github.com/tadija/AEXML.git from cache (0.40s)
Computing version for https://github.com/art-divin/StencilSwiftKit.git
Computed https://github.com/art-divin/StencilSwiftKit.git at 2.10.4 (0.61s)
Fetching https://github.com/art-divin/Stencil.git
[1/3424] Fetching stencil
Fetched https://github.com/art-divin/Stencil.git from cache (0.46s)
Computing version for https://github.com/kylef/PathKit.git
Computed https://github.com/kylef/PathKit.git at 1.0.1 (1.40s)
Fetching https://github.com/kylef/Spectre.git
[1/1021] Fetching spectre
Fetched https://github.com/kylef/Spectre.git from cache (0.38s)
Computing version for https://github.com/kylef/Commander.git
Computed https://github.com/kylef/Commander.git at 0.9.1 (1.32s)
Computing version for https://github.com/apple/swift-certificates.git
Computed https://github.com/apple/swift-certificates.git at 1.0.1 (0.27s)
Fetching https://github.com/apple/swift-asn1.git
[1/1914] Fetching swift-asn1
Fetched https://github.com/apple/swift-asn1.git from cache (0.70s)
Computing version for https://github.com/apple/swift-system.git
Computed https://github.com/apple/swift-system.git at 1.1.1 (0.96s)
Computing version for https://github.com/art-divin/swift-driver.git
Computed https://github.com/art-divin/swift-driver.git at 1.0.1 (0.30s)
Fetching https://github.com/apple/swift-argument-parser.git
[1/17949] Fetching swift-argument-parser
Fetched https://github.com/apple/swift-argument-parser.git from cache (0.68s)
Computing version for https://github.com/art-divin/swift-tools-support-core.git
Computed https://github.com/art-divin/swift-tools-support-core.git at 1.0.0 (0.96s)
Computing version for https://github.com/art-divin/swift-llbuild.git
Computed https://github.com/art-divin/swift-llbuild.git at 1.0.0 (0.27s)
Computing version for https://github.com/tadija/AEXML.git
Computed https://github.com/tadija/AEXML.git at 4.6.1 (0.25s)
Computing version for https://github.com/art-divin/Stencil.git
Computed https://github.com/art-divin/Stencil.git at 0.15.3 (0.25s)
Computing version for https://github.com/kylef/Spectre.git
Computed https://github.com/kylef/Spectre.git at 0.10.1 (0.25s)
Computing version for https://github.com/swiftlang/swift-syntax.git
Computed https://github.com/swiftlang/swift-syntax.git at 600.0.1 (0.33s)
Computing version for https://github.com/apple/swift-argument-parser.git
Computed https://github.com/apple/swift-argument-parser.git at 1.2.3 (0.26s)
Computing version for https://github.com/jpsim/Yams.git
Computed https://github.com/jpsim/Yams.git at 5.0.6 (0.25s)
Computing version for https://github.com/Quick/Nimble.git
Computed https://github.com/Quick/Nimble.git at 9.2.1 (0.25s)
Fetching https://github.com/mattgallagher/CwlPreconditionTesting.git
[1/1257] Fetching cwlpreconditiontesting
Fetched https://github.com/mattgallagher/CwlPreconditionTesting.git from cache (0.69s)
Computing version for https://github.com/Quick/Quick.git
Computed https://github.com/Quick/Quick.git at 3.1.2 (0.96s)
Computing version for https://github.com/mattgallagher/CwlPreconditionTesting.git
Computed https://github.com/mattgallagher/CwlPreconditionTesting.git at 2.2.2 (0.25s)
Fetching https://github.com/mattgallagher/CwlCatchException.git
[1/460] Fetching cwlcatchexception
Fetched https://github.com/mattgallagher/CwlCatchException.git from cache (0.37s)
Computing version for https://github.com/mattgallagher/CwlCatchException.git
Computed https://github.com/mattgallagher/CwlCatchException.git at 2.2.1 (0.62s)
Computing version for https://github.com/apple/swift-asn1.git
Computed https://github.com/apple/swift-asn1.git at 1.7.1 (0.95s)
Computing version for https://github.com/apple/swift-collections.git
Computed https://github.com/apple/swift-collections.git at 1.6.0 (0.33s)
Creating working copy for https://github.com/mattgallagher/CwlCatchException.git
Working copy of https://github.com/mattgallagher/CwlCatchException.git resolved at 2.2.1
Creating working copy for https://github.com/apple/swift-argument-parser.git
Working copy of https://github.com/apple/swift-argument-parser.git resolved at 1.2.3
Creating working copy for https://github.com/art-divin/swift-package-manager.git
Working copy of https://github.com/art-divin/swift-package-manager.git resolved at 1.0.8
Creating working copy for https://github.com/art-divin/StencilSwiftKit.git
Working copy of https://github.com/art-divin/StencilSwiftKit.git resolved at 2.10.4
Creating working copy for https://github.com/apple/swift-asn1.git
Working copy of https://github.com/apple/swift-asn1.git resolved at 1.7.1
Creating working copy for https://github.com/art-divin/swift-llbuild.git
Working copy of https://github.com/art-divin/swift-llbuild.git resolved at 1.0.0
Creating working copy for https://github.com/tadija/AEXML.git
Working copy of https://github.com/tadija/AEXML.git resolved at 4.6.1
Creating working copy for https://github.com/mattgallagher/CwlPreconditionTesting.git
Working copy of https://github.com/mattgallagher/CwlPreconditionTesting.git resolved at 2.2.2
Creating working copy for https://github.com/tuist/XcodeProj.git
Working copy of https://github.com/tuist/XcodeProj.git resolved at 8.24.6
Creating working copy for https://github.com/kylef/PathKit.git
Working copy of https://github.com/kylef/PathKit.git resolved at 1.0.1
Creating working copy for https://github.com/apple/swift-collections.git
Working copy of https://github.com/apple/swift-collections.git resolved at 1.6.0
Creating working copy for https://github.com/art-divin/swift-tools-support-core.git
Working copy of https://github.com/art-divin/swift-tools-support-core.git resolved at 1.0.0
Creating working copy for https://github.com/apple/swift-certificates.git
Working copy of https://github.com/apple/swift-certificates.git resolved at 1.0.1
Creating working copy for https://github.com/apple/swift-system.git
Working copy of https://github.com/apple/swift-system.git resolved at 1.1.1
Creating working copy for https://github.com/art-divin/Stencil.git
Working copy of https://github.com/art-divin/Stencil.git resolved at 0.15.3
Creating working copy for https://github.com/kylef/Commander.git
Working copy of https://github.com/kylef/Commander.git resolved at 0.9.1
Creating working copy for https://github.com/swiftlang/swift-syntax.git
Working copy of https://github.com/swiftlang/swift-syntax.git resolved at 600.0.1
Creating working copy for https://github.com/art-divin/swift-driver.git
Working copy of https://github.com/art-divin/swift-driver.git resolved at 1.0.1
Creating working copy for https://github.com/kylef/Spectre.git
Working copy of https://github.com/kylef/Spectre.git resolved at 0.10.1
Creating working copy for https://github.com/jpsim/Yams.git
Working copy of https://github.com/jpsim/Yams.git resolved at 5.0.6
Creating working copy for https://github.com/Quick/Quick.git
Working copy of https://github.com/Quick/Quick.git resolved at 3.1.2
Creating working copy for https://github.com/apple/swift-crypto.git
Working copy of https://github.com/apple/swift-crypto.git resolved at 3.0.0
Creating working copy for https://github.com/Quick/Nimble.git
Working copy of https://github.com/Quick/Nimble.git resolved at 9.2.1
warning: couldn't find pc file for sqlite3
warning: couldn't find pc file for sqlite3
warning: 'spi-builder-workspace': found 6 file(s) which are unhandled; explicitly declare them as resources or exclude from the target
    /host/spi-builder-workspace/Templates/Tests/Context_Linux/AutoMockable.swift
    /host/spi-builder-workspace/Templates/Tests/Context_Linux/AutoEquatable.swift
    /host/spi-builder-workspace/Templates/Tests/Context_Linux/LinuxMain.swift
    /host/spi-builder-workspace/Templates/Tests/Context_Linux/AutoLenses.swift
    /host/spi-builder-workspace/Templates/Tests/Context_Linux/AutoCases.swift
    /host/spi-builder-workspace/Templates/Tests/Context_Linux/AutoHashable.swift
warning: 'swift-package-manager': found 1 file(s) which are unhandled; explicitly declare them as resources or exclude from the target
    /host/spi-builder-workspace/.build/checkouts/swift-package-manager/Sources/PackageModel/InstalledLibrariesSupport/provided-libraries.json
/host/spi-builder-workspace/Plugins/SourceryCommandPlugin/SourceryCommandPlugin.swift:72:1: warning: extension declares a conformance of imported type 'String' to imported protocols 'LocalizedError', 'Error'; this will not behave correctly if the owners of 'Swift' introduce this conformance in the future
70 | #endif
71 |
72 | extension String: LocalizedError {
   | |- warning: extension declares a conformance of imported type 'String' to imported protocols 'LocalizedError', 'Error'; this will not behave correctly if the owners of 'Swift' introduce this conformance in the future
   | `- note: add '@retroactive' to silence this warning
73 |     public var errorDescription: String? { return self }
74 | }
/host/spi-builder-workspace/Plugins/SourceryCommandPlugin/SourceryCommandPlugin.swift:72:1: warning: extension declares a conformance of imported type 'String' to imported protocols 'LocalizedError', 'Error'; this will not behave correctly if the owners of 'Swift' introduce this conformance in the future
70 | #endif
71 |
72 | extension String: LocalizedError {
   | |- warning: extension declares a conformance of imported type 'String' to imported protocols 'LocalizedError', 'Error'; this will not behave correctly if the owners of 'Swift' introduce this conformance in the future
   | `- note: add '@retroactive' to silence this warning
73 |     public var errorDescription: String? { return self }
74 | }
[1/1] Compiling plugin SourceryCommandPlugin
[2/2] Compiling plugin GenerateManual
Building for debugging...
[2/1122] Write sources
[29/1122] Compiling poly1305_arm_asm.S
[29/1122] Write sources
[31/1122] Compiling fiat_curve25519_adx_mul.S
[32/1122] Compiling windows.c
[33/1122] Compiling deterministic.c
[34/1122] Compiling pool.c
[35/1122] Compiling poly1305_vec.c
[36/1122] Compiling x509_txt.c
[37/1122] Compiling x509_cmp.c
[38/1122] Compiling _SwiftSyntaxCShims dummy.c
[39/1122] Write sources
[42/1122] Compiling TSCclibc process.c
[43/1122] Compiling TSCclibc libc.c
[43/1122] Write sources
[55/1122] Copying ejs.js
[56/1122] Write sources
[67/1122] Compiling writer.c
[68/1122] Compiling scanner.c
[69/1122] Compiling reader.c
[70/1122] Compiling parser.c
[71/1122] Compiling libllbuild C-API.cpp
[72/1122] Compiling api.c
[73/1122] Compiling emitter.c
[74/1122] Compiling CSwiftScan CSwiftScanImpl.c
[75/1122] Compiling CSystem shims.c
[76/1122] Compiling fiat_curve25519_adx_square.S
[77/1122] Compiling CCryptoBoringSSLShims shims.c
[78/1122] Compiling v3_utl.c
[79/1122] Compiling libllbuild Core-C-API.cpp
[80/1122] Compiling libllbuild BuildKey-C-API.cpp
[81/1122] Compiling v3_skey.c
[82/1122] Compiling v3_purp.c
[83/1122] Compiling libllbuild BuildValue-C-API.cpp
[84/1122] Compiling v3_prn.c
[85/1122] Compiling v3_pmaps.c
[86/1122] Compiling libllbuild BuildDB-C-API.cpp
[87/1122] Compiling v3_pcons.c
[88/1122] Compiling libllbuild Ninja-C-API.cpp
[89/1122] Compiling v3_ocsp.c
[90/1122] Compiling v3_int.c
[91/1122] Compiling v3_ncons.c
[92/1122] Compiling v3_lib.c
[93/1122] Compiling v3_info.c
[94/1122] Compiling v3_ia5.c
[95/1122] Compiling v3_genn.c
[96/1122] Compiling v3_extku.c
[97/1122] Compiling v3_enum.c
[98/1122] Compiling v3_cpols.c
[99/1122] Compiling v3_crld.c
[100/1122] Compiling v3_conf.c
[101/1122] Compiling v3_bitst.c
[102/1122] Compiling v3_bcons.c
[103/1122] Compiling v3_alt.c
[104/1122] Compiling v3_akeya.c
[105/1122] Compiling x_x509a.c
[106/1122] Compiling v3_akey.c
[107/1122] Compiling x_spki.c
[108/1122] Compiling x_val.c
[109/1122] Compiling x_sig.c
[110/1122] Compiling x_x509.c
[111/1122] Compiling x_req.c
[112/1122] Compiling x_pkey.c
[113/1122] Compiling x_info.c
[114/1122] Compiling x_pubkey.c
[115/1122] Compiling x_name.c
[116/1122] Compiling x_exten.c
[117/1122] Compiling x_attrib.c
[118/1122] Compiling x_crl.c
[119/1122] Compiling x_algor.c
[120/1122] Compiling x509spki.c
[120/1122] Compiling x_all.c
[122/1122] Compiling x509rset.c
[123/1122] Compiling x509name.c
[124/1122] Compiling x509cset.c
[125/1122] Compiling x509_vpm.c
[126/1122] Compiling x509_set.c
[127/1122] Compiling x509_v3.c
[128/1122] Compiling x509_trs.c
[129/1122] Compiling libllbuild BuildSystem-C-API.cpp
[130/1122] Compiling x509_vfy.c
[131/1122] Compiling x509_req.c
[132/1122] Compiling x509_obj.c
[133/1122] Compiling x509_def.c
[134/1122] Compiling x509_d2.c
[135/1122] Compiling x509.c
[136/1122] Compiling x509_att.c
[137/1122] Compiling x509_ext.c
[138/1122] Compiling x509_lu.c
[139/1122] Compiling t_x509a.c
[140/1122] Compiling t_x509.c
[141/1122] Compiling i2d_pr.c
[142/1122] Compiling t_crl.c
[142/1122] Compiling t_req.c
[144/1122] Compiling name_print.c
[145/1122] Compiling rsa_pss.c
[146/1122] Compiling by_file.c
[147/1122] Compiling policy.c
[148/1122] Compiling by_dir.c
[149/1122] Compiling a_digest.c
[150/1122] Compiling algorithm.c
[151/1122] Compiling a_verify.c
[151/1122] Compiling a_sign.c
[153/1122] Compiling asn1_gen.c
[154/1122] Compiling voprf.c
[155/1122] Compiling trust_token.c
[156/1122] Compiling thread.c
[157/1122] Compiling thread_win.c
[158/1122] Compiling thread_none.c
[159/1122] Compiling thread_pthread.c
[160/1122] Compiling rsa_print.c
[161/1122] Compiling siphash.c
[162/1122] Compiling stack.c
[163/1122] Compiling rc4.c
[164/1122] Compiling pmbtoken.c
[165/1122] Compiling refcount.c
[166/1122] Compiling rand_extra.c
[167/1122] Compiling rsa_asn1.c
[168/1122] Compiling trusty.c
[169/1122] Compiling passive.c
[170/1122] Compiling rsa_crypt.c
[171/1122] Compiling getentropy.c
[172/1122] Compiling ios.c
[173/1122] Compiling forkunsafe.c
[174/1122] Compiling poly1305_arm.c
[175/1122] Compiling poly1305.c
[176/1122] Compiling pkcs7.c
[177/1122] Compiling pkcs8.c
[178/1122] Compiling p5_pbev2.c
[179/1122] Compiling pem_xaux.c
[180/1122] Compiling pem_x509.c
[181/1122] Compiling pkcs7_x509.c
[182/1122] Compiling pkcs8_x509.c
[183/1122] Compiling pem_pkey.c
[184/1122] Compiling pem_pk8.c
[185/1122] Compiling obj_xref.c
[186/1122] Compiling mem.c
[187/1122] Compiling lhash.c
[188/1122] Compiling pem_oth.c
[189/1122] Compiling pem_info.c
[190/1122] Compiling pem_lib.c
[191/1122] Compiling pem_all.c
[192/1122] Compiling keccak.c
[193/1122] Compiling obj.c
[193/1122] Compiling kyber.c
[195/1122] Compiling poly_rq_mul.S
[196/1122] Compiling x86_64-mont5-mac.mac.x86_64.S
[197/1122] Compiling x86_64-mont-mac.mac.x86_64.S
[198/1122] Compiling x86-mont-windows.windows.x86.S
[199/1122] Compiling x86_64-mont5-linux.linux.x86_64.S
[200/1122] Compiling x86_64-mont-linux.linux.x86_64.S
[201/1122] Compiling x86-mont-linux.linux.x86.S
[202/1122] Compiling hpke.c
[203/1122] Compiling vpaes-x86-windows.windows.x86.S
[204/1122] Compiling vpaes-x86_64-mac.mac.x86_64.S
[205/1122] Compiling vpaes-armv8-linux.linux.aarch64.S
[206/1122] Compiling vpaes-x86_64-linux.linux.x86_64.S
[207/1122] Compiling vpaes-x86-linux.linux.x86.S
[208/1122] Compiling vpaes-armv8-ios.ios.aarch64.S
[209/1122] Compiling vpaes-armv7-linux.linux.arm.S
[210/1122] Compiling vpaes-armv7-ios.ios.arm.S
[211/1122] Compiling sha512-x86_64-mac.mac.x86_64.S
[212/1122] Compiling sha512-armv8-linux.linux.aarch64.S
[213/1122] Compiling sha512-armv8-ios.ios.aarch64.S
[214/1122] Compiling hrss.c
[215/1122] Compiling sha512-x86_64-linux.linux.x86_64.S
[216/1122] Compiling sha512-armv4-linux.linux.arm.S
[217/1122] Compiling kdf.c
[218/1122] Compiling sha512-armv4-ios.ios.arm.S
[219/1122] Compiling sha512-586-windows.windows.x86.S
[220/1122] Compiling sha512-586-linux.linux.x86.S
[221/1122] Compiling sha256-x86_64-mac.mac.x86_64.S
[222/1122] Compiling sha256-armv8-ios.ios.aarch64.S
[223/1122] Compiling sha256-armv8-linux.linux.aarch64.S
[224/1122] Compiling sha256-x86_64-linux.linux.x86_64.S
[225/1122] Compiling sha256-armv4-linux.linux.arm.S
[226/1122] Compiling sha256-armv4-ios.ios.arm.S
[227/1122] Compiling sha256-586-windows.windows.x86.S
[228/1122] Compiling sha256-586-linux.linux.x86.S
[229/1122] Compiling sha1-x86_64-mac.mac.x86_64.S
[230/1122] Compiling sha1-armv8-linux.linux.aarch64.S
[231/1122] Compiling sha1-armv4-large-ios.ios.arm.S
[231/1122] Compiling sha1-armv4-large-linux.linux.arm.S
[231/1122] Compiling sha1-armv8-ios.ios.aarch64.S
[234/1122] Compiling sha1-586-windows.windows.x86.S
[235/1122] Compiling sha1-x86_64-linux.linux.x86_64.S
[236/1122] Compiling sha1-586-linux.linux.x86.S
[237/1122] Compiling sha256.c
[238/1122] Compiling rsaz-avx2-mac.mac.x86_64.S
[239/1122] Compiling sha512.c
[240/1122] Compiling rsaz-avx2-linux.linux.x86_64.S
[241/1122] Compiling sha1.c
[242/1122] Compiling fips.c
[243/1122] Compiling service_indicator.c
[244/1122] Compiling rdrand-x86_64-mac.mac.x86_64.S
[245/1122] Compiling rdrand-x86_64-linux.linux.x86_64.S
[246/1122] Compiling self_check.c
[247/1122] Compiling blinding.c
[248/1122] Compiling padding.c
[249/1122] Compiling urandom.c
[250/1122] Compiling rsa_impl.c
[251/1122] Compiling p256_beeu-x86_64-asm-mac.mac.x86_64.S
[252/1122] Compiling rsa.c
[253/1122] Compiling rand.c
[254/1122] Compiling fork_detect.c
[255/1122] Compiling p256_beeu-x86_64-asm-linux.linux.x86_64.S
[256/1122] Compiling ctrdrbg.c
[257/1122] Compiling p256_beeu-armv8-asm-linux.linux.aarch64.S
[258/1122] Compiling p256_beeu-armv8-asm-ios.ios.aarch64.S
[259/1122] Compiling p256-x86_64-asm-mac.mac.x86_64.S
[260/1122] Compiling p256-armv8-asm-ios.ios.aarch64.S
[261/1122] Compiling p256-armv8-asm-linux.linux.aarch64.S
[262/1122] Compiling p256-x86_64-asm-linux.linux.x86_64.S
[263/1122] Compiling polyval.c
[264/1122] Compiling ofb.c
[265/1122] Compiling gcm_nohw.c
[266/1122] Compiling ctr.c
[267/1122] Compiling md5-x86_64-mac.mac.x86_64.S
[268/1122] Compiling cfb.c
[269/1122] Compiling md5.c
[270/1122] Compiling cbc.c
[271/1122] Compiling gcm.c
[272/1122] Compiling md5-x86_64-linux.linux.x86_64.S
[273/1122] Compiling md5-586-windows.windows.x86.S
[274/1122] Compiling md5-586-linux.linux.x86.S
[275/1122] Compiling ghashv8-armv8-linux.linux.aarch64.S
[276/1122] Compiling ghashv8-armv7-ios.ios.arm.S
[276/1122] Compiling ghashv8-armv8-ios.ios.aarch64.S
[278/1122] Compiling ghashv8-armv7-linux.linux.arm.S
[279/1122] Compiling ghash-x86_64-mac.mac.x86_64.S
[280/1122] Compiling md4.c
[281/1122] Compiling hmac.c
[282/1122] Compiling hkdf.c
[283/1122] Compiling ghash-x86-windows.windows.x86.S
[284/1122] Compiling ghash-x86_64-linux.linux.x86_64.S
[285/1122] Compiling ghash-ssse3-x86_64-mac.mac.x86_64.S
[286/1122] Compiling ghash-x86-linux.linux.x86.S
[287/1122] Compiling ghash-ssse3-x86_64-linux.linux.x86_64.S
[288/1122] Compiling ghash-ssse3-x86-windows.windows.x86.S
[289/1122] Compiling fips_shared_support.c
[290/1122] Compiling ghash-ssse3-x86-linux.linux.x86.S
[291/1122] Compiling ghash-neon-armv8-linux.linux.aarch64.S
[292/1122] Compiling ghash-armv4-linux.linux.arm.S
[292/1122] Compiling ghash-neon-armv8-ios.ios.aarch64.S
[294/1122] Compiling ghash-armv4-ios.ios.arm.S
[295/1122] Compiling util.c
[296/1122] Compiling ecdsa.c
[297/1122] Compiling wnaf.c
[297/1122] Compiling ecdh.c
[299/1122] Compiling simple_mul.c
[300/1122] Compiling simple.c
[301/1122] Compiling scalar.c
[302/1122] Compiling p256.c
[303/1122] Compiling felem.c
[304/1122] Compiling oct.c
[305/1122] Compiling ec_montgomery.c
[306/1122] Compiling ec_key.c
[307/1122] Compiling p224-64.c
[308/1122] Compiling ec.c
[309/1122] Compiling co-586-windows.windows.x86.S
[310/1122] Compiling digestsign.c
[311/1122] Compiling digest.c
[312/1122] Compiling digests.c
[313/1122] Compiling check.c
[314/1122] Compiling dh.c
[315/1122] Compiling co-586-linux.linux.x86.S
[316/1122] Compiling bsaes-armv7-linux.linux.arm.S
[317/1122] Compiling bsaes-armv7-ios.ios.arm.S
[318/1122] Compiling cmac.c
[319/1122] Compiling aead.c
[319/1122] Compiling e_aesccm.c
[321/1122] Compiling cipher.c
[322/1122] Compiling rsaz_exp.c
[323/1122] Compiling sqrt.c
[324/1122] Compiling shift.c
[325/1122] Compiling e_aes.c
[326/1122] Compiling random.c
[327/1122] Compiling prime.c
[327/1122] Compiling p256-nistz.c
[329/1122] Compiling mul.c
[330/1122] Compiling generic.c
[330/1122] Compiling montgomery_inv.c
[332/1122] Compiling jacobi.c
[333/1122] Compiling montgomery.c
[334/1122] Compiling gcd.c
[335/1122] Compiling gcd_extra.c
[336/1122] Compiling div_extra.c
[337/1122] Compiling ctx.c
[338/1122] Compiling cmp.c
[339/1122] Compiling bytes.c
[339/1122] Compiling exponentiation.c
[341/1122] Compiling div.c
[342/1122] Compiling bn-armv8-linux.linux.aarch64.S
[343/1122] Compiling bn-586-windows.windows.x86.S
[344/1122] Compiling bn.c
[345/1122] Compiling bn-586-linux.linux.x86.S
[346/1122] Compiling bn-armv8-ios.ios.aarch64.S
[347/1122] Compiling add.c
[348/1122] Compiling armv8-mont-ios.ios.aarch64.S
[349/1122] Compiling armv4-mont-linux.linux.arm.S
[350/1122] Compiling armv8-mont-linux.linux.aarch64.S
[351/1122] Compiling armv4-mont-ios.ios.arm.S
[352/1122] Compiling aesv8-gcm-armv8-ios.ios.aarch64.S
[353/1122] Compiling aesv8-gcm-armv8-linux.linux.aarch64.S
[354/1122] Compiling aesv8-armv8-linux.linux.aarch64.S
[355/1122] Compiling aesv8-armv8-ios.ios.aarch64.S
[356/1122] Compiling x86_64-gcc.c
[357/1122] Compiling aesv8-armv7-linux.linux.arm.S
[358/1122] Compiling aesni-x86_64-mac.mac.x86_64.S
[359/1122] Compiling aesv8-armv7-ios.ios.arm.S
[360/1122] Compiling aesni-x86-windows.windows.x86.S
[361/1122] Compiling aesni-x86-linux.linux.x86.S
[361/1122] Compiling aesni-x86_64-linux.linux.x86_64.S
[363/1122] Compiling aesni-gcm-x86_64-mac.mac.x86_64.S
[364/1122] Compiling aesni-gcm-x86_64-linux.linux.x86_64.S
[365/1122] Compiling mode_wrappers.c
[366/1122] Compiling key_wrap.c
[367/1122] Compiling aes.c
[368/1122] Compiling sign.c
[369/1122] Compiling ex_data.c
[370/1122] Compiling scrypt.c
[371/1122] Compiling pbkdf.c
[372/1122] Compiling p_x25519.c
[373/1122] Compiling print.c
[373/1122] Compiling aes_nohw.c
[375/1122] Compiling p_x25519_asn1.c
[376/1122] Compiling p_rsa_asn1.c
[377/1122] Compiling p_hkdf.c
[378/1122] Compiling p_rsa.c
[379/1122] Compiling p_ed25519.c
[380/1122] Compiling p_ec_asn1.c
[381/1122] Compiling p_ed25519_asn1.c
[382/1122] Compiling p_ec.c
[383/1122] Compiling err_data.c
[384/1122] Compiling evp_ctx.c
[385/1122] Compiling p_dsa_asn1.c
[386/1122] Compiling evp_asn1.c
[387/1122] Compiling evp.c
[387/1122] Compiling engine.c
[389/1122] Compiling err.c
[390/1122] Compiling ecdh_extra.c
[391/1122] Compiling ecdsa_asn1.c
[392/1122] Compiling ec_derive.c
[393/1122] Compiling hash_to_curve.c
[394/1122] Compiling dsa_asn1.c
[395/1122] Compiling params.c
[396/1122] Compiling ec_asn1.c
[397/1122] Compiling dh_asn1.c
[398/1122] Compiling dsa.c
[399/1122] Compiling digest_extra.c
[400/1122] Compiling x25519-asm-arm.S
[401/1122] Compiling spake25519.c
[402/1122] Compiling crypto.c
[403/1122] Compiling cpu_arm_linux.c
[404/1122] Compiling cpu_intel.c
[405/1122] Compiling cpu_arm_freebsd.c
[406/1122] Compiling des.c
[407/1122] Compiling cpu_aarch64_openbsd.c
[408/1122] Compiling cpu_aarch64_sysreg.c
[409/1122] Compiling cpu_arm.c
[409/1122] Compiling cpu_aarch64_win.c
[411/1122] Compiling cpu_aarch64_linux.c
[412/1122] Compiling cpu_aarch64_fuchsia.c
[413/1122] Compiling cpu_aarch64_apple.c
[414/1122] Compiling curve25519.c
[415/1122] Compiling tls_cbc.c
[416/1122] Compiling e_tls.c
[417/1122] Compiling e_rc4.c
[418/1122] Compiling e_rc2.c
[419/1122] Compiling conf.c
[420/1122] Compiling e_null.c
[421/1122] Compiling derive_key.c
[422/1122] Compiling e_des.c
[423/1122] Compiling e_chacha20poly1305.c
[424/1122] Compiling chacha20_poly1305_x86_64-mac.mac.x86_64.S
[425/1122] Compiling e_aesctrhmac.c
[425/1122] Compiling cipher_extra.c
[427/1122] Compiling e_aesgcmsiv.c
[428/1122] Compiling chacha20_poly1305_armv8-linux.linux.aarch64.S
[429/1122] Compiling aes128gcmsiv-x86_64-mac.mac.x86_64.S
[430/1122] Compiling chacha20_poly1305_armv8-ios.ios.aarch64.S
[431/1122] Compiling chacha-x86_64-mac.mac.x86_64.S
[432/1122] Compiling curve25519_64_adx.c
[433/1122] Compiling chacha20_poly1305_x86_64-linux.linux.x86_64.S
[434/1122] Compiling aes128gcmsiv-x86_64-linux.linux.x86_64.S
[435/1122] Compiling chacha-x86_64-linux.linux.x86_64.S
[436/1122] Compiling chacha.c
[437/1122] Compiling chacha-x86-windows.windows.x86.S
[437/1122] Compiling chacha-x86-linux.linux.x86.S
[438/1122] Compiling chacha-armv4-linux.linux.arm.S
[440/1122] Compiling chacha-armv8-linux.linux.aarch64.S
[441/1122] Compiling chacha-armv8-ios.ios.aarch64.S
[442/1122] Compiling chacha-armv4-ios.ios.arm.S
[443/1122] Compiling unicode.c
[444/1122] Compiling asn1_compat.c
[445/1122] Compiling buf.c
[446/1122] Compiling cbb.c
[446/1122] Compiling ber.c
[448/1122] Compiling bn_asn1.c
[449/1122] Compiling blake2.c
[450/1122] Compiling cbs.c
[451/1122] Compiling printf.c
[452/1122] Compiling convert.c
[453/1122] Compiling hexdump.c
[454/1122] Compiling file.c
[455/1122] Compiling pair.c
[456/1122] Compiling errno.c
[457/1122] Compiling fd.c
[458/1122] Compiling bio_mem.c
[459/1122] Compiling base64.c
[460/1122] Compiling bio.c
[461/1122] Compiling tasn_fre.c
[462/1122] Compiling tasn_typ.c
[463/1122] Compiling tasn_utl.c
[464/1122] Compiling tasn_new.c
[465/1122] Compiling tasn_enc.c
[466/1122] Compiling posix_time.c
[467/1122] Compiling f_string.c
[468/1122] Compiling f_int.c
[469/1122] Compiling tasn_dec.c
[470/1122] Compiling asn1_par.c
[471/1122] Compiling asn_pack.c
[472/1122] Compiling asn1_lib.c
[473/1122] Compiling a_utctm.c
[474/1122] Compiling a_type.c
[475/1122] Compiling a_time.c
[476/1122] Compiling a_octet.c
[477/1122] Compiling a_strnid.c
[478/1122] Compiling a_object.c
[479/1122] Compiling a_strex.c
[480/1122] Compiling a_mbstr.c
[481/1122] Write sources
[484/1122] Compiling a_i2d_fp.c
[485/1122] Compiling a_dup.c
[486/1122] Compiling a_gentm.c
[487/1122] Compiling a_int.c
[488/1122] Compiling a_d2i_fp.c
[489/1122] Compiling a_bool.c
[490/1122] Compiling llvmSupport Valgrind.cpp
[491/1122] Compiling a_bitstr.c
[492/1122] Compiling llvmSupport UnicodeCaseFold.cpp
[493/1122] Write swift-version-24593BA9C3E375BF.txt
[494/1130] Compiling llvmSupport circular_raw_ostream.cpp
[495/1130] Compiling llvmSupport Twine.cpp
[496/1130] Compiling llvmSupport Unicode.cpp
/host/spi-builder-workspace/.build/checkouts/swift-llbuild/lib/llvm/Support/Threading.cpp:72:17: error: no member named 'thread' in namespace 'std'
   72 |     return std::thread::hardware_concurrency();
      |            ~~~~~^
/host/spi-builder-workspace/.build/checkouts/swift-llbuild/lib/llvm/Support/Threading.cpp:83:27: error: no member named 'thread' in namespace 'std'
   83 |   if (unsigned Val = std::thread::hardware_concurrency())
      |                      ~~~~~^
In file included from /host/spi-builder-workspace/.build/checkouts/swift-llbuild/lib/llvm/Support/Threading.cpp:90:
/host/spi-builder-workspace/.build/checkouts/swift-llbuild/lib/llvm/Support/Unix/Threading.inc:22:10: fatal error: 'pthread.h' file not found
   22 | #include <pthread.h>
      |          ^~~~~~~~~~~
3 errors generated.
[497/1130] Compiling llvmSupport Threading.cpp
[497/1130] Compiling llvmSupport Triple.cpp
[497/1130] Compiling llvmSupport YAMLParser.cpp
[497/1130] Compiling llvmSupport raw_ostream.cpp
Running build ...
bash -c docker run --pull=always --rm -v "checkouts-53886769-0":/host -w "$PWD" -e JAVA_HOME="/root/.sdkman/candidates/java/current" -e SPI_BUILD="1" -e SPI_PROCESSING="1" registry.gitlab.com/saguaro1/spi-images:wasm-6.1-latest swift build --swift-sdk wasm32-unknown-wasi 2>&1
wasm-6.1-latest: Pulling from saguaro1/spi-images
Digest: sha256:1ad245dad3d2ae0004e1afbc92334bd39884ed9ca587cf04d0a8d5f640fb02e9
Status: Image is up to date for registry.gitlab.com/saguaro1/spi-images:wasm-6.1-latest
warning: couldn't find pc file for sqlite3
warning: couldn't find pc file for sqlite3
warning: 'spi-builder-workspace': found 8 file(s) which are unhandled; explicitly declare them as resources or exclude from the target
    /host/spi-builder-workspace/Templates/Tests/Context/LinuxMain.swift
    /host/spi-builder-workspace/Templates/Tests/Context/AutoCodable.swift
    /host/spi-builder-workspace/Templates/artifactbundle.info.json.template
    /host/spi-builder-workspace/Templates/Tests/Context/AutoEquatable.swift
    /host/spi-builder-workspace/Templates/Tests/Context/AutoCases.swift
    /host/spi-builder-workspace/Templates/Tests/Context/AutoLenses.swift
    /host/spi-builder-workspace/Templates/Tests/Context/AutoHashable.swift
    /host/spi-builder-workspace/Templates/Tests/Context/AutoMockable.swift
warning: 'spi-builder-workspace': found 1 file(s) which are unhandled; explicitly declare them as resources or exclude from the target
    /host/spi-builder-workspace/Tests/SourceryLibTests/Stub/Source/TestProject/TestProject/Info.plist
warning: 'spi-builder-workspace': found 6 file(s) which are unhandled; explicitly declare them as resources or exclude from the target
    /host/spi-builder-workspace/Templates/Tests/Context_Linux/AutoHashable.swift
    /host/spi-builder-workspace/Templates/Tests/Context_Linux/AutoLenses.swift
    /host/spi-builder-workspace/Templates/Tests/Context_Linux/LinuxMain.swift
    /host/spi-builder-workspace/Templates/Tests/Context_Linux/AutoMockable.swift
    /host/spi-builder-workspace/Templates/Tests/Context_Linux/AutoEquatable.swift
    /host/spi-builder-workspace/Templates/Tests/Context_Linux/AutoCases.swift
warning: 'swift-package-manager': found 1 file(s) which are unhandled; explicitly declare them as resources or exclude from the target
    /host/spi-builder-workspace/.build/checkouts/swift-package-manager/Sources/PackageModel/InstalledLibrariesSupport/provided-libraries.json
[0/1] Planning build
/host/spi-builder-workspace/Plugins/SourceryCommandPlugin/SourceryCommandPlugin.swift:72:1: warning: extension declares a conformance of imported type 'String' to imported protocols 'LocalizedError', 'Error'; this will not behave correctly if the owners of 'Swift' introduce this conformance in the future
70 | #endif
71 |
72 | extension String: LocalizedError {
   | |- warning: extension declares a conformance of imported type 'String' to imported protocols 'LocalizedError', 'Error'; this will not behave correctly if the owners of 'Swift' introduce this conformance in the future
   | `- note: add '@retroactive' to silence this warning
73 |     public var errorDescription: String? { return self }
74 | }
/host/spi-builder-workspace/Plugins/SourceryCommandPlugin/SourceryCommandPlugin.swift:72:1: warning: extension declares a conformance of imported type 'String' to imported protocols 'LocalizedError', 'Error'; this will not behave correctly if the owners of 'Swift' introduce this conformance in the future
70 | #endif
71 |
72 | extension String: LocalizedError {
   | |- warning: extension declares a conformance of imported type 'String' to imported protocols 'LocalizedError', 'Error'; this will not behave correctly if the owners of 'Swift' introduce this conformance in the future
   | `- note: add '@retroactive' to silence this warning
73 |     public var errorDescription: String? { return self }
74 | }
[1/1] Compiling plugin SourceryCommandPlugin
[2/2] Compiling plugin GenerateManual
Building for debugging...
[2/627] Write sources
/host/spi-builder-workspace/.build/checkouts/swift-llbuild/lib/llvm/Support/Threading.cpp:72:17: error: no member named 'thread' in namespace 'std'
   72 |     return std::thread::hardware_concurrency();
      |            ~~~~~^
/host/spi-builder-workspace/.build/checkouts/swift-llbuild/lib/llvm/Support/Threading.cpp:83:27: error: no member named 'thread' in namespace 'std'
   83 |   if (unsigned Val = std::thread::hardware_concurrency())
      |                      ~~~~~^
In file included from /host/spi-builder-workspace/.build/checkouts/swift-llbuild/lib/llvm/Support/Threading.cpp:90:
/host/spi-builder-workspace/.build/checkouts/swift-llbuild/lib/llvm/Support/Unix/Threading.inc:22:10: fatal error: 'pthread.h' file not found
   22 | #include <pthread.h>
      |          ^~~~~~~~~~~
3 errors generated.
[4/628] Compiling llvmSupport Threading.cpp
[4/628] Compiling llvmSupport StringMap.cpp
[4/628] Compiling llvmSupport Triple.cpp
[4/628] Compiling llvmSupport StringRef.cpp
[4/628] Compiling llvmSupport StringSaver.cpp
[4/628] Compiling llvmSupport raw_ostream.cpp
[4/628] Compiling llvmSupport TargetParser.cpp
[4/628] Compiling llvmSupport YAMLParser.cpp
BUILD FAILURE 6.1 wasm