Build Information
Failed to build CGLayout, reference master (62d3ab), with Swift 6.4 for iOS using Xcode 27.0 on 16 Sep 2026 07:24:53 UTC.
Build Command
env DEVELOPER_DIR=/Applications/Xcode-27.0.0-Release.Candidate.app xcrun xcodebuild -IDEClonedSourcePackagesDirPathOverride=$PWD/.dependencies -skipMacroValidation -skipPackagePluginValidation -derivedDataPath $PWD/.derivedData build -scheme CGLayout-Package -destination generic/platform=iOSBuild Log
========================================
RunAll
========================================
Builder version: 5.1.0
Interrupt handler set up.
========================================
Checkout
========================================
Clone URL: https://github.com/k-o-d-e-n/CGLayout.git
Reference: master
Initialized empty Git repository in /Users/admin/builder/spi-builder-workspace/.git/
From https://github.com/k-o-d-e-n/CGLayout
* branch master -> FETCH_HEAD
* [new branch] master -> origin/master
HEAD is now at 62d3ab1 Update README.md
Cloned https://github.com/k-o-d-e-n/CGLayout.git
Revision (git rev-parse @):
62d3ab15e690bb56136e924a9be7115583f3a94b
SUCCESS checkout https://github.com/k-o-d-e-n/CGLayout.git at master
========================================
Build
========================================
Selected platform: iOS
Swift version: 6.4
Building package at path: $PWD
https://github.com/k-o-d-e-n/CGLayout.git
Command line invocation:
/Applications/Xcode-27.0.0-Release.Candidate.app/Contents/Developer/usr/bin/xcodebuild -IDEClonedSourcePackagesDirPathOverride=/Users/admin/builder/spi-builder-workspace/.dependencies -resolvePackageDependencies
resolved source packages:
{
"dependencies" : [
],
"manifest_display_name" : "CGLayout",
"name" : "CGLayout",
"path" : "/Users/admin/builder/spi-builder-workspace",
"platforms" : [
],
"products" : [
{
"name" : "CGLayout",
"targets" : [
"CGLayout"
],
"type" : {
"library" : [
"automatic"
]
}
}
],
"targets" : [
{
"c99name" : "CGLayoutTests",
"module_type" : "SwiftTarget",
"name" : "CGLayoutTests",
"path" : "Tests/CGLayoutTests",
"sources" : [
"CGLayoutTests.swift",
"Tests.swift",
"XCTestManifests.swift",
"support_linux.tests.swift"
],
"target_dependencies" : [
"CGLayout"
],
"type" : "test"
},
{
"c99name" : "CGLayout",
"module_type" : "SwiftTarget",
"name" : "CGLayout",
"path" : "Sources/Classes",
"product_memberships" : [
"CGLayout"
],
"sources" : [
"common.cglayout.swift",
"container.cglayout.swift",
"coordinate.cglayout.swift",
"core.cglayout.swift",
"deprecated.cglayout.swift",
"evolution.cglayout/anchors.cglayout.swift",
"evolution.cglayout/backend.anchors.cglayout.swift",
"evolution.cglayout/system.cglayout.swift",
"evolution.cglayout/workspace.cglayout.swift",
"layoutBlock.cglayout.swift",
"layoutConstraint.cglayout.swift",
"layoutGuide.cglayout.swift",
"private.cglayout.swift",
"rtl.cglayout.swift",
"scroll.layoutGuide.cglayout.swift",
"stack.layoutGuide.cglayout.swift",
"support.cglayout.swift"
],
"type" : "library"
}
],
"tools_version" : "4.2"
}
{
"project" : {
"configurations" : [
"Debug",
"Release"
],
"name" : "CGLayout",
"schemes" : [
"CGLayout-Package"
],
"targets" : [
"CGLayout",
"CGLayoutPackageDescription",
"CGLayoutPackageTests",
"CGLayoutTests"
]
}
}
Running build ...
env DEVELOPER_DIR=/Applications/Xcode-27.0.0-Release.Candidate.app xcrun xcodebuild -IDEClonedSourcePackagesDirPathOverride=$PWD/.dependencies -skipMacroValidation -skipPackagePluginValidation -derivedDataPath $PWD/.derivedData build -scheme CGLayout-Package -destination generic/platform=iOS
Command line invocation:
/Applications/Xcode-27.0.0-Release.Candidate.app/Contents/Developer/usr/bin/xcodebuild -IDEClonedSourcePackagesDirPathOverride=/Users/admin/builder/spi-builder-workspace/.dependencies -skipMacroValidation -skipPackagePluginValidation -derivedDataPath /Users/admin/builder/spi-builder-workspace/.derivedData build -scheme CGLayout-Package -destination generic/platform=iOS
ComputePackagePrebuildTargetDependencyGraph
Prepare packages
CreateBuildRequest
SendProjectDescription
CreateBuildOperation
ComputeTargetDependencyGraph
note: Building targets in dependency order
note: Target dependency graph (1 target)
Target 'CGLayout' in project 'CGLayout' (no dependencies)
GatherProvisioningInputs
CreateBuildDescription
ExecuteExternalTool /Applications/Xcode-27.0.0-Release.Candidate.app/Contents/Developer/Toolchains/XcodeDefault.xctoolchain/usr/bin/clang -v -E -dM -isysroot /Applications/Xcode-27.0.0-Release.Candidate.app/Contents/Developer/Platforms/iPhoneOS.platform/Developer/SDKs/iPhoneOS27.0.sdk -x c -c /dev/null
ExecuteExternalTool /Applications/Xcode-27.0.0-Release.Candidate.app/Contents/Developer/Toolchains/XcodeDefault.xctoolchain/usr/bin/swiftc --version
ExecuteExternalTool /Applications/Xcode-27.0.0-Release.Candidate.app/Contents/Developer/Toolchains/XcodeDefault.xctoolchain/usr/bin/ld -version_details
Build description signature: c9aec72abac5bc2a448e284b741ba5a0
Build description path: /Users/admin/builder/spi-builder-workspace/.derivedData/Build/Intermediates.noindex/XCBuildData/c9aec72abac5bc2a448e284b741ba5a0.xcbuilddata
CreateBuildDirectory /Users/admin/builder/spi-builder-workspace/.derivedData/SDKExplicitPrecompiledModules
cd /Users/admin/builder/spi-builder-workspace/CGLayout.xcodeproj
builtin-create-build-directory /Users/admin/builder/spi-builder-workspace/.derivedData/SDKExplicitPrecompiledModules
CreateBuildDirectory /Users/admin/builder/spi-builder-workspace/.derivedData/ModuleCache.noindex
cd /Users/admin/builder/spi-builder-workspace/CGLayout.xcodeproj
builtin-create-build-directory /Users/admin/builder/spi-builder-workspace/.derivedData/ModuleCache.noindex
CreateBuildDirectory /Users/admin/builder/spi-builder-workspace/.derivedData/CompilationCache.noindex
cd /Users/admin/builder/spi-builder-workspace/CGLayout.xcodeproj
builtin-create-build-directory /Users/admin/builder/spi-builder-workspace/.derivedData/CompilationCache.noindex
ClangStatCache /Applications/Xcode-27.0.0-Release.Candidate.app/Contents/Developer/Toolchains/XcodeDefault.xctoolchain/usr/bin/clang-stat-cache /Applications/Xcode-27.0.0-Release.Candidate.app/Contents/Developer/Platforms/iPhoneOS.platform/Developer/SDKs/iPhoneOS27.0.sdk /Users/admin/builder/spi-builder-workspace/.derivedData/SDKStatCaches.noindex/iphoneos27.0-24A430-e829b21a6f8c9b70876ba0858053c04440ceaa042ed91876912b2eeea4e3aa14.sdkstatcache
cd /Users/admin/builder/spi-builder-workspace/CGLayout.xcodeproj
/Applications/Xcode-27.0.0-Release.Candidate.app/Contents/Developer/Toolchains/XcodeDefault.xctoolchain/usr/bin/clang-stat-cache /Applications/Xcode-27.0.0-Release.Candidate.app/Contents/Developer/Platforms/iPhoneOS.platform/Developer/SDKs/iPhoneOS27.0.sdk -o /Users/admin/builder/spi-builder-workspace/.derivedData/SDKStatCaches.noindex/iphoneos27.0-24A430-e829b21a6f8c9b70876ba0858053c04440ceaa042ed91876912b2eeea4e3aa14.sdkstatcache
CreateBuildDirectory /Users/admin/builder/spi-builder-workspace/.derivedData/Build/Products
cd /Users/admin/builder/spi-builder-workspace/CGLayout.xcodeproj
builtin-create-build-directory /Users/admin/builder/spi-builder-workspace/.derivedData/Build/Products
CreateBuildDirectory /Users/admin/builder/spi-builder-workspace/.derivedData/Build/Intermediates.noindex
cd /Users/admin/builder/spi-builder-workspace/CGLayout.xcodeproj
builtin-create-build-directory /Users/admin/builder/spi-builder-workspace/.derivedData/Build/Intermediates.noindex
CreateBuildDirectory /Users/admin/builder/spi-builder-workspace/.derivedData/Build/Intermediates.noindex/SwiftExplicitPrecompiledModules
cd /Users/admin/builder/spi-builder-workspace/CGLayout.xcodeproj
builtin-create-build-directory /Users/admin/builder/spi-builder-workspace/.derivedData/Build/Intermediates.noindex/SwiftExplicitPrecompiledModules
CreateBuildDirectory /Users/admin/builder/spi-builder-workspace/.derivedData/Build/Intermediates.noindex/PrecompiledHeaders
cd /Users/admin/builder/spi-builder-workspace/CGLayout.xcodeproj
builtin-create-build-directory /Users/admin/builder/spi-builder-workspace/.derivedData/Build/Intermediates.noindex/PrecompiledHeaders
CreateBuildDirectory /Users/admin/builder/spi-builder-workspace/.derivedData/Build/Intermediates.noindex/ExplicitPrecompiledModules
cd /Users/admin/builder/spi-builder-workspace/CGLayout.xcodeproj
builtin-create-build-directory /Users/admin/builder/spi-builder-workspace/.derivedData/Build/Intermediates.noindex/ExplicitPrecompiledModules
CreateBuildDirectory /Users/admin/builder/spi-builder-workspace/.derivedData/Build/Products/Debug-iphoneos
cd /Users/admin/builder/spi-builder-workspace/CGLayout.xcodeproj
builtin-create-build-directory /Users/admin/builder/spi-builder-workspace/.derivedData/Build/Products/Debug-iphoneos
CreateBuildDirectory /Users/admin/builder/spi-builder-workspace/.derivedData/Build/Intermediates.noindex/EagerLinkingTBDs/Debug-iphoneos
cd /Users/admin/builder/spi-builder-workspace/CGLayout.xcodeproj
builtin-create-build-directory /Users/admin/builder/spi-builder-workspace/.derivedData/Build/Intermediates.noindex/EagerLinkingTBDs/Debug-iphoneos
MkDir /Users/admin/builder/spi-builder-workspace/.derivedData/Build/Products/Debug-iphoneos/CGLayout.framework (in target 'CGLayout' from project 'CGLayout')
cd /Users/admin/builder/spi-builder-workspace
/bin/mkdir -p /Users/admin/builder/spi-builder-workspace/.derivedData/Build/Products/Debug-iphoneos/CGLayout.framework
MkDir /Users/admin/builder/spi-builder-workspace/.derivedData/Build/Products/Debug-iphoneos/CGLayout.framework/Headers (in target 'CGLayout' from project 'CGLayout')
cd /Users/admin/builder/spi-builder-workspace
/bin/mkdir -p /Users/admin/builder/spi-builder-workspace/.derivedData/Build/Products/Debug-iphoneos/CGLayout.framework/Headers
WriteAuxiliaryFile /Users/admin/builder/spi-builder-workspace/.derivedData/Build/Intermediates.noindex/CGLayout.build/Debug-iphoneos/CGLayout.build/CGLayout.DependencyMetadataFileList (in target 'CGLayout' from project 'CGLayout')
cd /Users/admin/builder/spi-builder-workspace
write-file /Users/admin/builder/spi-builder-workspace/.derivedData/Build/Intermediates.noindex/CGLayout.build/Debug-iphoneos/CGLayout.build/CGLayout.DependencyMetadataFileList
WriteAuxiliaryFile /Users/admin/builder/spi-builder-workspace/.derivedData/Build/Intermediates.noindex/CGLayout.build/Debug-iphoneos/CGLayout.build/CGLayout.DependencyStaticMetadataFileList (in target 'CGLayout' from project 'CGLayout')
cd /Users/admin/builder/spi-builder-workspace
write-file /Users/admin/builder/spi-builder-workspace/.derivedData/Build/Intermediates.noindex/CGLayout.build/Debug-iphoneos/CGLayout.build/CGLayout.DependencyStaticMetadataFileList
WriteAuxiliaryFile /Users/admin/builder/spi-builder-workspace/.derivedData/Build/Intermediates.noindex/CGLayout.build/Debug-iphoneos/CGLayout.build/Objects-normal/arm64/CGLayout.LinkFileList (in target 'CGLayout' from project 'CGLayout')
cd /Users/admin/builder/spi-builder-workspace
write-file /Users/admin/builder/spi-builder-workspace/.derivedData/Build/Intermediates.noindex/CGLayout.build/Debug-iphoneos/CGLayout.build/Objects-normal/arm64/CGLayout.LinkFileList
WriteAuxiliaryFile /Users/admin/builder/spi-builder-workspace/.derivedData/Build/Intermediates.noindex/CGLayout.build/Debug-iphoneos/CGLayout.build/Objects-normal/arm64/CGLayout-OutputFileMap.json (in target 'CGLayout' from project 'CGLayout')
cd /Users/admin/builder/spi-builder-workspace
write-file /Users/admin/builder/spi-builder-workspace/.derivedData/Build/Intermediates.noindex/CGLayout.build/Debug-iphoneos/CGLayout.build/Objects-normal/arm64/CGLayout-OutputFileMap.json
WriteAuxiliaryFile /Users/admin/builder/spi-builder-workspace/.derivedData/Build/Intermediates.noindex/CGLayout.build/Debug-iphoneos/CGLayout.build/Objects-normal/arm64/CGLayout_const_extract_protocols.json (in target 'CGLayout' from project 'CGLayout')
cd /Users/admin/builder/spi-builder-workspace
write-file /Users/admin/builder/spi-builder-workspace/.derivedData/Build/Intermediates.noindex/CGLayout.build/Debug-iphoneos/CGLayout.build/Objects-normal/arm64/CGLayout_const_extract_protocols.json
WriteAuxiliaryFile /Users/admin/builder/spi-builder-workspace/.derivedData/Build/Intermediates.noindex/CGLayout.build/Debug-iphoneos/CGLayout.build/Objects-normal/arm64/CGLayout.SwiftConstValuesFileList (in target 'CGLayout' from project 'CGLayout')
cd /Users/admin/builder/spi-builder-workspace
write-file /Users/admin/builder/spi-builder-workspace/.derivedData/Build/Intermediates.noindex/CGLayout.build/Debug-iphoneos/CGLayout.build/Objects-normal/arm64/CGLayout.SwiftConstValuesFileList
WriteAuxiliaryFile /Users/admin/builder/spi-builder-workspace/.derivedData/Build/Intermediates.noindex/CGLayout.build/Debug-iphoneos/CGLayout.build/Objects-normal/arm64/CGLayout.SwiftFileList (in target 'CGLayout' from project 'CGLayout')
cd /Users/admin/builder/spi-builder-workspace
write-file /Users/admin/builder/spi-builder-workspace/.derivedData/Build/Intermediates.noindex/CGLayout.build/Debug-iphoneos/CGLayout.build/Objects-normal/arm64/CGLayout.SwiftFileList
ProcessInfoPlistFile /Users/admin/builder/spi-builder-workspace/.derivedData/Build/Products/Debug-iphoneos/CGLayout.framework/Info.plist /Users/admin/builder/spi-builder-workspace/CGLayout.xcodeproj/CGLayout_Info.plist (in target 'CGLayout' from project 'CGLayout')
cd /Users/admin/builder/spi-builder-workspace
builtin-infoPlistUtility /Users/admin/builder/spi-builder-workspace/CGLayout.xcodeproj/CGLayout_Info.plist -producttype com.apple.product-type.framework -expandbuildsettings -format binary -platform iphoneos -requiredArchitecture arm64 -o /Users/admin/builder/spi-builder-workspace/.derivedData/Build/Products/Debug-iphoneos/CGLayout.framework/Info.plist
SwiftDriver CGLayout normal arm64 com.apple.xcode.tools.swift.compiler (in target 'CGLayout' from project 'CGLayout')
cd /Users/admin/builder/spi-builder-workspace
builtin-SwiftDriver -- /Applications/Xcode-27.0.0-Release.Candidate.app/Contents/Developer/Toolchains/XcodeDefault.xctoolchain/usr/bin/swiftc -module-name CGLayout -Onone @/Users/admin/builder/spi-builder-workspace/.derivedData/Build/Intermediates.noindex/CGLayout.build/Debug-iphoneos/CGLayout.build/Objects-normal/arm64/CGLayout.SwiftFileList -DSWIFT_PACKAGE -DDEBUG -DXcode -enable-bare-slash-regex -enable-experimental-feature DebugDescriptionMacro -sdk /Applications/Xcode-27.0.0-Release.Candidate.app/Contents/Developer/Platforms/iPhoneOS.platform/Developer/SDKs/iPhoneOS27.0.sdk -target arm64-apple-ios27.0 -g -module-cache-path /Users/admin/builder/spi-builder-workspace/.derivedData/ModuleCache.noindex -Xfrontend -serialize-debugging-options -enable-testing -index-store-path /Users/admin/builder/spi-builder-workspace/.derivedData/Index.noindex/DataStore -Xcc -D_LIBCPP_HARDENING_MODE\=_LIBCPP_HARDENING_MODE_DEBUG -swift-version 4.2 -I /Users/admin/builder/spi-builder-workspace/.derivedData/Build/Products/Debug-iphoneos -F /Users/admin/builder/spi-builder-workspace/.derivedData/Build/Products/Debug-iphoneos -F /Applications/Xcode-27.0.0-Release.Candidate.app/Contents/Developer/Platforms/iPhoneOS.platform/Developer/Library/Frameworks -c -j10 -enable-batch-mode -incremental -Xcc -ivfsstatcache -Xcc /Users/admin/builder/spi-builder-workspace/.derivedData/SDKStatCaches.noindex/iphoneos27.0-24A430-e829b21a6f8c9b70876ba0858053c04440ceaa042ed91876912b2eeea4e3aa14.sdkstatcache -output-file-map /Users/admin/builder/spi-builder-workspace/.derivedData/Build/Intermediates.noindex/CGLayout.build/Debug-iphoneos/CGLayout.build/Objects-normal/arm64/CGLayout-OutputFileMap.json -save-temps -no-color-diagnostics -emit-dependencies -emit-module -emit-module-path /Users/admin/builder/spi-builder-workspace/.derivedData/Build/Intermediates.noindex/CGLayout.build/Debug-iphoneos/CGLayout.build/Objects-normal/arm64/CGLayout.swiftmodule -serialize-diagnostics -validate-clang-modules-once -clang-build-session-file /Users/admin/builder/spi-builder-workspace/.derivedData/ModuleCache.noindex/Session.modulevalidation -Xcc -fmodules-prune-interval\=86400 -Xcc -fmodules-prune-after\=345600 -emit-const-values -const-gather-protocols-list /Users/admin/builder/spi-builder-workspace/.derivedData/Build/Intermediates.noindex/CGLayout.build/Debug-iphoneos/CGLayout.build/Objects-normal/arm64/CGLayout_const_extract_protocols.json -Xcc -I/Users/admin/builder/spi-builder-workspace/.derivedData/Build/Products/Debug-iphoneos/include -Xcc -I/Users/admin/builder/spi-builder-workspace/.derivedData/Build/Intermediates.noindex/CGLayout.build/Debug-iphoneos/CGLayout.build/DerivedSources-normal/arm64 -Xcc -I/Users/admin/builder/spi-builder-workspace/.derivedData/Build/Intermediates.noindex/CGLayout.build/Debug-iphoneos/CGLayout.build/DerivedSources/arm64 -Xcc -I/Users/admin/builder/spi-builder-workspace/.derivedData/Build/Intermediates.noindex/CGLayout.build/Debug-iphoneos/CGLayout.build/DerivedSources -Xcc -DSWIFT_PACKAGE\=1 -Xcc -DDEBUG\=1 -emit-objc-header -emit-objc-header-path /Users/admin/builder/spi-builder-workspace/.derivedData/Build/Intermediates.noindex/CGLayout.build/Debug-iphoneos/CGLayout.build/Objects-normal/arm64/CGLayout-Swift.h -working-directory /Users/admin/builder/spi-builder-workspace -experimental-emit-module-separately -disable-cmo
SwiftCompile normal arm64 Compiling\ scroll.layoutGuide.cglayout.swift /Users/admin/builder/spi-builder-workspace/Sources/Classes/scroll.layoutGuide.cglayout.swift (in target 'CGLayout' from project 'CGLayout')
SwiftCompile normal arm64 /Users/admin/builder/spi-builder-workspace/Sources/Classes/scroll.layoutGuide.cglayout.swift (in target 'CGLayout' from project 'CGLayout')
cd /Users/admin/builder/spi-builder-workspace
builtin-SwiftPerFileCompile scroll.layoutGuide.cglayout.swift
SwiftCompile normal arm64 Compiling\ common.cglayout.swift,\ container.cglayout.swift /Users/admin/builder/spi-builder-workspace/Sources/Classes/common.cglayout.swift /Users/admin/builder/spi-builder-workspace/Sources/Classes/container.cglayout.swift (in target 'CGLayout' from project 'CGLayout')
SwiftCompile normal arm64 /Users/admin/builder/spi-builder-workspace/Sources/Classes/common.cglayout.swift (in target 'CGLayout' from project 'CGLayout')
cd /Users/admin/builder/spi-builder-workspace
builtin-SwiftPerFileCompile common.cglayout.swift
SwiftCompile normal arm64 /Users/admin/builder/spi-builder-workspace/Sources/Classes/container.cglayout.swift (in target 'CGLayout' from project 'CGLayout')
cd /Users/admin/builder/spi-builder-workspace
builtin-SwiftPerFileCompile container.cglayout.swift
SwiftCompile normal arm64 Compiling\ layoutConstraint.cglayout.swift,\ layoutGuide.cglayout.swift /Users/admin/builder/spi-builder-workspace/Sources/Classes/layoutConstraint.cglayout.swift /Users/admin/builder/spi-builder-workspace/Sources/Classes/layoutGuide.cglayout.swift (in target 'CGLayout' from project 'CGLayout')
SwiftCompile normal arm64 /Users/admin/builder/spi-builder-workspace/Sources/Classes/layoutConstraint.cglayout.swift (in target 'CGLayout' from project 'CGLayout')
cd /Users/admin/builder/spi-builder-workspace
builtin-SwiftPerFileCompile layoutConstraint.cglayout.swift
SwiftCompile normal arm64 /Users/admin/builder/spi-builder-workspace/Sources/Classes/layoutGuide.cglayout.swift (in target 'CGLayout' from project 'CGLayout')
cd /Users/admin/builder/spi-builder-workspace
builtin-SwiftPerFileCompile layoutGuide.cglayout.swift
/Users/admin/builder/spi-builder-workspace/Sources/Classes/layoutGuide.cglayout.swift:297:5: warning: non-'@objc' property declared in extension cannot be overridden; use 'public' instead; this will be an error in a future Swift language mode
295 | }
296 | extension ViewPlaceholder: AdjustableLayoutElement where View: AdjustableLayoutElement {
297 | open var contentConstraint: RectBasedConstraint {
| `- warning: non-'@objc' property declared in extension cannot be overridden; use 'public' instead; this will be an error in a future Swift language mode
298 | return isElementLoaded ? element.contentConstraint : LayoutAnchor.Constantly(value: .zero)
299 | }
/Users/admin/builder/spi-builder-workspace/Sources/Classes/layoutGuide.cglayout.swift:164:9: warning: 'unsafeBitCast' from 'LayoutGuide<T>' to 'LayoutGuide<CALayer>' can be replaced with 'unsafeDowncast'
162 | /// - Parameter layoutGuide: Layout guide for binding
163 | func add<T: CALayer>(layoutGuide: LayoutGuide<T>) {
164 | unsafeBitCast(layoutGuide, to: LayoutGuide<CALayer>.self).ownerElement = self
| `- warning: 'unsafeBitCast' from 'LayoutGuide<T>' to 'LayoutGuide<CALayer>' can be replaced with 'unsafeDowncast'
165 | }
166 | }
SwiftCompile normal arm64 Compiling\ support.cglayout.swift /Users/admin/builder/spi-builder-workspace/Sources/Classes/support.cglayout.swift (in target 'CGLayout' from project 'CGLayout')
SwiftCompile normal arm64 /Users/admin/builder/spi-builder-workspace/Sources/Classes/support.cglayout.swift (in target 'CGLayout' from project 'CGLayout')
cd /Users/admin/builder/spi-builder-workspace
builtin-SwiftPerFileCompile support.cglayout.swift
SwiftEmitModule normal arm64 Emitting\ module\ for\ CGLayout (in target 'CGLayout' from project 'CGLayout')
/Users/admin/builder/spi-builder-workspace/Sources/Classes/evolution.cglayout/backend.anchors.cglayout.swift:179:15: warning: cannot use conformance of 'CGPoint' to 'Equatable' here; 'CoreGraphics' was not imported by this file; this is an error in the Swift 6 language mode
177 | public func get(for rect: CGRect) -> CGFloat { return get(rect) }
178 | }
179 | public struct CenterAnchor: RectAnchorPoint {
| |- warning: cannot use conformance of 'CGPoint' to 'Equatable' here; 'CoreGraphics' was not imported by this file; this is an error in the Swift 6 language mode
| |- note: The missing import of module 'CoreGraphics' will be added implicitly
| `- note: in associated type 'Self.Metric' (inferred as 'CGPoint')
180 | public let axis = CGRectAxis.xy
181 | public var horizontal: AxisCenterAnchor<CGRectAxis.Horizontal> { return .horizontal }
/Users/admin/builder/spi-builder-workspace/Sources/Classes/evolution.cglayout/backend.anchors.cglayout.swift:195:15: warning: cannot use conformance of 'CGPoint' to 'Equatable' here; 'CoreGraphics' was not imported by this file; this is an error in the Swift 6 language mode
193 | public func get(for rect: CGRect) -> CGPoint { return CGPoint(x: horizontal.get(for: rect), y: vertical.get(for: rect)) }
194 | }
195 | public struct OriginAnchor: RectAnchorPoint {
| |- warning: cannot use conformance of 'CGPoint' to 'Equatable' here; 'CoreGraphics' was not imported by this file; this is an error in the Swift 6 language mode
| |- note: The missing import of module 'CoreGraphics' will be added implicitly
| `- note: in associated type 'Self.Metric' (inferred as 'CGPoint')
196 | public let axis = CGRectAxis.xy
197 | let horizontalAnchor: HorizontalAnchor
/Users/admin/builder/spi-builder-workspace/Sources/Classes/evolution.cglayout/backend.anchors.cglayout.swift:211:15: warning: cannot use conformance of 'CGSize' to 'Equatable' here; 'CoreGraphics' was not imported by this file; this is an error in the Swift 6 language mode
209 | public func get(for rect: CGRect) -> CGPoint { return CGPoint(x: horizontalAnchor.get(for: rect), y: verticalAnchor.get(for: rect)) }
210 | }
211 | public struct SizeAnchor: SizeRectAnchor {
| |- warning: cannot use conformance of 'CGSize' to 'Equatable' here; 'CoreGraphics' was not imported by this file; this is an error in the Swift 6 language mode
| |- note: The missing import of module 'CoreGraphics' will be added implicitly
| `- note: in associated type 'Self.Metric' (inferred as 'CGSize')
212 | public typealias Metric = CGSize
213 | }
/Users/admin/builder/spi-builder-workspace/Sources/Classes/evolution.cglayout/system.cglayout.swift:48:44: error: cannot find type 'UIView' in scope
46 | #if os(iOS)
47 | @available(iOS 10.0, *)
48 | public extension LayoutManager where Item: UIView {
| `- error: cannot find type 'UIView' in scope
49 | convenience init(view: UIView, scheme: LayoutScheme) {
50 | self.init()
/Users/admin/builder/spi-builder-workspace/Sources/Classes/evolution.cglayout/system.cglayout.swift:49:28: error: cannot find type 'UIView' in scope
47 | @available(iOS 10.0, *)
48 | public extension LayoutManager where Item: UIView {
49 | convenience init(view: UIView, scheme: LayoutScheme) {
| `- error: cannot find type 'UIView' in scope
50 | self.init()
51 | self.item = view
/Users/admin/builder/spi-builder-workspace/Sources/Classes/evolution.cglayout/system.cglayout.swift:63:55: error: cannot find type 'UIView' in scope
61 | fileprivate lazy var internalLayout: LayoutScheme = self.loadInternalLayout()
62 | public lazy internal(set) var layoutScheme: LayoutScheme = self.loadLayout()
63 | public lazy var freeAreaLayoutGuide = LayoutGuide<UIView>()
| `- error: cannot find type 'UIView' in scope
64 |
65 | override open func viewDidLoad() {
/Users/admin/builder/spi-builder-workspace/Sources/Classes/evolution.cglayout/system.cglayout.swift:60:38: error: cannot find type 'UIViewController' in scope
58 |
59 | /// Base class with layout skeleton implementation.
60 | open class AutolayoutViewController: UIViewController {
| `- error: cannot find type 'UIViewController' in scope
61 | fileprivate lazy var internalLayout: LayoutScheme = self.loadInternalLayout()
62 | public lazy internal(set) var layoutScheme: LayoutScheme = self.loadLayout()
/Users/admin/builder/spi-builder-workspace/Sources/Classes/evolution.cglayout/system.cglayout.swift:65:24: error: method does not override any method from its superclass
63 | public lazy var freeAreaLayoutGuide = LayoutGuide<UIView>()
64 |
65 | override open func viewDidLoad() {
| `- error: method does not override any method from its superclass
66 | super.viewDidLoad()
67 | view.add(layoutGuide: freeAreaLayoutGuide)
/Users/admin/builder/spi-builder-workspace/Sources/Classes/evolution.cglayout/system.cglayout.swift:70:24: error: method does not override any method from its superclass
68 | }
69 |
70 | override open func viewDidLayoutSubviews() {
| `- error: method does not override any method from its superclass
71 | super.viewDidLayoutSubviews()
72 | internalLayout.layout(in: view.layoutBounds)
/Users/admin/builder/spi-builder-workspace/Sources/Classes/evolution.cglayout/system.cglayout.swift:106:36: error: cannot find type 'UIEdgeInsets' in scope
104 |
105 | @available(iOS 9.0, *)
106 | private var viewContentInsets: UIEdgeInsets {
| `- error: cannot find type 'UIEdgeInsets' in scope
107 | let bars = heightBars
108 | return UIEdgeInsets(top: bars.top,
/Users/admin/builder/spi-builder-workspace/Sources/Classes/evolution.cglayout/system.cglayout.swift:148:26: error: cannot find type 'UIScrollView' in scope
146 | open class ScrollLayoutViewController: AutolayoutViewController {
147 | private var isNeedCalculateContent: Bool = true
148 | open var scrollView: UIScrollView { fatalError() }
| `- error: cannot find type 'UIScrollView' in scope
149 | var isScrolling: Bool { return scrollView.isDragging || scrollView.isDecelerating || scrollView.isZooming }
150 |
/Users/admin/builder/spi-builder-workspace/Sources/Classes/layoutGuide.cglayout.swift:297:5: warning: non-'@objc' property declared in extension cannot be overridden; use 'public' instead; this will be an error in a future Swift language mode
295 | }
296 | extension ViewPlaceholder: AdjustableLayoutElement where View: AdjustableLayoutElement {
297 | open var contentConstraint: RectBasedConstraint {
| `- warning: non-'@objc' property declared in extension cannot be overridden; use 'public' instead; this will be an error in a future Swift language mode
298 | return isElementLoaded ? element.contentConstraint : LayoutAnchor.Constantly(value: .zero)
299 | }
Failed frontend command:
/Applications/Xcode-27.0.0-Release.Candidate.app/Contents/Developer/Toolchains/XcodeDefault.xctoolchain/usr/bin/swift-frontend -frontend -emit-module -experimental-skip-non-inlinable-function-bodies-without-types /Users/admin/builder/spi-builder-workspace/Sources/Classes/common.cglayout.swift /Users/admin/builder/spi-builder-workspace/Sources/Classes/container.cglayout.swift /Users/admin/builder/spi-builder-workspace/Sources/Classes/coordinate.cglayout.swift /Users/admin/builder/spi-builder-workspace/Sources/Classes/core.cglayout.swift /Users/admin/builder/spi-builder-workspace/Sources/Classes/deprecated.cglayout.swift /Users/admin/builder/spi-builder-workspace/Sources/Classes/evolution.cglayout/anchors.cglayout.swift /Users/admin/builder/spi-builder-workspace/Sources/Classes/evolution.cglayout/backend.anchors.cglayout.swift /Users/admin/builder/spi-builder-workspace/Sources/Classes/evolution.cglayout/system.cglayout.swift /Users/admin/builder/spi-builder-workspace/Sources/Classes/evolution.cglayout/workspace.cglayout.swift /Users/admin/builder/spi-builder-workspace/Sources/Classes/layoutBlock.cglayout.swift /Users/admin/builder/spi-builder-workspace/Sources/Classes/layoutConstraint.cglayout.swift /Users/admin/builder/spi-builder-workspace/Sources/Classes/layoutGuide.cglayout.swift /Users/admin/builder/spi-builder-workspace/Sources/Classes/private.cglayout.swift /Users/admin/builder/spi-builder-workspace/Sources/Classes/rtl.cglayout.swift /Users/admin/builder/spi-builder-workspace/Sources/Classes/scroll.layoutGuide.cglayout.swift /Users/admin/builder/spi-builder-workspace/Sources/Classes/stack.layoutGuide.cglayout.swift /Users/admin/builder/spi-builder-workspace/Sources/Classes/support.cglayout.swift -target arm64-apple-ios27.0 -Xllvm -aarch64-use-tbi -enable-objc-interop -stack-check -sdk /Applications/Xcode-27.0.0-Release.Candidate.app/Contents/Developer/Platforms/iPhoneOS.platform/Developer/SDKs/iPhoneOS27.0.sdk -I /Users/admin/builder/spi-builder-workspace/.derivedData/Build/Products/Debug-iphoneos -F /Users/admin/builder/spi-builder-workspace/.derivedData/Build/Products/Debug-iphoneos -F /Applications/Xcode-27.0.0-Release.Candidate.app/Contents/Developer/Platforms/iPhoneOS.platform/Developer/Library/Frameworks -module-cache-path /Users/admin/builder/spi-builder-workspace/.derivedData/ModuleCache.noindex -no-color-diagnostics -Xcc -fno-color-diagnostics -enable-testing -g -debug-info-format\=dwarf -dwarf-version\=5 -swift-version 4.2 -Onone -D SWIFT_PACKAGE -D DEBUG -D Xcode -serialize-debugging-options -enable-experimental-feature DebugDescriptionMacro -enable-bare-slash-regex -empty-abi-descriptor -validate-clang-modules-once -clang-build-session-file /Users/admin/builder/spi-builder-workspace/.derivedData/ModuleCache.noindex/Session.modulevalidation -Xcc -working-directory -Xcc /Users/admin/builder/spi-builder-workspace -enable-anonymous-context-mangled-names -file-compilation-dir /Users/admin/builder/spi-builder-workspace -Xcc -D_LIBCPP_HARDENING_MODE\=_LIBCPP_HARDENING_MODE_DEBUG -Xcc -ivfsstatcache -Xcc /Users/admin/builder/spi-builder-workspace/.derivedData/SDKStatCaches.noindex/iphoneos27.0-24A430-e829b21a6f8c9b70876ba0858053c04440ceaa042ed91876912b2eeea4e3aa14.sdkstatcache -Xcc -fmodules-prune-interval\=86400 -Xcc -fmodules-prune-after\=345600 -Xcc -I/Users/admin/builder/spi-builder-workspace/.derivedData/Build/Products/Debug-iphoneos/include -Xcc -I/Users/admin/builder/spi-builder-workspace/.derivedData/Build/Intermediates.noindex/CGLayout.build/Debug-iphoneos/CGLayout.build/DerivedSources-normal/arm64 -Xcc -I/Users/admin/builder/spi-builder-workspace/.derivedData/Build/Intermediates.noindex/CGLayout.build/Debug-iphoneos/CGLayout.build/DerivedSources/arm64 -Xcc -I/Users/admin/builder/spi-builder-workspace/.derivedData/Build/Intermediates.noindex/CGLayout.build/Debug-iphoneos/CGLayout.build/DerivedSources -Xcc -DSWIFT_PACKAGE\=1 -Xcc -DDEBUG\=1 -no-auto-bridging-header-chaining -module-name CGLayout -const-gather-protocols-file /Users/admin/builder/spi-builder-workspace/.derivedData/Build/Intermediates.noindex/CGLayout.build/Debug-iphoneos/CGLayout.build/Objects-normal/arm64/CGLayout_const_extract_protocols.json -disable-clang-spi -target-sdk-version 27.0 -target-sdk-name iphoneos27.0 -external-plugin-path /Applications/Xcode-27.0.0-Release.Candidate.app/Contents/Developer/Platforms/iPhoneOS.platform/Developer/usr/lib/swift/host/plugins\#/Applications/Xcode-27.0.0-Release.Candidate.app/Contents/Developer/Platforms/iPhoneOS.platform/Developer/usr/bin/swift-plugin-server -external-plugin-path /Applications/Xcode-27.0.0-Release.Candidate.app/Contents/Developer/Platforms/iPhoneOS.platform/Developer/usr/local/lib/swift/host/plugins\#/Applications/Xcode-27.0.0-Release.Candidate.app/Contents/Developer/Platforms/iPhoneOS.platform/Developer/usr/bin/swift-plugin-server -in-process-plugin-server-path /Applications/Xcode-27.0.0-Release.Candidate.app/Contents/Developer/Toolchains/XcodeDefault.xctoolchain/usr/lib/swift/host/libSwiftInProcPluginServer.dylib -plugin-path /Applications/Xcode-27.0.0-Release.Candidate.app/Contents/Developer/Toolchains/XcodeDefault.xctoolchain/usr/lib/swift/host/plugins -plugin-path /Applications/Xcode-27.0.0-Release.Candidate.app/Contents/Developer/Toolchains/XcodeDefault.xctoolchain/usr/local/lib/swift/host/plugins -emit-module-doc-path /Users/admin/builder/spi-builder-workspace/.derivedData/Build/Intermediates.noindex/CGLayout.build/Debug-iphoneos/CGLayout.build/Objects-normal/arm64/CGLayout.swiftdoc -emit-module-source-info-path /Users/admin/builder/spi-builder-workspace/.derivedData/Build/Intermediates.noindex/CGLayout.build/Debug-iphoneos/CGLayout.build/Objects-normal/arm64/CGLayout.swiftsourceinfo -emit-objc-header-path /Users/admin/builder/spi-builder-workspace/.derivedData/Build/Intermediates.noindex/CGLayout.build/Debug-iphoneos/CGLayout.build/Objects-normal/arm64/CGLayout-Swift.h -serialize-diagnostics-path /Users/admin/builder/spi-builder-workspace/.derivedData/Build/Intermediates.noindex/CGLayout.build/Debug-iphoneos/CGLayout.build/Objects-normal/arm64/CGLayout-primary-emit-module.dia -emit-dependencies-path /Users/admin/builder/spi-builder-workspace/.derivedData/Build/Intermediates.noindex/CGLayout.build/Debug-iphoneos/CGLayout.build/Objects-normal/arm64/CGLayout-primary-emit-module.d -o /Users/admin/builder/spi-builder-workspace/.derivedData/Build/Intermediates.noindex/CGLayout.build/Debug-iphoneos/CGLayout.build/Objects-normal/arm64/CGLayout.swiftmodule -emit-abi-descriptor-path /Users/admin/builder/spi-builder-workspace/.derivedData/Build/Intermediates.noindex/CGLayout.build/Debug-iphoneos/CGLayout.build/Objects-normal/arm64/CGLayout.abi.json
SwiftCompile normal arm64 (in target 'CGLayout' from project 'CGLayout')
cd /Users/admin/builder/spi-builder-workspace
SwiftCompile normal arm64 Compiling\ coordinate.cglayout.swift,\ core.cglayout.swift /Users/admin/builder/spi-builder-workspace/Sources/Classes/coordinate.cglayout.swift /Users/admin/builder/spi-builder-workspace/Sources/Classes/core.cglayout.swift (in target 'CGLayout' from project 'CGLayout')
SwiftCompile normal arm64 /Users/admin/builder/spi-builder-workspace/Sources/Classes/coordinate.cglayout.swift (in target 'CGLayout' from project 'CGLayout')
cd /Users/admin/builder/spi-builder-workspace
builtin-SwiftPerFileCompile coordinate.cglayout.swift
SwiftCompile normal arm64 /Users/admin/builder/spi-builder-workspace/Sources/Classes/core.cglayout.swift (in target 'CGLayout' from project 'CGLayout')
cd /Users/admin/builder/spi-builder-workspace
builtin-SwiftPerFileCompile core.cglayout.swift
SwiftCompile normal arm64 Compiling\ deprecated.cglayout.swift,\ anchors.cglayout.swift /Users/admin/builder/spi-builder-workspace/Sources/Classes/deprecated.cglayout.swift /Users/admin/builder/spi-builder-workspace/Sources/Classes/evolution.cglayout/anchors.cglayout.swift (in target 'CGLayout' from project 'CGLayout')
SwiftCompile normal arm64 /Users/admin/builder/spi-builder-workspace/Sources/Classes/deprecated.cglayout.swift (in target 'CGLayout' from project 'CGLayout')
cd /Users/admin/builder/spi-builder-workspace
builtin-SwiftPerFileCompile deprecated.cglayout.swift
SwiftCompile normal arm64 /Users/admin/builder/spi-builder-workspace/Sources/Classes/evolution.cglayout/anchors.cglayout.swift (in target 'CGLayout' from project 'CGLayout')
cd /Users/admin/builder/spi-builder-workspace
builtin-SwiftPerFileCompile anchors.cglayout.swift
SwiftCompile normal arm64 Compiling\ backend.anchors.cglayout.swift,\ system.cglayout.swift /Users/admin/builder/spi-builder-workspace/Sources/Classes/evolution.cglayout/backend.anchors.cglayout.swift /Users/admin/builder/spi-builder-workspace/Sources/Classes/evolution.cglayout/system.cglayout.swift (in target 'CGLayout' from project 'CGLayout')
/Users/admin/builder/spi-builder-workspace/Sources/Classes/evolution.cglayout/backend.anchors.cglayout.swift:179:15: warning: cannot use conformance of 'CGPoint' to 'Equatable' here; 'CoreGraphics' was not imported by this file; this is an error in the Swift 6 language mode
177 | public func get(for rect: CGRect) -> CGFloat { return get(rect) }
178 | }
179 | public struct CenterAnchor: RectAnchorPoint {
| |- warning: cannot use conformance of 'CGPoint' to 'Equatable' here; 'CoreGraphics' was not imported by this file; this is an error in the Swift 6 language mode
| |- note: The missing import of module 'CoreGraphics' will be added implicitly
| `- note: in associated type 'Self.Metric' (inferred as 'CGPoint')
180 | public let axis = CGRectAxis.xy
181 | public var horizontal: AxisCenterAnchor<CGRectAxis.Horizontal> { return .horizontal }
/Users/admin/builder/spi-builder-workspace/Sources/Classes/evolution.cglayout/backend.anchors.cglayout.swift:195:15: warning: cannot use conformance of 'CGPoint' to 'Equatable' here; 'CoreGraphics' was not imported by this file; this is an error in the Swift 6 language mode
193 | public func get(for rect: CGRect) -> CGPoint { return CGPoint(x: horizontal.get(for: rect), y: vertical.get(for: rect)) }
194 | }
195 | public struct OriginAnchor: RectAnchorPoint {
| |- warning: cannot use conformance of 'CGPoint' to 'Equatable' here; 'CoreGraphics' was not imported by this file; this is an error in the Swift 6 language mode
| |- note: The missing import of module 'CoreGraphics' will be added implicitly
| `- note: in associated type 'Self.Metric' (inferred as 'CGPoint')
196 | public let axis = CGRectAxis.xy
197 | let horizontalAnchor: HorizontalAnchor
SwiftCompile normal arm64 /Users/admin/builder/spi-builder-workspace/Sources/Classes/evolution.cglayout/backend.anchors.cglayout.swift (in target 'CGLayout' from project 'CGLayout')
cd /Users/admin/builder/spi-builder-workspace
builtin-SwiftPerFileCompile backend.anchors.cglayout.swift
SwiftCompile normal arm64 /Users/admin/builder/spi-builder-workspace/Sources/Classes/evolution.cglayout/system.cglayout.swift (in target 'CGLayout' from project 'CGLayout')
cd /Users/admin/builder/spi-builder-workspace
builtin-SwiftPerFileCompile system.cglayout.swift
SwiftCompile normal arm64 Compiling\ private.cglayout.swift,\ rtl.cglayout.swift /Users/admin/builder/spi-builder-workspace/Sources/Classes/private.cglayout.swift /Users/admin/builder/spi-builder-workspace/Sources/Classes/rtl.cglayout.swift (in target 'CGLayout' from project 'CGLayout')
SwiftCompile normal arm64 /Users/admin/builder/spi-builder-workspace/Sources/Classes/private.cglayout.swift (in target 'CGLayout' from project 'CGLayout')
cd /Users/admin/builder/spi-builder-workspace
builtin-SwiftPerFileCompile private.cglayout.swift
SwiftCompile normal arm64 /Users/admin/builder/spi-builder-workspace/Sources/Classes/rtl.cglayout.swift (in target 'CGLayout' from project 'CGLayout')
cd /Users/admin/builder/spi-builder-workspace
builtin-SwiftPerFileCompile rtl.cglayout.swift
SwiftCompile normal arm64 Compiling\ workspace.cglayout.swift,\ layoutBlock.cglayout.swift /Users/admin/builder/spi-builder-workspace/Sources/Classes/evolution.cglayout/workspace.cglayout.swift /Users/admin/builder/spi-builder-workspace/Sources/Classes/layoutBlock.cglayout.swift (in target 'CGLayout' from project 'CGLayout')
SwiftCompile normal arm64 /Users/admin/builder/spi-builder-workspace/Sources/Classes/evolution.cglayout/workspace.cglayout.swift (in target 'CGLayout' from project 'CGLayout')
cd /Users/admin/builder/spi-builder-workspace
builtin-SwiftPerFileCompile workspace.cglayout.swift
SwiftCompile normal arm64 /Users/admin/builder/spi-builder-workspace/Sources/Classes/layoutBlock.cglayout.swift (in target 'CGLayout' from project 'CGLayout')
cd /Users/admin/builder/spi-builder-workspace
builtin-SwiftPerFileCompile layoutBlock.cglayout.swift
PruneExplicitPrecompiledModules /Users/admin/builder/spi-builder-workspace/.derivedData/SDKExplicitPrecompiledModules
PruneExplicitPrecompiledModules /Users/admin/builder/spi-builder-workspace/.derivedData/Build/Intermediates.noindex/SwiftExplicitPrecompiledModules
PruneExplicitPrecompiledModules /Users/admin/builder/spi-builder-workspace/.derivedData/Build/Intermediates.noindex/ExplicitPrecompiledModules
** BUILD FAILED **
The following build commands failed:
SwiftEmitModule normal arm64 Emitting\ module\ for\ CGLayout (in target 'CGLayout' from project 'CGLayout')
SwiftCompile normal arm64 (in target 'CGLayout' from project 'CGLayout')
Building project CGLayout with scheme CGLayout-Package
(3 failures)
Command line invocation:
/Applications/Xcode-27.0.0-Release.Candidate.app/Contents/Developer/usr/bin/xcodebuild -IDEClonedSourcePackagesDirPathOverride=/Users/admin/builder/spi-builder-workspace/.dependencies -resolvePackageDependencies
resolved source packages:
{
"dependencies" : [
],
"manifest_display_name" : "CGLayout",
"name" : "CGLayout",
"path" : "/Users/admin/builder/spi-builder-workspace",
"platforms" : [
],
"products" : [
{
"name" : "CGLayout",
"targets" : [
"CGLayout"
],
"type" : {
"library" : [
"automatic"
]
}
}
],
"targets" : [
{
"c99name" : "CGLayoutTests",
"module_type" : "SwiftTarget",
"name" : "CGLayoutTests",
"path" : "Tests/CGLayoutTests",
"sources" : [
"CGLayoutTests.swift",
"Tests.swift",
"XCTestManifests.swift",
"support_linux.tests.swift"
],
"target_dependencies" : [
"CGLayout"
],
"type" : "test"
},
{
"c99name" : "CGLayout",
"module_type" : "SwiftTarget",
"name" : "CGLayout",
"path" : "Sources/Classes",
"product_memberships" : [
"CGLayout"
],
"sources" : [
"common.cglayout.swift",
"container.cglayout.swift",
"coordinate.cglayout.swift",
"core.cglayout.swift",
"deprecated.cglayout.swift",
"evolution.cglayout/anchors.cglayout.swift",
"evolution.cglayout/backend.anchors.cglayout.swift",
"evolution.cglayout/system.cglayout.swift",
"evolution.cglayout/workspace.cglayout.swift",
"layoutBlock.cglayout.swift",
"layoutConstraint.cglayout.swift",
"layoutGuide.cglayout.swift",
"private.cglayout.swift",
"rtl.cglayout.swift",
"scroll.layoutGuide.cglayout.swift",
"stack.layoutGuide.cglayout.swift",
"support.cglayout.swift"
],
"type" : "library"
}
],
"tools_version" : "4.2"
}
{
"project" : {
"configurations" : [
"Debug",
"Release"
],
"name" : "CGLayout",
"schemes" : [
"CGLayout-Package"
],
"targets" : [
"CGLayout",
"CGLayoutPackageDescription",
"CGLayoutPackageTests",
"CGLayoutTests"
]
}
}
Running build ...
env DEVELOPER_DIR=/Applications/Xcode-27.0.0-Release.Candidate.app xcrun xcodebuild -IDEClonedSourcePackagesDirPathOverride=$PWD/.dependencies -skipMacroValidation -skipPackagePluginValidation -derivedDataPath $PWD/.derivedData build -scheme CGLayout-Package -destination generic/platform=iOS
Command line invocation:
/Applications/Xcode-27.0.0-Release.Candidate.app/Contents/Developer/usr/bin/xcodebuild -IDEClonedSourcePackagesDirPathOverride=/Users/admin/builder/spi-builder-workspace/.dependencies -skipMacroValidation -skipPackagePluginValidation -derivedDataPath /Users/admin/builder/spi-builder-workspace/.derivedData build -scheme CGLayout-Package -destination generic/platform=iOS
ComputePackagePrebuildTargetDependencyGraph
Prepare packages
CreateBuildRequest
SendProjectDescription
CreateBuildOperation
ComputeTargetDependencyGraph
note: Building targets in dependency order
note: Target dependency graph (1 target)
Target 'CGLayout' in project 'CGLayout' (no dependencies)
GatherProvisioningInputs
CreateBuildDescription
ClangStatCache /Applications/Xcode-27.0.0-Release.Candidate.app/Contents/Developer/Toolchains/XcodeDefault.xctoolchain/usr/bin/clang-stat-cache /Applications/Xcode-27.0.0-Release.Candidate.app/Contents/Developer/Platforms/iPhoneOS.platform/Developer/SDKs/iPhoneOS27.0.sdk /Users/admin/builder/spi-builder-workspace/.derivedData/SDKStatCaches.noindex/iphoneos27.0-24A430-e829b21a6f8c9b70876ba0858053c04440ceaa042ed91876912b2eeea4e3aa14.sdkstatcache
cd /Users/admin/builder/spi-builder-workspace/CGLayout.xcodeproj
/Applications/Xcode-27.0.0-Release.Candidate.app/Contents/Developer/Toolchains/XcodeDefault.xctoolchain/usr/bin/clang-stat-cache /Applications/Xcode-27.0.0-Release.Candidate.app/Contents/Developer/Platforms/iPhoneOS.platform/Developer/SDKs/iPhoneOS27.0.sdk -o /Users/admin/builder/spi-builder-workspace/.derivedData/SDKStatCaches.noindex/iphoneos27.0-24A430-e829b21a6f8c9b70876ba0858053c04440ceaa042ed91876912b2eeea4e3aa14.sdkstatcache
SwiftDriver CGLayout normal arm64 com.apple.xcode.tools.swift.compiler (in target 'CGLayout' from project 'CGLayout')
cd /Users/admin/builder/spi-builder-workspace
builtin-SwiftDriver -- /Applications/Xcode-27.0.0-Release.Candidate.app/Contents/Developer/Toolchains/XcodeDefault.xctoolchain/usr/bin/swiftc -module-name CGLayout -Onone @/Users/admin/builder/spi-builder-workspace/.derivedData/Build/Intermediates.noindex/CGLayout.build/Debug-iphoneos/CGLayout.build/Objects-normal/arm64/CGLayout.SwiftFileList -DSWIFT_PACKAGE -DDEBUG -DXcode -enable-bare-slash-regex -enable-experimental-feature DebugDescriptionMacro -sdk /Applications/Xcode-27.0.0-Release.Candidate.app/Contents/Developer/Platforms/iPhoneOS.platform/Developer/SDKs/iPhoneOS27.0.sdk -target arm64-apple-ios27.0 -g -module-cache-path /Users/admin/builder/spi-builder-workspace/.derivedData/ModuleCache.noindex -Xfrontend -serialize-debugging-options -enable-testing -index-store-path /Users/admin/builder/spi-builder-workspace/.derivedData/Index.noindex/DataStore -Xcc -D_LIBCPP_HARDENING_MODE\=_LIBCPP_HARDENING_MODE_DEBUG -swift-version 4.2 -I /Users/admin/builder/spi-builder-workspace/.derivedData/Build/Products/Debug-iphoneos -F /Users/admin/builder/spi-builder-workspace/.derivedData/Build/Products/Debug-iphoneos -F /Applications/Xcode-27.0.0-Release.Candidate.app/Contents/Developer/Platforms/iPhoneOS.platform/Developer/Library/Frameworks -c -j10 -enable-batch-mode -incremental -Xcc -ivfsstatcache -Xcc /Users/admin/builder/spi-builder-workspace/.derivedData/SDKStatCaches.noindex/iphoneos27.0-24A430-e829b21a6f8c9b70876ba0858053c04440ceaa042ed91876912b2eeea4e3aa14.sdkstatcache -output-file-map /Users/admin/builder/spi-builder-workspace/.derivedData/Build/Intermediates.noindex/CGLayout.build/Debug-iphoneos/CGLayout.build/Objects-normal/arm64/CGLayout-OutputFileMap.json -save-temps -no-color-diagnostics -emit-dependencies -emit-module -emit-module-path /Users/admin/builder/spi-builder-workspace/.derivedData/Build/Intermediates.noindex/CGLayout.build/Debug-iphoneos/CGLayout.build/Objects-normal/arm64/CGLayout.swiftmodule -serialize-diagnostics -validate-clang-modules-once -clang-build-session-file /Users/admin/builder/spi-builder-workspace/.derivedData/ModuleCache.noindex/Session.modulevalidation -Xcc -fmodules-prune-interval\=86400 -Xcc -fmodules-prune-after\=345600 -emit-const-values -const-gather-protocols-list /Users/admin/builder/spi-builder-workspace/.derivedData/Build/Intermediates.noindex/CGLayout.build/Debug-iphoneos/CGLayout.build/Objects-normal/arm64/CGLayout_const_extract_protocols.json -Xcc -I/Users/admin/builder/spi-builder-workspace/.derivedData/Build/Products/Debug-iphoneos/include -Xcc -I/Users/admin/builder/spi-builder-workspace/.derivedData/Build/Intermediates.noindex/CGLayout.build/Debug-iphoneos/CGLayout.build/DerivedSources-normal/arm64 -Xcc -I/Users/admin/builder/spi-builder-workspace/.derivedData/Build/Intermediates.noindex/CGLayout.build/Debug-iphoneos/CGLayout.build/DerivedSources/arm64 -Xcc -I/Users/admin/builder/spi-builder-workspace/.derivedData/Build/Intermediates.noindex/CGLayout.build/Debug-iphoneos/CGLayout.build/DerivedSources -Xcc -DSWIFT_PACKAGE\=1 -Xcc -DDEBUG\=1 -emit-objc-header -emit-objc-header-path /Users/admin/builder/spi-builder-workspace/.derivedData/Build/Intermediates.noindex/CGLayout.build/Debug-iphoneos/CGLayout.build/Objects-normal/arm64/CGLayout-Swift.h -working-directory /Users/admin/builder/spi-builder-workspace -experimental-emit-module-separately -disable-cmo
SwiftCompile normal arm64 Compiling\ workspace.cglayout.swift,\ layoutBlock.cglayout.swift /Users/admin/builder/spi-builder-workspace/Sources/Classes/evolution.cglayout/workspace.cglayout.swift /Users/admin/builder/spi-builder-workspace/Sources/Classes/layoutBlock.cglayout.swift (in target 'CGLayout' from project 'CGLayout')
SwiftCompile normal arm64 /Users/admin/builder/spi-builder-workspace/Sources/Classes/evolution.cglayout/workspace.cglayout.swift (in target 'CGLayout' from project 'CGLayout')
cd /Users/admin/builder/spi-builder-workspace
builtin-SwiftPerFileCompile workspace.cglayout.swift
SwiftCompile normal arm64 /Users/admin/builder/spi-builder-workspace/Sources/Classes/layoutBlock.cglayout.swift (in target 'CGLayout' from project 'CGLayout')
cd /Users/admin/builder/spi-builder-workspace
builtin-SwiftPerFileCompile layoutBlock.cglayout.swift
SwiftCompile normal arm64 Compiling\ common.cglayout.swift,\ container.cglayout.swift /Users/admin/builder/spi-builder-workspace/Sources/Classes/common.cglayout.swift /Users/admin/builder/spi-builder-workspace/Sources/Classes/container.cglayout.swift (in target 'CGLayout' from project 'CGLayout')
SwiftCompile normal arm64 /Users/admin/builder/spi-builder-workspace/Sources/Classes/common.cglayout.swift (in target 'CGLayout' from project 'CGLayout')
cd /Users/admin/builder/spi-builder-workspace
builtin-SwiftPerFileCompile common.cglayout.swift
SwiftCompile normal arm64 /Users/admin/builder/spi-builder-workspace/Sources/Classes/container.cglayout.swift (in target 'CGLayout' from project 'CGLayout')
cd /Users/admin/builder/spi-builder-workspace
builtin-SwiftPerFileCompile container.cglayout.swift
SwiftCompile normal arm64 Compiling\ deprecated.cglayout.swift,\ anchors.cglayout.swift /Users/admin/builder/spi-builder-workspace/Sources/Classes/deprecated.cglayout.swift /Users/admin/builder/spi-builder-workspace/Sources/Classes/evolution.cglayout/anchors.cglayout.swift (in target 'CGLayout' from project 'CGLayout')
SwiftCompile normal arm64 /Users/admin/builder/spi-builder-workspace/Sources/Classes/deprecated.cglayout.swift (in target 'CGLayout' from project 'CGLayout')
cd /Users/admin/builder/spi-builder-workspace
builtin-SwiftPerFileCompile deprecated.cglayout.swift
SwiftCompile normal arm64 /Users/admin/builder/spi-builder-workspace/Sources/Classes/evolution.cglayout/anchors.cglayout.swift (in target 'CGLayout' from project 'CGLayout')
cd /Users/admin/builder/spi-builder-workspace
builtin-SwiftPerFileCompile anchors.cglayout.swift
SwiftCompile normal arm64 Compiling\ backend.anchors.cglayout.swift,\ system.cglayout.swift /Users/admin/builder/spi-builder-workspace/Sources/Classes/evolution.cglayout/backend.anchors.cglayout.swift /Users/admin/builder/spi-builder-workspace/Sources/Classes/evolution.cglayout/system.cglayout.swift (in target 'CGLayout' from project 'CGLayout')
/Users/admin/builder/spi-builder-workspace/Sources/Classes/evolution.cglayout/backend.anchors.cglayout.swift:179:15: warning: cannot use conformance of 'CGPoint' to 'Equatable' here; 'CoreGraphics' was not imported by this file; this is an error in the Swift 6 language mode
177 | public func get(for rect: CGRect) -> CGFloat { return get(rect) }
178 | }
179 | public struct CenterAnchor: RectAnchorPoint {
| |- warning: cannot use conformance of 'CGPoint' to 'Equatable' here; 'CoreGraphics' was not imported by this file; this is an error in the Swift 6 language mode
| |- note: The missing import of module 'CoreGraphics' will be added implicitly
| `- note: in associated type 'Self.Metric' (inferred as 'CGPoint')
180 | public let axis = CGRectAxis.xy
181 | public var horizontal: AxisCenterAnchor<CGRectAxis.Horizontal> { return .horizontal }
/Users/admin/builder/spi-builder-workspace/Sources/Classes/evolution.cglayout/backend.anchors.cglayout.swift:195:15: warning: cannot use conformance of 'CGPoint' to 'Equatable' here; 'CoreGraphics' was not imported by this file; this is an error in the Swift 6 language mode
193 | public func get(for rect: CGRect) -> CGPoint { return CGPoint(x: horizontal.get(for: rect), y: vertical.get(for: rect)) }
194 | }
195 | public struct OriginAnchor: RectAnchorPoint {
| |- warning: cannot use conformance of 'CGPoint' to 'Equatable' here; 'CoreGraphics' was not imported by this file; this is an error in the Swift 6 language mode
| |- note: The missing import of module 'CoreGraphics' will be added implicitly
| `- note: in associated type 'Self.Metric' (inferred as 'CGPoint')
196 | public let axis = CGRectAxis.xy
197 | let horizontalAnchor: HorizontalAnchor
/Users/admin/builder/spi-builder-workspace/Sources/Classes/evolution.cglayout/backend.anchors.cglayout.swift:211:15: warning: cannot use conformance of 'CGSize' to 'Equatable' here; 'CoreGraphics' was not imported by this file; this is an error in the Swift 6 language mode
209 | public func get(for rect: CGRect) -> CGPoint { return CGPoint(x: horizontalAnchor.get(for: rect), y: verticalAnchor.get(for: rect)) }
210 | }
211 | public struct SizeAnchor: SizeRectAnchor {
| |- warning: cannot use conformance of 'CGSize' to 'Equatable' here; 'CoreGraphics' was not imported by this file; this is an error in the Swift 6 language mode
| |- note: The missing import of module 'CoreGraphics' will be added implicitly
| `- note: in associated type 'Self.Metric' (inferred as 'CGSize')
212 | public typealias Metric = CGSize
213 | }
/Users/admin/builder/spi-builder-workspace/Sources/Classes/evolution.cglayout/system.cglayout.swift:48:44: error: cannot find type 'UIView' in scope
46 | #if os(iOS)
47 | @available(iOS 10.0, *)
48 | public extension LayoutManager where Item: UIView {
| `- error: cannot find type 'UIView' in scope
49 | convenience init(view: UIView, scheme: LayoutScheme) {
50 | self.init()
/Users/admin/builder/spi-builder-workspace/Sources/Classes/evolution.cglayout/system.cglayout.swift:49:28: error: cannot find type 'UIView' in scope
47 | @available(iOS 10.0, *)
48 | public extension LayoutManager where Item: UIView {
49 | convenience init(view: UIView, scheme: LayoutScheme) {
| `- error: cannot find type 'UIView' in scope
50 | self.init()
51 | self.item = view
/Users/admin/builder/spi-builder-workspace/Sources/Classes/evolution.cglayout/system.cglayout.swift:63:55: error: cannot find type 'UIView' in scope
61 | fileprivate lazy var internalLayout: LayoutScheme = self.loadInternalLayout()
62 | public lazy internal(set) var layoutScheme: LayoutScheme = self.loadLayout()
63 | public lazy var freeAreaLayoutGuide = LayoutGuide<UIView>()
| `- error: cannot find type 'UIView' in scope
64 |
65 | override open func viewDidLoad() {
/Users/admin/builder/spi-builder-workspace/Sources/Classes/evolution.cglayout/system.cglayout.swift:60:38: error: cannot find type 'UIViewController' in scope
58 |
59 | /// Base class with layout skeleton implementation.
60 | open class AutolayoutViewController: UIViewController {
| `- error: cannot find type 'UIViewController' in scope
61 | fileprivate lazy var internalLayout: LayoutScheme = self.loadInternalLayout()
62 | public lazy internal(set) var layoutScheme: LayoutScheme = self.loadLayout()
/Users/admin/builder/spi-builder-workspace/Sources/Classes/evolution.cglayout/system.cglayout.swift:65:24: error: method does not override any method from its superclass
63 | public lazy var freeAreaLayoutGuide = LayoutGuide<UIView>()
64 |
65 | override open func viewDidLoad() {
| `- error: method does not override any method from its superclass
66 | super.viewDidLoad()
67 | view.add(layoutGuide: freeAreaLayoutGuide)
/Users/admin/builder/spi-builder-workspace/Sources/Classes/evolution.cglayout/system.cglayout.swift:70:24: error: method does not override any method from its superclass
68 | }
69 |
70 | override open func viewDidLayoutSubviews() {
| `- error: method does not override any method from its superclass
71 | super.viewDidLayoutSubviews()
72 | internalLayout.layout(in: view.layoutBounds)
/Users/admin/builder/spi-builder-workspace/Sources/Classes/evolution.cglayout/system.cglayout.swift:106:36: error: cannot find type 'UIEdgeInsets' in scope
104 |
105 | @available(iOS 9.0, *)
106 | private var viewContentInsets: UIEdgeInsets {
| `- error: cannot find type 'UIEdgeInsets' in scope
107 | let bars = heightBars
108 | return UIEdgeInsets(top: bars.top,
/Users/admin/builder/spi-builder-workspace/Sources/Classes/evolution.cglayout/system.cglayout.swift:148:26: error: cannot find type 'UIScrollView' in scope
146 | open class ScrollLayoutViewController: AutolayoutViewController {
147 | private var isNeedCalculateContent: Bool = true
148 | open var scrollView: UIScrollView { fatalError() }
| `- error: cannot find type 'UIScrollView' in scope
149 | var isScrolling: Bool { return scrollView.isDragging || scrollView.isDecelerating || scrollView.isZooming }
150 |
/Users/admin/builder/spi-builder-workspace/Sources/Classes/evolution.cglayout/system.cglayout.swift:66:9: error: 'super' cannot be used in class 'AutolayoutViewController' because it has no superclass
64 |
65 | override open func viewDidLoad() {
66 | super.viewDidLoad()
| `- error: 'super' cannot be used in class 'AutolayoutViewController' because it has no superclass
67 | view.add(layoutGuide: freeAreaLayoutGuide)
68 | }
/Users/admin/builder/spi-builder-workspace/Sources/Classes/evolution.cglayout/system.cglayout.swift:67:9: error: cannot find 'view' in scope
65 | override open func viewDidLoad() {
66 | super.viewDidLoad()
67 | view.add(layoutGuide: freeAreaLayoutGuide)
| `- error: cannot find 'view' in scope
68 | }
69 |
/Users/admin/builder/spi-builder-workspace/Sources/Classes/evolution.cglayout/system.cglayout.swift:71:9: error: 'super' cannot be used in class 'AutolayoutViewController' because it has no superclass
69 |
70 | override open func viewDidLayoutSubviews() {
71 | super.viewDidLayoutSubviews()
| `- error: 'super' cannot be used in class 'AutolayoutViewController' because it has no superclass
72 | internalLayout.layout(in: view.layoutBounds)
73 | update(scheme: &layoutScheme)
/Users/admin/builder/spi-builder-workspace/Sources/Classes/evolution.cglayout/system.cglayout.swift:72:35: error: cannot find 'view' in scope
70 | override open func viewDidLayoutSubviews() {
71 | super.viewDidLayoutSubviews()
72 | internalLayout.layout(in: view.layoutBounds)
| `- error: cannot find 'view' in scope
73 | update(scheme: &layoutScheme)
74 | layout()
/Users/admin/builder/spi-builder-workspace/Sources/Classes/evolution.cglayout/system.cglayout.swift:78:33: error: cannot find 'view' in scope
76 |
77 | open func layout() {
78 | layoutScheme.layout(in: view.layoutBounds)
| `- error: cannot find 'view' in scope
79 | }
80 |
/Users/admin/builder/spi-builder-workspace/Sources/Classes/evolution.cglayout/system.cglayout.swift:95:44: error: value of type 'AutolayoutViewController' has no member 'view'
93 | let visible: (inout CGRect) -> Void = { [unowned self] rect in
94 | if #available(iOS 11.0, tvOS 11.0, *) {
95 | rect = rect.inset(by: self.view.safeAreaInsets)
| `- error: value of type 'AutolayoutViewController' has no member 'view'
96 | } else {
97 | rect = rect.inset(by: self.viewContentInsets)
/Users/admin/builder/spi-builder-workspace/Sources/Classes/evolution.cglayout/system.cglayout.swift:108:16: error: cannot find 'UIEdgeInsets' in scope
106 | private var viewContentInsets: UIEdgeInsets {
107 | let bars = heightBars
108 | return UIEdgeInsets(top: bars.top,
| `- error: cannot find 'UIEdgeInsets' in scope
109 | left: 0,
110 | bottom: bars.bottom,
/Users/admin/builder/spi-builder-workspace/Sources/Classes/evolution.cglayout/system.cglayout.swift:116:28: error: cannot find 'UIApplication' in scope
114 | @available(iOS 9.0, *)
115 | private var heightBars: (top: CGFloat, bottom: CGFloat) {
116 | guard let window = UIApplication.shared.delegate.flatMap({ $0.window }).flatMap({ $0 }), let superview = viewIfLoaded?.superview else {
| `- error: cannot find 'UIApplication' in scope
117 | return (UIApplication.shared.statusBarFrame.height + (navigationController.map { $0.isNavigationBarHidden ? 0 : $0.navigationBar.frame.height } ?? 0),
118 | tabBarController.map { $0.tabBar.isHidden ? 0 : $0.tabBar.frame.height } ?? 0)
/Users/admin/builder/spi-builder-workspace/Sources/Classes/evolution.cglayout/system.cglayout.swift:116:114: error: cannot find 'viewIfLoaded' in scope
114 | @available(iOS 9.0, *)
115 | private var heightBars: (top: CGFloat, bottom: CGFloat) {
116 | guard let window = UIApplication.shared.delegate.flatMap({ $0.window }).flatMap({ $0 }), let superview = viewIfLoaded?.superview else {
| `- error: cannot find 'viewIfLoaded' in scope
117 | return (UIApplication.shared.statusBarFrame.height + (navigationController.map { $0.isNavigationBarHidden ? 0 : $0.navigationBar.frame.height } ?? 0),
118 | tabBarController.map { $0.tabBar.isHidden ? 0 : $0.tabBar.frame.height } ?? 0)
/Users/admin/builder/spi-builder-workspace/Sources/Classes/evolution.cglayout/system.cglayout.swift:117:21: error: cannot find 'UIApplication' in scope
115 | private var heightBars: (top: CGFloat, bottom: CGFloat) {
116 | guard let window = UIApplication.shared.delegate.flatMap({ $0.window }).flatMap({ $0 }), let superview = viewIfLoaded?.superview else {
117 | return (UIApplication.shared.statusBarFrame.height + (navigationController.map { $0.isNavigationBarHidden ? 0 : $0.navigationBar.frame.height } ?? 0),
| `- error: cannot find 'UIApplication' in scope
118 | tabBarController.map { $0.tabBar.isHidden ? 0 : $0.tabBar.frame.height } ?? 0)
119 | }
/Users/admin/builder/spi-builder-workspace/Sources/Classes/evolution.cglayout/system.cglayout.swift:117:67: error: cannot find 'navigationController' in scope
115 | private var heightBars: (top: CGFloat, bottom: CGFloat) {
116 | guard let window = UIApplication.shared.delegate.flatMap({ $0.window }).flatMap({ $0 }), let superview = viewIfLoaded?.superview else {
117 | return (UIApplication.shared.statusBarFrame.height + (navigationController.map { $0.isNavigationBarHidden ? 0 : $0.navigationBar.frame.height } ?? 0),
| `- error: cannot find 'navigationController' in scope
118 | tabBarController.map { $0.tabBar.isHidden ? 0 : $0.tabBar.frame.height } ?? 0)
119 | }
/Users/admin/builder/spi-builder-workspace/Sources/Classes/evolution.cglayout/system.cglayout.swift:118:21: error: cannot find 'tabBarController' in scope
116 | guard let window = UIApplication.shared.delegate.flatMap({ $0.window }).flatMap({ $0 }), let superview = viewIfLoaded?.superview else {
117 | return (UIApplication.shared.statusBarFrame.height + (navigationController.map { $0.isNavigationBarHidden ? 0 : $0.navigationBar.frame.height } ?? 0),
118 | tabBarController.map { $0.tabBar.isHidden ? 0 : $0.tabBar.frame.height } ?? 0)
| `- error: cannot find 'tabBarController' in scope
119 | }
120 |
/Users/admin/builder/spi-builder-workspace/Sources/Classes/evolution.cglayout/system.cglayout.swift:121:39: error: cannot find 'UIApplication' in scope
119 | }
120 |
121 | var topFrame = window.convert(UIApplication.shared.statusBarFrame, to: superview)
| `- error: cannot find 'UIApplication' in scope
122 | topFrame = topFrame.union(navigationController.map { contr -> CGRect in
123 | contr.isNavigationBarHidden ?
/Users/admin/builder/spi-builder-workspace/Sources/Classes/evolution.cglayout/system.cglayout.swift:122:35: error: cannot find 'navigationController' in scope
120 |
121 | var topFrame = window.convert(UIApplication.shared.statusBarFrame, to: superview)
122 | topFrame = topFrame.union(navigationController.map { contr -> CGRect in
| `- error: cannot find 'navigationController' in scope
123 | contr.isNavigationBarHidden ?
124 | .zero :
/Users/admin/builder/spi-builder-workspace/Sources/Classes/evolution.cglayout/system.cglayout.swift:128:29: error: cannot find 'tabBarController' in scope
126 | } ?? .zero)
127 |
128 | let bottomBarsTop = tabBarController.map { contr -> CGPoint in
| `- error: cannot find 'tabBarController' in scope
129 | contr.tabBar.isHidden ?
130 | .zero :
/Users/admin/builder/spi-builder-workspace/Sources/Classes/evolution.cglayout/system.cglayout.swift:134:40: error: cannot find 'view' in scope
132 | }
133 |
134 | return (max(0, topFrame.maxY - view.frame.origin.y),
| `- error: cannot find 'view' in scope
135 | max(0, bottomBarsTop.map { $0.y - view.frame.maxY } ?? 0))
136 | }
/Users/admin/builder/spi-builder-workspace/Sources/Classes/evolution.cglayout/system.cglayout.swift:135:51: error: cannot find 'view' in scope
133 |
134 | return (max(0, topFrame.maxY - view.frame.origin.y),
135 | max(0, bottomBarsTop.map { $0.y - view.frame.maxY } ?? 0))
| `- error: cannot find 'view' in scope
136 | }
137 |
SwiftCompile normal arm64 /Users/admin/builder/spi-builder-workspace/Sources/Classes/evolution.cglayout/backend.anchors.cglayout.swift (in target 'CGLayout' from project 'CGLayout')
cd /Users/admin/builder/spi-builder-workspace
builtin-SwiftPerFileCompile backend.anchors.cglayout.swift
SwiftCompile normal arm64 /Users/admin/builder/spi-builder-workspace/Sources/Classes/evolution.cglayout/system.cglayout.swift (in target 'CGLayout' from project 'CGLayout')
cd /Users/admin/builder/spi-builder-workspace
builtin-SwiftPerFileCompile system.cglayout.swift
SwiftCompile normal arm64 Compiling\ coordinate.cglayout.swift,\ core.cglayout.swift /Users/admin/builder/spi-builder-workspace/Sources/Classes/coordinate.cglayout.swift /Users/admin/builder/spi-builder-workspace/Sources/Classes/core.cglayout.swift (in target 'CGLayout' from project 'CGLayout')
SwiftCompile normal arm64 /Users/admin/builder/spi-builder-workspace/Sources/Classes/coordinate.cglayout.swift (in target 'CGLayout' from project 'CGLayout')
cd /Users/admin/builder/spi-builder-workspace
builtin-SwiftPerFileCompile coordinate.cglayout.swift
SwiftCompile normal arm64 /Users/admin/builder/spi-builder-workspace/Sources/Classes/core.cglayout.swift (in target 'CGLayout' from project 'CGLayout')
cd /Users/admin/builder/spi-builder-workspace
builtin-SwiftPerFileCompile core.cglayout.swift
SwiftCompile normal arm64 Compiling\ layoutConstraint.cglayout.swift,\ layoutGuide.cglayout.swift /Users/admin/builder/spi-builder-workspace/Sources/Classes/layoutConstraint.cglayout.swift /Users/admin/builder/spi-builder-workspace/Sources/Classes/layoutGuide.cglayout.swift (in target 'CGLayout' from project 'CGLayout')
/Users/admin/builder/spi-builder-workspace/Sources/Classes/layoutGuide.cglayout.swift:297:5: warning: non-'@objc' property declared in extension cannot be overridden; use 'public' instead; this will be an error in a future Swift language mode
295 | }
296 | extension ViewPlaceholder: AdjustableLayoutElement where View: AdjustableLayoutElement {
297 | open var contentConstraint: RectBasedConstraint {
| `- warning: non-'@objc' property declared in extension cannot be overridden; use 'public' instead; this will be an error in a future Swift language mode
298 | return isElementLoaded ? element.contentConstraint : LayoutAnchor.Constantly(value: .zero)
299 | }
/Users/admin/builder/spi-builder-workspace/Sources/Classes/layoutGuide.cglayout.swift:164:9: warning: 'unsafeBitCast' from 'LayoutGuide<T>' to 'LayoutGuide<CALayer>' can be replaced with 'unsafeDowncast'
162 | /// - Parameter layoutGuide: Layout guide for binding
163 | func add<T: CALayer>(layoutGuide: LayoutGuide<T>) {
164 | unsafeBitCast(layoutGuide, to: LayoutGuide<CALayer>.self).ownerElement = self
| `- warning: 'unsafeBitCast' from 'LayoutGuide<T>' to 'LayoutGuide<CALayer>' can be replaced with 'unsafeDowncast'
165 | }
166 | }
SwiftCompile normal arm64 /Users/admin/builder/spi-builder-workspace/Sources/Classes/layoutConstraint.cglayout.swift (in target 'CGLayout' from project 'CGLayout')
cd /Users/admin/builder/spi-builder-workspace
builtin-SwiftPerFileCompile layoutConstraint.cglayout.swift
SwiftCompile normal arm64 /Users/admin/builder/spi-builder-workspace/Sources/Classes/layoutGuide.cglayout.swift (in target 'CGLayout' from project 'CGLayout')
cd /Users/admin/builder/spi-builder-workspace
builtin-SwiftPerFileCompile layoutGuide.cglayout.swift
SwiftEmitModule normal arm64 Emitting\ module\ for\ CGLayout (in target 'CGLayout' from project 'CGLayout')
/Users/admin/builder/spi-builder-workspace/Sources/Classes/evolution.cglayout/backend.anchors.cglayout.swift:179:15: warning: cannot use conformance of 'CGPoint' to 'Equatable' here; 'CoreGraphics' was not imported by this file; this is an error in the Swift 6 language mode
177 | public func get(for rect: CGRect) -> CGFloat { return get(rect) }
178 | }
179 | public struct CenterAnchor: RectAnchorPoint {
| |- warning: cannot use conformance of 'CGPoint' to 'Equatable' here; 'CoreGraphics' was not imported by this file; this is an error in the Swift 6 language mode
| |- note: The missing import of module 'CoreGraphics' will be added implicitly
| `- note: in associated type 'Self.Metric' (inferred as 'CGPoint')
180 | public let axis = CGRectAxis.xy
181 | public var horizontal: AxisCenterAnchor<CGRectAxis.Horizontal> { return .horizontal }
/Users/admin/builder/spi-builder-workspace/Sources/Classes/evolution.cglayout/backend.anchors.cglayout.swift:195:15: warning: cannot use conformance of 'CGPoint' to 'Equatable' here; 'CoreGraphics' was not imported by this file; this is an error in the Swift 6 language mode
193 | public func get(for rect: CGRect) -> CGPoint { return CGPoint(x: horizontal.get(for: rect), y: vertical.get(for: rect)) }
194 | }
195 | public struct OriginAnchor: RectAnchorPoint {
| |- warning: cannot use conformance of 'CGPoint' to 'Equatable' here; 'CoreGraphics' was not imported by this file; this is an error in the Swift 6 language mode
| |- note: The missing import of module 'CoreGraphics' will be added implicitly
| `- note: in associated type 'Self.Metric' (inferred as 'CGPoint')
196 | public let axis = CGRectAxis.xy
197 | let horizontalAnchor: HorizontalAnchor
/Users/admin/builder/spi-builder-workspace/Sources/Classes/evolution.cglayout/backend.anchors.cglayout.swift:211:15: warning: cannot use conformance of 'CGSize' to 'Equatable' here; 'CoreGraphics' was not imported by this file; this is an error in the Swift 6 language mode
209 | public func get(for rect: CGRect) -> CGPoint { return CGPoint(x: horizontalAnchor.get(for: rect), y: verticalAnchor.get(for: rect)) }
210 | }
211 | public struct SizeAnchor: SizeRectAnchor {
| |- warning: cannot use conformance of 'CGSize' to 'Equatable' here; 'CoreGraphics' was not imported by this file; this is an error in the Swift 6 language mode
| |- note: The missing import of module 'CoreGraphics' will be added implicitly
| `- note: in associated type 'Self.Metric' (inferred as 'CGSize')
212 | public typealias Metric = CGSize
213 | }
/Users/admin/builder/spi-builder-workspace/Sources/Classes/evolution.cglayout/system.cglayout.swift:48:44: error: cannot find type 'UIView' in scope
46 | #if os(iOS)
47 | @available(iOS 10.0, *)
48 | public extension LayoutManager where Item: UIView {
| `- error: cannot find type 'UIView' in scope
49 | convenience init(view: UIView, scheme: LayoutScheme) {
50 | self.init()
/Users/admin/builder/spi-builder-workspace/Sources/Classes/evolution.cglayout/system.cglayout.swift:49:28: error: cannot find type 'UIView' in scope
47 | @available(iOS 10.0, *)
48 | public extension LayoutManager where Item: UIView {
49 | convenience init(view: UIView, scheme: LayoutScheme) {
| `- error: cannot find type 'UIView' in scope
50 | self.init()
51 | self.item = view
/Users/admin/builder/spi-builder-workspace/Sources/Classes/evolution.cglayout/system.cglayout.swift:63:55: error: cannot find type 'UIView' in scope
61 | fileprivate lazy var internalLayout: LayoutScheme = self.loadInternalLayout()
62 | public lazy internal(set) var layoutScheme: LayoutScheme = self.loadLayout()
63 | public lazy var freeAreaLayoutGuide = LayoutGuide<UIView>()
| `- error: cannot find type 'UIView' in scope
64 |
65 | override open func viewDidLoad() {
/Users/admin/builder/spi-builder-workspace/Sources/Classes/evolution.cglayout/system.cglayout.swift:60:38: error: cannot find type 'UIViewController' in scope
58 |
59 | /// Base class with layout skeleton implementation.
60 | open class AutolayoutViewController: UIViewController {
| `- error: cannot find type 'UIViewController' in scope
61 | fileprivate lazy var internalLayout: LayoutScheme = self.loadInternalLayout()
62 | public lazy internal(set) var layoutScheme: LayoutScheme = self.loadLayout()
/Users/admin/builder/spi-builder-workspace/Sources/Classes/evolution.cglayout/system.cglayout.swift:65:24: error: method does not override any method from its superclass
63 | public lazy var freeAreaLayoutGuide = LayoutGuide<UIView>()
64 |
65 | override open func viewDidLoad() {
| `- error: method does not override any method from its superclass
66 | super.viewDidLoad()
67 | view.add(layoutGuide: freeAreaLayoutGuide)
/Users/admin/builder/spi-builder-workspace/Sources/Classes/evolution.cglayout/system.cglayout.swift:70:24: error: method does not override any method from its superclass
68 | }
69 |
70 | override open func viewDidLayoutSubviews() {
| `- error: method does not override any method from its superclass
71 | super.viewDidLayoutSubviews()
72 | internalLayout.layout(in: view.layoutBounds)
/Users/admin/builder/spi-builder-workspace/Sources/Classes/evolution.cglayout/system.cglayout.swift:106:36: error: cannot find type 'UIEdgeInsets' in scope
104 |
105 | @available(iOS 9.0, *)
106 | private var viewContentInsets: UIEdgeInsets {
| `- error: cannot find type 'UIEdgeInsets' in scope
107 | let bars = heightBars
108 | return UIEdgeInsets(top: bars.top,
/Users/admin/builder/spi-builder-workspace/Sources/Classes/evolution.cglayout/system.cglayout.swift:148:26: error: cannot find type 'UIScrollView' in scope
146 | open class ScrollLayoutViewController: AutolayoutViewController {
147 | private var isNeedCalculateContent: Bool = true
148 | open var scrollView: UIScrollView { fatalError() }
| `- error: cannot find type 'UIScrollView' in scope
149 | var isScrolling: Bool { return scrollView.isDragging || scrollView.isDecelerating || scrollView.isZooming }
150 |
/Users/admin/builder/spi-builder-workspace/Sources/Classes/layoutGuide.cglayout.swift:297:5: warning: non-'@objc' property declared in extension cannot be overridden; use 'public' instead; this will be an error in a future Swift language mode
295 | }
296 | extension ViewPlaceholder: AdjustableLayoutElement where View: AdjustableLayoutElement {
297 | open var contentConstraint: RectBasedConstraint {
| `- warning: non-'@objc' property declared in extension cannot be overridden; use 'public' instead; this will be an error in a future Swift language mode
298 | return isElementLoaded ? element.contentConstraint : LayoutAnchor.Constantly(value: .zero)
299 | }
Failed frontend command:
/Applications/Xcode-27.0.0-Release.Candidate.app/Contents/Developer/Toolchains/XcodeDefault.xctoolchain/usr/bin/swift-frontend -frontend -emit-module -experimental-skip-non-inlinable-function-bodies-without-types /Users/admin/builder/spi-builder-workspace/Sources/Classes/common.cglayout.swift /Users/admin/builder/spi-builder-workspace/Sources/Classes/container.cglayout.swift /Users/admin/builder/spi-builder-workspace/Sources/Classes/coordinate.cglayout.swift /Users/admin/builder/spi-builder-workspace/Sources/Classes/core.cglayout.swift /Users/admin/builder/spi-builder-workspace/Sources/Classes/deprecated.cglayout.swift /Users/admin/builder/spi-builder-workspace/Sources/Classes/evolution.cglayout/anchors.cglayout.swift /Users/admin/builder/spi-builder-workspace/Sources/Classes/evolution.cglayout/backend.anchors.cglayout.swift /Users/admin/builder/spi-builder-workspace/Sources/Classes/evolution.cglayout/system.cglayout.swift /Users/admin/builder/spi-builder-workspace/Sources/Classes/evolution.cglayout/workspace.cglayout.swift /Users/admin/builder/spi-builder-workspace/Sources/Classes/layoutBlock.cglayout.swift /Users/admin/builder/spi-builder-workspace/Sources/Classes/layoutConstraint.cglayout.swift /Users/admin/builder/spi-builder-workspace/Sources/Classes/layoutGuide.cglayout.swift /Users/admin/builder/spi-builder-workspace/Sources/Classes/private.cglayout.swift /Users/admin/builder/spi-builder-workspace/Sources/Classes/rtl.cglayout.swift /Users/admin/builder/spi-builder-workspace/Sources/Classes/scroll.layoutGuide.cglayout.swift /Users/admin/builder/spi-builder-workspace/Sources/Classes/stack.layoutGuide.cglayout.swift /Users/admin/builder/spi-builder-workspace/Sources/Classes/support.cglayout.swift -target arm64-apple-ios27.0 -Xllvm -aarch64-use-tbi -enable-objc-interop -stack-check -sdk /Applications/Xcode-27.0.0-Release.Candidate.app/Contents/Developer/Platforms/iPhoneOS.platform/Developer/SDKs/iPhoneOS27.0.sdk -I /Users/admin/builder/spi-builder-workspace/.derivedData/Build/Products/Debug-iphoneos -F /Users/admin/builder/spi-builder-workspace/.derivedData/Build/Products/Debug-iphoneos -F /Applications/Xcode-27.0.0-Release.Candidate.app/Contents/Developer/Platforms/iPhoneOS.platform/Developer/Library/Frameworks -module-cache-path /Users/admin/builder/spi-builder-workspace/.derivedData/ModuleCache.noindex -no-color-diagnostics -Xcc -fno-color-diagnostics -enable-testing -g -debug-info-format\=dwarf -dwarf-version\=5 -swift-version 4.2 -Onone -D SWIFT_PACKAGE -D DEBUG -D Xcode -serialize-debugging-options -enable-experimental-feature DebugDescriptionMacro -enable-bare-slash-regex -empty-abi-descriptor -validate-clang-modules-once -clang-build-session-file /Users/admin/builder/spi-builder-workspace/.derivedData/ModuleCache.noindex/Session.modulevalidation -Xcc -working-directory -Xcc /Users/admin/builder/spi-builder-workspace -enable-anonymous-context-mangled-names -file-compilation-dir /Users/admin/builder/spi-builder-workspace -Xcc -D_LIBCPP_HARDENING_MODE\=_LIBCPP_HARDENING_MODE_DEBUG -Xcc -ivfsstatcache -Xcc /Users/admin/builder/spi-builder-workspace/.derivedData/SDKStatCaches.noindex/iphoneos27.0-24A430-e829b21a6f8c9b70876ba0858053c04440ceaa042ed91876912b2eeea4e3aa14.sdkstatcache -Xcc -fmodules-prune-interval\=86400 -Xcc -fmodules-prune-after\=345600 -Xcc -I/Users/admin/builder/spi-builder-workspace/.derivedData/Build/Products/Debug-iphoneos/include -Xcc -I/Users/admin/builder/spi-builder-workspace/.derivedData/Build/Intermediates.noindex/CGLayout.build/Debug-iphoneos/CGLayout.build/DerivedSources-normal/arm64 -Xcc -I/Users/admin/builder/spi-builder-workspace/.derivedData/Build/Intermediates.noindex/CGLayout.build/Debug-iphoneos/CGLayout.build/DerivedSources/arm64 -Xcc -I/Users/admin/builder/spi-builder-workspace/.derivedData/Build/Intermediates.noindex/CGLayout.build/Debug-iphoneos/CGLayout.build/DerivedSources -Xcc -DSWIFT_PACKAGE\=1 -Xcc -DDEBUG\=1 -no-auto-bridging-header-chaining -module-name CGLayout -const-gather-protocols-file /Users/admin/builder/spi-builder-workspace/.derivedData/Build/Intermediates.noindex/CGLayout.build/Debug-iphoneos/CGLayout.build/Objects-normal/arm64/CGLayout_const_extract_protocols.json -disable-clang-spi -target-sdk-version 27.0 -target-sdk-name iphoneos27.0 -external-plugin-path /Applications/Xcode-27.0.0-Release.Candidate.app/Contents/Developer/Platforms/iPhoneOS.platform/Developer/usr/lib/swift/host/plugins\#/Applications/Xcode-27.0.0-Release.Candidate.app/Contents/Developer/Platforms/iPhoneOS.platform/Developer/usr/bin/swift-plugin-server -external-plugin-path /Applications/Xcode-27.0.0-Release.Candidate.app/Contents/Developer/Platforms/iPhoneOS.platform/Developer/usr/local/lib/swift/host/plugins\#/Applications/Xcode-27.0.0-Release.Candidate.app/Contents/Developer/Platforms/iPhoneOS.platform/Developer/usr/bin/swift-plugin-server -in-process-plugin-server-path /Applications/Xcode-27.0.0-Release.Candidate.app/Contents/Developer/Toolchains/XcodeDefault.xctoolchain/usr/lib/swift/host/libSwiftInProcPluginServer.dylib -plugin-path /Applications/Xcode-27.0.0-Release.Candidate.app/Contents/Developer/Toolchains/XcodeDefault.xctoolchain/usr/lib/swift/host/plugins -plugin-path /Applications/Xcode-27.0.0-Release.Candidate.app/Contents/Developer/Toolchains/XcodeDefault.xctoolchain/usr/local/lib/swift/host/plugins -emit-module-doc-path /Users/admin/builder/spi-builder-workspace/.derivedData/Build/Intermediates.noindex/CGLayout.build/Debug-iphoneos/CGLayout.build/Objects-normal/arm64/CGLayout.swiftdoc -emit-module-source-info-path /Users/admin/builder/spi-builder-workspace/.derivedData/Build/Intermediates.noindex/CGLayout.build/Debug-iphoneos/CGLayout.build/Objects-normal/arm64/CGLayout.swiftsourceinfo -emit-objc-header-path /Users/admin/builder/spi-builder-workspace/.derivedData/Build/Intermediates.noindex/CGLayout.build/Debug-iphoneos/CGLayout.build/Objects-normal/arm64/CGLayout-Swift.h -serialize-diagnostics-path /Users/admin/builder/spi-builder-workspace/.derivedData/Build/Intermediates.noindex/CGLayout.build/Debug-iphoneos/CGLayout.build/Objects-normal/arm64/CGLayout-primary-emit-module.dia -emit-dependencies-path /Users/admin/builder/spi-builder-workspace/.derivedData/Build/Intermediates.noindex/CGLayout.build/Debug-iphoneos/CGLayout.build/Objects-normal/arm64/CGLayout-primary-emit-module.d -o /Users/admin/builder/spi-builder-workspace/.derivedData/Build/Intermediates.noindex/CGLayout.build/Debug-iphoneos/CGLayout.build/Objects-normal/arm64/CGLayout.swiftmodule -emit-abi-descriptor-path /Users/admin/builder/spi-builder-workspace/.derivedData/Build/Intermediates.noindex/CGLayout.build/Debug-iphoneos/CGLayout.build/Objects-normal/arm64/CGLayout.abi.json
SwiftCompile normal arm64 (in target 'CGLayout' from project 'CGLayout')
cd /Users/admin/builder/spi-builder-workspace
SwiftCompile normal arm64 Compiling\ stack.layoutGuide.cglayout.swift /Users/admin/builder/spi-builder-workspace/Sources/Classes/stack.layoutGuide.cglayout.swift (in target 'CGLayout' from project 'CGLayout')
SwiftCompile normal arm64 /Users/admin/builder/spi-builder-workspace/Sources/Classes/stack.layoutGuide.cglayout.swift (in target 'CGLayout' from project 'CGLayout')
cd /Users/admin/builder/spi-builder-workspace
builtin-SwiftPerFileCompile stack.layoutGuide.cglayout.swift
SwiftCompile normal arm64 Compiling\ support.cglayout.swift /Users/admin/builder/spi-builder-workspace/Sources/Classes/support.cglayout.swift (in target 'CGLayout' from project 'CGLayout')
SwiftCompile normal arm64 /Users/admin/builder/spi-builder-workspace/Sources/Classes/support.cglayout.swift (in target 'CGLayout' from project 'CGLayout')
cd /Users/admin/builder/spi-builder-workspace
builtin-SwiftPerFileCompile support.cglayout.swift
SwiftCompile normal arm64 Compiling\ private.cglayout.swift,\ rtl.cglayout.swift /Users/admin/builder/spi-builder-workspace/Sources/Classes/private.cglayout.swift /Users/admin/builder/spi-builder-workspace/Sources/Classes/rtl.cglayout.swift (in target 'CGLayout' from project 'CGLayout')
SwiftCompile normal arm64 /Users/admin/builder/spi-builder-workspace/Sources/Classes/private.cglayout.swift (in target 'CGLayout' from project 'CGLayout')
cd /Users/admin/builder/spi-builder-workspace
builtin-SwiftPerFileCompile private.cglayout.swift
SwiftCompile normal arm64 /Users/admin/builder/spi-builder-workspace/Sources/Classes/rtl.cglayout.swift (in target 'CGLayout' from project 'CGLayout')
cd /Users/admin/builder/spi-builder-workspace
builtin-SwiftPerFileCompile rtl.cglayout.swift
SwiftCompile normal arm64 Compiling\ scroll.layoutGuide.cglayout.swift /Users/admin/builder/spi-builder-workspace/Sources/Classes/scroll.layoutGuide.cglayout.swift (in target 'CGLayout' from project 'CGLayout')
SwiftCompile normal arm64 /Users/admin/builder/spi-builder-workspace/Sources/Classes/scroll.layoutGuide.cglayout.swift (in target 'CGLayout' from project 'CGLayout')
cd /Users/admin/builder/spi-builder-workspace
builtin-SwiftPerFileCompile scroll.layoutGuide.cglayout.swift
PruneExplicitPrecompiledModules /Users/admin/builder/spi-builder-workspace/.derivedData/Build/Intermediates.noindex/SwiftExplicitPrecompiledModules
PruneExplicitPrecompiledModules /Users/admin/builder/spi-builder-workspace/.derivedData/Build/Intermediates.noindex/ExplicitPrecompiledModules
PruneExplicitPrecompiledModules /Users/admin/builder/spi-builder-workspace/.derivedData/SDKExplicitPrecompiledModules
** BUILD FAILED **
The following build commands failed:
SwiftEmitModule normal arm64 Emitting\ module\ for\ CGLayout (in target 'CGLayout' from project 'CGLayout')
SwiftCompile normal arm64 (in target 'CGLayout' from project 'CGLayout')
Building project CGLayout with scheme CGLayout-Package
(3 failures)
BUILD FAILURE 6.4 iOS