The Swift Package Index logo.Swift Package Index

Build Information

Failed to build GenUIBridge, reference main (5d9ef7), with Swift 6.2 for watchOS using Xcode 26.3 on 17 Jul 2026 15:54:27 UTC.

Build Command

env DEVELOPER_DIR=/Applications/Xcode-26.3.0.app xcrun xcodebuild -IDEClonedSourcePackagesDirPathOverride=$PWD/.dependencies -skipMacroValidation -skipPackagePluginValidation -derivedDataPath $PWD/.derivedData build -scheme GenUIBridge -destination generic/platform=watchOS

Build Log

========================================
RunAll
========================================
Builder version: undefined version: run 'make version' to update
Interrupt handler set up.
========================================
Checkout
========================================
Clone URL: https://github.com/kiliczsh/genui-bridge-swift.git
Reference: main
Initialized empty Git repository in /Users/admin/builder/spi-builder-workspace/.git/
From https://github.com/kiliczsh/genui-bridge-swift
 * branch            main       -> FETCH_HEAD
 * [new branch]      main       -> origin/main
HEAD is now at 5d9ef71 Remove internal roadmap jargon from README
Cloned https://github.com/kiliczsh/genui-bridge-swift.git
Revision (git rev-parse @):
5d9ef71d5d5994979b5a1a2d258d28dc73d103a4
SPI manifest file found: $PWD/.spi.yml
SUCCESS checkout https://github.com/kiliczsh/genui-bridge-swift.git at main
========================================
Build
========================================
Selected platform:         watchOS
Swift version:             6.2
Building package at path:  $PWD
https://github.com/kiliczsh/genui-bridge-swift.git
Command line invocation:
    /Applications/Xcode-26.3.0.app/Contents/Developer/usr/bin/xcodebuild -IDEClonedSourcePackagesDirPathOverride=/Users/admin/builder/spi-builder-workspace/.dependencies -resolvePackageDependencies
Resolve Package Graph
Resolve Package Graph
Resolved source packages:
  GenUIBridge: /Users/admin/builder/spi-builder-workspace
resolved source packages: GenUIBridge
2026-07-17 11:54:00.007 xcodebuild[572:3135] [MT] IDERunDestination: Supported platforms for the buildables in the current scheme is empty.
{
  "dependencies" : [
  ],
  "manifest_display_name" : "GenUIBridge",
  "name" : "GenUIBridge",
  "path" : "/Users/admin/builder/spi-builder-workspace",
  "platforms" : [
    {
      "name" : "macos",
      "version" : "14.0"
    }
  ],
  "products" : [
    {
      "name" : "GenUIBridge",
      "targets" : [
        "GenUIBridge"
      ],
      "type" : {
        "library" : [
          "automatic"
        ]
      }
    }
  ],
  "targets" : [
    {
      "c99name" : "GenUIBridgeTests",
      "module_type" : "SwiftTarget",
      "name" : "GenUIBridgeTests",
      "path" : "Tests/GenUIBridgeTests",
      "sources" : [
        "GenUIBridgeTests.swift"
      ],
      "target_dependencies" : [
        "GenUIBridge"
      ],
      "type" : "test"
    },
    {
      "c99name" : "GenUIBridge",
      "module_type" : "SwiftTarget",
      "name" : "GenUIBridge",
      "path" : "Sources/GenUIBridge",
      "product_memberships" : [
        "GenUIBridge"
      ],
      "sources" : [
        "A2UIEnvelope.swift",
        "A2UIToolCallInterceptor.swift",
        "A2UIToolset.swift",
        "JSONValue.swift"
      ],
      "type" : "library"
    }
  ],
  "tools_version" : "5.9"
}
{
  "workspace" : {
    "name" : "spi-builder-workspace",
    "schemes" : [
      "GenUIBridge"
    ]
  }
}
2026-07-17 11:54:17.649 xcodebuild[707:4251] [MT] IDERunDestination: Supported platforms for the buildables in the current scheme is empty.
Running build ...
env DEVELOPER_DIR=/Applications/Xcode-26.3.0.app xcrun xcodebuild -IDEClonedSourcePackagesDirPathOverride=$PWD/.dependencies -skipMacroValidation -skipPackagePluginValidation -derivedDataPath $PWD/.derivedData build -scheme GenUIBridge -destination generic/platform=watchOS
Command line invocation:
    /Applications/Xcode-26.3.0.app/Contents/Developer/usr/bin/xcodebuild -IDEClonedSourcePackagesDirPathOverride=/Users/admin/builder/spi-builder-workspace/.dependencies -skipMacroValidation -skipPackagePluginValidation -derivedDataPath /Users/admin/builder/spi-builder-workspace/.derivedData build -scheme GenUIBridge -destination generic/platform=watchOS
Resolve Package Graph
Resolved source packages:
  GenUIBridge: /Users/admin/builder/spi-builder-workspace
ComputePackagePrebuildTargetDependencyGraph
Prepare packages
CreateBuildRequest
SendProjectDescription
CreateBuildOperation
ComputeTargetDependencyGraph
note: Building targets in dependency order
note: Target dependency graph (2 targets)
    Target 'GenUIBridge' in project 'GenUIBridge'
        ➜ Explicit dependency on target 'GenUIBridge' in project 'GenUIBridge'
    Target 'GenUIBridge' in project 'GenUIBridge' (no dependencies)
GatherProvisioningInputs
CreateBuildDescription
ExecuteExternalTool /Applications/Xcode-26.3.0.app/Contents/Developer/Toolchains/XcodeDefault.xctoolchain/usr/bin/clang -v -E -dM -isysroot /Applications/Xcode-26.3.0.app/Contents/Developer/Platforms/WatchOS.platform/Developer/SDKs/WatchOS26.2.sdk -x c -c /dev/null
ExecuteExternalTool /Applications/Xcode-26.3.0.app/Contents/Developer/Toolchains/XcodeDefault.xctoolchain/usr/bin/swiftc --version
ExecuteExternalTool /Applications/Xcode-26.3.0.app/Contents/Developer/Toolchains/XcodeDefault.xctoolchain/usr/bin/ld -version_details
Build description signature: b6714a19168e06f30b0cb148a4fdc61c
Build description path: /Users/admin/builder/spi-builder-workspace/.derivedData/Build/Intermediates.noindex/XCBuildData/b6714a19168e06f30b0cb148a4fdc61c.xcbuilddata
CreateBuildDirectory /Users/admin/builder/spi-builder-workspace/.derivedData/Build/Products
    cd /Users/admin/builder/spi-builder-workspace/.swiftpm/xcode
    builtin-create-build-directory /Users/admin/builder/spi-builder-workspace/.derivedData/Build/Products
CreateBuildDirectory /Users/admin/builder/spi-builder-workspace/.derivedData/Build/Intermediates.noindex
    cd /Users/admin/builder/spi-builder-workspace/.swiftpm/xcode
    builtin-create-build-directory /Users/admin/builder/spi-builder-workspace/.derivedData/Build/Intermediates.noindex
ClangStatCache /Applications/Xcode-26.3.0.app/Contents/Developer/Toolchains/XcodeDefault.xctoolchain/usr/bin/clang-stat-cache /Applications/Xcode-26.3.0.app/Contents/Developer/Platforms/WatchOS.platform/Developer/SDKs/WatchOS26.2.sdk /Users/admin/builder/spi-builder-workspace/.derivedData/SDKStatCaches.noindex/watchos26.2-23S303-dc75598d0054f22ec865fa860f139d721753b489057de6bda919edfa1c59a62b.sdkstatcache
    cd /Users/admin/builder/spi-builder-workspace/.swiftpm/xcode
    /Applications/Xcode-26.3.0.app/Contents/Developer/Toolchains/XcodeDefault.xctoolchain/usr/bin/clang-stat-cache /Applications/Xcode-26.3.0.app/Contents/Developer/Platforms/WatchOS.platform/Developer/SDKs/WatchOS26.2.sdk -o /Users/admin/builder/spi-builder-workspace/.derivedData/SDKStatCaches.noindex/watchos26.2-23S303-dc75598d0054f22ec865fa860f139d721753b489057de6bda919edfa1c59a62b.sdkstatcache
CreateBuildDirectory /Users/admin/builder/spi-builder-workspace/.derivedData/Build/Intermediates.noindex/SwiftExplicitPrecompiledModules
    cd /Users/admin/builder/spi-builder-workspace/.swiftpm/xcode
    builtin-create-build-directory /Users/admin/builder/spi-builder-workspace/.derivedData/Build/Intermediates.noindex/SwiftExplicitPrecompiledModules
CreateBuildDirectory /Users/admin/builder/spi-builder-workspace/.derivedData/Build/Intermediates.noindex/ExplicitPrecompiledModules
    cd /Users/admin/builder/spi-builder-workspace/.swiftpm/xcode
    builtin-create-build-directory /Users/admin/builder/spi-builder-workspace/.derivedData/Build/Intermediates.noindex/ExplicitPrecompiledModules
CreateBuildDirectory /Users/admin/builder/spi-builder-workspace/.derivedData/Build/Intermediates.noindex/EagerLinkingTBDs/Debug-watchos
    cd /Users/admin/builder/spi-builder-workspace/.swiftpm/xcode
    builtin-create-build-directory /Users/admin/builder/spi-builder-workspace/.derivedData/Build/Intermediates.noindex/EagerLinkingTBDs/Debug-watchos
CreateBuildDirectory /Users/admin/builder/spi-builder-workspace/.derivedData/Build/Products/Debug-watchos
    cd /Users/admin/builder/spi-builder-workspace/.swiftpm/xcode
    builtin-create-build-directory /Users/admin/builder/spi-builder-workspace/.derivedData/Build/Products/Debug-watchos
CreateBuildDirectory /Users/admin/builder/spi-builder-workspace/.derivedData/Build/Products/Debug-watchos/PackageFrameworks
    cd /Users/admin/builder/spi-builder-workspace/.swiftpm/xcode
    builtin-create-build-directory /Users/admin/builder/spi-builder-workspace/.derivedData/Build/Products/Debug-watchos/PackageFrameworks
WriteAuxiliaryFile /Users/admin/builder/spi-builder-workspace/.derivedData/Build/Intermediates.noindex/GenUIBridge.build/Debug-watchos/GenUIBridge.build/GenUIBridge.modulemap (in target 'GenUIBridge' from project 'GenUIBridge')
    cd /Users/admin/builder/spi-builder-workspace
    write-file /Users/admin/builder/spi-builder-workspace/.derivedData/Build/Intermediates.noindex/GenUIBridge.build/Debug-watchos/GenUIBridge.build/GenUIBridge.modulemap
WriteAuxiliaryFile /Users/admin/builder/spi-builder-workspace/.derivedData/Build/Intermediates.noindex/GenUIBridge.build/Debug-watchos/GenUIBridge.build/Objects-normal/armv7k/GenUIBridge_const_extract_protocols.json (in target 'GenUIBridge' from project 'GenUIBridge')
    cd /Users/admin/builder/spi-builder-workspace
    write-file /Users/admin/builder/spi-builder-workspace/.derivedData/Build/Intermediates.noindex/GenUIBridge.build/Debug-watchos/GenUIBridge.build/Objects-normal/armv7k/GenUIBridge_const_extract_protocols.json
WriteAuxiliaryFile /Users/admin/builder/spi-builder-workspace/.derivedData/Build/Intermediates.noindex/GenUIBridge.build/Debug-watchos/GenUIBridge.build/Objects-normal/armv7k/GenUIBridge.SwiftConstValuesFileList (in target 'GenUIBridge' from project 'GenUIBridge')
    cd /Users/admin/builder/spi-builder-workspace
    write-file /Users/admin/builder/spi-builder-workspace/.derivedData/Build/Intermediates.noindex/GenUIBridge.build/Debug-watchos/GenUIBridge.build/Objects-normal/armv7k/GenUIBridge.SwiftConstValuesFileList
WriteAuxiliaryFile /Users/admin/builder/spi-builder-workspace/.derivedData/Build/Intermediates.noindex/GenUIBridge.build/Debug-watchos/GenUIBridge.build/Objects-normal/armv7k/GenUIBridge.LinkFileList (in target 'GenUIBridge' from project 'GenUIBridge')
    cd /Users/admin/builder/spi-builder-workspace
    write-file /Users/admin/builder/spi-builder-workspace/.derivedData/Build/Intermediates.noindex/GenUIBridge.build/Debug-watchos/GenUIBridge.build/Objects-normal/armv7k/GenUIBridge.LinkFileList
WriteAuxiliaryFile /Users/admin/builder/spi-builder-workspace/.derivedData/Build/Intermediates.noindex/GenUIBridge.build/Debug-watchos/GenUIBridge.build/Objects-normal/arm64_32/GenUIBridge-OutputFileMap.json (in target 'GenUIBridge' from project 'GenUIBridge')
    cd /Users/admin/builder/spi-builder-workspace
    write-file /Users/admin/builder/spi-builder-workspace/.derivedData/Build/Intermediates.noindex/GenUIBridge.build/Debug-watchos/GenUIBridge.build/Objects-normal/arm64_32/GenUIBridge-OutputFileMap.json
WriteAuxiliaryFile /Users/admin/builder/spi-builder-workspace/.derivedData/Build/Intermediates.noindex/GenUIBridge.build/Debug-watchos/GenUIBridge.build/Objects-normal/armv7k/GenUIBridge-OutputFileMap.json (in target 'GenUIBridge' from project 'GenUIBridge')
    cd /Users/admin/builder/spi-builder-workspace
    write-file /Users/admin/builder/spi-builder-workspace/.derivedData/Build/Intermediates.noindex/GenUIBridge.build/Debug-watchos/GenUIBridge.build/Objects-normal/armv7k/GenUIBridge-OutputFileMap.json
WriteAuxiliaryFile /Users/admin/builder/spi-builder-workspace/.derivedData/Build/Intermediates.noindex/GenUIBridge.build/Debug-watchos/GenUIBridge.build/Objects-normal/armv7k/GenUIBridge.SwiftFileList (in target 'GenUIBridge' from project 'GenUIBridge')
    cd /Users/admin/builder/spi-builder-workspace
    write-file /Users/admin/builder/spi-builder-workspace/.derivedData/Build/Intermediates.noindex/GenUIBridge.build/Debug-watchos/GenUIBridge.build/Objects-normal/armv7k/GenUIBridge.SwiftFileList
WriteAuxiliaryFile /Users/admin/builder/spi-builder-workspace/.derivedData/Build/Intermediates.noindex/GenUIBridge.build/Debug-watchos/GenUIBridge.build/Objects-normal/arm64_32/GenUIBridge.SwiftFileList (in target 'GenUIBridge' from project 'GenUIBridge')
    cd /Users/admin/builder/spi-builder-workspace
    write-file /Users/admin/builder/spi-builder-workspace/.derivedData/Build/Intermediates.noindex/GenUIBridge.build/Debug-watchos/GenUIBridge.build/Objects-normal/arm64_32/GenUIBridge.SwiftFileList
WriteAuxiliaryFile /Users/admin/builder/spi-builder-workspace/.derivedData/Build/Intermediates.noindex/GenUIBridge.build/Debug-watchos/GenUIBridge.build/Objects-normal/arm64_32/GenUIBridge_const_extract_protocols.json (in target 'GenUIBridge' from project 'GenUIBridge')
    cd /Users/admin/builder/spi-builder-workspace
    write-file /Users/admin/builder/spi-builder-workspace/.derivedData/Build/Intermediates.noindex/GenUIBridge.build/Debug-watchos/GenUIBridge.build/Objects-normal/arm64_32/GenUIBridge_const_extract_protocols.json
WriteAuxiliaryFile /Users/admin/builder/spi-builder-workspace/.derivedData/Build/Intermediates.noindex/GenUIBridge.build/Debug-watchos/GenUIBridge.build/Objects-normal/arm64_32/GenUIBridge.SwiftConstValuesFileList (in target 'GenUIBridge' from project 'GenUIBridge')
    cd /Users/admin/builder/spi-builder-workspace
    write-file /Users/admin/builder/spi-builder-workspace/.derivedData/Build/Intermediates.noindex/GenUIBridge.build/Debug-watchos/GenUIBridge.build/Objects-normal/arm64_32/GenUIBridge.SwiftConstValuesFileList
WriteAuxiliaryFile /Users/admin/builder/spi-builder-workspace/.derivedData/Build/Intermediates.noindex/GenUIBridge.build/Debug-watchos/GenUIBridge.build/Objects-normal/arm64_32/GenUIBridge.LinkFileList (in target 'GenUIBridge' from project 'GenUIBridge')
    cd /Users/admin/builder/spi-builder-workspace
    write-file /Users/admin/builder/spi-builder-workspace/.derivedData/Build/Intermediates.noindex/GenUIBridge.build/Debug-watchos/GenUIBridge.build/Objects-normal/arm64_32/GenUIBridge.LinkFileList
WriteAuxiliaryFile /Users/admin/builder/spi-builder-workspace/.derivedData/Build/Intermediates.noindex/GenUIBridge.build/Debug-watchos/GenUIBridge.build/Objects-normal/arm64/GenUIBridge.SwiftFileList (in target 'GenUIBridge' from project 'GenUIBridge')
    cd /Users/admin/builder/spi-builder-workspace
    write-file /Users/admin/builder/spi-builder-workspace/.derivedData/Build/Intermediates.noindex/GenUIBridge.build/Debug-watchos/GenUIBridge.build/Objects-normal/arm64/GenUIBridge.SwiftFileList
WriteAuxiliaryFile /Users/admin/builder/spi-builder-workspace/.derivedData/Build/Intermediates.noindex/GenUIBridge.build/Debug-watchos/GenUIBridge.build/Objects-normal/arm64/GenUIBridge_const_extract_protocols.json (in target 'GenUIBridge' from project 'GenUIBridge')
    cd /Users/admin/builder/spi-builder-workspace
    write-file /Users/admin/builder/spi-builder-workspace/.derivedData/Build/Intermediates.noindex/GenUIBridge.build/Debug-watchos/GenUIBridge.build/Objects-normal/arm64/GenUIBridge_const_extract_protocols.json
WriteAuxiliaryFile /Users/admin/builder/spi-builder-workspace/.derivedData/Build/Intermediates.noindex/GenUIBridge.build/Debug-watchos/GenUIBridge.build/Objects-normal/arm64/GenUIBridge.SwiftConstValuesFileList (in target 'GenUIBridge' from project 'GenUIBridge')
    cd /Users/admin/builder/spi-builder-workspace
    write-file /Users/admin/builder/spi-builder-workspace/.derivedData/Build/Intermediates.noindex/GenUIBridge.build/Debug-watchos/GenUIBridge.build/Objects-normal/arm64/GenUIBridge.SwiftConstValuesFileList
WriteAuxiliaryFile /Users/admin/builder/spi-builder-workspace/.derivedData/Build/Intermediates.noindex/GenUIBridge.build/Debug-watchos/GenUIBridge.build/Objects-normal/arm64/GenUIBridge.LinkFileList (in target 'GenUIBridge' from project 'GenUIBridge')
    cd /Users/admin/builder/spi-builder-workspace
    write-file /Users/admin/builder/spi-builder-workspace/.derivedData/Build/Intermediates.noindex/GenUIBridge.build/Debug-watchos/GenUIBridge.build/Objects-normal/arm64/GenUIBridge.LinkFileList
WriteAuxiliaryFile /Users/admin/builder/spi-builder-workspace/.derivedData/Build/Intermediates.noindex/GenUIBridge.build/Debug-watchos/GenUIBridge.build/Objects-normal/arm64/GenUIBridge-OutputFileMap.json (in target 'GenUIBridge' from project 'GenUIBridge')
    cd /Users/admin/builder/spi-builder-workspace
    write-file /Users/admin/builder/spi-builder-workspace/.derivedData/Build/Intermediates.noindex/GenUIBridge.build/Debug-watchos/GenUIBridge.build/Objects-normal/arm64/GenUIBridge-OutputFileMap.json
WriteAuxiliaryFile /Users/admin/builder/spi-builder-workspace/.derivedData/Build/Intermediates.noindex/GenUIBridge.build/Debug-watchos/GenUIBridge.build/GenUIBridge.DependencyStaticMetadataFileList (in target 'GenUIBridge' from project 'GenUIBridge')
    cd /Users/admin/builder/spi-builder-workspace
    write-file /Users/admin/builder/spi-builder-workspace/.derivedData/Build/Intermediates.noindex/GenUIBridge.build/Debug-watchos/GenUIBridge.build/GenUIBridge.DependencyStaticMetadataFileList
WriteAuxiliaryFile /Users/admin/builder/spi-builder-workspace/.derivedData/Build/Intermediates.noindex/GenUIBridge.build/Debug-watchos/GenUIBridge.build/GenUIBridge.DependencyMetadataFileList (in target 'GenUIBridge' from project 'GenUIBridge')
    cd /Users/admin/builder/spi-builder-workspace
    write-file /Users/admin/builder/spi-builder-workspace/.derivedData/Build/Intermediates.noindex/GenUIBridge.build/Debug-watchos/GenUIBridge.build/GenUIBridge.DependencyMetadataFileList
Copy /Users/admin/builder/spi-builder-workspace/.derivedData/Build/Intermediates.noindex/GeneratedModuleMaps-watchos/GenUIBridge.modulemap /Users/admin/builder/spi-builder-workspace/.derivedData/Build/Intermediates.noindex/GenUIBridge.build/Debug-watchos/GenUIBridge.build/GenUIBridge.modulemap (in target 'GenUIBridge' from project 'GenUIBridge')
    cd /Users/admin/builder/spi-builder-workspace
    builtin-copy -exclude .DS_Store -exclude CVS -exclude .svn -exclude .git -exclude .hg -resolve-src-symlinks /Users/admin/builder/spi-builder-workspace/.derivedData/Build/Intermediates.noindex/GenUIBridge.build/Debug-watchos/GenUIBridge.build/GenUIBridge.modulemap /Users/admin/builder/spi-builder-workspace/.derivedData/Build/Intermediates.noindex/GeneratedModuleMaps-watchos
SwiftDriver GenUIBridge normal armv7k com.apple.xcode.tools.swift.compiler (in target 'GenUIBridge' from project 'GenUIBridge')
    cd /Users/admin/builder/spi-builder-workspace/.swiftpm/xcode
    builtin-SwiftDriver -- /Applications/Xcode-26.3.0.app/Contents/Developer/Toolchains/XcodeDefault.xctoolchain/usr/bin/swiftc -module-name GenUIBridge -Onone -enforce-exclusivity\=checked @/Users/admin/builder/spi-builder-workspace/.derivedData/Build/Intermediates.noindex/GenUIBridge.build/Debug-watchos/GenUIBridge.build/Objects-normal/armv7k/GenUIBridge.SwiftFileList -DSWIFT_PACKAGE -DDEBUG -DSWIFT_MODULE_RESOURCE_BUNDLE_UNAVAILABLE -DXcode -plugin-path /Applications/Xcode-26.3.0.app/Contents/Developer/Toolchains/XcodeDefault.xctoolchain/usr/lib/swift/host/plugins/testing -enable-experimental-feature DebugDescriptionMacro -sdk /Applications/Xcode-26.3.0.app/Contents/Developer/Platforms/WatchOS.platform/Developer/SDKs/WatchOS26.2.sdk -target armv7k-apple-watchos5.0 -g -module-cache-path /Users/admin/builder/spi-builder-workspace/.derivedData/ModuleCache.noindex -Xfrontend -serialize-debugging-options -profile-coverage-mapping -profile-generate -enable-testing -index-store-path /Users/admin/builder/spi-builder-workspace/.derivedData/Index.noindex/DataStore -Xcc -D_LIBCPP_HARDENING_MODE\=_LIBCPP_HARDENING_MODE_DEBUG -swift-version 5 -I /Users/admin/builder/spi-builder-workspace/.derivedData/Build/Products/Debug-watchos -Isystem /Applications/Xcode-26.3.0.app/Contents/Developer/Platforms/WatchOS.platform/Developer/usr/lib -F /Users/admin/builder/spi-builder-workspace/.derivedData/Build/Products/Debug-watchos -F /Applications/Xcode-26.3.0.app/Contents/Developer/Platforms/WatchOS.platform/Developer/Library/Frameworks -F /Applications/Xcode-26.3.0.app/Contents/Developer/Platforms/WatchOS.platform/Developer/SDKs/WatchOS26.2.sdk/Developer/Library/Frameworks -c -j10 -enable-batch-mode -incremental -Xcc -ivfsstatcache -Xcc /Users/admin/builder/spi-builder-workspace/.derivedData/SDKStatCaches.noindex/watchos26.2-23S303-dc75598d0054f22ec865fa860f139d721753b489057de6bda919edfa1c59a62b.sdkstatcache -output-file-map /Users/admin/builder/spi-builder-workspace/.derivedData/Build/Intermediates.noindex/GenUIBridge.build/Debug-watchos/GenUIBridge.build/Objects-normal/armv7k/GenUIBridge-OutputFileMap.json -use-frontend-parseable-output -save-temps -no-color-diagnostics -explicit-module-build -module-cache-path /Users/admin/builder/spi-builder-workspace/.derivedData/Build/Intermediates.noindex/SwiftExplicitPrecompiledModules -clang-scanner-module-cache-path /Users/admin/builder/spi-builder-workspace/.derivedData/ModuleCache.noindex -sdk-module-cache-path /Users/admin/builder/spi-builder-workspace/.derivedData/ModuleCache.noindex -serialize-diagnostics -emit-dependencies -emit-module -emit-module-path /Users/admin/builder/spi-builder-workspace/.derivedData/Build/Intermediates.noindex/GenUIBridge.build/Debug-watchos/GenUIBridge.build/Objects-normal/armv7k/GenUIBridge.swiftmodule -validate-clang-modules-once -clang-build-session-file /Users/admin/builder/spi-builder-workspace/.derivedData/ModuleCache.noindex/Session.modulevalidation -package-name spi_builder_workspace -Xcc -I/Users/admin/builder/spi-builder-workspace/.derivedData/Build/Intermediates.noindex/GenUIBridge.build/Debug-watchos/GenUIBridge.build/swift-overrides.hmap -emit-const-values -Xfrontend -const-gather-protocols-file -Xfrontend /Users/admin/builder/spi-builder-workspace/.derivedData/Build/Intermediates.noindex/GenUIBridge.build/Debug-watchos/GenUIBridge.build/Objects-normal/armv7k/GenUIBridge_const_extract_protocols.json -Xcc -I/Users/admin/builder/spi-builder-workspace/.derivedData/Build/Products/Debug-watchos/include -Xcc -I/Users/admin/builder/spi-builder-workspace/.derivedData/Build/Intermediates.noindex/GenUIBridge.build/Debug-watchos/GenUIBridge.build/DerivedSources-normal/armv7k -Xcc -I/Users/admin/builder/spi-builder-workspace/.derivedData/Build/Intermediates.noindex/GenUIBridge.build/Debug-watchos/GenUIBridge.build/DerivedSources/armv7k -Xcc -I/Users/admin/builder/spi-builder-workspace/.derivedData/Build/Intermediates.noindex/GenUIBridge.build/Debug-watchos/GenUIBridge.build/DerivedSources -Xcc -DSWIFT_PACKAGE -Xcc -DDEBUG\=1 -emit-objc-header -emit-objc-header-path /Users/admin/builder/spi-builder-workspace/.derivedData/Build/Intermediates.noindex/GenUIBridge.build/Debug-watchos/GenUIBridge.build/Objects-normal/armv7k/GenUIBridge-Swift.h -working-directory /Users/admin/builder/spi-builder-workspace/.swiftpm/xcode -experimental-emit-module-separately -disable-cmo
SwiftDriver GenUIBridge normal arm64_32 com.apple.xcode.tools.swift.compiler (in target 'GenUIBridge' from project 'GenUIBridge')
    cd /Users/admin/builder/spi-builder-workspace/.swiftpm/xcode
    builtin-SwiftDriver -- /Applications/Xcode-26.3.0.app/Contents/Developer/Toolchains/XcodeDefault.xctoolchain/usr/bin/swiftc -module-name GenUIBridge -Onone -enforce-exclusivity\=checked @/Users/admin/builder/spi-builder-workspace/.derivedData/Build/Intermediates.noindex/GenUIBridge.build/Debug-watchos/GenUIBridge.build/Objects-normal/arm64_32/GenUIBridge.SwiftFileList -DSWIFT_PACKAGE -DDEBUG -DSWIFT_MODULE_RESOURCE_BUNDLE_UNAVAILABLE -DXcode -plugin-path /Applications/Xcode-26.3.0.app/Contents/Developer/Toolchains/XcodeDefault.xctoolchain/usr/lib/swift/host/plugins/testing -enable-experimental-feature DebugDescriptionMacro -sdk /Applications/Xcode-26.3.0.app/Contents/Developer/Platforms/WatchOS.platform/Developer/SDKs/WatchOS26.2.sdk -target arm64_32-apple-watchos5.0 -g -module-cache-path /Users/admin/builder/spi-builder-workspace/.derivedData/ModuleCache.noindex -Xfrontend -serialize-debugging-options -profile-coverage-mapping -profile-generate -enable-testing -index-store-path /Users/admin/builder/spi-builder-workspace/.derivedData/Index.noindex/DataStore -Xcc -D_LIBCPP_HARDENING_MODE\=_LIBCPP_HARDENING_MODE_DEBUG -swift-version 5 -I /Users/admin/builder/spi-builder-workspace/.derivedData/Build/Products/Debug-watchos -Isystem /Applications/Xcode-26.3.0.app/Contents/Developer/Platforms/WatchOS.platform/Developer/usr/lib -F /Users/admin/builder/spi-builder-workspace/.derivedData/Build/Products/Debug-watchos -F /Applications/Xcode-26.3.0.app/Contents/Developer/Platforms/WatchOS.platform/Developer/Library/Frameworks -F /Applications/Xcode-26.3.0.app/Contents/Developer/Platforms/WatchOS.platform/Developer/SDKs/WatchOS26.2.sdk/Developer/Library/Frameworks -c -j10 -enable-batch-mode -incremental -Xcc -ivfsstatcache -Xcc /Users/admin/builder/spi-builder-workspace/.derivedData/SDKStatCaches.noindex/watchos26.2-23S303-dc75598d0054f22ec865fa860f139d721753b489057de6bda919edfa1c59a62b.sdkstatcache -output-file-map /Users/admin/builder/spi-builder-workspace/.derivedData/Build/Intermediates.noindex/GenUIBridge.build/Debug-watchos/GenUIBridge.build/Objects-normal/arm64_32/GenUIBridge-OutputFileMap.json -use-frontend-parseable-output -save-temps -no-color-diagnostics -explicit-module-build -module-cache-path /Users/admin/builder/spi-builder-workspace/.derivedData/Build/Intermediates.noindex/SwiftExplicitPrecompiledModules -clang-scanner-module-cache-path /Users/admin/builder/spi-builder-workspace/.derivedData/ModuleCache.noindex -sdk-module-cache-path /Users/admin/builder/spi-builder-workspace/.derivedData/ModuleCache.noindex -serialize-diagnostics -emit-dependencies -emit-module -emit-module-path /Users/admin/builder/spi-builder-workspace/.derivedData/Build/Intermediates.noindex/GenUIBridge.build/Debug-watchos/GenUIBridge.build/Objects-normal/arm64_32/GenUIBridge.swiftmodule -validate-clang-modules-once -clang-build-session-file /Users/admin/builder/spi-builder-workspace/.derivedData/ModuleCache.noindex/Session.modulevalidation -package-name spi_builder_workspace -Xcc -I/Users/admin/builder/spi-builder-workspace/.derivedData/Build/Intermediates.noindex/GenUIBridge.build/Debug-watchos/GenUIBridge.build/swift-overrides.hmap -emit-const-values -Xfrontend -const-gather-protocols-file -Xfrontend /Users/admin/builder/spi-builder-workspace/.derivedData/Build/Intermediates.noindex/GenUIBridge.build/Debug-watchos/GenUIBridge.build/Objects-normal/arm64_32/GenUIBridge_const_extract_protocols.json -Xcc -I/Users/admin/builder/spi-builder-workspace/.derivedData/Build/Products/Debug-watchos/include -Xcc -I/Users/admin/builder/spi-builder-workspace/.derivedData/Build/Intermediates.noindex/GenUIBridge.build/Debug-watchos/GenUIBridge.build/DerivedSources-normal/arm64_32 -Xcc -I/Users/admin/builder/spi-builder-workspace/.derivedData/Build/Intermediates.noindex/GenUIBridge.build/Debug-watchos/GenUIBridge.build/DerivedSources/arm64_32 -Xcc -I/Users/admin/builder/spi-builder-workspace/.derivedData/Build/Intermediates.noindex/GenUIBridge.build/Debug-watchos/GenUIBridge.build/DerivedSources -Xcc -DSWIFT_PACKAGE -Xcc -DDEBUG\=1 -emit-objc-header -emit-objc-header-path /Users/admin/builder/spi-builder-workspace/.derivedData/Build/Intermediates.noindex/GenUIBridge.build/Debug-watchos/GenUIBridge.build/Objects-normal/arm64_32/GenUIBridge-Swift.h -working-directory /Users/admin/builder/spi-builder-workspace/.swiftpm/xcode -experimental-emit-module-separately -disable-cmo
SwiftDriver GenUIBridge normal arm64 com.apple.xcode.tools.swift.compiler (in target 'GenUIBridge' from project 'GenUIBridge')
    cd /Users/admin/builder/spi-builder-workspace/.swiftpm/xcode
    builtin-SwiftDriver -- /Applications/Xcode-26.3.0.app/Contents/Developer/Toolchains/XcodeDefault.xctoolchain/usr/bin/swiftc -module-name GenUIBridge -Onone -enforce-exclusivity\=checked @/Users/admin/builder/spi-builder-workspace/.derivedData/Build/Intermediates.noindex/GenUIBridge.build/Debug-watchos/GenUIBridge.build/Objects-normal/arm64/GenUIBridge.SwiftFileList -DSWIFT_PACKAGE -DDEBUG -DSWIFT_MODULE_RESOURCE_BUNDLE_UNAVAILABLE -DXcode -plugin-path /Applications/Xcode-26.3.0.app/Contents/Developer/Toolchains/XcodeDefault.xctoolchain/usr/lib/swift/host/plugins/testing -enable-experimental-feature DebugDescriptionMacro -sdk /Applications/Xcode-26.3.0.app/Contents/Developer/Platforms/WatchOS.platform/Developer/SDKs/WatchOS26.2.sdk -target arm64-apple-watchos5.0 -g -module-cache-path /Users/admin/builder/spi-builder-workspace/.derivedData/ModuleCache.noindex -Xfrontend -serialize-debugging-options -profile-coverage-mapping -profile-generate -enable-testing -index-store-path /Users/admin/builder/spi-builder-workspace/.derivedData/Index.noindex/DataStore -Xcc -D_LIBCPP_HARDENING_MODE\=_LIBCPP_HARDENING_MODE_DEBUG -swift-version 5 -I /Users/admin/builder/spi-builder-workspace/.derivedData/Build/Products/Debug-watchos -Isystem /Applications/Xcode-26.3.0.app/Contents/Developer/Platforms/WatchOS.platform/Developer/usr/lib -F /Users/admin/builder/spi-builder-workspace/.derivedData/Build/Products/Debug-watchos -F /Applications/Xcode-26.3.0.app/Contents/Developer/Platforms/WatchOS.platform/Developer/Library/Frameworks -F /Applications/Xcode-26.3.0.app/Contents/Developer/Platforms/WatchOS.platform/Developer/SDKs/WatchOS26.2.sdk/Developer/Library/Frameworks -c -j10 -enable-batch-mode -incremental -Xcc -ivfsstatcache -Xcc /Users/admin/builder/spi-builder-workspace/.derivedData/SDKStatCaches.noindex/watchos26.2-23S303-dc75598d0054f22ec865fa860f139d721753b489057de6bda919edfa1c59a62b.sdkstatcache -output-file-map /Users/admin/builder/spi-builder-workspace/.derivedData/Build/Intermediates.noindex/GenUIBridge.build/Debug-watchos/GenUIBridge.build/Objects-normal/arm64/GenUIBridge-OutputFileMap.json -use-frontend-parseable-output -save-temps -no-color-diagnostics -explicit-module-build -module-cache-path /Users/admin/builder/spi-builder-workspace/.derivedData/Build/Intermediates.noindex/SwiftExplicitPrecompiledModules -clang-scanner-module-cache-path /Users/admin/builder/spi-builder-workspace/.derivedData/ModuleCache.noindex -sdk-module-cache-path /Users/admin/builder/spi-builder-workspace/.derivedData/ModuleCache.noindex -serialize-diagnostics -emit-dependencies -emit-module -emit-module-path /Users/admin/builder/spi-builder-workspace/.derivedData/Build/Intermediates.noindex/GenUIBridge.build/Debug-watchos/GenUIBridge.build/Objects-normal/arm64/GenUIBridge.swiftmodule -validate-clang-modules-once -clang-build-session-file /Users/admin/builder/spi-builder-workspace/.derivedData/ModuleCache.noindex/Session.modulevalidation -package-name spi_builder_workspace -Xcc -I/Users/admin/builder/spi-builder-workspace/.derivedData/Build/Intermediates.noindex/GenUIBridge.build/Debug-watchos/GenUIBridge.build/swift-overrides.hmap -emit-const-values -Xfrontend -const-gather-protocols-file -Xfrontend /Users/admin/builder/spi-builder-workspace/.derivedData/Build/Intermediates.noindex/GenUIBridge.build/Debug-watchos/GenUIBridge.build/Objects-normal/arm64/GenUIBridge_const_extract_protocols.json -Xcc -I/Users/admin/builder/spi-builder-workspace/.derivedData/Build/Products/Debug-watchos/include -Xcc -I/Users/admin/builder/spi-builder-workspace/.derivedData/Build/Intermediates.noindex/GenUIBridge.build/Debug-watchos/GenUIBridge.build/DerivedSources-normal/arm64 -Xcc -I/Users/admin/builder/spi-builder-workspace/.derivedData/Build/Intermediates.noindex/GenUIBridge.build/Debug-watchos/GenUIBridge.build/DerivedSources/arm64 -Xcc -I/Users/admin/builder/spi-builder-workspace/.derivedData/Build/Intermediates.noindex/GenUIBridge.build/Debug-watchos/GenUIBridge.build/DerivedSources -Xcc -DSWIFT_PACKAGE -Xcc -DDEBUG\=1 -emit-objc-header -emit-objc-header-path /Users/admin/builder/spi-builder-workspace/.derivedData/Build/Intermediates.noindex/GenUIBridge.build/Debug-watchos/GenUIBridge.build/Objects-normal/arm64/GenUIBridge-Swift.h -working-directory /Users/admin/builder/spi-builder-workspace/.swiftpm/xcode -experimental-emit-module-separately -disable-cmo
SwiftExplicitDependencyGeneratePcm armv7k /Users/admin/builder/spi-builder-workspace/.derivedData/ModuleCache.noindex/_Builtin_stdarg-1BUNRX2QJIKYWJ1962CPXCMS2.pcm
SwiftExplicitDependencyGeneratePcm armv7k /Users/admin/builder/spi-builder-workspace/.derivedData/ModuleCache.noindex/_Builtin_stdbool-3SSVOWQSYKMDF9LAAICA6FU9H.pcm
SwiftExplicitDependencyGeneratePcm armv7k /Users/admin/builder/spi-builder-workspace/.derivedData/ModuleCache.noindex/_AvailabilityInternal-EY3BO3AT1IVA0A77O3J98LWL9.pcm
SwiftExplicitDependencyGeneratePcm armv7k /Users/admin/builder/spi-builder-workspace/.derivedData/ModuleCache.noindex/_SwiftConcurrencyShims-9EJPFOS18RDMGC4RE1FY7YAHP.pcm
SwiftExplicitDependencyGeneratePcm armv7k /Users/admin/builder/spi-builder-workspace/.derivedData/ModuleCache.noindex/ptrcheck-7LSYX6ETTNTOSEGXFGUGJ6PK3.pcm
SwiftExplicitDependencyGeneratePcm armv7k /Users/admin/builder/spi-builder-workspace/.derivedData/ModuleCache.noindex/ptrauth-9IB0Q37XD4KBICFV9JN0WA751.pcm
SwiftExplicitDependencyGeneratePcm armv7k /Users/admin/builder/spi-builder-workspace/.derivedData/ModuleCache.noindex/SwiftShims-DF1S41MRK5T9Q78COJM8USFTK.pcm
SwiftExplicitDependencyGeneratePcm armv7k /Users/admin/builder/spi-builder-workspace/.derivedData/ModuleCache.noindex/_Builtin_stddef-BOED5FAOPQQQ8EQJ4TOKIV54N.pcm
SwiftExplicitDependencyGeneratePcm armv7k /Users/admin/builder/spi-builder-workspace/.derivedData/ModuleCache.noindex/_Builtin_float-3ADR5SOKJ0KGO3UK7SNQTCDOV.pcm
SwiftExplicitDependencyGeneratePcm arm64_32 /Users/admin/builder/spi-builder-workspace/.derivedData/ModuleCache.noindex/_Builtin_stdarg-3DKNO61VH3IRYCOYDXNL008WT.pcm
SwiftExplicitDependencyGeneratePcm arm64_32 /Users/admin/builder/spi-builder-workspace/.derivedData/ModuleCache.noindex/ptrcheck-AA5GJME3GXGO73H210XMPC07G.pcm
SwiftExplicitDependencyGeneratePcm arm64 /Users/admin/builder/spi-builder-workspace/.derivedData/ModuleCache.noindex/ptrauth-2QN0W8EE9P0TVYCIGO0RALCET.pcm
SwiftExplicitDependencyGeneratePcm arm64_32 /Users/admin/builder/spi-builder-workspace/.derivedData/ModuleCache.noindex/_SwiftConcurrencyShims-EKNAGQ6VDRD7YC1GBALZ7FXI3.pcm
SwiftExplicitDependencyGeneratePcm arm64 /Users/admin/builder/spi-builder-workspace/.derivedData/ModuleCache.noindex/SwiftShims-CM405XN1ZNHPKWICE5AN3FQBL.pcm
SwiftExplicitDependencyGeneratePcm arm64 /Users/admin/builder/spi-builder-workspace/.derivedData/ModuleCache.noindex/ptrcheck-BZQSFWKT9QTVPI5QDZ5NVKV9.pcm
SwiftExplicitDependencyGeneratePcm arm64 /Users/admin/builder/spi-builder-workspace/.derivedData/ModuleCache.noindex/_Builtin_stddef-BFZNESQOB31O3W68M3ZQ64Q5W.pcm
SwiftExplicitDependencyGeneratePcm arm64_32 /Users/admin/builder/spi-builder-workspace/.derivedData/ModuleCache.noindex/SwiftShims-2AV76KREET4U6COZAGI565HPC.pcm
SwiftExplicitDependencyGeneratePcm arm64 /Users/admin/builder/spi-builder-workspace/.derivedData/ModuleCache.noindex/_SwiftConcurrencyShims-3E06EU7FYQAWFLTZRBVU2RIGD.pcm
SwiftExplicitDependencyGeneratePcm arm64 /Users/admin/builder/spi-builder-workspace/.derivedData/ModuleCache.noindex/_Builtin_stdbool-3NJZE36R00VOGM327EIZI9T3M.pcm
SwiftExplicitDependencyGeneratePcm armv7k /Users/admin/builder/spi-builder-workspace/.derivedData/ModuleCache.noindex/_DarwinFoundation1-40Y0GY8OI3OSKKP8R25QSVVE3.pcm
SwiftExplicitDependencyGeneratePcm arm64 /Users/admin/builder/spi-builder-workspace/.derivedData/ModuleCache.noindex/_AvailabilityInternal-AHCR9CD21F4JF161R0D7SVS8U.pcm
SwiftExplicitDependencyGeneratePcm arm64_32 /Users/admin/builder/spi-builder-workspace/.derivedData/ModuleCache.noindex/_Builtin_stddef-3Z25006GJEEIO9SU5HVXBBBAT.pcm
SwiftExplicitDependencyGeneratePcm arm64_32 /Users/admin/builder/spi-builder-workspace/.derivedData/ModuleCache.noindex/_Builtin_stdbool-BKC6HA5TVF8P9O7Q30CRXJ02T.pcm
SwiftExplicitDependencyGeneratePcm arm64 /Users/admin/builder/spi-builder-workspace/.derivedData/ModuleCache.noindex/_Builtin_float-BH8TSRPG6J1WAF94R6BGWMCH7.pcm
SwiftExplicitDependencyGeneratePcm arm64 /Users/admin/builder/spi-builder-workspace/.derivedData/ModuleCache.noindex/_Builtin_stdarg-41VMB7R3H5MIU0RJWRTVECF73.pcm
SwiftExplicitDependencyGeneratePcm arm64_32 /Users/admin/builder/spi-builder-workspace/.derivedData/ModuleCache.noindex/_AvailabilityInternal-AT45JBTV7ZIGO40P4HOV38OTX.pcm
SwiftExplicitDependencyGeneratePcm arm64_32 /Users/admin/builder/spi-builder-workspace/.derivedData/ModuleCache.noindex/ptrauth-F18G3AZ9IODJJKSCG3V4PZ9QF.pcm
SwiftExplicitDependencyGeneratePcm arm64_32 /Users/admin/builder/spi-builder-workspace/.derivedData/ModuleCache.noindex/_Builtin_float-84HIG4SRMTELEAL8REICO3HZ8.pcm
SwiftExplicitDependencyGeneratePcm armv7k /Users/admin/builder/spi-builder-workspace/.derivedData/ModuleCache.noindex/_Builtin_limits-6NBGT2WJSUPAB4EVSOZY77RUO.pcm
SwiftExplicitDependencyGeneratePcm armv7k /Users/admin/builder/spi-builder-workspace/.derivedData/ModuleCache.noindex/_DarwinFoundation2-BT0IZXKWGRC26OHMXRQP4KCL7.pcm
SwiftExplicitDependencyGeneratePcm arm64 /Users/admin/builder/spi-builder-workspace/.derivedData/ModuleCache.noindex/_DarwinFoundation1-62SI4S8RO7TETG2MCQSI4A3XV.pcm
SwiftExplicitDependencyGeneratePcm arm64_32 /Users/admin/builder/spi-builder-workspace/.derivedData/ModuleCache.noindex/_DarwinFoundation1-CO2PQHYUB6SXX1609DCI88KWW.pcm
SwiftExplicitDependencyGeneratePcm armv7k /Users/admin/builder/spi-builder-workspace/.derivedData/ModuleCache.noindex/_Builtin_stdint-2A9H3A0UDJUS1JZ3QYPEVPIQY.pcm
SwiftExplicitDependencyGeneratePcm armv7k /Users/admin/builder/spi-builder-workspace/.derivedData/ModuleCache.noindex/sys_types-4V3MXF0AZ6FFESLHZ4XDAQWO.pcm
SwiftExplicitDependencyGeneratePcm arm64 /Users/admin/builder/spi-builder-workspace/.derivedData/ModuleCache.noindex/_DarwinFoundation2-3OGFNC97XNG95QAEKS0YO8UBN.pcm
SwiftExplicitDependencyGeneratePcm arm64 /Users/admin/builder/spi-builder-workspace/.derivedData/ModuleCache.noindex/_Builtin_limits-9VZV7C5F1EZGAP8H0JA8WSO4Q.pcm
SwiftExplicitDependencyGeneratePcm arm64_32 /Users/admin/builder/spi-builder-workspace/.derivedData/ModuleCache.noindex/_Builtin_limits-16SFP6KSMIWQ8B99YQSPO00CA.pcm
SwiftExplicitDependencyGeneratePcm arm64_32 /Users/admin/builder/spi-builder-workspace/.derivedData/ModuleCache.noindex/_DarwinFoundation2-6JM2KNJ9H81ZXHOMC1GP42DUU.pcm
SwiftExplicitDependencyGeneratePcm armv7k /Users/admin/builder/spi-builder-workspace/.derivedData/ModuleCache.noindex/_DarwinFoundation3-5HWJ90APJV29HBJZ1GCG2496G.pcm
SwiftExplicitDependencyGeneratePcm arm64 /Users/admin/builder/spi-builder-workspace/.derivedData/ModuleCache.noindex/sys_types-PSIKW7TKZEXDG48ELPF5NJDG.pcm
SwiftExplicitDependencyGeneratePcm arm64 /Users/admin/builder/spi-builder-workspace/.derivedData/ModuleCache.noindex/_Builtin_stdint-8ZJTN8FQ97QD3ZI7LN5FDVJTO.pcm
SwiftExplicitDependencyGeneratePcm arm64_32 /Users/admin/builder/spi-builder-workspace/.derivedData/ModuleCache.noindex/sys_types-6IGHFPLJZ2RML3741F56ZZ5ZT.pcm
SwiftExplicitDependencyGeneratePcm arm64_32 /Users/admin/builder/spi-builder-workspace/.derivedData/ModuleCache.noindex/_Builtin_stdint-3BQE5BZTYE88T0M371GAOOGVD.pcm
SwiftExplicitDependencyGeneratePcm armv7k /Users/admin/builder/spi-builder-workspace/.derivedData/ModuleCache.noindex/_Builtin_inttypes-4MDQH1XLLJELBM7URYV2B5YSC.pcm
SwiftExplicitDependencyGeneratePcm arm64 /Users/admin/builder/spi-builder-workspace/.derivedData/ModuleCache.noindex/_DarwinFoundation3-ILL00H0NKGBSR66IVDH0VQYU.pcm
SwiftExplicitDependencyGeneratePcm arm64_32 /Users/admin/builder/spi-builder-workspace/.derivedData/ModuleCache.noindex/_DarwinFoundation3-63S8DE4XS2Z7PX40IJT7E3C7Z.pcm
SwiftExplicitDependencyGeneratePcm armv7k /Users/admin/builder/spi-builder-workspace/.derivedData/ModuleCache.noindex/Darwin-807D2OYS88E3OZYDM6JOFU63R.pcm
SwiftExplicitDependencyGeneratePcm arm64 /Users/admin/builder/spi-builder-workspace/.derivedData/ModuleCache.noindex/_Builtin_inttypes-897GQ8ARCL7XJYWFZ8GL6MRYP.pcm
SwiftExplicitDependencyGeneratePcm arm64_32 /Users/admin/builder/spi-builder-workspace/.derivedData/ModuleCache.noindex/_Builtin_inttypes-5P80S42MS2VPUGI7EDKPUDHF8.pcm
SwiftExplicitDependencyGeneratePcm arm64 /Users/admin/builder/spi-builder-workspace/.derivedData/ModuleCache.noindex/Darwin-1Q936C34TTHGDXQO7XAUROOJA.pcm
SwiftExplicitDependencyGeneratePcm arm64_32 /Users/admin/builder/spi-builder-workspace/.derivedData/ModuleCache.noindex/Darwin-BG4OSZX6KQ5RMFPXQBYF68CTW.pcm
SwiftExplicitDependencyGeneratePcm armv7k /Users/admin/builder/spi-builder-workspace/.derivedData/ModuleCache.noindex/ObjectiveC-4CQ5LI5YKFEYJ8H8HPCH9G099.pcm
SwiftExplicitDependencyGeneratePcm armv7k /Users/admin/builder/spi-builder-workspace/.derivedData/ModuleCache.noindex/os_object-E84PXTBAMJI81QC5FZTYLFR98.pcm
SwiftExplicitDependencyGeneratePcm arm64_32 /Users/admin/builder/spi-builder-workspace/.derivedData/ModuleCache.noindex/ObjectiveC-9KTD33TZNGA5QTXFI4KAPE371.pcm
SwiftExplicitDependencyGeneratePcm arm64 /Users/admin/builder/spi-builder-workspace/.derivedData/ModuleCache.noindex/ObjectiveC-37W1UNZNZ4YH6ABUCK6IEO2J9.pcm
SwiftExplicitDependencyGeneratePcm armv7k /Users/admin/builder/spi-builder-workspace/.derivedData/ModuleCache.noindex/os_workgroup-B9HJ4ISAXW2FK4B2SQIP0Z57R.pcm
SwiftExplicitDependencyGeneratePcm armv7k /Users/admin/builder/spi-builder-workspace/.derivedData/ModuleCache.noindex/Dispatch-2J7BPNW30WH7PKCVV5A9BSWM1.pcm
SwiftExplicitDependencyGeneratePcm arm64 /Users/admin/builder/spi-builder-workspace/.derivedData/ModuleCache.noindex/os_object-DRZ7BVJZ2VFERICRWLPK5364U.pcm
SwiftExplicitDependencyGeneratePcm arm64_32 /Users/admin/builder/spi-builder-workspace/.derivedData/ModuleCache.noindex/os_object-ALRYPD0OHC28AP9369CHARNVP.pcm
SwiftExplicitDependencyGeneratePcm arm64_32 /Users/admin/builder/spi-builder-workspace/.derivedData/ModuleCache.noindex/os_workgroup-64SV4PY2RENI38K8AWXSNZGP4.pcm
SwiftExplicitDependencyGeneratePcm arm64 /Users/admin/builder/spi-builder-workspace/.derivedData/ModuleCache.noindex/os_workgroup-6BREPCR4VCHTN4PMBYLH980XX.pcm
SwiftExplicitDependencyGeneratePcm armv7k /Users/admin/builder/spi-builder-workspace/.derivedData/ModuleCache.noindex/CoreFoundation-A8XUN758TDJ329VZ8QU37XPWR.pcm
SwiftExplicitDependencyGeneratePcm arm64 /Users/admin/builder/spi-builder-workspace/.derivedData/ModuleCache.noindex/Dispatch-66SS49U6CUEWDJTBRTD18XSDA.pcm
SwiftExplicitDependencyGeneratePcm arm64_32 /Users/admin/builder/spi-builder-workspace/.derivedData/ModuleCache.noindex/Dispatch-7NPQOE4OBRBM1BEMDFSP6YJGX.pcm
SwiftExplicitDependencyGeneratePcm armv7k /Users/admin/builder/spi-builder-workspace/.derivedData/ModuleCache.noindex/Security-BYRCL0DGQRC9Y0HHKP7Z9NCKB.pcm
SwiftExplicitDependencyGeneratePcm arm64_32 /Users/admin/builder/spi-builder-workspace/.derivedData/ModuleCache.noindex/CoreFoundation-49QYZP0L3TRUW2BGG8XU46RE3.pcm
SwiftExplicitDependencyGeneratePcm arm64 /Users/admin/builder/spi-builder-workspace/.derivedData/ModuleCache.noindex/CoreFoundation-2EP3F4MDNDOADDMLCKHDXDGO7.pcm
SwiftExplicitDependencyGeneratePcm armv7k /Users/admin/builder/spi-builder-workspace/.derivedData/ModuleCache.noindex/Foundation-E8B7YLXHTXYPGURYR02VP1WBB.pcm
SwiftExplicitDependencyGeneratePcm arm64 /Users/admin/builder/spi-builder-workspace/.derivedData/ModuleCache.noindex/Security-B42SJFBK2DJZOYUQWKB0QYS6H.pcm
SwiftExplicitDependencyGeneratePcm arm64_32 /Users/admin/builder/spi-builder-workspace/.derivedData/ModuleCache.noindex/Security-ABA704VPND58UNN0MT65M6DVY.pcm
SwiftExplicitDependencyGeneratePcm arm64_32 /Users/admin/builder/spi-builder-workspace/.derivedData/ModuleCache.noindex/Foundation-B8L3FYSTPFSJBY5DQS91H0KA4.pcm
SwiftExplicitDependencyGeneratePcm arm64 /Users/admin/builder/spi-builder-workspace/.derivedData/ModuleCache.noindex/Foundation-BYKXZRWSAU4LR8PP2AQSPDYD3.pcm
SwiftCompile normal armv7k Compiling\ A2UIToolset.swift /Users/admin/builder/spi-builder-workspace/Sources/GenUIBridge/A2UIToolset.swift (in target 'GenUIBridge' from project 'GenUIBridge')
SwiftCompile normal armv7k /Users/admin/builder/spi-builder-workspace/Sources/GenUIBridge/A2UIToolset.swift (in target 'GenUIBridge' from project 'GenUIBridge')
    cd /Users/admin/builder/spi-builder-workspace/.swiftpm/xcode

SwiftCompile normal armv7k Compiling\ A2UIEnvelope.swift /Users/admin/builder/spi-builder-workspace/Sources/GenUIBridge/A2UIEnvelope.swift (in target 'GenUIBridge' from project 'GenUIBridge')
SwiftCompile normal armv7k /Users/admin/builder/spi-builder-workspace/Sources/GenUIBridge/A2UIEnvelope.swift (in target 'GenUIBridge' from project 'GenUIBridge')
    cd /Users/admin/builder/spi-builder-workspace/.swiftpm/xcode

SwiftEmitModule normal armv7k Emitting\ module\ for\ GenUIBridge (in target 'GenUIBridge' from project 'GenUIBridge')
Failed frontend command:
/Applications/Xcode-26.3.0.app/Contents/Developer/Toolchains/XcodeDefault.xctoolchain/usr/bin/swift-frontend -frontend -emit-module -experimental-skip-non-inlinable-function-bodies-without-types /Users/admin/builder/spi-builder-workspace/Sources/GenUIBridge/A2UIEnvelope.swift /Users/admin/builder/spi-builder-workspace/Sources/GenUIBridge/A2UIToolCallInterceptor.swift /Users/admin/builder/spi-builder-workspace/Sources/GenUIBridge/A2UIToolset.swift /Users/admin/builder/spi-builder-workspace/Sources/GenUIBridge/JSONValue.swift -target armv7k-apple-watchos5.0 -load-resolved-plugin /Applications/Xcode-26.3.0.app/Contents/Developer/Platforms/WatchOS.platform/Developer/usr/lib/swift/host/plugins/libFoundationMacros.dylib\#/Applications/Xcode-26.3.0.app/Contents/Developer/Platforms/WatchOS.platform/Developer/usr/bin/swift-plugin-server\#FoundationMacros -load-resolved-plugin /Applications/Xcode-26.3.0.app/Contents/Developer/Platforms/WatchOS.platform/Developer/usr/lib/swift/host/plugins/libObservationMacros.dylib\#/Applications/Xcode-26.3.0.app/Contents/Developer/Platforms/WatchOS.platform/Developer/usr/bin/swift-plugin-server\#ObservationMacros -load-resolved-plugin /Applications/Xcode-26.3.0.app/Contents/Developer/Platforms/WatchOS.platform/Developer/usr/lib/swift/host/plugins/libSwiftMacros.dylib\#/Applications/Xcode-26.3.0.app/Contents/Developer/Platforms/WatchOS.platform/Developer/usr/bin/swift-plugin-server\#SwiftMacros -disable-implicit-swift-modules -Xcc -fno-implicit-modules -Xcc -fno-implicit-module-maps -explicit-swift-module-map-file /Users/admin/builder/spi-builder-workspace/.derivedData/Build/Intermediates.noindex/GenUIBridge.build/Debug-watchos/GenUIBridge.build/Objects-normal/armv7k/GenUIBridge-dependencies-2.json -enable-objc-interop -sdk /Applications/Xcode-26.3.0.app/Contents/Developer/Platforms/WatchOS.platform/Developer/SDKs/WatchOS26.2.sdk -I /Users/admin/builder/spi-builder-workspace/.derivedData/Build/Products/Debug-watchos -Isystem /Applications/Xcode-26.3.0.app/Contents/Developer/Platforms/WatchOS.platform/Developer/usr/lib -F /Users/admin/builder/spi-builder-workspace/.derivedData/Build/Products/Debug-watchos -F /Applications/Xcode-26.3.0.app/Contents/Developer/Platforms/WatchOS.platform/Developer/Library/Frameworks -F /Applications/Xcode-26.3.0.app/Contents/Developer/Platforms/WatchOS.platform/Developer/SDKs/WatchOS26.2.sdk/Developer/Library/Frameworks -no-color-diagnostics -Xcc -fno-color-diagnostics -enable-testing -g -debug-info-format\=dwarf -dwarf-version\=4 -module-cache-path /Users/admin/builder/spi-builder-workspace/.derivedData/Build/Intermediates.noindex/SwiftExplicitPrecompiledModules -profile-generate -profile-coverage-mapping -swift-version 5 -enforce-exclusivity\=checked -Onone -D SWIFT_PACKAGE -D DEBUG -D SWIFT_MODULE_RESOURCE_BUNDLE_UNAVAILABLE -D Xcode -serialize-debugging-options -const-gather-protocols-file /Users/admin/builder/spi-builder-workspace/.derivedData/Build/Intermediates.noindex/GenUIBridge.build/Debug-watchos/GenUIBridge.build/Objects-normal/armv7k/GenUIBridge_const_extract_protocols.json -enable-experimental-feature DebugDescriptionMacro -empty-abi-descriptor -validate-clang-modules-once -clang-build-session-file /Users/admin/builder/spi-builder-workspace/.derivedData/ModuleCache.noindex/Session.modulevalidation -Xcc -working-directory -Xcc /Users/admin/builder/spi-builder-workspace/.swiftpm/xcode -enable-anonymous-context-mangled-names -file-compilation-dir /Users/admin/builder/spi-builder-workspace/.swiftpm/xcode -Xcc -D_LIBCPP_HARDENING_MODE\=_LIBCPP_HARDENING_MODE_DEBUG -Xcc -ivfsstatcache -Xcc /Users/admin/builder/spi-builder-workspace/.derivedData/SDKStatCaches.noindex/watchos26.2-23S303-dc75598d0054f22ec865fa860f139d721753b489057de6bda919edfa1c59a62b.sdkstatcache -Xcc -I/Users/admin/builder/spi-builder-workspace/.derivedData/Build/Intermediates.noindex/GenUIBridge.build/Debug-watchos/GenUIBridge.build/swift-overrides.hmap -Xcc -I/Users/admin/builder/spi-builder-workspace/.derivedData/Build/Products/Debug-watchos/include -Xcc -I/Users/admin/builder/spi-builder-workspace/.derivedData/Build/Intermediates.noindex/GenUIBridge.build/Debug-watchos/GenUIBridge.build/DerivedSources-normal/armv7k -Xcc -I/Users/admin/builder/spi-builder-workspace/.derivedData/Build/Intermediates.noindex/GenUIBridge.build/Debug-watchos/GenUIBridge.build/DerivedSources/armv7k -Xcc -I/Users/admin/builder/spi-builder-workspace/.derivedData/Build/Intermediates.noindex/GenUIBridge.build/Debug-watchos/GenUIBridge.build/DerivedSources -Xcc -DSWIFT_PACKAGE -Xcc -DDEBUG\=1 -no-auto-bridging-header-chaining -module-name GenUIBridge -package-name spi_builder_workspace -frontend-parseable-output -disable-clang-spi -target-sdk-version 26.2 -target-sdk-name watchos26.2 -clang-target armv7k-apple-watchos26.2 -in-process-plugin-server-path /Applications/Xcode-26.3.0.app/Contents/Developer/Toolchains/XcodeDefault.xctoolchain/usr/lib/swift/host/libSwiftInProcPluginServer.dylib -emit-module-doc-path /Users/admin/builder/spi-builder-workspace/.derivedData/Build/Intermediates.noindex/GenUIBridge.build/Debug-watchos/GenUIBridge.build/Objects-normal/armv7k/GenUIBridge.swiftdoc -emit-module-source-info-path /Users/admin/builder/spi-builder-workspace/.derivedData/Build/Intermediates.noindex/GenUIBridge.build/Debug-watchos/GenUIBridge.build/Objects-normal/armv7k/GenUIBridge.swiftsourceinfo -emit-objc-header-path /Users/admin/builder/spi-builder-workspace/.derivedData/Build/Intermediates.noindex/GenUIBridge.build/Debug-watchos/GenUIBridge.build/Objects-normal/armv7k/GenUIBridge-Swift.h -serialize-diagnostics-path /Users/admin/builder/spi-builder-workspace/.derivedData/Build/Intermediates.noindex/GenUIBridge.build/Debug-watchos/GenUIBridge.build/Objects-normal/armv7k/GenUIBridge-primary-emit-module.dia -emit-dependencies-path /Users/admin/builder/spi-builder-workspace/.derivedData/Build/Intermediates.noindex/GenUIBridge.build/Debug-watchos/GenUIBridge.build/Objects-normal/armv7k/GenUIBridge-primary-emit-module.d -o /Users/admin/builder/spi-builder-workspace/.derivedData/Build/Intermediates.noindex/GenUIBridge.build/Debug-watchos/GenUIBridge.build/Objects-normal/armv7k/GenUIBridge.swiftmodule -emit-abi-descriptor-path /Users/admin/builder/spi-builder-workspace/.derivedData/Build/Intermediates.noindex/GenUIBridge.build/Debug-watchos/GenUIBridge.build/Objects-normal/armv7k/GenUIBridge.abi.json
EmitSwiftModule normal armv7k (in target 'GenUIBridge' from project 'GenUIBridge')
    cd /Users/admin/builder/spi-builder-workspace/.swiftpm/xcode

/Users/admin/builder/spi-builder-workspace/Sources/GenUIBridge/A2UIToolCallInterceptor.swift:26:14: error: concurrency is only available in watchOS 6.0.0 or newer
public actor A2UIToolCallInterceptor {
             ^
/Users/admin/builder/spi-builder-workspace/Sources/GenUIBridge/A2UIToolCallInterceptor.swift:26:14: note: add '@available' attribute to enclosing actor
public actor A2UIToolCallInterceptor {
             ^
/Users/admin/builder/spi-builder-workspace/Sources/GenUIBridge/A2UIToolCallInterceptor.swift:34:39: error: 'AsyncStream' is only available in watchOS 6.0 or newer
    public nonisolated let envelopes: AsyncStream<A2UIEnvelope>
                                      ^
/Users/admin/builder/spi-builder-workspace/Sources/GenUIBridge/A2UIToolCallInterceptor.swift:26:14: note: add '@available' attribute to enclosing actor
public actor A2UIToolCallInterceptor {
             ^
/Users/admin/builder/spi-builder-workspace/Sources/GenUIBridge/A2UIToolCallInterceptor.swift:36:31: error: 'AsyncStream' is only available in watchOS 6.0 or newer
    private let continuation: AsyncStream<A2UIEnvelope>.Continuation
                              ^
/Users/admin/builder/spi-builder-workspace/Sources/GenUIBridge/A2UIToolCallInterceptor.swift:26:14: note: add '@available' attribute to enclosing actor
public actor A2UIToolCallInterceptor {
             ^
/Users/admin/builder/spi-builder-workspace/Sources/GenUIBridge/A2UIToolCallInterceptor.swift:41:27: error: 'AsyncStream' is only available in watchOS 6.0 or newer
        var continuation: AsyncStream<A2UIEnvelope>.Continuation!
                          ^
/Users/admin/builder/spi-builder-workspace/Sources/GenUIBridge/A2UIToolCallInterceptor.swift:41:27: note: add 'if #available' version check
        var continuation: AsyncStream<A2UIEnvelope>.Continuation!
                          ^
/Users/admin/builder/spi-builder-workspace/Sources/GenUIBridge/A2UIToolCallInterceptor.swift:40:12: note: add '@available' attribute to enclosing initializer
    public init() {
           ^
/Users/admin/builder/spi-builder-workspace/Sources/GenUIBridge/A2UIToolCallInterceptor.swift:26:14: note: add '@available' attribute to enclosing actor
public actor A2UIToolCallInterceptor {
             ^
/Users/admin/builder/spi-builder-workspace/Sources/GenUIBridge/A2UIToolCallInterceptor.swift:42:26: error: 'AsyncStream' is only available in watchOS 6.0 or newer
        self.envelopes = AsyncStream { continuation = $0 }
                         ^
/Users/admin/builder/spi-builder-workspace/Sources/GenUIBridge/A2UIToolCallInterceptor.swift:42:26: note: add 'if #available' version check
        self.envelopes = AsyncStream { continuation = $0 }
                         ^
/Users/admin/builder/spi-builder-workspace/Sources/GenUIBridge/A2UIToolCallInterceptor.swift:40:12: note: add '@available' attribute to enclosing initializer
    public init() {
           ^
/Users/admin/builder/spi-builder-workspace/Sources/GenUIBridge/A2UIToolCallInterceptor.swift:26:14: note: add '@available' attribute to enclosing actor
public actor A2UIToolCallInterceptor {
             ^
SwiftCompile normal armv7k Compiling\ A2UIToolCallInterceptor.swift /Users/admin/builder/spi-builder-workspace/Sources/GenUIBridge/A2UIToolCallInterceptor.swift (in target 'GenUIBridge' from project 'GenUIBridge')
SwiftCompile normal armv7k /Users/admin/builder/spi-builder-workspace/Sources/GenUIBridge/A2UIToolCallInterceptor.swift (in target 'GenUIBridge' from project 'GenUIBridge')
    cd /Users/admin/builder/spi-builder-workspace/.swiftpm/xcode

SwiftCompile normal armv7k Compiling\ JSONValue.swift /Users/admin/builder/spi-builder-workspace/Sources/GenUIBridge/JSONValue.swift (in target 'GenUIBridge' from project 'GenUIBridge')
SwiftCompile normal armv7k /Users/admin/builder/spi-builder-workspace/Sources/GenUIBridge/JSONValue.swift (in target 'GenUIBridge' from project 'GenUIBridge')
    cd /Users/admin/builder/spi-builder-workspace/.swiftpm/xcode

2026-07-17 11:54:19.014 xcodebuild[709:4290] [MT] IDERunDestination: Supported platforms for the buildables in the current scheme is empty.
** BUILD FAILED **
The following build commands failed:
	SwiftEmitModule normal armv7k Emitting\ module\ for\ GenUIBridge (in target 'GenUIBridge' from project 'GenUIBridge')
	EmitSwiftModule normal armv7k (in target 'GenUIBridge' from project 'GenUIBridge')
	Building workspace spi-builder-workspace with scheme GenUIBridge
(3 failures)
Command line invocation:
    /Applications/Xcode-26.3.0.app/Contents/Developer/usr/bin/xcodebuild -IDEClonedSourcePackagesDirPathOverride=/Users/admin/builder/spi-builder-workspace/.dependencies -resolvePackageDependencies
Resolve Package Graph
Resolved source packages:
  GenUIBridge: /Users/admin/builder/spi-builder-workspace
resolved source packages: GenUIBridge
2026-07-17 11:54:24.276 xcodebuild[802:4675] [MT] IDERunDestination: Supported platforms for the buildables in the current scheme is empty.
{
  "dependencies" : [
  ],
  "manifest_display_name" : "GenUIBridge",
  "name" : "GenUIBridge",
  "path" : "/Users/admin/builder/spi-builder-workspace",
  "platforms" : [
    {
      "name" : "macos",
      "version" : "14.0"
    }
  ],
  "products" : [
    {
      "name" : "GenUIBridge",
      "targets" : [
        "GenUIBridge"
      ],
      "type" : {
        "library" : [
          "automatic"
        ]
      }
    }
  ],
  "targets" : [
    {
      "c99name" : "GenUIBridgeTests",
      "module_type" : "SwiftTarget",
      "name" : "GenUIBridgeTests",
      "path" : "Tests/GenUIBridgeTests",
      "sources" : [
        "GenUIBridgeTests.swift"
      ],
      "target_dependencies" : [
        "GenUIBridge"
      ],
      "type" : "test"
    },
    {
      "c99name" : "GenUIBridge",
      "module_type" : "SwiftTarget",
      "name" : "GenUIBridge",
      "path" : "Sources/GenUIBridge",
      "product_memberships" : [
        "GenUIBridge"
      ],
      "sources" : [
        "A2UIEnvelope.swift",
        "A2UIToolCallInterceptor.swift",
        "A2UIToolset.swift",
        "JSONValue.swift"
      ],
      "type" : "library"
    }
  ],
  "tools_version" : "5.9"
}
{
  "workspace" : {
    "name" : "spi-builder-workspace",
    "schemes" : [
      "GenUIBridge"
    ]
  }
}
2026-07-17 11:54:25.273 xcodebuild[810:4748] [MT] IDERunDestination: Supported platforms for the buildables in the current scheme is empty.
Running build ...
env DEVELOPER_DIR=/Applications/Xcode-26.3.0.app xcrun xcodebuild -IDEClonedSourcePackagesDirPathOverride=$PWD/.dependencies -skipMacroValidation -skipPackagePluginValidation -derivedDataPath $PWD/.derivedData build -scheme GenUIBridge -destination generic/platform=watchOS
Command line invocation:
    /Applications/Xcode-26.3.0.app/Contents/Developer/usr/bin/xcodebuild -IDEClonedSourcePackagesDirPathOverride=/Users/admin/builder/spi-builder-workspace/.dependencies -skipMacroValidation -skipPackagePluginValidation -derivedDataPath /Users/admin/builder/spi-builder-workspace/.derivedData build -scheme GenUIBridge -destination generic/platform=watchOS
Resolve Package Graph
Resolved source packages:
  GenUIBridge: /Users/admin/builder/spi-builder-workspace
ComputePackagePrebuildTargetDependencyGraph
Prepare packages
CreateBuildRequest
SendProjectDescription
CreateBuildOperation
ComputeTargetDependencyGraph
note: Building targets in dependency order
note: Target dependency graph (2 targets)
    Target 'GenUIBridge' in project 'GenUIBridge'
        ➜ Explicit dependency on target 'GenUIBridge' in project 'GenUIBridge'
    Target 'GenUIBridge' in project 'GenUIBridge' (no dependencies)
GatherProvisioningInputs
CreateBuildDescription
ClangStatCache /Applications/Xcode-26.3.0.app/Contents/Developer/Toolchains/XcodeDefault.xctoolchain/usr/bin/clang-stat-cache /Applications/Xcode-26.3.0.app/Contents/Developer/Platforms/WatchOS.platform/Developer/SDKs/WatchOS26.2.sdk /Users/admin/builder/spi-builder-workspace/.derivedData/SDKStatCaches.noindex/watchos26.2-23S303-dc75598d0054f22ec865fa860f139d721753b489057de6bda919edfa1c59a62b.sdkstatcache
    cd /Users/admin/builder/spi-builder-workspace/.swiftpm/xcode
    /Applications/Xcode-26.3.0.app/Contents/Developer/Toolchains/XcodeDefault.xctoolchain/usr/bin/clang-stat-cache /Applications/Xcode-26.3.0.app/Contents/Developer/Platforms/WatchOS.platform/Developer/SDKs/WatchOS26.2.sdk -o /Users/admin/builder/spi-builder-workspace/.derivedData/SDKStatCaches.noindex/watchos26.2-23S303-dc75598d0054f22ec865fa860f139d721753b489057de6bda919edfa1c59a62b.sdkstatcache
SwiftDriver GenUIBridge normal arm64 com.apple.xcode.tools.swift.compiler (in target 'GenUIBridge' from project 'GenUIBridge')
    cd /Users/admin/builder/spi-builder-workspace/.swiftpm/xcode
    builtin-SwiftDriver -- /Applications/Xcode-26.3.0.app/Contents/Developer/Toolchains/XcodeDefault.xctoolchain/usr/bin/swiftc -module-name GenUIBridge -Onone -enforce-exclusivity\=checked @/Users/admin/builder/spi-builder-workspace/.derivedData/Build/Intermediates.noindex/GenUIBridge.build/Debug-watchos/GenUIBridge.build/Objects-normal/arm64/GenUIBridge.SwiftFileList -DSWIFT_PACKAGE -DDEBUG -DSWIFT_MODULE_RESOURCE_BUNDLE_UNAVAILABLE -DXcode -plugin-path /Applications/Xcode-26.3.0.app/Contents/Developer/Toolchains/XcodeDefault.xctoolchain/usr/lib/swift/host/plugins/testing -enable-experimental-feature DebugDescriptionMacro -sdk /Applications/Xcode-26.3.0.app/Contents/Developer/Platforms/WatchOS.platform/Developer/SDKs/WatchOS26.2.sdk -target arm64-apple-watchos5.0 -g -module-cache-path /Users/admin/builder/spi-builder-workspace/.derivedData/ModuleCache.noindex -Xfrontend -serialize-debugging-options -profile-coverage-mapping -profile-generate -enable-testing -index-store-path /Users/admin/builder/spi-builder-workspace/.derivedData/Index.noindex/DataStore -Xcc -D_LIBCPP_HARDENING_MODE\=_LIBCPP_HARDENING_MODE_DEBUG -swift-version 5 -I /Users/admin/builder/spi-builder-workspace/.derivedData/Build/Products/Debug-watchos -Isystem /Applications/Xcode-26.3.0.app/Contents/Developer/Platforms/WatchOS.platform/Developer/usr/lib -F /Users/admin/builder/spi-builder-workspace/.derivedData/Build/Products/Debug-watchos -F /Applications/Xcode-26.3.0.app/Contents/Developer/Platforms/WatchOS.platform/Developer/Library/Frameworks -F /Applications/Xcode-26.3.0.app/Contents/Developer/Platforms/WatchOS.platform/Developer/SDKs/WatchOS26.2.sdk/Developer/Library/Frameworks -c -j10 -enable-batch-mode -incremental -Xcc -ivfsstatcache -Xcc /Users/admin/builder/spi-builder-workspace/.derivedData/SDKStatCaches.noindex/watchos26.2-23S303-dc75598d0054f22ec865fa860f139d721753b489057de6bda919edfa1c59a62b.sdkstatcache -output-file-map /Users/admin/builder/spi-builder-workspace/.derivedData/Build/Intermediates.noindex/GenUIBridge.build/Debug-watchos/GenUIBridge.build/Objects-normal/arm64/GenUIBridge-OutputFileMap.json -use-frontend-parseable-output -save-temps -no-color-diagnostics -explicit-module-build -module-cache-path /Users/admin/builder/spi-builder-workspace/.derivedData/Build/Intermediates.noindex/SwiftExplicitPrecompiledModules -clang-scanner-module-cache-path /Users/admin/builder/spi-builder-workspace/.derivedData/ModuleCache.noindex -sdk-module-cache-path /Users/admin/builder/spi-builder-workspace/.derivedData/ModuleCache.noindex -serialize-diagnostics -emit-dependencies -emit-module -emit-module-path /Users/admin/builder/spi-builder-workspace/.derivedData/Build/Intermediates.noindex/GenUIBridge.build/Debug-watchos/GenUIBridge.build/Objects-normal/arm64/GenUIBridge.swiftmodule -validate-clang-modules-once -clang-build-session-file /Users/admin/builder/spi-builder-workspace/.derivedData/ModuleCache.noindex/Session.modulevalidation -package-name spi_builder_workspace -Xcc -I/Users/admin/builder/spi-builder-workspace/.derivedData/Build/Intermediates.noindex/GenUIBridge.build/Debug-watchos/GenUIBridge.build/swift-overrides.hmap -emit-const-values -Xfrontend -const-gather-protocols-file -Xfrontend /Users/admin/builder/spi-builder-workspace/.derivedData/Build/Intermediates.noindex/GenUIBridge.build/Debug-watchos/GenUIBridge.build/Objects-normal/arm64/GenUIBridge_const_extract_protocols.json -Xcc -I/Users/admin/builder/spi-builder-workspace/.derivedData/Build/Products/Debug-watchos/include -Xcc -I/Users/admin/builder/spi-builder-workspace/.derivedData/Build/Intermediates.noindex/GenUIBridge.build/Debug-watchos/GenUIBridge.build/DerivedSources-normal/arm64 -Xcc -I/Users/admin/builder/spi-builder-workspace/.derivedData/Build/Intermediates.noindex/GenUIBridge.build/Debug-watchos/GenUIBridge.build/DerivedSources/arm64 -Xcc -I/Users/admin/builder/spi-builder-workspace/.derivedData/Build/Intermediates.noindex/GenUIBridge.build/Debug-watchos/GenUIBridge.build/DerivedSources -Xcc -DSWIFT_PACKAGE -Xcc -DDEBUG\=1 -emit-objc-header -emit-objc-header-path /Users/admin/builder/spi-builder-workspace/.derivedData/Build/Intermediates.noindex/GenUIBridge.build/Debug-watchos/GenUIBridge.build/Objects-normal/arm64/GenUIBridge-Swift.h -working-directory /Users/admin/builder/spi-builder-workspace/.swiftpm/xcode -experimental-emit-module-separately -disable-cmo
SwiftDriver GenUIBridge normal arm64_32 com.apple.xcode.tools.swift.compiler (in target 'GenUIBridge' from project 'GenUIBridge')
    cd /Users/admin/builder/spi-builder-workspace/.swiftpm/xcode
    builtin-SwiftDriver -- /Applications/Xcode-26.3.0.app/Contents/Developer/Toolchains/XcodeDefault.xctoolchain/usr/bin/swiftc -module-name GenUIBridge -Onone -enforce-exclusivity\=checked @/Users/admin/builder/spi-builder-workspace/.derivedData/Build/Intermediates.noindex/GenUIBridge.build/Debug-watchos/GenUIBridge.build/Objects-normal/arm64_32/GenUIBridge.SwiftFileList -DSWIFT_PACKAGE -DDEBUG -DSWIFT_MODULE_RESOURCE_BUNDLE_UNAVAILABLE -DXcode -plugin-path /Applications/Xcode-26.3.0.app/Contents/Developer/Toolchains/XcodeDefault.xctoolchain/usr/lib/swift/host/plugins/testing -enable-experimental-feature DebugDescriptionMacro -sdk /Applications/Xcode-26.3.0.app/Contents/Developer/Platforms/WatchOS.platform/Developer/SDKs/WatchOS26.2.sdk -target arm64_32-apple-watchos5.0 -g -module-cache-path /Users/admin/builder/spi-builder-workspace/.derivedData/ModuleCache.noindex -Xfrontend -serialize-debugging-options -profile-coverage-mapping -profile-generate -enable-testing -index-store-path /Users/admin/builder/spi-builder-workspace/.derivedData/Index.noindex/DataStore -Xcc -D_LIBCPP_HARDENING_MODE\=_LIBCPP_HARDENING_MODE_DEBUG -swift-version 5 -I /Users/admin/builder/spi-builder-workspace/.derivedData/Build/Products/Debug-watchos -Isystem /Applications/Xcode-26.3.0.app/Contents/Developer/Platforms/WatchOS.platform/Developer/usr/lib -F /Users/admin/builder/spi-builder-workspace/.derivedData/Build/Products/Debug-watchos -F /Applications/Xcode-26.3.0.app/Contents/Developer/Platforms/WatchOS.platform/Developer/Library/Frameworks -F /Applications/Xcode-26.3.0.app/Contents/Developer/Platforms/WatchOS.platform/Developer/SDKs/WatchOS26.2.sdk/Developer/Library/Frameworks -c -j10 -enable-batch-mode -incremental -Xcc -ivfsstatcache -Xcc /Users/admin/builder/spi-builder-workspace/.derivedData/SDKStatCaches.noindex/watchos26.2-23S303-dc75598d0054f22ec865fa860f139d721753b489057de6bda919edfa1c59a62b.sdkstatcache -output-file-map /Users/admin/builder/spi-builder-workspace/.derivedData/Build/Intermediates.noindex/GenUIBridge.build/Debug-watchos/GenUIBridge.build/Objects-normal/arm64_32/GenUIBridge-OutputFileMap.json -use-frontend-parseable-output -save-temps -no-color-diagnostics -explicit-module-build -module-cache-path /Users/admin/builder/spi-builder-workspace/.derivedData/Build/Intermediates.noindex/SwiftExplicitPrecompiledModules -clang-scanner-module-cache-path /Users/admin/builder/spi-builder-workspace/.derivedData/ModuleCache.noindex -sdk-module-cache-path /Users/admin/builder/spi-builder-workspace/.derivedData/ModuleCache.noindex -serialize-diagnostics -emit-dependencies -emit-module -emit-module-path /Users/admin/builder/spi-builder-workspace/.derivedData/Build/Intermediates.noindex/GenUIBridge.build/Debug-watchos/GenUIBridge.build/Objects-normal/arm64_32/GenUIBridge.swiftmodule -validate-clang-modules-once -clang-build-session-file /Users/admin/builder/spi-builder-workspace/.derivedData/ModuleCache.noindex/Session.modulevalidation -package-name spi_builder_workspace -Xcc -I/Users/admin/builder/spi-builder-workspace/.derivedData/Build/Intermediates.noindex/GenUIBridge.build/Debug-watchos/GenUIBridge.build/swift-overrides.hmap -emit-const-values -Xfrontend -const-gather-protocols-file -Xfrontend /Users/admin/builder/spi-builder-workspace/.derivedData/Build/Intermediates.noindex/GenUIBridge.build/Debug-watchos/GenUIBridge.build/Objects-normal/arm64_32/GenUIBridge_const_extract_protocols.json -Xcc -I/Users/admin/builder/spi-builder-workspace/.derivedData/Build/Products/Debug-watchos/include -Xcc -I/Users/admin/builder/spi-builder-workspace/.derivedData/Build/Intermediates.noindex/GenUIBridge.build/Debug-watchos/GenUIBridge.build/DerivedSources-normal/arm64_32 -Xcc -I/Users/admin/builder/spi-builder-workspace/.derivedData/Build/Intermediates.noindex/GenUIBridge.build/Debug-watchos/GenUIBridge.build/DerivedSources/arm64_32 -Xcc -I/Users/admin/builder/spi-builder-workspace/.derivedData/Build/Intermediates.noindex/GenUIBridge.build/Debug-watchos/GenUIBridge.build/DerivedSources -Xcc -DSWIFT_PACKAGE -Xcc -DDEBUG\=1 -emit-objc-header -emit-objc-header-path /Users/admin/builder/spi-builder-workspace/.derivedData/Build/Intermediates.noindex/GenUIBridge.build/Debug-watchos/GenUIBridge.build/Objects-normal/arm64_32/GenUIBridge-Swift.h -working-directory /Users/admin/builder/spi-builder-workspace/.swiftpm/xcode -experimental-emit-module-separately -disable-cmo
SwiftDriver GenUIBridge normal armv7k com.apple.xcode.tools.swift.compiler (in target 'GenUIBridge' from project 'GenUIBridge')
    cd /Users/admin/builder/spi-builder-workspace/.swiftpm/xcode
    builtin-SwiftDriver -- /Applications/Xcode-26.3.0.app/Contents/Developer/Toolchains/XcodeDefault.xctoolchain/usr/bin/swiftc -module-name GenUIBridge -Onone -enforce-exclusivity\=checked @/Users/admin/builder/spi-builder-workspace/.derivedData/Build/Intermediates.noindex/GenUIBridge.build/Debug-watchos/GenUIBridge.build/Objects-normal/armv7k/GenUIBridge.SwiftFileList -DSWIFT_PACKAGE -DDEBUG -DSWIFT_MODULE_RESOURCE_BUNDLE_UNAVAILABLE -DXcode -plugin-path /Applications/Xcode-26.3.0.app/Contents/Developer/Toolchains/XcodeDefault.xctoolchain/usr/lib/swift/host/plugins/testing -enable-experimental-feature DebugDescriptionMacro -sdk /Applications/Xcode-26.3.0.app/Contents/Developer/Platforms/WatchOS.platform/Developer/SDKs/WatchOS26.2.sdk -target armv7k-apple-watchos5.0 -g -module-cache-path /Users/admin/builder/spi-builder-workspace/.derivedData/ModuleCache.noindex -Xfrontend -serialize-debugging-options -profile-coverage-mapping -profile-generate -enable-testing -index-store-path /Users/admin/builder/spi-builder-workspace/.derivedData/Index.noindex/DataStore -Xcc -D_LIBCPP_HARDENING_MODE\=_LIBCPP_HARDENING_MODE_DEBUG -swift-version 5 -I /Users/admin/builder/spi-builder-workspace/.derivedData/Build/Products/Debug-watchos -Isystem /Applications/Xcode-26.3.0.app/Contents/Developer/Platforms/WatchOS.platform/Developer/usr/lib -F /Users/admin/builder/spi-builder-workspace/.derivedData/Build/Products/Debug-watchos -F /Applications/Xcode-26.3.0.app/Contents/Developer/Platforms/WatchOS.platform/Developer/Library/Frameworks -F /Applications/Xcode-26.3.0.app/Contents/Developer/Platforms/WatchOS.platform/Developer/SDKs/WatchOS26.2.sdk/Developer/Library/Frameworks -c -j10 -enable-batch-mode -incremental -Xcc -ivfsstatcache -Xcc /Users/admin/builder/spi-builder-workspace/.derivedData/SDKStatCaches.noindex/watchos26.2-23S303-dc75598d0054f22ec865fa860f139d721753b489057de6bda919edfa1c59a62b.sdkstatcache -output-file-map /Users/admin/builder/spi-builder-workspace/.derivedData/Build/Intermediates.noindex/GenUIBridge.build/Debug-watchos/GenUIBridge.build/Objects-normal/armv7k/GenUIBridge-OutputFileMap.json -use-frontend-parseable-output -save-temps -no-color-diagnostics -explicit-module-build -module-cache-path /Users/admin/builder/spi-builder-workspace/.derivedData/Build/Intermediates.noindex/SwiftExplicitPrecompiledModules -clang-scanner-module-cache-path /Users/admin/builder/spi-builder-workspace/.derivedData/ModuleCache.noindex -sdk-module-cache-path /Users/admin/builder/spi-builder-workspace/.derivedData/ModuleCache.noindex -serialize-diagnostics -emit-dependencies -emit-module -emit-module-path /Users/admin/builder/spi-builder-workspace/.derivedData/Build/Intermediates.noindex/GenUIBridge.build/Debug-watchos/GenUIBridge.build/Objects-normal/armv7k/GenUIBridge.swiftmodule -validate-clang-modules-once -clang-build-session-file /Users/admin/builder/spi-builder-workspace/.derivedData/ModuleCache.noindex/Session.modulevalidation -package-name spi_builder_workspace -Xcc -I/Users/admin/builder/spi-builder-workspace/.derivedData/Build/Intermediates.noindex/GenUIBridge.build/Debug-watchos/GenUIBridge.build/swift-overrides.hmap -emit-const-values -Xfrontend -const-gather-protocols-file -Xfrontend /Users/admin/builder/spi-builder-workspace/.derivedData/Build/Intermediates.noindex/GenUIBridge.build/Debug-watchos/GenUIBridge.build/Objects-normal/armv7k/GenUIBridge_const_extract_protocols.json -Xcc -I/Users/admin/builder/spi-builder-workspace/.derivedData/Build/Products/Debug-watchos/include -Xcc -I/Users/admin/builder/spi-builder-workspace/.derivedData/Build/Intermediates.noindex/GenUIBridge.build/Debug-watchos/GenUIBridge.build/DerivedSources-normal/armv7k -Xcc -I/Users/admin/builder/spi-builder-workspace/.derivedData/Build/Intermediates.noindex/GenUIBridge.build/Debug-watchos/GenUIBridge.build/DerivedSources/armv7k -Xcc -I/Users/admin/builder/spi-builder-workspace/.derivedData/Build/Intermediates.noindex/GenUIBridge.build/Debug-watchos/GenUIBridge.build/DerivedSources -Xcc -DSWIFT_PACKAGE -Xcc -DDEBUG\=1 -emit-objc-header -emit-objc-header-path /Users/admin/builder/spi-builder-workspace/.derivedData/Build/Intermediates.noindex/GenUIBridge.build/Debug-watchos/GenUIBridge.build/Objects-normal/armv7k/GenUIBridge-Swift.h -working-directory /Users/admin/builder/spi-builder-workspace/.swiftpm/xcode -experimental-emit-module-separately -disable-cmo
SwiftExplicitDependencyGeneratePcm arm64_32 /Users/admin/builder/spi-builder-workspace/.derivedData/ModuleCache.noindex/Foundation-B8L3FYSTPFSJBY5DQS91H0KA4.pcm
SwiftEmitModule normal armv7k Emitting\ module\ for\ GenUIBridge (in target 'GenUIBridge' from project 'GenUIBridge')
Failed frontend command:
/Applications/Xcode-26.3.0.app/Contents/Developer/Toolchains/XcodeDefault.xctoolchain/usr/bin/swift-frontend -frontend -emit-module -experimental-skip-non-inlinable-function-bodies-without-types /Users/admin/builder/spi-builder-workspace/Sources/GenUIBridge/A2UIEnvelope.swift /Users/admin/builder/spi-builder-workspace/Sources/GenUIBridge/A2UIToolCallInterceptor.swift /Users/admin/builder/spi-builder-workspace/Sources/GenUIBridge/A2UIToolset.swift /Users/admin/builder/spi-builder-workspace/Sources/GenUIBridge/JSONValue.swift -target armv7k-apple-watchos5.0 -load-resolved-plugin /Applications/Xcode-26.3.0.app/Contents/Developer/Platforms/WatchOS.platform/Developer/usr/lib/swift/host/plugins/libFoundationMacros.dylib\#/Applications/Xcode-26.3.0.app/Contents/Developer/Platforms/WatchOS.platform/Developer/usr/bin/swift-plugin-server\#FoundationMacros -load-resolved-plugin /Applications/Xcode-26.3.0.app/Contents/Developer/Platforms/WatchOS.platform/Developer/usr/lib/swift/host/plugins/libObservationMacros.dylib\#/Applications/Xcode-26.3.0.app/Contents/Developer/Platforms/WatchOS.platform/Developer/usr/bin/swift-plugin-server\#ObservationMacros -load-resolved-plugin /Applications/Xcode-26.3.0.app/Contents/Developer/Platforms/WatchOS.platform/Developer/usr/lib/swift/host/plugins/libSwiftMacros.dylib\#/Applications/Xcode-26.3.0.app/Contents/Developer/Platforms/WatchOS.platform/Developer/usr/bin/swift-plugin-server\#SwiftMacros -disable-implicit-swift-modules -Xcc -fno-implicit-modules -Xcc -fno-implicit-module-maps -explicit-swift-module-map-file /Users/admin/builder/spi-builder-workspace/.derivedData/Build/Intermediates.noindex/GenUIBridge.build/Debug-watchos/GenUIBridge.build/Objects-normal/armv7k/GenUIBridge-dependencies-3.json -enable-objc-interop -sdk /Applications/Xcode-26.3.0.app/Contents/Developer/Platforms/WatchOS.platform/Developer/SDKs/WatchOS26.2.sdk -I /Users/admin/builder/spi-builder-workspace/.derivedData/Build/Products/Debug-watchos -Isystem /Applications/Xcode-26.3.0.app/Contents/Developer/Platforms/WatchOS.platform/Developer/usr/lib -F /Users/admin/builder/spi-builder-workspace/.derivedData/Build/Products/Debug-watchos -F /Applications/Xcode-26.3.0.app/Contents/Developer/Platforms/WatchOS.platform/Developer/Library/Frameworks -F /Applications/Xcode-26.3.0.app/Contents/Developer/Platforms/WatchOS.platform/Developer/SDKs/WatchOS26.2.sdk/Developer/Library/Frameworks -no-color-diagnostics -Xcc -fno-color-diagnostics -enable-testing -g -debug-info-format\=dwarf -dwarf-version\=4 -module-cache-path /Users/admin/builder/spi-builder-workspace/.derivedData/Build/Intermediates.noindex/SwiftExplicitPrecompiledModules -profile-generate -profile-coverage-mapping -swift-version 5 -enforce-exclusivity\=checked -Onone -D SWIFT_PACKAGE -D DEBUG -D SWIFT_MODULE_RESOURCE_BUNDLE_UNAVAILABLE -D Xcode -serialize-debugging-options -const-gather-protocols-file /Users/admin/builder/spi-builder-workspace/.derivedData/Build/Intermediates.noindex/GenUIBridge.build/Debug-watchos/GenUIBridge.build/Objects-normal/armv7k/GenUIBridge_const_extract_protocols.json -enable-experimental-feature DebugDescriptionMacro -empty-abi-descriptor -validate-clang-modules-once -clang-build-session-file /Users/admin/builder/spi-builder-workspace/.derivedData/ModuleCache.noindex/Session.modulevalidation -Xcc -working-directory -Xcc /Users/admin/builder/spi-builder-workspace/.swiftpm/xcode -enable-anonymous-context-mangled-names -file-compilation-dir /Users/admin/builder/spi-builder-workspace/.swiftpm/xcode -Xcc -D_LIBCPP_HARDENING_MODE\=_LIBCPP_HARDENING_MODE_DEBUG -Xcc -ivfsstatcache -Xcc /Users/admin/builder/spi-builder-workspace/.derivedData/SDKStatCaches.noindex/watchos26.2-23S303-dc75598d0054f22ec865fa860f139d721753b489057de6bda919edfa1c59a62b.sdkstatcache -Xcc -I/Users/admin/builder/spi-builder-workspace/.derivedData/Build/Intermediates.noindex/GenUIBridge.build/Debug-watchos/GenUIBridge.build/swift-overrides.hmap -Xcc -I/Users/admin/builder/spi-builder-workspace/.derivedData/Build/Products/Debug-watchos/include -Xcc -I/Users/admin/builder/spi-builder-workspace/.derivedData/Build/Intermediates.noindex/GenUIBridge.build/Debug-watchos/GenUIBridge.build/DerivedSources-normal/armv7k -Xcc -I/Users/admin/builder/spi-builder-workspace/.derivedData/Build/Intermediates.noindex/GenUIBridge.build/Debug-watchos/GenUIBridge.build/DerivedSources/armv7k -Xcc -I/Users/admin/builder/spi-builder-workspace/.derivedData/Build/Intermediates.noindex/GenUIBridge.build/Debug-watchos/GenUIBridge.build/DerivedSources -Xcc -DSWIFT_PACKAGE -Xcc -DDEBUG\=1 -no-auto-bridging-header-chaining -module-name GenUIBridge -package-name spi_builder_workspace -frontend-parseable-output -disable-clang-spi -target-sdk-version 26.2 -target-sdk-name watchos26.2 -clang-target armv7k-apple-watchos26.2 -in-process-plugin-server-path /Applications/Xcode-26.3.0.app/Contents/Developer/Toolchains/XcodeDefault.xctoolchain/usr/lib/swift/host/libSwiftInProcPluginServer.dylib -emit-module-doc-path /Users/admin/builder/spi-builder-workspace/.derivedData/Build/Intermediates.noindex/GenUIBridge.build/Debug-watchos/GenUIBridge.build/Objects-normal/armv7k/GenUIBridge.swiftdoc -emit-module-source-info-path /Users/admin/builder/spi-builder-workspace/.derivedData/Build/Intermediates.noindex/GenUIBridge.build/Debug-watchos/GenUIBridge.build/Objects-normal/armv7k/GenUIBridge.swiftsourceinfo -emit-objc-header-path /Users/admin/builder/spi-builder-workspace/.derivedData/Build/Intermediates.noindex/GenUIBridge.build/Debug-watchos/GenUIBridge.build/Objects-normal/armv7k/GenUIBridge-Swift.h -serialize-diagnostics-path /Users/admin/builder/spi-builder-workspace/.derivedData/Build/Intermediates.noindex/GenUIBridge.build/Debug-watchos/GenUIBridge.build/Objects-normal/armv7k/GenUIBridge-primary-emit-module.dia -emit-dependencies-path /Users/admin/builder/spi-builder-workspace/.derivedData/Build/Intermediates.noindex/GenUIBridge.build/Debug-watchos/GenUIBridge.build/Objects-normal/armv7k/GenUIBridge-primary-emit-module.d -o /Users/admin/builder/spi-builder-workspace/.derivedData/Build/Intermediates.noindex/GenUIBridge.build/Debug-watchos/GenUIBridge.build/Objects-normal/armv7k/GenUIBridge.swiftmodule -emit-abi-descriptor-path /Users/admin/builder/spi-builder-workspace/.derivedData/Build/Intermediates.noindex/GenUIBridge.build/Debug-watchos/GenUIBridge.build/Objects-normal/armv7k/GenUIBridge.abi.json
EmitSwiftModule normal armv7k (in target 'GenUIBridge' from project 'GenUIBridge')
    cd /Users/admin/builder/spi-builder-workspace/.swiftpm/xcode

/Users/admin/builder/spi-builder-workspace/Sources/GenUIBridge/A2UIToolCallInterceptor.swift:26:14: error: concurrency is only available in watchOS 6.0.0 or newer
public actor A2UIToolCallInterceptor {
             ^
/Users/admin/builder/spi-builder-workspace/Sources/GenUIBridge/A2UIToolCallInterceptor.swift:26:14: note: add '@available' attribute to enclosing actor
public actor A2UIToolCallInterceptor {
             ^
/Users/admin/builder/spi-builder-workspace/Sources/GenUIBridge/A2UIToolCallInterceptor.swift:34:39: error: 'AsyncStream' is only available in watchOS 6.0 or newer
    public nonisolated let envelopes: AsyncStream<A2UIEnvelope>
                                      ^
/Users/admin/builder/spi-builder-workspace/Sources/GenUIBridge/A2UIToolCallInterceptor.swift:26:14: note: add '@available' attribute to enclosing actor
public actor A2UIToolCallInterceptor {
             ^
/Users/admin/builder/spi-builder-workspace/Sources/GenUIBridge/A2UIToolCallInterceptor.swift:36:31: error: 'AsyncStream' is only available in watchOS 6.0 or newer
    private let continuation: AsyncStream<A2UIEnvelope>.Continuation
                              ^
/Users/admin/builder/spi-builder-workspace/Sources/GenUIBridge/A2UIToolCallInterceptor.swift:26:14: note: add '@available' attribute to enclosing actor
public actor A2UIToolCallInterceptor {
             ^
/Users/admin/builder/spi-builder-workspace/Sources/GenUIBridge/A2UIToolCallInterceptor.swift:41:27: error: 'AsyncStream' is only available in watchOS 6.0 or newer
        var continuation: AsyncStream<A2UIEnvelope>.Continuation!
                          ^
/Users/admin/builder/spi-builder-workspace/Sources/GenUIBridge/A2UIToolCallInterceptor.swift:41:27: note: add 'if #available' version check
        var continuation: AsyncStream<A2UIEnvelope>.Continuation!
                          ^
/Users/admin/builder/spi-builder-workspace/Sources/GenUIBridge/A2UIToolCallInterceptor.swift:40:12: note: add '@available' attribute to enclosing initializer
    public init() {
           ^
/Users/admin/builder/spi-builder-workspace/Sources/GenUIBridge/A2UIToolCallInterceptor.swift:26:14: note: add '@available' attribute to enclosing actor
public actor A2UIToolCallInterceptor {
             ^
/Users/admin/builder/spi-builder-workspace/Sources/GenUIBridge/A2UIToolCallInterceptor.swift:42:26: error: 'AsyncStream' is only available in watchOS 6.0 or newer
        self.envelopes = AsyncStream { continuation = $0 }
                         ^
/Users/admin/builder/spi-builder-workspace/Sources/GenUIBridge/A2UIToolCallInterceptor.swift:42:26: note: add 'if #available' version check
        self.envelopes = AsyncStream { continuation = $0 }
                         ^
/Users/admin/builder/spi-builder-workspace/Sources/GenUIBridge/A2UIToolCallInterceptor.swift:40:12: note: add '@available' attribute to enclosing initializer
    public init() {
           ^
/Users/admin/builder/spi-builder-workspace/Sources/GenUIBridge/A2UIToolCallInterceptor.swift:26:14: note: add '@available' attribute to enclosing actor
public actor A2UIToolCallInterceptor {
             ^
SwiftCompile normal armv7k Compiling\ A2UIEnvelope.swift /Users/admin/builder/spi-builder-workspace/Sources/GenUIBridge/A2UIEnvelope.swift (in target 'GenUIBridge' from project 'GenUIBridge')
SwiftCompile normal armv7k /Users/admin/builder/spi-builder-workspace/Sources/GenUIBridge/A2UIEnvelope.swift (in target 'GenUIBridge' from project 'GenUIBridge')
    cd /Users/admin/builder/spi-builder-workspace/.swiftpm/xcode

SwiftExplicitDependencyGeneratePcm arm64 /Users/admin/builder/spi-builder-workspace/.derivedData/ModuleCache.noindex/Foundation-BYKXZRWSAU4LR8PP2AQSPDYD3.pcm
SwiftCompile normal armv7k Compiling\ A2UIToolCallInterceptor.swift /Users/admin/builder/spi-builder-workspace/Sources/GenUIBridge/A2UIToolCallInterceptor.swift (in target 'GenUIBridge' from project 'GenUIBridge')
SwiftCompile normal armv7k /Users/admin/builder/spi-builder-workspace/Sources/GenUIBridge/A2UIToolCallInterceptor.swift (in target 'GenUIBridge' from project 'GenUIBridge')
    cd /Users/admin/builder/spi-builder-workspace/.swiftpm/xcode

SwiftCompile normal armv7k Compiling\ A2UIToolset.swift /Users/admin/builder/spi-builder-workspace/Sources/GenUIBridge/A2UIToolset.swift (in target 'GenUIBridge' from project 'GenUIBridge')
SwiftCompile normal armv7k /Users/admin/builder/spi-builder-workspace/Sources/GenUIBridge/A2UIToolset.swift (in target 'GenUIBridge' from project 'GenUIBridge')
    cd /Users/admin/builder/spi-builder-workspace/.swiftpm/xcode

SwiftCompile normal armv7k Compiling\ JSONValue.swift /Users/admin/builder/spi-builder-workspace/Sources/GenUIBridge/JSONValue.swift (in target 'GenUIBridge' from project 'GenUIBridge')
SwiftCompile normal armv7k /Users/admin/builder/spi-builder-workspace/Sources/GenUIBridge/JSONValue.swift (in target 'GenUIBridge' from project 'GenUIBridge')
    cd /Users/admin/builder/spi-builder-workspace/.swiftpm/xcode

2026-07-17 11:54:26.065 xcodebuild[812:4780] [MT] IDERunDestination: Supported platforms for the buildables in the current scheme is empty.
** BUILD FAILED **
The following build commands failed:
	SwiftEmitModule normal armv7k Emitting\ module\ for\ GenUIBridge (in target 'GenUIBridge' from project 'GenUIBridge')
	EmitSwiftModule normal armv7k (in target 'GenUIBridge' from project 'GenUIBridge')
	Building workspace spi-builder-workspace with scheme GenUIBridge
(3 failures)
BUILD FAILURE 6.2 watchOS