Build Information
Failed to build CLITable, reference main (e10c90), with Swift 6.2 for Android on 13 Oct 2026 10:03:35 UTC.
Build Command
bash -c docker run --pull=always --rm -v "checkouts-54344843-0":/host -w "$PWD" -e JAVA_HOME="/root/.sdkman/candidates/java/current" -e SPI_BUILD="1" -e SPI_PROCESSING="1" registry.gitlab.com/saguaro1/spi-images:android-6.2-latest swift build --swift-sdk aarch64-unknown-linux-android28 2>&1Build Log
========================================
RunAll
========================================
Builder version: 5.1.2
Interrupt handler set up.
========================================
Checkout
========================================
Clone URL: https://github.com/heroesofcode/CLI-Table-Swift.git
Reference: main
Initialized empty Git repository in /host/spi-builder-workspace/.git/
hint: Using 'master' as the name for the initial branch. This default branch name
hint: is subject to change. To configure the initial branch name to use in all
hint: of your new repositories, which will suppress this warning, call:
hint:
hint: git config --global init.defaultBranch <name>
hint:
hint: Names commonly chosen instead of 'master' are 'main', 'trunk' and
hint: 'development'. The just-created branch can be renamed via this command:
hint:
hint: git branch -m <name>
From https://github.com/heroesofcode/CLI-Table-Swift
* branch main -> FETCH_HEAD
* [new branch] main -> origin/main
HEAD is now at e10c906 Merge pull request #7 from heroesofcode/docs/unmaintained-warning
Cloned https://github.com/heroesofcode/CLI-Table-Swift.git
Revision (git rev-parse @):
e10c9069b012c51dfb442776081536bb031d85b3
SPI manifest file found: $PWD/.spi.yml
SUCCESS checkout https://github.com/heroesofcode/CLI-Table-Swift.git at main
========================================
Build
========================================
Selected platform: android
Swift version: 6.2
Building package at path: $PWD
https://github.com/heroesofcode/CLI-Table-Swift.git
Running build ...
bash -c docker run --pull=always --rm -v "checkouts-54344843-0":/host -w "$PWD" -e JAVA_HOME="/root/.sdkman/candidates/java/current" -e SPI_BUILD="1" -e SPI_PROCESSING="1" registry.gitlab.com/saguaro1/spi-images:android-6.2-latest swift build --swift-sdk aarch64-unknown-linux-android28 2>&1
android-6.2-latest: Pulling from saguaro1/spi-images
Digest: sha256:a839c9ce201f1dacc8eb056626ec7ab0a1c6d53d7b77c83feda395f4507c51be
Status: Image is up to date for registry.gitlab.com/saguaro1/spi-images:android-6.2-latest
Fetching https://github.com/onevcat/Rainbow
[1/1514] Fetching rainbow
Fetched https://github.com/onevcat/Rainbow from cache (0.48s)
Computing version for https://github.com/onevcat/Rainbow
Computed https://github.com/onevcat/Rainbow at 4.2.1 (1.38s)
Creating working copy for https://github.com/onevcat/Rainbow
Working copy of https://github.com/onevcat/Rainbow resolved at 4.2.1
Building for debugging...
[0/3] Write sources
[2/3] Write swift-version--11D90AFD9DD3AB2.txt
[4/18] Compiling Rainbow BackgroundColor.swift
[5/18] Compiling Rainbow CodesParser.swift
[6/19] Compiling Rainbow String+ConditionalStyling.swift
[7/19] Compiling Rainbow String+Rainbow.swift
[8/19] Compiling Rainbow OutputTarget.swift
/host/spi-builder-workspace/.build/checkouts/Rainbow/Sources/OutputTarget.swift:49:58: error: cannot find 'isatty' in scope
47 | // Check if we are in any term env and the output is a tty.
48 | let termType = getEnvValue("TERM")
49 | if let t = termType, t.lowercased() != "dumb" && isatty(fileno(stdout)) != 0 {
| `- error: cannot find 'isatty' in scope
50 | return .console
51 | }
[9/19] Compiling Rainbow Rainbow.swift
/host/spi-builder-workspace/.build/checkouts/Rainbow/Sources/OutputTarget.swift:49:58: error: cannot find 'isatty' in scope
47 | // Check if we are in any term env and the output is a tty.
48 | let termType = getEnvValue("TERM")
49 | if let t = termType, t.lowercased() != "dumb" && isatty(fileno(stdout)) != 0 {
| `- error: cannot find 'isatty' in scope
50 | return .console
51 | }
[10/19] Compiling Rainbow StringGenerator.swift
[11/19] Compiling Rainbow Style.swift
[12/19] Compiling Rainbow StyledStringBuilder.swift
error: emit-module command failed with exit code 1 (use -v to see invocation)
[13/19] Compiling Rainbow Color.swift
[14/19] Compiling Rainbow ColorApproximation.swift
[15/19] Compiling Rainbow ConditionalStyleBuilder.swift
[16/19] Compiling Rainbow ControlCode.swift
[17/19] Compiling Rainbow HSLColorConverter.swift
[18/19] Compiling Rainbow ModesExtractor.swift
[19/19] Emitting module Rainbow
/host/spi-builder-workspace/.build/checkouts/Rainbow/Sources/OutputTarget.swift:49:58: error: cannot find 'isatty' in scope
47 | // Check if we are in any term env and the output is a tty.
48 | let termType = getEnvValue("TERM")
49 | if let t = termType, t.lowercased() != "dumb" && isatty(fileno(stdout)) != 0 {
| `- error: cannot find 'isatty' in scope
50 | return .console
51 | }
BUILD FAILURE 6.2 android