The Swift Package Index logo.Swift Package Index

Build Information

Failed to build swift-syntax, reference main (56ef32), with Swift 6.4 for watchOS using Xcode 27.0 on 20 Sep 2026 22:48:54 UTC.

Build Command

env DEVELOPER_DIR=/Applications/Xcode-27.0.0-Release.Candidate.app xcrun xcodebuild -IDEClonedSourcePackagesDirPathOverride=$PWD/.dependencies -skipMacroValidation -skipPackagePluginValidation -derivedDataPath $PWD/.derivedData build -scheme swift-syntax-Package -destination generic/platform=watchOS

Build Log

SwiftCompile normal arm64 Compiling\ Note.swift /Users/admin/builder/spi-builder-workspace/Sources/SwiftDiagnostics/Note.swift (in target 'SwiftDiagnostics' from project 'swift-syntax')
SwiftCompile normal arm64 /Users/admin/builder/spi-builder-workspace/Sources/SwiftDiagnostics/Note.swift (in target 'SwiftDiagnostics' from project 'swift-syntax')
    cd /Users/admin/builder/spi-builder-workspace/.swiftpm/xcode
    builtin-SwiftPerFileCompile Note.swift
Copy /Users/admin/builder/spi-builder-workspace/.derivedData/Build/Products/Debug-watchos/SwiftDiagnostics.swiftmodule/arm64_32-apple-watchos.swiftmodule /Users/admin/builder/spi-builder-workspace/.derivedData/Build/Intermediates.noindex/swift-syntax.build/Debug-watchos/SwiftDiagnostics-t.build/Objects-normal/arm64_32/SwiftDiagnostics.swiftmodule (in target 'SwiftDiagnostics' from project 'swift-syntax')
    cd /Users/admin/builder/spi-builder-workspace
    builtin-copy -exclude .DS_Store -exclude CVS -exclude .svn -exclude .git -exclude .hg -resolve-src-symlinks -rename /Users/admin/builder/spi-builder-workspace/.derivedData/Build/Intermediates.noindex/swift-syntax.build/Debug-watchos/SwiftDiagnostics-t.build/Objects-normal/arm64_32/SwiftDiagnostics.swiftmodule /Users/admin/builder/spi-builder-workspace/.derivedData/Build/Products/Debug-watchos/SwiftDiagnostics.swiftmodule/arm64_32-apple-watchos.swiftmodule
SwiftDriverJobDiscovery normal arm64 Emitting module for SwiftDiagnostics (in target 'SwiftDiagnostics' from project 'swift-syntax')
SwiftDriver\ Compilation\ Requirements SwiftDiagnostics normal arm64 com.apple.xcode.tools.swift.compiler (in target 'SwiftDiagnostics' from project 'swift-syntax')
    cd /Users/admin/builder/spi-builder-workspace/.swiftpm/xcode
    builtin-Swift-Compilation-Requirements -- /Applications/Xcode-27.0.0-Release.Candidate.app/Contents/Developer/Toolchains/XcodeDefault.xctoolchain/usr/bin/swiftc -parse-as-library -module-name SwiftDiagnostics -Onone @/Users/admin/builder/spi-builder-workspace/.derivedData/Build/Intermediates.noindex/swift-syntax.build/Debug-watchos/SwiftDiagnostics-t.build/Objects-normal/arm64/SwiftDiagnostics.SwiftFileList -DSWIFT_PACKAGE -DDEBUG -DSWIFT_MODULE_RESOURCE_BUNDLE_UNAVAILABLE -DXcode -plugin-path /Applications/Xcode-27.0.0-Release.Candidate.app/Contents/Developer/Toolchains/XcodeDefault.xctoolchain/usr/lib/swift/host/plugins/testing -enable-experimental-feature DebugDescriptionMacro -sdk /Applications/Xcode-27.0.0-Release.Candidate.app/Contents/Developer/Platforms/WatchOS.platform/Developer/SDKs/WatchOS27.0.sdk -target arm64-apple-watchos9.0 -g -module-cache-path /Users/admin/builder/spi-builder-workspace/.derivedData/ModuleCache.noindex -Xfrontend -serialize-debugging-options -profile-coverage-mapping -profile-generate -enable-testing -index-store-path /Users/admin/builder/spi-builder-workspace/.derivedData/Index.noindex/DataStore -Xcc -D_LIBCPP_HARDENING_MODE\=_LIBCPP_HARDENING_MODE_DEBUG -swift-version 5 -I /Users/admin/builder/spi-builder-workspace/.derivedData/Build/Products/Debug-watchos -Isystem /Applications/Xcode-27.0.0-Release.Candidate.app/Contents/Developer/Platforms/WatchOS.platform/Developer/usr/lib -F /Users/admin/builder/spi-builder-workspace/.derivedData/Build/Products/Debug-watchos/PackageFrameworks -F /Users/admin/builder/spi-builder-workspace/.derivedData/Build/Products/Debug-watchos -F /Applications/Xcode-27.0.0-Release.Candidate.app/Contents/Developer/Platforms/WatchOS.platform/Developer/Library/Frameworks -F /Applications/Xcode-27.0.0-Release.Candidate.app/Contents/Developer/Platforms/WatchOS.platform/Developer/SDKs/WatchOS27.0.sdk/Developer/Library/Frameworks -c -j10 -enable-batch-mode -incremental -Xcc -ivfsstatcache -Xcc /Users/admin/builder/spi-builder-workspace/.derivedData/SDKStatCaches.noindex/watchos27.0-24R360-e829b21a6f8c9b70876ba0858053c04477534ef55a1706bf4c1112bbb242f0a2.sdkstatcache -output-file-map /Users/admin/builder/spi-builder-workspace/.derivedData/Build/Intermediates.noindex/swift-syntax.build/Debug-watchos/SwiftDiagnostics-t.build/Objects-normal/arm64/SwiftDiagnostics-OutputFileMap.json -save-temps -no-color-diagnostics -explicit-module-build -module-cache-path /Users/admin/builder/spi-builder-workspace/.derivedData/Build/Intermediates.noindex/SwiftExplicitPrecompiledModules -clang-scanner-module-cache-path /Users/admin/builder/spi-builder-workspace/.derivedData/ModuleCache.noindex -sdk-module-cache-path /Users/admin/builder/spi-builder-workspace/.derivedData/SDKExplicitPrecompiledModules -emit-dependencies -emit-module -emit-module-path /Users/admin/builder/spi-builder-workspace/.derivedData/Build/Intermediates.noindex/swift-syntax.build/Debug-watchos/SwiftDiagnostics-t.build/Objects-normal/arm64/SwiftDiagnostics.swiftmodule -serialize-diagnostics -dependency-scan-serialize-diagnostics-path /Users/admin/builder/spi-builder-workspace/.derivedData/Build/Intermediates.noindex/swift-syntax.build/Debug-watchos/SwiftDiagnostics-t.build/Objects-normal/arm64/SwiftDiagnostics-dependency-scan.dia -validate-clang-modules-once -clang-build-session-file /Users/admin/builder/spi-builder-workspace/.derivedData/ModuleCache.noindex/Session.modulevalidation -Xcc -fmodules-prune-interval\=86400 -Xcc -fmodules-prune-after\=345600 -emit-const-values -const-gather-protocols-list /Users/admin/builder/spi-builder-workspace/.derivedData/Build/Intermediates.noindex/swift-syntax.build/Debug-watchos/SwiftDiagnostics-t.build/Objects-normal/arm64/SwiftDiagnostics_const_extract_protocols.json -Xcc -I/Users/admin/builder/spi-builder-workspace/.derivedData/Build/Products/Debug-watchos/include -Xcc -I/Users/admin/builder/spi-builder-workspace/.derivedData/Build/Intermediates.noindex/swift-syntax.build/Debug-watchos/SwiftDiagnostics-t.build/DerivedSources-normal/arm64 -Xcc -I/Users/admin/builder/spi-builder-workspace/.derivedData/Build/Intermediates.noindex/swift-syntax.build/Debug-watchos/SwiftDiagnostics-t.build/DerivedSources/arm64 -Xcc -I/Users/admin/builder/spi-builder-workspace/.derivedData/Build/Intermediates.noindex/swift-syntax.build/Debug-watchos/SwiftDiagnostics-t.build/DerivedSources -Xcc -DSWIFT_PACKAGE -Xcc -DDEBUG\=1 -emit-objc-header -emit-objc-header-path /Users/admin/builder/spi-builder-workspace/.derivedData/Build/Intermediates.noindex/swift-syntax.build/Debug-watchos/SwiftDiagnostics-t.build/Objects-normal/arm64/SwiftDiagnostics-Swift.h -working-directory /Users/admin/builder/spi-builder-workspace/.swiftpm/xcode -experimental-emit-module-separately -disable-cmo
Copy /Users/admin/builder/spi-builder-workspace/.derivedData/Build/Products/Debug-watchos/SwiftDiagnostics.swiftmodule/arm64_32-apple-watchos.swiftdoc /Users/admin/builder/spi-builder-workspace/.derivedData/Build/Intermediates.noindex/swift-syntax.build/Debug-watchos/SwiftDiagnostics-t.build/Objects-normal/arm64_32/SwiftDiagnostics.swiftdoc (in target 'SwiftDiagnostics' from project 'swift-syntax')
    cd /Users/admin/builder/spi-builder-workspace
    builtin-copy -exclude .DS_Store -exclude CVS -exclude .svn -exclude .git -exclude .hg -resolve-src-symlinks -rename /Users/admin/builder/spi-builder-workspace/.derivedData/Build/Intermediates.noindex/swift-syntax.build/Debug-watchos/SwiftDiagnostics-t.build/Objects-normal/arm64_32/SwiftDiagnostics.swiftdoc /Users/admin/builder/spi-builder-workspace/.derivedData/Build/Products/Debug-watchos/SwiftDiagnostics.swiftmodule/arm64_32-apple-watchos.swiftdoc
SwiftMergeGeneratedHeaders /Users/admin/builder/spi-builder-workspace/.derivedData/Build/Intermediates.noindex/GeneratedModuleMaps-watchos/SwiftDiagnostics-Swift.h /Users/admin/builder/spi-builder-workspace/.derivedData/Build/Intermediates.noindex/swift-syntax.build/Debug-watchos/SwiftDiagnostics-t.build/Objects-normal/arm64/SwiftDiagnostics-Swift.h /Users/admin/builder/spi-builder-workspace/.derivedData/Build/Intermediates.noindex/swift-syntax.build/Debug-watchos/SwiftDiagnostics-t.build/Objects-normal/arm64_32/SwiftDiagnostics-Swift.h (in target 'SwiftDiagnostics' from project 'swift-syntax')
    cd /Users/admin/builder/spi-builder-workspace
    builtin-swiftHeaderTool -arch arm64 /Users/admin/builder/spi-builder-workspace/.derivedData/Build/Intermediates.noindex/swift-syntax.build/Debug-watchos/SwiftDiagnostics-t.build/Objects-normal/arm64/SwiftDiagnostics-Swift.h -arch arm64_32 /Users/admin/builder/spi-builder-workspace/.derivedData/Build/Intermediates.noindex/swift-syntax.build/Debug-watchos/SwiftDiagnostics-t.build/Objects-normal/arm64_32/SwiftDiagnostics-Swift.h -o /Users/admin/builder/spi-builder-workspace/.derivedData/Build/Intermediates.noindex/GeneratedModuleMaps-watchos/SwiftDiagnostics-Swift.h
Copy /Users/admin/builder/spi-builder-workspace/.derivedData/Build/Products/Debug-watchos/SwiftDiagnostics.swiftmodule/arm64_32-apple-watchos.abi.json /Users/admin/builder/spi-builder-workspace/.derivedData/Build/Intermediates.noindex/swift-syntax.build/Debug-watchos/SwiftDiagnostics-t.build/Objects-normal/arm64_32/SwiftDiagnostics.abi.json (in target 'SwiftDiagnostics' from project 'swift-syntax')
    cd /Users/admin/builder/spi-builder-workspace
    builtin-copy -exclude .DS_Store -exclude CVS -exclude .svn -exclude .git -exclude .hg -resolve-src-symlinks -rename /Users/admin/builder/spi-builder-workspace/.derivedData/Build/Intermediates.noindex/swift-syntax.build/Debug-watchos/SwiftDiagnostics-t.build/Objects-normal/arm64_32/SwiftDiagnostics.abi.json /Users/admin/builder/spi-builder-workspace/.derivedData/Build/Products/Debug-watchos/SwiftDiagnostics.swiftmodule/arm64_32-apple-watchos.abi.json
Copy /Users/admin/builder/spi-builder-workspace/.derivedData/Build/Products/Debug-watchos/SwiftDiagnostics.swiftmodule/arm64-apple-watchos.swiftmodule /Users/admin/builder/spi-builder-workspace/.derivedData/Build/Intermediates.noindex/swift-syntax.build/Debug-watchos/SwiftDiagnostics-t.build/Objects-normal/arm64/SwiftDiagnostics.swiftmodule (in target 'SwiftDiagnostics' from project 'swift-syntax')
    cd /Users/admin/builder/spi-builder-workspace
    builtin-copy -exclude .DS_Store -exclude CVS -exclude .svn -exclude .git -exclude .hg -resolve-src-symlinks -rename /Users/admin/builder/spi-builder-workspace/.derivedData/Build/Intermediates.noindex/swift-syntax.build/Debug-watchos/SwiftDiagnostics-t.build/Objects-normal/arm64/SwiftDiagnostics.swiftmodule /Users/admin/builder/spi-builder-workspace/.derivedData/Build/Products/Debug-watchos/SwiftDiagnostics.swiftmodule/arm64-apple-watchos.swiftmodule
Copy /Users/admin/builder/spi-builder-workspace/.derivedData/Build/Products/Debug-watchos/SwiftDiagnostics.swiftmodule/arm64-apple-watchos.swiftdoc /Users/admin/builder/spi-builder-workspace/.derivedData/Build/Intermediates.noindex/swift-syntax.build/Debug-watchos/SwiftDiagnostics-t.build/Objects-normal/arm64/SwiftDiagnostics.swiftdoc (in target 'SwiftDiagnostics' from project 'swift-syntax')
    cd /Users/admin/builder/spi-builder-workspace
    builtin-copy -exclude .DS_Store -exclude CVS -exclude .svn -exclude .git -exclude .hg -resolve-src-symlinks -rename /Users/admin/builder/spi-builder-workspace/.derivedData/Build/Intermediates.noindex/swift-syntax.build/Debug-watchos/SwiftDiagnostics-t.build/Objects-normal/arm64/SwiftDiagnostics.swiftdoc /Users/admin/builder/spi-builder-workspace/.derivedData/Build/Products/Debug-watchos/SwiftDiagnostics.swiftmodule/arm64-apple-watchos.swiftdoc
Copy /Users/admin/builder/spi-builder-workspace/.derivedData/Build/Products/Debug-watchos/SwiftDiagnostics.swiftmodule/arm64-apple-watchos.abi.json /Users/admin/builder/spi-builder-workspace/.derivedData/Build/Intermediates.noindex/swift-syntax.build/Debug-watchos/SwiftDiagnostics-t.build/Objects-normal/arm64/SwiftDiagnostics.abi.json (in target 'SwiftDiagnostics' from project 'swift-syntax')
    cd /Users/admin/builder/spi-builder-workspace
    builtin-copy -exclude .DS_Store -exclude CVS -exclude .svn -exclude .git -exclude .hg -resolve-src-symlinks -rename /Users/admin/builder/spi-builder-workspace/.derivedData/Build/Intermediates.noindex/swift-syntax.build/Debug-watchos/SwiftDiagnostics-t.build/Objects-normal/arm64/SwiftDiagnostics.abi.json /Users/admin/builder/spi-builder-workspace/.derivedData/Build/Products/Debug-watchos/SwiftDiagnostics.swiftmodule/arm64-apple-watchos.abi.json
Copy /Users/admin/builder/spi-builder-workspace/.derivedData/Build/Products/Debug-watchos/SwiftDiagnostics.swiftmodule/Project/arm64_32-apple-watchos.swiftsourceinfo /Users/admin/builder/spi-builder-workspace/.derivedData/Build/Intermediates.noindex/swift-syntax.build/Debug-watchos/SwiftDiagnostics-t.build/Objects-normal/arm64_32/SwiftDiagnostics.swiftsourceinfo (in target 'SwiftDiagnostics' from project 'swift-syntax')
    cd /Users/admin/builder/spi-builder-workspace
    builtin-copy -exclude .DS_Store -exclude CVS -exclude .svn -exclude .git -exclude .hg -resolve-src-symlinks -rename /Users/admin/builder/spi-builder-workspace/.derivedData/Build/Intermediates.noindex/swift-syntax.build/Debug-watchos/SwiftDiagnostics-t.build/Objects-normal/arm64_32/SwiftDiagnostics.swiftsourceinfo /Users/admin/builder/spi-builder-workspace/.derivedData/Build/Products/Debug-watchos/SwiftDiagnostics.swiftmodule/Project/arm64_32-apple-watchos.swiftsourceinfo
Copy /Users/admin/builder/spi-builder-workspace/.derivedData/Build/Products/Debug-watchos/SwiftDiagnostics.swiftmodule/Project/arm64-apple-watchos.swiftsourceinfo /Users/admin/builder/spi-builder-workspace/.derivedData/Build/Intermediates.noindex/swift-syntax.build/Debug-watchos/SwiftDiagnostics-t.build/Objects-normal/arm64/SwiftDiagnostics.swiftsourceinfo (in target 'SwiftDiagnostics' from project 'swift-syntax')
    cd /Users/admin/builder/spi-builder-workspace
    builtin-copy -exclude .DS_Store -exclude CVS -exclude .svn -exclude .git -exclude .hg -resolve-src-symlinks -rename /Users/admin/builder/spi-builder-workspace/.derivedData/Build/Intermediates.noindex/swift-syntax.build/Debug-watchos/SwiftDiagnostics-t.build/Objects-normal/arm64/SwiftDiagnostics.swiftsourceinfo /Users/admin/builder/spi-builder-workspace/.derivedData/Build/Products/Debug-watchos/SwiftDiagnostics.swiftmodule/Project/arm64-apple-watchos.swiftsourceinfo
SwiftCompile normal arm64 Compiling\ DiagnosticsFormatter.swift /Users/admin/builder/spi-builder-workspace/Sources/SwiftDiagnostics/DiagnosticsFormatter.swift (in target 'SwiftDiagnostics' from project 'swift-syntax')
SwiftCompile normal arm64 /Users/admin/builder/spi-builder-workspace/Sources/SwiftDiagnostics/DiagnosticsFormatter.swift (in target 'SwiftDiagnostics' from project 'swift-syntax')
    cd /Users/admin/builder/spi-builder-workspace/.swiftpm/xcode
    builtin-SwiftPerFileCompile DiagnosticsFormatter.swift
SwiftCompile normal arm64 Compiling\ Diagnostic.swift /Users/admin/builder/spi-builder-workspace/Sources/SwiftDiagnostics/Diagnostic.swift (in target 'SwiftDiagnostics' from project 'swift-syntax')
SwiftCompile normal arm64 /Users/admin/builder/spi-builder-workspace/Sources/SwiftDiagnostics/Diagnostic.swift (in target 'SwiftDiagnostics' from project 'swift-syntax')
    cd /Users/admin/builder/spi-builder-workspace/.swiftpm/xcode
    builtin-SwiftPerFileCompile Diagnostic.swift
SwiftDriverJobDiscovery normal arm64 Emitting module for SwiftBasicFormat (in target 'SwiftBasicFormat' from project 'swift-syntax')
SwiftDriver\ Compilation\ Requirements SwiftBasicFormat normal arm64 com.apple.xcode.tools.swift.compiler (in target 'SwiftBasicFormat' from project 'swift-syntax')
    cd /Users/admin/builder/spi-builder-workspace/.swiftpm/xcode
    builtin-Swift-Compilation-Requirements -- /Applications/Xcode-27.0.0-Release.Candidate.app/Contents/Developer/Toolchains/XcodeDefault.xctoolchain/usr/bin/swiftc -parse-as-library -module-name SwiftBasicFormat -Onone @/Users/admin/builder/spi-builder-workspace/.derivedData/Build/Intermediates.noindex/swift-syntax.build/Debug-watchos/SwiftBasicFormat-t.build/Objects-normal/arm64/SwiftBasicFormat.SwiftFileList -DSWIFT_PACKAGE -DDEBUG -DSWIFT_MODULE_RESOURCE_BUNDLE_UNAVAILABLE -DXcode -plugin-path /Applications/Xcode-27.0.0-Release.Candidate.app/Contents/Developer/Toolchains/XcodeDefault.xctoolchain/usr/lib/swift/host/plugins/testing -enable-experimental-feature DebugDescriptionMacro -sdk /Applications/Xcode-27.0.0-Release.Candidate.app/Contents/Developer/Platforms/WatchOS.platform/Developer/SDKs/WatchOS27.0.sdk -target arm64-apple-watchos9.0 -g -module-cache-path /Users/admin/builder/spi-builder-workspace/.derivedData/ModuleCache.noindex -Xfrontend -serialize-debugging-options -profile-coverage-mapping -profile-generate -enable-testing -index-store-path /Users/admin/builder/spi-builder-workspace/.derivedData/Index.noindex/DataStore -Xcc -D_LIBCPP_HARDENING_MODE\=_LIBCPP_HARDENING_MODE_DEBUG -swift-version 5 -I /Users/admin/builder/spi-builder-workspace/.derivedData/Build/Products/Debug-watchos -Isystem /Applications/Xcode-27.0.0-Release.Candidate.app/Contents/Developer/Platforms/WatchOS.platform/Developer/usr/lib -F /Users/admin/builder/spi-builder-workspace/.derivedData/Build/Products/Debug-watchos/PackageFrameworks -F /Users/admin/builder/spi-builder-workspace/.derivedData/Build/Products/Debug-watchos -F /Applications/Xcode-27.0.0-Release.Candidate.app/Contents/Developer/Platforms/WatchOS.platform/Developer/Library/Frameworks -F /Applications/Xcode-27.0.0-Release.Candidate.app/Contents/Developer/Platforms/WatchOS.platform/Developer/SDKs/WatchOS27.0.sdk/Developer/Library/Frameworks -c -j10 -enable-batch-mode -incremental -Xcc -ivfsstatcache -Xcc /Users/admin/builder/spi-builder-workspace/.derivedData/SDKStatCaches.noindex/watchos27.0-24R360-e829b21a6f8c9b70876ba0858053c04477534ef55a1706bf4c1112bbb242f0a2.sdkstatcache -output-file-map /Users/admin/builder/spi-builder-workspace/.derivedData/Build/Intermediates.noindex/swift-syntax.build/Debug-watchos/SwiftBasicFormat-t.build/Objects-normal/arm64/SwiftBasicFormat-OutputFileMap.json -save-temps -no-color-diagnostics -explicit-module-build -module-cache-path /Users/admin/builder/spi-builder-workspace/.derivedData/Build/Intermediates.noindex/SwiftExplicitPrecompiledModules -clang-scanner-module-cache-path /Users/admin/builder/spi-builder-workspace/.derivedData/ModuleCache.noindex -sdk-module-cache-path /Users/admin/builder/spi-builder-workspace/.derivedData/SDKExplicitPrecompiledModules -emit-dependencies -emit-module -emit-module-path /Users/admin/builder/spi-builder-workspace/.derivedData/Build/Intermediates.noindex/swift-syntax.build/Debug-watchos/SwiftBasicFormat-t.build/Objects-normal/arm64/SwiftBasicFormat.swiftmodule -serialize-diagnostics -dependency-scan-serialize-diagnostics-path /Users/admin/builder/spi-builder-workspace/.derivedData/Build/Intermediates.noindex/swift-syntax.build/Debug-watchos/SwiftBasicFormat-t.build/Objects-normal/arm64/SwiftBasicFormat-dependency-scan.dia -validate-clang-modules-once -clang-build-session-file /Users/admin/builder/spi-builder-workspace/.derivedData/ModuleCache.noindex/Session.modulevalidation -Xcc -fmodules-prune-interval\=86400 -Xcc -fmodules-prune-after\=345600 -emit-const-values -const-gather-protocols-list /Users/admin/builder/spi-builder-workspace/.derivedData/Build/Intermediates.noindex/swift-syntax.build/Debug-watchos/SwiftBasicFormat-t.build/Objects-normal/arm64/SwiftBasicFormat_const_extract_protocols.json -Xcc -I/Users/admin/builder/spi-builder-workspace/.derivedData/Build/Products/Debug-watchos/include -Xcc -I/Users/admin/builder/spi-builder-workspace/.derivedData/Build/Intermediates.noindex/swift-syntax.build/Debug-watchos/SwiftBasicFormat-t.build/DerivedSources-normal/arm64 -Xcc -I/Users/admin/builder/spi-builder-workspace/.derivedData/Build/Intermediates.noindex/swift-syntax.build/Debug-watchos/SwiftBasicFormat-t.build/DerivedSources/arm64 -Xcc -I/Users/admin/builder/spi-builder-workspace/.derivedData/Build/Intermediates.noindex/swift-syntax.build/Debug-watchos/SwiftBasicFormat-t.build/DerivedSources -Xcc -DSWIFT_PACKAGE -Xcc -DDEBUG\=1 -emit-objc-header -emit-objc-header-path /Users/admin/builder/spi-builder-workspace/.derivedData/Build/Intermediates.noindex/swift-syntax.build/Debug-watchos/SwiftBasicFormat-t.build/Objects-normal/arm64/SwiftBasicFormat-Swift.h -working-directory /Users/admin/builder/spi-builder-workspace/.swiftpm/xcode -experimental-emit-module-separately -disable-cmo
SwiftExplicitDependencyGeneratePcm arm64 /Users/admin/builder/spi-builder-workspace/.derivedData/SDKExplicitPrecompiledModules/XPC-40DR0X1DHKGCV4J1IOLFS8MOU.pcm
Copy /Users/admin/builder/spi-builder-workspace/.derivedData/Build/Products/Debug-watchos/SwiftBasicFormat.swiftmodule/arm64-apple-watchos.swiftmodule /Users/admin/builder/spi-builder-workspace/.derivedData/Build/Intermediates.noindex/swift-syntax.build/Debug-watchos/SwiftBasicFormat-t.build/Objects-normal/arm64/SwiftBasicFormat.swiftmodule (in target 'SwiftBasicFormat' from project 'swift-syntax')
    cd /Users/admin/builder/spi-builder-workspace
    builtin-copy -exclude .DS_Store -exclude CVS -exclude .svn -exclude .git -exclude .hg -resolve-src-symlinks -rename /Users/admin/builder/spi-builder-workspace/.derivedData/Build/Intermediates.noindex/swift-syntax.build/Debug-watchos/SwiftBasicFormat-t.build/Objects-normal/arm64/SwiftBasicFormat.swiftmodule /Users/admin/builder/spi-builder-workspace/.derivedData/Build/Products/Debug-watchos/SwiftBasicFormat.swiftmodule/arm64-apple-watchos.swiftmodule
Copy /Users/admin/builder/spi-builder-workspace/.derivedData/Build/Products/Debug-watchos/SwiftBasicFormat.swiftmodule/arm64-apple-watchos.swiftdoc /Users/admin/builder/spi-builder-workspace/.derivedData/Build/Intermediates.noindex/swift-syntax.build/Debug-watchos/SwiftBasicFormat-t.build/Objects-normal/arm64/SwiftBasicFormat.swiftdoc (in target 'SwiftBasicFormat' from project 'swift-syntax')
    cd /Users/admin/builder/spi-builder-workspace
    builtin-copy -exclude .DS_Store -exclude CVS -exclude .svn -exclude .git -exclude .hg -resolve-src-symlinks -rename /Users/admin/builder/spi-builder-workspace/.derivedData/Build/Intermediates.noindex/swift-syntax.build/Debug-watchos/SwiftBasicFormat-t.build/Objects-normal/arm64/SwiftBasicFormat.swiftdoc /Users/admin/builder/spi-builder-workspace/.derivedData/Build/Products/Debug-watchos/SwiftBasicFormat.swiftmodule/arm64-apple-watchos.swiftdoc
Copy /Users/admin/builder/spi-builder-workspace/.derivedData/Build/Products/Debug-watchos/SwiftBasicFormat.swiftmodule/arm64-apple-watchos.abi.json /Users/admin/builder/spi-builder-workspace/.derivedData/Build/Intermediates.noindex/swift-syntax.build/Debug-watchos/SwiftBasicFormat-t.build/Objects-normal/arm64/SwiftBasicFormat.abi.json (in target 'SwiftBasicFormat' from project 'swift-syntax')
    cd /Users/admin/builder/spi-builder-workspace
    builtin-copy -exclude .DS_Store -exclude CVS -exclude .svn -exclude .git -exclude .hg -resolve-src-symlinks -rename /Users/admin/builder/spi-builder-workspace/.derivedData/Build/Intermediates.noindex/swift-syntax.build/Debug-watchos/SwiftBasicFormat-t.build/Objects-normal/arm64/SwiftBasicFormat.abi.json /Users/admin/builder/spi-builder-workspace/.derivedData/Build/Products/Debug-watchos/SwiftBasicFormat.swiftmodule/arm64-apple-watchos.abi.json
Copy /Users/admin/builder/spi-builder-workspace/.derivedData/Build/Products/Debug-watchos/SwiftBasicFormat.swiftmodule/Project/arm64-apple-watchos.swiftsourceinfo /Users/admin/builder/spi-builder-workspace/.derivedData/Build/Intermediates.noindex/swift-syntax.build/Debug-watchos/SwiftBasicFormat-t.build/Objects-normal/arm64/SwiftBasicFormat.swiftsourceinfo (in target 'SwiftBasicFormat' from project 'swift-syntax')
    cd /Users/admin/builder/spi-builder-workspace
    builtin-copy -exclude .DS_Store -exclude CVS -exclude .svn -exclude .git -exclude .hg -resolve-src-symlinks -rename /Users/admin/builder/spi-builder-workspace/.derivedData/Build/Intermediates.noindex/swift-syntax.build/Debug-watchos/SwiftBasicFormat-t.build/Objects-normal/arm64/SwiftBasicFormat.swiftsourceinfo /Users/admin/builder/spi-builder-workspace/.derivedData/Build/Products/Debug-watchos/SwiftBasicFormat.swiftmodule/Project/arm64-apple-watchos.swiftsourceinfo
SwiftExplicitDependencyGeneratePcm arm64_32 /Users/admin/builder/spi-builder-workspace/.derivedData/SDKExplicitPrecompiledModules/XPC-81Y45QFY96XYYFCW2GT6FY8S4.pcm
SwiftExplicitDependencyGeneratePcm arm64 /Users/admin/builder/spi-builder-workspace/.derivedData/SDKExplicitPrecompiledModules/CoreFoundation-8T2L24YC5NU7WO6WQJWRY7W08.pcm
SwiftDriverJobDiscovery normal arm64_32 Emitting module for SwiftBasicFormat (in target 'SwiftBasicFormat' from project 'swift-syntax')
SwiftDriver\ Compilation\ Requirements SwiftBasicFormat normal arm64_32 com.apple.xcode.tools.swift.compiler (in target 'SwiftBasicFormat' from project 'swift-syntax')
    cd /Users/admin/builder/spi-builder-workspace/.swiftpm/xcode
    builtin-Swift-Compilation-Requirements -- /Applications/Xcode-27.0.0-Release.Candidate.app/Contents/Developer/Toolchains/XcodeDefault.xctoolchain/usr/bin/swiftc -parse-as-library -module-name SwiftBasicFormat -Onone @/Users/admin/builder/spi-builder-workspace/.derivedData/Build/Intermediates.noindex/swift-syntax.build/Debug-watchos/SwiftBasicFormat-t.build/Objects-normal/arm64_32/SwiftBasicFormat.SwiftFileList -DSWIFT_PACKAGE -DDEBUG -DSWIFT_MODULE_RESOURCE_BUNDLE_UNAVAILABLE -DXcode -plugin-path /Applications/Xcode-27.0.0-Release.Candidate.app/Contents/Developer/Toolchains/XcodeDefault.xctoolchain/usr/lib/swift/host/plugins/testing -enable-experimental-feature DebugDescriptionMacro -sdk /Applications/Xcode-27.0.0-Release.Candidate.app/Contents/Developer/Platforms/WatchOS.platform/Developer/SDKs/WatchOS27.0.sdk -target arm64_32-apple-watchos9.0 -g -module-cache-path /Users/admin/builder/spi-builder-workspace/.derivedData/ModuleCache.noindex -Xfrontend -serialize-debugging-options -profile-coverage-mapping -profile-generate -enable-testing -index-store-path /Users/admin/builder/spi-builder-workspace/.derivedData/Index.noindex/DataStore -Xcc -D_LIBCPP_HARDENING_MODE\=_LIBCPP_HARDENING_MODE_DEBUG -swift-version 5 -I /Users/admin/builder/spi-builder-workspace/.derivedData/Build/Products/Debug-watchos -Isystem /Applications/Xcode-27.0.0-Release.Candidate.app/Contents/Developer/Platforms/WatchOS.platform/Developer/usr/lib -F /Users/admin/builder/spi-builder-workspace/.derivedData/Build/Products/Debug-watchos/PackageFrameworks -F /Users/admin/builder/spi-builder-workspace/.derivedData/Build/Products/Debug-watchos -F /Applications/Xcode-27.0.0-Release.Candidate.app/Contents/Developer/Platforms/WatchOS.platform/Developer/Library/Frameworks -F /Applications/Xcode-27.0.0-Release.Candidate.app/Contents/Developer/Platforms/WatchOS.platform/Developer/SDKs/WatchOS27.0.sdk/Developer/Library/Frameworks -c -j10 -enable-batch-mode -incremental -Xcc -ivfsstatcache -Xcc /Users/admin/builder/spi-builder-workspace/.derivedData/SDKStatCaches.noindex/watchos27.0-24R360-e829b21a6f8c9b70876ba0858053c04477534ef55a1706bf4c1112bbb242f0a2.sdkstatcache -output-file-map /Users/admin/builder/spi-builder-workspace/.derivedData/Build/Intermediates.noindex/swift-syntax.build/Debug-watchos/SwiftBasicFormat-t.build/Objects-normal/arm64_32/SwiftBasicFormat-OutputFileMap.json -save-temps -no-color-diagnostics -explicit-module-build -module-cache-path /Users/admin/builder/spi-builder-workspace/.derivedData/Build/Intermediates.noindex/SwiftExplicitPrecompiledModules -clang-scanner-module-cache-path /Users/admin/builder/spi-builder-workspace/.derivedData/ModuleCache.noindex -sdk-module-cache-path /Users/admin/builder/spi-builder-workspace/.derivedData/SDKExplicitPrecompiledModules -emit-dependencies -emit-module -emit-module-path /Users/admin/builder/spi-builder-workspace/.derivedData/Build/Intermediates.noindex/swift-syntax.build/Debug-watchos/SwiftBasicFormat-t.build/Objects-normal/arm64_32/SwiftBasicFormat.swiftmodule -serialize-diagnostics -dependency-scan-serialize-diagnostics-path /Users/admin/builder/spi-builder-workspace/.derivedData/Build/Intermediates.noindex/swift-syntax.build/Debug-watchos/SwiftBasicFormat-t.build/Objects-normal/arm64_32/SwiftBasicFormat-dependency-scan.dia -validate-clang-modules-once -clang-build-session-file /Users/admin/builder/spi-builder-workspace/.derivedData/ModuleCache.noindex/Session.modulevalidation -Xcc -fmodules-prune-interval\=86400 -Xcc -fmodules-prune-after\=345600 -emit-const-values -const-gather-protocols-list /Users/admin/builder/spi-builder-workspace/.derivedData/Build/Intermediates.noindex/swift-syntax.build/Debug-watchos/SwiftBasicFormat-t.build/Objects-normal/arm64_32/SwiftBasicFormat_const_extract_protocols.json -Xcc -I/Users/admin/builder/spi-builder-workspace/.derivedData/Build/Products/Debug-watchos/include -Xcc -I/Users/admin/builder/spi-builder-workspace/.derivedData/Build/Intermediates.noindex/swift-syntax.build/Debug-watchos/SwiftBasicFormat-t.build/DerivedSources-normal/arm64_32 -Xcc -I/Users/admin/builder/spi-builder-workspace/.derivedData/Build/Intermediates.noindex/swift-syntax.build/Debug-watchos/SwiftBasicFormat-t.build/DerivedSources/arm64_32 -Xcc -I/Users/admin/builder/spi-builder-workspace/.derivedData/Build/Intermediates.noindex/swift-syntax.build/Debug-watchos/SwiftBasicFormat-t.build/DerivedSources -Xcc -DSWIFT_PACKAGE -Xcc -DDEBUG\=1 -emit-objc-header -emit-objc-header-path /Users/admin/builder/spi-builder-workspace/.derivedData/Build/Intermediates.noindex/swift-syntax.build/Debug-watchos/SwiftBasicFormat-t.build/Objects-normal/arm64_32/SwiftBasicFormat-Swift.h -working-directory /Users/admin/builder/spi-builder-workspace/.swiftpm/xcode -experimental-emit-module-separately -disable-cmo
SwiftDriverJobDiscovery normal arm64 Compiling Message.swift (in target 'SwiftDiagnostics' from project 'swift-syntax')
SwiftExplicitDependencyGeneratePcm arm64_32 /Users/admin/builder/spi-builder-workspace/.derivedData/SDKExplicitPrecompiledModules/CoreFoundation-8E6Y4BA3EXYKUGJ24GT9LGV3N.pcm
SwiftMergeGeneratedHeaders /Users/admin/builder/spi-builder-workspace/.derivedData/Build/Intermediates.noindex/GeneratedModuleMaps-watchos/SwiftBasicFormat-Swift.h /Users/admin/builder/spi-builder-workspace/.derivedData/Build/Intermediates.noindex/swift-syntax.build/Debug-watchos/SwiftBasicFormat-t.build/Objects-normal/arm64/SwiftBasicFormat-Swift.h /Users/admin/builder/spi-builder-workspace/.derivedData/Build/Intermediates.noindex/swift-syntax.build/Debug-watchos/SwiftBasicFormat-t.build/Objects-normal/arm64_32/SwiftBasicFormat-Swift.h (in target 'SwiftBasicFormat' from project 'swift-syntax')
    cd /Users/admin/builder/spi-builder-workspace
    builtin-swiftHeaderTool -arch arm64 /Users/admin/builder/spi-builder-workspace/.derivedData/Build/Intermediates.noindex/swift-syntax.build/Debug-watchos/SwiftBasicFormat-t.build/Objects-normal/arm64/SwiftBasicFormat-Swift.h -arch arm64_32 /Users/admin/builder/spi-builder-workspace/.derivedData/Build/Intermediates.noindex/swift-syntax.build/Debug-watchos/SwiftBasicFormat-t.build/Objects-normal/arm64_32/SwiftBasicFormat-Swift.h -o /Users/admin/builder/spi-builder-workspace/.derivedData/Build/Intermediates.noindex/GeneratedModuleMaps-watchos/SwiftBasicFormat-Swift.h
SwiftDriverJobDiscovery normal arm64 Compiling Note.swift (in target 'SwiftDiagnostics' from project 'swift-syntax')
Copy /Users/admin/builder/spi-builder-workspace/.derivedData/Build/Products/Debug-watchos/SwiftBasicFormat.swiftmodule/arm64_32-apple-watchos.swiftmodule /Users/admin/builder/spi-builder-workspace/.derivedData/Build/Intermediates.noindex/swift-syntax.build/Debug-watchos/SwiftBasicFormat-t.build/Objects-normal/arm64_32/SwiftBasicFormat.swiftmodule (in target 'SwiftBasicFormat' from project 'swift-syntax')
    cd /Users/admin/builder/spi-builder-workspace
    builtin-copy -exclude .DS_Store -exclude CVS -exclude .svn -exclude .git -exclude .hg -resolve-src-symlinks -rename /Users/admin/builder/spi-builder-workspace/.derivedData/Build/Intermediates.noindex/swift-syntax.build/Debug-watchos/SwiftBasicFormat-t.build/Objects-normal/arm64_32/SwiftBasicFormat.swiftmodule /Users/admin/builder/spi-builder-workspace/.derivedData/Build/Products/Debug-watchos/SwiftBasicFormat.swiftmodule/arm64_32-apple-watchos.swiftmodule
Copy /Users/admin/builder/spi-builder-workspace/.derivedData/Build/Products/Debug-watchos/SwiftBasicFormat.swiftmodule/arm64_32-apple-watchos.swiftdoc /Users/admin/builder/spi-builder-workspace/.derivedData/Build/Intermediates.noindex/swift-syntax.build/Debug-watchos/SwiftBasicFormat-t.build/Objects-normal/arm64_32/SwiftBasicFormat.swiftdoc (in target 'SwiftBasicFormat' from project 'swift-syntax')
    cd /Users/admin/builder/spi-builder-workspace
    builtin-copy -exclude .DS_Store -exclude CVS -exclude .svn -exclude .git -exclude .hg -resolve-src-symlinks -rename /Users/admin/builder/spi-builder-workspace/.derivedData/Build/Intermediates.noindex/swift-syntax.build/Debug-watchos/SwiftBasicFormat-t.build/Objects-normal/arm64_32/SwiftBasicFormat.swiftdoc /Users/admin/builder/spi-builder-workspace/.derivedData/Build/Products/Debug-watchos/SwiftBasicFormat.swiftmodule/arm64_32-apple-watchos.swiftdoc
Copy /Users/admin/builder/spi-builder-workspace/.derivedData/Build/Products/Debug-watchos/SwiftBasicFormat.swiftmodule/arm64_32-apple-watchos.abi.json /Users/admin/builder/spi-builder-workspace/.derivedData/Build/Intermediates.noindex/swift-syntax.build/Debug-watchos/SwiftBasicFormat-t.build/Objects-normal/arm64_32/SwiftBasicFormat.abi.json (in target 'SwiftBasicFormat' from project 'swift-syntax')
    cd /Users/admin/builder/spi-builder-workspace
    builtin-copy -exclude .DS_Store -exclude CVS -exclude .svn -exclude .git -exclude .hg -resolve-src-symlinks -rename /Users/admin/builder/spi-builder-workspace/.derivedData/Build/Intermediates.noindex/swift-syntax.build/Debug-watchos/SwiftBasicFormat-t.build/Objects-normal/arm64_32/SwiftBasicFormat.abi.json /Users/admin/builder/spi-builder-workspace/.derivedData/Build/Products/Debug-watchos/SwiftBasicFormat.swiftmodule/arm64_32-apple-watchos.abi.json
Copy /Users/admin/builder/spi-builder-workspace/.derivedData/Build/Products/Debug-watchos/SwiftBasicFormat.swiftmodule/Project/arm64_32-apple-watchos.swiftsourceinfo /Users/admin/builder/spi-builder-workspace/.derivedData/Build/Intermediates.noindex/swift-syntax.build/Debug-watchos/SwiftBasicFormat-t.build/Objects-normal/arm64_32/SwiftBasicFormat.swiftsourceinfo (in target 'SwiftBasicFormat' from project 'swift-syntax')
    cd /Users/admin/builder/spi-builder-workspace
    builtin-copy -exclude .DS_Store -exclude CVS -exclude .svn -exclude .git -exclude .hg -resolve-src-symlinks -rename /Users/admin/builder/spi-builder-workspace/.derivedData/Build/Intermediates.noindex/swift-syntax.build/Debug-watchos/SwiftBasicFormat-t.build/Objects-normal/arm64_32/SwiftBasicFormat.swiftsourceinfo /Users/admin/builder/spi-builder-workspace/.derivedData/Build/Products/Debug-watchos/SwiftBasicFormat.swiftmodule/Project/arm64_32-apple-watchos.swiftsourceinfo
SwiftCompile normal arm64 Compiling\ GroupedDiagnostics.swift /Users/admin/builder/spi-builder-workspace/Sources/SwiftDiagnostics/GroupedDiagnostics.swift (in target 'SwiftDiagnostics' from project 'swift-syntax')
SwiftCompile normal arm64 /Users/admin/builder/spi-builder-workspace/Sources/SwiftDiagnostics/GroupedDiagnostics.swift (in target 'SwiftDiagnostics' from project 'swift-syntax')
    cd /Users/admin/builder/spi-builder-workspace/.swiftpm/xcode
    builtin-SwiftPerFileCompile GroupedDiagnostics.swift
SwiftCompile normal arm64_32 Compiling\ Note.swift /Users/admin/builder/spi-builder-workspace/Sources/SwiftDiagnostics/Note.swift (in target 'SwiftDiagnostics' from project 'swift-syntax')
SwiftCompile normal arm64_32 /Users/admin/builder/spi-builder-workspace/Sources/SwiftDiagnostics/Note.swift (in target 'SwiftDiagnostics' from project 'swift-syntax')
    cd /Users/admin/builder/spi-builder-workspace/.swiftpm/xcode
    builtin-SwiftPerFileCompile Note.swift
SwiftCompile normal arm64 Compiling\ FixIt.swift /Users/admin/builder/spi-builder-workspace/Sources/SwiftDiagnostics/FixIt.swift (in target 'SwiftDiagnostics' from project 'swift-syntax')
SwiftCompile normal arm64 /Users/admin/builder/spi-builder-workspace/Sources/SwiftDiagnostics/FixIt.swift (in target 'SwiftDiagnostics' from project 'swift-syntax')
    cd /Users/admin/builder/spi-builder-workspace/.swiftpm/xcode
    builtin-SwiftPerFileCompile FixIt.swift
SwiftCompile normal arm64_32 Compiling\ GroupedDiagnostics.swift /Users/admin/builder/spi-builder-workspace/Sources/SwiftDiagnostics/GroupedDiagnostics.swift (in target 'SwiftDiagnostics' from project 'swift-syntax')
SwiftCompile normal arm64_32 /Users/admin/builder/spi-builder-workspace/Sources/SwiftDiagnostics/GroupedDiagnostics.swift (in target 'SwiftDiagnostics' from project 'swift-syntax')
    cd /Users/admin/builder/spi-builder-workspace/.swiftpm/xcode
    builtin-SwiftPerFileCompile GroupedDiagnostics.swift
SwiftDriverJobDiscovery normal arm64 Compiling Diagnostic.swift (in target 'SwiftDiagnostics' from project 'swift-syntax')
SwiftCompile normal arm64_32 Compiling\ Message.swift /Users/admin/builder/spi-builder-workspace/Sources/SwiftDiagnostics/Message.swift (in target 'SwiftDiagnostics' from project 'swift-syntax')
SwiftCompile normal arm64_32 /Users/admin/builder/spi-builder-workspace/Sources/SwiftDiagnostics/Message.swift (in target 'SwiftDiagnostics' from project 'swift-syntax')
    cd /Users/admin/builder/spi-builder-workspace/.swiftpm/xcode
    builtin-SwiftPerFileCompile Message.swift
SwiftDriverJobDiscovery normal arm64_32 Compiling DiagnosticsFormatter.swift (in target 'SwiftDiagnostics' from project 'swift-syntax')
SwiftCompile normal arm64 Compiling\ BasicFormat+Extensions.swift /Users/admin/builder/spi-builder-workspace/Sources/SwiftBasicFormat/generated/BasicFormat+Extensions.swift (in target 'SwiftBasicFormat' from project 'swift-syntax')
SwiftCompile normal arm64 /Users/admin/builder/spi-builder-workspace/Sources/SwiftBasicFormat/generated/BasicFormat+Extensions.swift (in target 'SwiftBasicFormat' from project 'swift-syntax')
    cd /Users/admin/builder/spi-builder-workspace/.swiftpm/xcode
    builtin-SwiftPerFileCompile BasicFormat+Extensions.swift
SwiftExplicitDependencyGeneratePcm arm64 /Users/admin/builder/spi-builder-workspace/.derivedData/SDKExplicitPrecompiledModules/Security-6RZ6YBRU8WCUHRFFRVUK5WKMM.pcm
SwiftExplicitDependencyGeneratePcm arm64_32 /Users/admin/builder/spi-builder-workspace/.derivedData/SDKExplicitPrecompiledModules/Security-D7TOWF88VWF67TB9HAFP5UWB1.pcm
SwiftDriverJobDiscovery normal arm64_32 Compiling Note.swift (in target 'SwiftDiagnostics' from project 'swift-syntax')
SwiftDriverJobDiscovery normal arm64 Compiling FixIt.swift (in target 'SwiftDiagnostics' from project 'swift-syntax')
SwiftCompile normal arm64_32 Compiling\ Trivia+FormatExtensions.swift /Users/admin/builder/spi-builder-workspace/Sources/SwiftBasicFormat/Trivia+FormatExtensions.swift (in target 'SwiftBasicFormat' from project 'swift-syntax')
SwiftCompile normal arm64_32 /Users/admin/builder/spi-builder-workspace/Sources/SwiftBasicFormat/Trivia+FormatExtensions.swift (in target 'SwiftBasicFormat' from project 'swift-syntax')
    cd /Users/admin/builder/spi-builder-workspace/.swiftpm/xcode
    builtin-SwiftPerFileCompile Trivia+FormatExtensions.swift
SwiftDriverJobDiscovery normal arm64_32 Compiling Message.swift (in target 'SwiftDiagnostics' from project 'swift-syntax')
SwiftCompile normal arm64_32 Compiling\ SyntaxProtocol+Formatted.swift /Users/admin/builder/spi-builder-workspace/Sources/SwiftBasicFormat/SyntaxProtocol+Formatted.swift (in target 'SwiftBasicFormat' from project 'swift-syntax')
SwiftCompile normal arm64_32 /Users/admin/builder/spi-builder-workspace/Sources/SwiftBasicFormat/SyntaxProtocol+Formatted.swift (in target 'SwiftBasicFormat' from project 'swift-syntax')
    cd /Users/admin/builder/spi-builder-workspace/.swiftpm/xcode
    builtin-SwiftPerFileCompile SyntaxProtocol+Formatted.swift
SwiftDriverJobDiscovery normal arm64 Compiling GroupedDiagnostics.swift (in target 'SwiftDiagnostics' from project 'swift-syntax')
SwiftCompile normal arm64 Compiling\ Trivia+FormatExtensions.swift /Users/admin/builder/spi-builder-workspace/Sources/SwiftBasicFormat/Trivia+FormatExtensions.swift (in target 'SwiftBasicFormat' from project 'swift-syntax')
SwiftCompile normal arm64 /Users/admin/builder/spi-builder-workspace/Sources/SwiftBasicFormat/Trivia+FormatExtensions.swift (in target 'SwiftBasicFormat' from project 'swift-syntax')
    cd /Users/admin/builder/spi-builder-workspace/.swiftpm/xcode
    builtin-SwiftPerFileCompile Trivia+FormatExtensions.swift
SwiftCompile normal arm64 Compiling\ SyntaxProtocol+Formatted.swift /Users/admin/builder/spi-builder-workspace/Sources/SwiftBasicFormat/SyntaxProtocol+Formatted.swift (in target 'SwiftBasicFormat' from project 'swift-syntax')
SwiftCompile normal arm64 /Users/admin/builder/spi-builder-workspace/Sources/SwiftBasicFormat/SyntaxProtocol+Formatted.swift (in target 'SwiftBasicFormat' from project 'swift-syntax')
    cd /Users/admin/builder/spi-builder-workspace/.swiftpm/xcode
    builtin-SwiftPerFileCompile SyntaxProtocol+Formatted.swift
SwiftDriverJobDiscovery normal arm64 Compiling DiagnosticsFormatter.swift (in target 'SwiftDiagnostics' from project 'swift-syntax')
SwiftDriver\ Compilation SwiftDiagnostics normal arm64 com.apple.xcode.tools.swift.compiler (in target 'SwiftDiagnostics' from project 'swift-syntax')
    cd /Users/admin/builder/spi-builder-workspace/.swiftpm/xcode
    builtin-Swift-Compilation -- /Applications/Xcode-27.0.0-Release.Candidate.app/Contents/Developer/Toolchains/XcodeDefault.xctoolchain/usr/bin/swiftc -parse-as-library -module-name SwiftDiagnostics -Onone @/Users/admin/builder/spi-builder-workspace/.derivedData/Build/Intermediates.noindex/swift-syntax.build/Debug-watchos/SwiftDiagnostics-t.build/Objects-normal/arm64/SwiftDiagnostics.SwiftFileList -DSWIFT_PACKAGE -DDEBUG -DSWIFT_MODULE_RESOURCE_BUNDLE_UNAVAILABLE -DXcode -plugin-path /Applications/Xcode-27.0.0-Release.Candidate.app/Contents/Developer/Toolchains/XcodeDefault.xctoolchain/usr/lib/swift/host/plugins/testing -enable-experimental-feature DebugDescriptionMacro -sdk /Applications/Xcode-27.0.0-Release.Candidate.app/Contents/Developer/Platforms/WatchOS.platform/Developer/SDKs/WatchOS27.0.sdk -target arm64-apple-watchos9.0 -g -module-cache-path /Users/admin/builder/spi-builder-workspace/.derivedData/ModuleCache.noindex -Xfrontend -serialize-debugging-options -profile-coverage-mapping -profile-generate -enable-testing -index-store-path /Users/admin/builder/spi-builder-workspace/.derivedData/Index.noindex/DataStore -Xcc -D_LIBCPP_HARDENING_MODE\=_LIBCPP_HARDENING_MODE_DEBUG -swift-version 5 -I /Users/admin/builder/spi-builder-workspace/.derivedData/Build/Products/Debug-watchos -Isystem /Applications/Xcode-27.0.0-Release.Candidate.app/Contents/Developer/Platforms/WatchOS.platform/Developer/usr/lib -F /Users/admin/builder/spi-builder-workspace/.derivedData/Build/Products/Debug-watchos/PackageFrameworks -F /Users/admin/builder/spi-builder-workspace/.derivedData/Build/Products/Debug-watchos -F /Applications/Xcode-27.0.0-Release.Candidate.app/Contents/Developer/Platforms/WatchOS.platform/Developer/Library/Frameworks -F /Applications/Xcode-27.0.0-Release.Candidate.app/Contents/Developer/Platforms/WatchOS.platform/Developer/SDKs/WatchOS27.0.sdk/Developer/Library/Frameworks -c -j10 -enable-batch-mode -incremental -Xcc -ivfsstatcache -Xcc /Users/admin/builder/spi-builder-workspace/.derivedData/SDKStatCaches.noindex/watchos27.0-24R360-e829b21a6f8c9b70876ba0858053c04477534ef55a1706bf4c1112bbb242f0a2.sdkstatcache -output-file-map /Users/admin/builder/spi-builder-workspace/.derivedData/Build/Intermediates.noindex/swift-syntax.build/Debug-watchos/SwiftDiagnostics-t.build/Objects-normal/arm64/SwiftDiagnostics-OutputFileMap.json -save-temps -no-color-diagnostics -explicit-module-build -module-cache-path /Users/admin/builder/spi-builder-workspace/.derivedData/Build/Intermediates.noindex/SwiftExplicitPrecompiledModules -clang-scanner-module-cache-path /Users/admin/builder/spi-builder-workspace/.derivedData/ModuleCache.noindex -sdk-module-cache-path /Users/admin/builder/spi-builder-workspace/.derivedData/SDKExplicitPrecompiledModules -emit-dependencies -emit-module -emit-module-path /Users/admin/builder/spi-builder-workspace/.derivedData/Build/Intermediates.noindex/swift-syntax.build/Debug-watchos/SwiftDiagnostics-t.build/Objects-normal/arm64/SwiftDiagnostics.swiftmodule -serialize-diagnostics -dependency-scan-serialize-diagnostics-path /Users/admin/builder/spi-builder-workspace/.derivedData/Build/Intermediates.noindex/swift-syntax.build/Debug-watchos/SwiftDiagnostics-t.build/Objects-normal/arm64/SwiftDiagnostics-dependency-scan.dia -validate-clang-modules-once -clang-build-session-file /Users/admin/builder/spi-builder-workspace/.derivedData/ModuleCache.noindex/Session.modulevalidation -Xcc -fmodules-prune-interval\=86400 -Xcc -fmodules-prune-after\=345600 -emit-const-values -const-gather-protocols-list /Users/admin/builder/spi-builder-workspace/.derivedData/Build/Intermediates.noindex/swift-syntax.build/Debug-watchos/SwiftDiagnostics-t.build/Objects-normal/arm64/SwiftDiagnostics_const_extract_protocols.json -Xcc -I/Users/admin/builder/spi-builder-workspace/.derivedData/Build/Products/Debug-watchos/include -Xcc -I/Users/admin/builder/spi-builder-workspace/.derivedData/Build/Intermediates.noindex/swift-syntax.build/Debug-watchos/SwiftDiagnostics-t.build/DerivedSources-normal/arm64 -Xcc -I/Users/admin/builder/spi-builder-workspace/.derivedData/Build/Intermediates.noindex/swift-syntax.build/Debug-watchos/SwiftDiagnostics-t.build/DerivedSources/arm64 -Xcc -I/Users/admin/builder/spi-builder-workspace/.derivedData/Build/Intermediates.noindex/swift-syntax.build/Debug-watchos/SwiftDiagnostics-t.build/DerivedSources -Xcc -DSWIFT_PACKAGE -Xcc -DDEBUG\=1 -emit-objc-header -emit-objc-header-path /Users/admin/builder/spi-builder-workspace/.derivedData/Build/Intermediates.noindex/swift-syntax.build/Debug-watchos/SwiftDiagnostics-t.build/Objects-normal/arm64/SwiftDiagnostics-Swift.h -working-directory /Users/admin/builder/spi-builder-workspace/.swiftpm/xcode -experimental-emit-module-separately -disable-cmo
SwiftExplicitDependencyGeneratePcm arm64_32 /Users/admin/builder/spi-builder-workspace/.derivedData/SDKExplicitPrecompiledModules/Foundation-BJ2VQGI3OGR34500MEQ1VKHPH.pcm
SwiftCompile normal arm64_32 Compiling\ BasicFormat+Extensions.swift /Users/admin/builder/spi-builder-workspace/Sources/SwiftBasicFormat/generated/BasicFormat+Extensions.swift (in target 'SwiftBasicFormat' from project 'swift-syntax')
SwiftCompile normal arm64_32 /Users/admin/builder/spi-builder-workspace/Sources/SwiftBasicFormat/generated/BasicFormat+Extensions.swift (in target 'SwiftBasicFormat' from project 'swift-syntax')
    cd /Users/admin/builder/spi-builder-workspace/.swiftpm/xcode
    builtin-SwiftPerFileCompile BasicFormat+Extensions.swift
SwiftExplicitDependencyGeneratePcm arm64 /Users/admin/builder/spi-builder-workspace/.derivedData/SDKExplicitPrecompiledModules/Foundation-DLBKUSGXN8QHAT8W0OARR9S8A.pcm
SwiftDriverJobDiscovery normal arm64_32 Compiling GroupedDiagnostics.swift (in target 'SwiftDiagnostics' from project 'swift-syntax')
SwiftDriver\ Compilation SwiftDiagnostics normal arm64_32 com.apple.xcode.tools.swift.compiler (in target 'SwiftDiagnostics' from project 'swift-syntax')
    cd /Users/admin/builder/spi-builder-workspace/.swiftpm/xcode
    builtin-Swift-Compilation -- /Applications/Xcode-27.0.0-Release.Candidate.app/Contents/Developer/Toolchains/XcodeDefault.xctoolchain/usr/bin/swiftc -parse-as-library -module-name SwiftDiagnostics -Onone @/Users/admin/builder/spi-builder-workspace/.derivedData/Build/Intermediates.noindex/swift-syntax.build/Debug-watchos/SwiftDiagnostics-t.build/Objects-normal/arm64_32/SwiftDiagnostics.SwiftFileList -DSWIFT_PACKAGE -DDEBUG -DSWIFT_MODULE_RESOURCE_BUNDLE_UNAVAILABLE -DXcode -plugin-path /Applications/Xcode-27.0.0-Release.Candidate.app/Contents/Developer/Toolchains/XcodeDefault.xctoolchain/usr/lib/swift/host/plugins/testing -enable-experimental-feature DebugDescriptionMacro -sdk /Applications/Xcode-27.0.0-Release.Candidate.app/Contents/Developer/Platforms/WatchOS.platform/Developer/SDKs/WatchOS27.0.sdk -target arm64_32-apple-watchos9.0 -g -module-cache-path /Users/admin/builder/spi-builder-workspace/.derivedData/ModuleCache.noindex -Xfrontend -serialize-debugging-options -profile-coverage-mapping -profile-generate -enable-testing -index-store-path /Users/admin/builder/spi-builder-workspace/.derivedData/Index.noindex/DataStore -Xcc -D_LIBCPP_HARDENING_MODE\=_LIBCPP_HARDENING_MODE_DEBUG -swift-version 5 -I /Users/admin/builder/spi-builder-workspace/.derivedData/Build/Products/Debug-watchos -Isystem /Applications/Xcode-27.0.0-Release.Candidate.app/Contents/Developer/Platforms/WatchOS.platform/Developer/usr/lib -F /Users/admin/builder/spi-builder-workspace/.derivedData/Build/Products/Debug-watchos/PackageFrameworks -F /Users/admin/builder/spi-builder-workspace/.derivedData/Build/Products/Debug-watchos -F /Applications/Xcode-27.0.0-Release.Candidate.app/Contents/Developer/Platforms/WatchOS.platform/Developer/Library/Frameworks -F /Applications/Xcode-27.0.0-Release.Candidate.app/Contents/Developer/Platforms/WatchOS.platform/Developer/SDKs/WatchOS27.0.sdk/Developer/Library/Frameworks -c -j10 -enable-batch-mode -incremental -Xcc -ivfsstatcache -Xcc /Users/admin/builder/spi-builder-workspace/.derivedData/SDKStatCaches.noindex/watchos27.0-24R360-e829b21a6f8c9b70876ba0858053c04477534ef55a1706bf4c1112bbb242f0a2.sdkstatcache -output-file-map /Users/admin/builder/spi-builder-workspace/.derivedData/Build/Intermediates.noindex/swift-syntax.build/Debug-watchos/SwiftDiagnostics-t.build/Objects-normal/arm64_32/SwiftDiagnostics-OutputFileMap.json -save-temps -no-color-diagnostics -explicit-module-build -module-cache-path /Users/admin/builder/spi-builder-workspace/.derivedData/Build/Intermediates.noindex/SwiftExplicitPrecompiledModules -clang-scanner-module-cache-path /Users/admin/builder/spi-builder-workspace/.derivedData/ModuleCache.noindex -sdk-module-cache-path /Users/admin/builder/spi-builder-workspace/.derivedData/SDKExplicitPrecompiledModules -emit-dependencies -emit-module -emit-module-path /Users/admin/builder/spi-builder-workspace/.derivedData/Build/Intermediates.noindex/swift-syntax.build/Debug-watchos/SwiftDiagnostics-t.build/Objects-normal/arm64_32/SwiftDiagnostics.swiftmodule -serialize-diagnostics -dependency-scan-serialize-diagnostics-path /Users/admin/builder/spi-builder-workspace/.derivedData/Build/Intermediates.noindex/swift-syntax.build/Debug-watchos/SwiftDiagnostics-t.build/Objects-normal/arm64_32/SwiftDiagnostics-dependency-scan.dia -validate-clang-modules-once -clang-build-session-file /Users/admin/builder/spi-builder-workspace/.derivedData/ModuleCache.noindex/Session.modulevalidation -Xcc -fmodules-prune-interval\=86400 -Xcc -fmodules-prune-after\=345600 -emit-const-values -const-gather-protocols-list /Users/admin/builder/spi-builder-workspace/.derivedData/Build/Intermediates.noindex/swift-syntax.build/Debug-watchos/SwiftDiagnostics-t.build/Objects-normal/arm64_32/SwiftDiagnostics_const_extract_protocols.json -Xcc -I/Users/admin/builder/spi-builder-workspace/.derivedData/Build/Products/Debug-watchos/include -Xcc -I/Users/admin/builder/spi-builder-workspace/.derivedData/Build/Intermediates.noindex/swift-syntax.build/Debug-watchos/SwiftDiagnostics-t.build/DerivedSources-normal/arm64_32 -Xcc -I/Users/admin/builder/spi-builder-workspace/.derivedData/Build/Intermediates.noindex/swift-syntax.build/Debug-watchos/SwiftDiagnostics-t.build/DerivedSources/arm64_32 -Xcc -I/Users/admin/builder/spi-builder-workspace/.derivedData/Build/Intermediates.noindex/swift-syntax.build/Debug-watchos/SwiftDiagnostics-t.build/DerivedSources -Xcc -DSWIFT_PACKAGE -Xcc -DDEBUG\=1 -emit-objc-header -emit-objc-header-path /Users/admin/builder/spi-builder-workspace/.derivedData/Build/Intermediates.noindex/swift-syntax.build/Debug-watchos/SwiftDiagnostics-t.build/Objects-normal/arm64_32/SwiftDiagnostics-Swift.h -working-directory /Users/admin/builder/spi-builder-workspace/.swiftpm/xcode -experimental-emit-module-separately -disable-cmo
SwiftDriverJobDiscovery normal arm64 Compiling BasicFormat+Extensions.swift (in target 'SwiftBasicFormat' from project 'swift-syntax')
SwiftCompile normal arm64_32 Compiling\ BasicFormat.swift /Users/admin/builder/spi-builder-workspace/Sources/SwiftBasicFormat/BasicFormat.swift (in target 'SwiftBasicFormat' from project 'swift-syntax')
SwiftCompile normal arm64_32 /Users/admin/builder/spi-builder-workspace/Sources/SwiftBasicFormat/BasicFormat.swift (in target 'SwiftBasicFormat' from project 'swift-syntax')
    cd /Users/admin/builder/spi-builder-workspace/.swiftpm/xcode
    builtin-SwiftPerFileCompile BasicFormat.swift
SwiftCompile normal arm64 Compiling\ BasicFormat.swift /Users/admin/builder/spi-builder-workspace/Sources/SwiftBasicFormat/BasicFormat.swift (in target 'SwiftBasicFormat' from project 'swift-syntax')
/Users/admin/builder/spi-builder-workspace/Sources/SwiftBasicFormat/BasicFormat.swift:362:14: error: use of local variable 'trailingTrivia' before its declaration
360 |     lazy var combinedTrailingTrivia: Trivia = {
361 |       let nextTokenLeadingWhitespace = nextToken?.leadingTrivia.prefix(while: { $0.isSpaceOrTab }) ?? []
362 |       return trailingTrivia + Trivia(pieces: nextTokenLeadingWhitespace)
    |              `- error: use of local variable 'trailingTrivia' before its declaration
363 |     }()
364 |
365 |     var leadingTrivia = token.leadingTrivia
366 |     var trailingTrivia = token.trailingTrivia
    |         `- note: 'trailingTrivia' declared here
367 |
368 |     if requiresNewline(between: previousToken, and: token) {
Failed frontend command:
/Applications/Xcode-27.0.0-Release.Candidate.app/Contents/Developer/Toolchains/XcodeDefault.xctoolchain/usr/bin/swift-frontend -frontend -c -primary-file /Users/admin/builder/spi-builder-workspace/Sources/SwiftBasicFormat/BasicFormat.swift /Users/admin/builder/spi-builder-workspace/Sources/SwiftBasicFormat/SyntaxProtocol+Formatted.swift /Users/admin/builder/spi-builder-workspace/Sources/SwiftBasicFormat/Trivia+FormatExtensions.swift /Users/admin/builder/spi-builder-workspace/Sources/SwiftBasicFormat/generated/BasicFormat+Extensions.swift -emit-dependencies-path /Users/admin/builder/spi-builder-workspace/.derivedData/Build/Intermediates.noindex/swift-syntax.build/Debug-watchos/SwiftBasicFormat-t.build/Objects-normal/arm64/BasicFormat.d -emit-const-values-path /Users/admin/builder/spi-builder-workspace/.derivedData/Build/Intermediates.noindex/swift-syntax.build/Debug-watchos/SwiftBasicFormat-t.build/Objects-normal/arm64/BasicFormat.swiftconstvalues -emit-reference-dependencies-path /Users/admin/builder/spi-builder-workspace/.derivedData/Build/Intermediates.noindex/swift-syntax.build/Debug-watchos/SwiftBasicFormat-t.build/Objects-normal/arm64/BasicFormat.swiftdeps -serialize-diagnostics-path /Users/admin/builder/spi-builder-workspace/.derivedData/Build/Intermediates.noindex/swift-syntax.build/Debug-watchos/SwiftBasicFormat-t.build/Objects-normal/arm64/BasicFormat.dia -target arm64-apple-watchos9.0 -disable-cross-import-overlay-search -load-resolved-plugin /Applications/Xcode-27.0.0-Release.Candidate.app/Contents/Developer/Platforms/WatchOS.platform/Developer/usr/lib/swift/host/plugins/libSwiftMacros.dylib\#/Applications/Xcode-27.0.0-Release.Candidate.app/Contents/Developer/Platforms/WatchOS.platform/Developer/usr/bin/swift-plugin-server\#SwiftMacros -disable-implicit-swift-modules -Xcc -fno-implicit-modules -Xcc -fno-implicit-module-maps -explicit-swift-module-map-file /Users/admin/builder/spi-builder-workspace/.derivedData/Build/Intermediates.noindex/swift-syntax.build/Debug-watchos/SwiftBasicFormat-t.build/Objects-normal/arm64/SwiftBasicFormat-dependencies-2.json -Xllvm -aarch64-use-tbi -enable-objc-interop -stack-check -sdk /Applications/Xcode-27.0.0-Release.Candidate.app/Contents/Developer/Platforms/WatchOS.platform/Developer/SDKs/WatchOS27.0.sdk -I /Users/admin/builder/spi-builder-workspace/.derivedData/Build/Products/Debug-watchos -Isystem /Applications/Xcode-27.0.0-Release.Candidate.app/Contents/Developer/Platforms/WatchOS.platform/Developer/usr/lib -F /Users/admin/builder/spi-builder-workspace/.derivedData/Build/Products/Debug-watchos/PackageFrameworks -F /Users/admin/builder/spi-builder-workspace/.derivedData/Build/Products/Debug-watchos -F /Applications/Xcode-27.0.0-Release.Candidate.app/Contents/Developer/Platforms/WatchOS.platform/Developer/Library/Frameworks -F /Applications/Xcode-27.0.0-Release.Candidate.app/Contents/Developer/Platforms/WatchOS.platform/Developer/SDKs/WatchOS27.0.sdk/Developer/Library/Frameworks -module-cache-path /Users/admin/builder/spi-builder-workspace/.derivedData/Build/Intermediates.noindex/SwiftExplicitPrecompiledModules -no-color-diagnostics -Xcc -fno-color-diagnostics -enable-testing -g -debug-info-format\=dwarf -dwarf-version\=4 -profile-generate -profile-coverage-mapping -swift-version 5 -Onone -D SWIFT_PACKAGE -D DEBUG -D SWIFT_MODULE_RESOURCE_BUNDLE_UNAVAILABLE -D Xcode -serialize-debugging-options -enable-experimental-feature DebugDescriptionMacro -empty-abi-descriptor -validate-clang-modules-once -clang-build-session-file /Users/admin/builder/spi-builder-workspace/.derivedData/ModuleCache.noindex/Session.modulevalidation -Xcc -working-directory -Xcc /Users/admin/builder/spi-builder-workspace/.swiftpm/xcode -enable-anonymous-context-mangled-names -file-compilation-dir /Users/admin/builder/spi-builder-workspace/.swiftpm/xcode -Xcc -D_LIBCPP_HARDENING_MODE\=_LIBCPP_HARDENING_MODE_DEBUG -Xcc -ivfsstatcache -Xcc /Users/admin/builder/spi-builder-workspace/.derivedData/SDKStatCaches.noindex/watchos27.0-24R360-e829b21a6f8c9b70876ba0858053c04477534ef55a1706bf4c1112bbb242f0a2.sdkstatcache -Xcc -fmodules-prune-interval\=86400 -Xcc -fmodules-prune-after\=345600 -Xcc -I/Users/admin/builder/spi-builder-workspace/.derivedData/Build/Products/Debug-watchos/include -Xcc -I/Users/admin/builder/spi-builder-workspace/.derivedData/Build/Intermediates.noindex/swift-syntax.build/Debug-watchos/SwiftBasicFormat-t.build/DerivedSources-normal/arm64 -Xcc -I/Users/admin/builder/spi-builder-workspace/.derivedData/Build/Intermediates.noindex/swift-syntax.build/Debug-watchos/SwiftBasicFormat-t.build/DerivedSources/arm64 -Xcc -I/Users/admin/builder/spi-builder-workspace/.derivedData/Build/Intermediates.noindex/swift-syntax.build/Debug-watchos/SwiftBasicFormat-t.build/DerivedSources -Xcc -DSWIFT_PACKAGE -Xcc -DDEBUG\=1 -no-auto-bridging-header-chaining -module-name SwiftBasicFormat -const-gather-protocols-file /Users/admin/builder/spi-builder-workspace/.derivedData/Build/Intermediates.noindex/swift-syntax.build/Debug-watchos/SwiftBasicFormat-t.build/Objects-normal/arm64/SwiftBasicFormat_const_extract_protocols.json -disable-clang-spi -clang-target arm64-apple-watchos27.0 -target-sdk-version 27.0 -target-sdk-name watchos27.0 -in-process-plugin-server-path /Applications/Xcode-27.0.0-Release.Candidate.app/Contents/Developer/Toolchains/XcodeDefault.xctoolchain/usr/lib/swift/host/libSwiftInProcPluginServer.dylib -parse-as-library -o /Users/admin/builder/spi-builder-workspace/.derivedData/Build/Intermediates.noindex/swift-syntax.build/Debug-watchos/SwiftBasicFormat-t.build/Objects-normal/arm64/BasicFormat.o -debug-module-path /Users/admin/builder/spi-builder-workspace/.derivedData/Build/Intermediates.noindex/swift-syntax.build/Debug-watchos/SwiftBasicFormat-t.build/Objects-normal/arm64/SwiftBasicFormat.swiftmodule -index-unit-output-path /swift-syntax.build/Debug-watchos/SwiftBasicFormat-t.build/Objects-normal/arm64/BasicFormat.o -index-store-path /Users/admin/builder/spi-builder-workspace/.derivedData/Index.noindex/DataStore -index-system-modules
SwiftCompile normal arm64 /Users/admin/builder/spi-builder-workspace/Sources/SwiftBasicFormat/BasicFormat.swift (in target 'SwiftBasicFormat' from project 'swift-syntax')
    cd /Users/admin/builder/spi-builder-workspace/.swiftpm/xcode
    builtin-SwiftPerFileCompile BasicFormat.swift
SwiftDriverJobDiscovery normal arm64_32 Compiling Trivia+FormatExtensions.swift (in target 'SwiftBasicFormat' from project 'swift-syntax')
SwiftDriverJobDiscovery normal arm64_32 Compiling SyntaxProtocol+Formatted.swift (in target 'SwiftBasicFormat' from project 'swift-syntax')
SwiftDriverJobDiscovery normal arm64 Compiling SyntaxProtocol+Formatted.swift (in target 'SwiftBasicFormat' from project 'swift-syntax')
SwiftDriver SwiftParserDiagnostics normal arm64_32 com.apple.xcode.tools.swift.compiler (in target 'SwiftParserDiagnostics' from project 'swift-syntax')
    cd /Users/admin/builder/spi-builder-workspace/.swiftpm/xcode
    builtin-SwiftDriver -- /Applications/Xcode-27.0.0-Release.Candidate.app/Contents/Developer/Toolchains/XcodeDefault.xctoolchain/usr/bin/swiftc -parse-as-library -module-name SwiftParserDiagnostics -Onone @/Users/admin/builder/spi-builder-workspace/.derivedData/Build/Intermediates.noindex/swift-syntax.build/Debug-watchos/SwiftParserDiagnostics-t.build/Objects-normal/arm64_32/SwiftParserDiagnostics.SwiftFileList -DSWIFT_PACKAGE -DDEBUG -DSWIFT_MODULE_RESOURCE_BUNDLE_UNAVAILABLE -DXcode -plugin-path /Applications/Xcode-27.0.0-Release.Candidate.app/Contents/Developer/Toolchains/XcodeDefault.xctoolchain/usr/lib/swift/host/plugins/testing -enable-experimental-feature DebugDescriptionMacro -sdk /Applications/Xcode-27.0.0-Release.Candidate.app/Contents/Developer/Platforms/WatchOS.platform/Developer/SDKs/WatchOS27.0.sdk -target arm64_32-apple-watchos9.0 -g -module-cache-path /Users/admin/builder/spi-builder-workspace/.derivedData/ModuleCache.noindex -Xfrontend -serialize-debugging-options -profile-coverage-mapping -profile-generate -enable-testing -index-store-path /Users/admin/builder/spi-builder-workspace/.derivedData/Index.noindex/DataStore -Xcc -D_LIBCPP_HARDENING_MODE\=_LIBCPP_HARDENING_MODE_DEBUG -swift-version 5 -I /Users/admin/builder/spi-builder-workspace/.derivedData/Build/Products/Debug-watchos -Isystem /Applications/Xcode-27.0.0-Release.Candidate.app/Contents/Developer/Platforms/WatchOS.platform/Developer/usr/lib -F /Users/admin/builder/spi-builder-workspace/.derivedData/Build/Products/Debug-watchos/PackageFrameworks -F /Users/admin/builder/spi-builder-workspace/.derivedData/Build/Products/Debug-watchos -F /Applications/Xcode-27.0.0-Release.Candidate.app/Contents/Developer/Platforms/WatchOS.platform/Developer/Library/Frameworks -F /Applications/Xcode-27.0.0-Release.Candidate.app/Contents/Developer/Platforms/WatchOS.platform/Developer/SDKs/WatchOS27.0.sdk/Developer/Library/Frameworks -c -j10 -enable-batch-mode -incremental -Xcc -ivfsstatcache -Xcc /Users/admin/builder/spi-builder-workspace/.derivedData/SDKStatCaches.noindex/watchos27.0-24R360-e829b21a6f8c9b70876ba0858053c04477534ef55a1706bf4c1112bbb242f0a2.sdkstatcache -output-file-map /Users/admin/builder/spi-builder-workspace/.derivedData/Build/Intermediates.noindex/swift-syntax.build/Debug-watchos/SwiftParserDiagnostics-t.build/Objects-normal/arm64_32/SwiftParserDiagnostics-OutputFileMap.json -save-temps -no-color-diagnostics -explicit-module-build -module-cache-path /Users/admin/builder/spi-builder-workspace/.derivedData/Build/Intermediates.noindex/SwiftExplicitPrecompiledModules -clang-scanner-module-cache-path /Users/admin/builder/spi-builder-workspace/.derivedData/ModuleCache.noindex -sdk-module-cache-path /Users/admin/builder/spi-builder-workspace/.derivedData/SDKExplicitPrecompiledModules -emit-dependencies -emit-module -emit-module-path /Users/admin/builder/spi-builder-workspace/.derivedData/Build/Intermediates.noindex/swift-syntax.build/Debug-watchos/SwiftParserDiagnostics-t.build/Objects-normal/arm64_32/SwiftParserDiagnostics.swiftmodule -serialize-diagnostics -dependency-scan-serialize-diagnostics-path /Users/admin/builder/spi-builder-workspace/.derivedData/Build/Intermediates.noindex/swift-syntax.build/Debug-watchos/SwiftParserDiagnostics-t.build/Objects-normal/arm64_32/SwiftParserDiagnostics-dependency-scan.dia -validate-clang-modules-once -clang-build-session-file /Users/admin/builder/spi-builder-workspace/.derivedData/ModuleCache.noindex/Session.modulevalidation -Xcc -fmodules-prune-interval\=86400 -Xcc -fmodules-prune-after\=345600 -emit-const-values -const-gather-protocols-list /Users/admin/builder/spi-builder-workspace/.derivedData/Build/Intermediates.noindex/swift-syntax.build/Debug-watchos/SwiftParserDiagnostics-t.build/Objects-normal/arm64_32/SwiftParserDiagnostics_const_extract_protocols.json -Xcc -I/Users/admin/builder/spi-builder-workspace/.derivedData/Build/Products/Debug-watchos/include -Xcc -I/Users/admin/builder/spi-builder-workspace/.derivedData/Build/Intermediates.noindex/swift-syntax.build/Debug-watchos/SwiftParserDiagnostics-t.build/DerivedSources-normal/arm64_32 -Xcc -I/Users/admin/builder/spi-builder-workspace/.derivedData/Build/Intermediates.noindex/swift-syntax.build/Debug-watchos/SwiftParserDiagnostics-t.build/DerivedSources/arm64_32 -Xcc -I/Users/admin/builder/spi-builder-workspace/.derivedData/Build/Intermediates.noindex/swift-syntax.build/Debug-watchos/SwiftParserDiagnostics-t.build/DerivedSources -Xcc -DSWIFT_PACKAGE -Xcc -DDEBUG\=1 -emit-objc-header -emit-objc-header-path /Users/admin/builder/spi-builder-workspace/.derivedData/Build/Intermediates.noindex/swift-syntax.build/Debug-watchos/SwiftParserDiagnostics-t.build/Objects-normal/arm64_32/SwiftParserDiagnostics-Swift.h -working-directory /Users/admin/builder/spi-builder-workspace/.swiftpm/xcode -experimental-emit-module-separately -disable-cmo
SwiftDriver SwiftParserDiagnostics normal arm64 com.apple.xcode.tools.swift.compiler (in target 'SwiftParserDiagnostics' from project 'swift-syntax')
    cd /Users/admin/builder/spi-builder-workspace/.swiftpm/xcode
    builtin-SwiftDriver -- /Applications/Xcode-27.0.0-Release.Candidate.app/Contents/Developer/Toolchains/XcodeDefault.xctoolchain/usr/bin/swiftc -parse-as-library -module-name SwiftParserDiagnostics -Onone @/Users/admin/builder/spi-builder-workspace/.derivedData/Build/Intermediates.noindex/swift-syntax.build/Debug-watchos/SwiftParserDiagnostics-t.build/Objects-normal/arm64/SwiftParserDiagnostics.SwiftFileList -DSWIFT_PACKAGE -DDEBUG -DSWIFT_MODULE_RESOURCE_BUNDLE_UNAVAILABLE -DXcode -plugin-path /Applications/Xcode-27.0.0-Release.Candidate.app/Contents/Developer/Toolchains/XcodeDefault.xctoolchain/usr/lib/swift/host/plugins/testing -enable-experimental-feature DebugDescriptionMacro -sdk /Applications/Xcode-27.0.0-Release.Candidate.app/Contents/Developer/Platforms/WatchOS.platform/Developer/SDKs/WatchOS27.0.sdk -target arm64-apple-watchos9.0 -g -module-cache-path /Users/admin/builder/spi-builder-workspace/.derivedData/ModuleCache.noindex -Xfrontend -serialize-debugging-options -profile-coverage-mapping -profile-generate -enable-testing -index-store-path /Users/admin/builder/spi-builder-workspace/.derivedData/Index.noindex/DataStore -Xcc -D_LIBCPP_HARDENING_MODE\=_LIBCPP_HARDENING_MODE_DEBUG -swift-version 5 -I /Users/admin/builder/spi-builder-workspace/.derivedData/Build/Products/Debug-watchos -Isystem /Applications/Xcode-27.0.0-Release.Candidate.app/Contents/Developer/Platforms/WatchOS.platform/Developer/usr/lib -F /Users/admin/builder/spi-builder-workspace/.derivedData/Build/Products/Debug-watchos/PackageFrameworks -F /Users/admin/builder/spi-builder-workspace/.derivedData/Build/Products/Debug-watchos -F /Applications/Xcode-27.0.0-Release.Candidate.app/Contents/Developer/Platforms/WatchOS.platform/Developer/Library/Frameworks -F /Applications/Xcode-27.0.0-Release.Candidate.app/Contents/Developer/Platforms/WatchOS.platform/Developer/SDKs/WatchOS27.0.sdk/Developer/Library/Frameworks -c -j10 -enable-batch-mode -incremental -Xcc -ivfsstatcache -Xcc /Users/admin/builder/spi-builder-workspace/.derivedData/SDKStatCaches.noindex/watchos27.0-24R360-e829b21a6f8c9b70876ba0858053c04477534ef55a1706bf4c1112bbb242f0a2.sdkstatcache -output-file-map /Users/admin/builder/spi-builder-workspace/.derivedData/Build/Intermediates.noindex/swift-syntax.build/Debug-watchos/SwiftParserDiagnostics-t.build/Objects-normal/arm64/SwiftParserDiagnostics-OutputFileMap.json -save-temps -no-color-diagnostics -explicit-module-build -module-cache-path /Users/admin/builder/spi-builder-workspace/.derivedData/Build/Intermediates.noindex/SwiftExplicitPrecompiledModules -clang-scanner-module-cache-path /Users/admin/builder/spi-builder-workspace/.derivedData/ModuleCache.noindex -sdk-module-cache-path /Users/admin/builder/spi-builder-workspace/.derivedData/SDKExplicitPrecompiledModules -emit-dependencies -emit-module -emit-module-path /Users/admin/builder/spi-builder-workspace/.derivedData/Build/Intermediates.noindex/swift-syntax.build/Debug-watchos/SwiftParserDiagnostics-t.build/Objects-normal/arm64/SwiftParserDiagnostics.swiftmodule -serialize-diagnostics -dependency-scan-serialize-diagnostics-path /Users/admin/builder/spi-builder-workspace/.derivedData/Build/Intermediates.noindex/swift-syntax.build/Debug-watchos/SwiftParserDiagnostics-t.build/Objects-normal/arm64/SwiftParserDiagnostics-dependency-scan.dia -validate-clang-modules-once -clang-build-session-file /Users/admin/builder/spi-builder-workspace/.derivedData/ModuleCache.noindex/Session.modulevalidation -Xcc -fmodules-prune-interval\=86400 -Xcc -fmodules-prune-after\=345600 -emit-const-values -const-gather-protocols-list /Users/admin/builder/spi-builder-workspace/.derivedData/Build/Intermediates.noindex/swift-syntax.build/Debug-watchos/SwiftParserDiagnostics-t.build/Objects-normal/arm64/SwiftParserDiagnostics_const_extract_protocols.json -Xcc -I/Users/admin/builder/spi-builder-workspace/.derivedData/Build/Products/Debug-watchos/include -Xcc -I/Users/admin/builder/spi-builder-workspace/.derivedData/Build/Intermediates.noindex/swift-syntax.build/Debug-watchos/SwiftParserDiagnostics-t.build/DerivedSources-normal/arm64 -Xcc -I/Users/admin/builder/spi-builder-workspace/.derivedData/Build/Intermediates.noindex/swift-syntax.build/Debug-watchos/SwiftParserDiagnostics-t.build/DerivedSources/arm64 -Xcc -I/Users/admin/builder/spi-builder-workspace/.derivedData/Build/Intermediates.noindex/swift-syntax.build/Debug-watchos/SwiftParserDiagnostics-t.build/DerivedSources -Xcc -DSWIFT_PACKAGE -Xcc -DDEBUG\=1 -emit-objc-header -emit-objc-header-path /Users/admin/builder/spi-builder-workspace/.derivedData/Build/Intermediates.noindex/swift-syntax.build/Debug-watchos/SwiftParserDiagnostics-t.build/Objects-normal/arm64/SwiftParserDiagnostics-Swift.h -working-directory /Users/admin/builder/spi-builder-workspace/.swiftpm/xcode -experimental-emit-module-separately -disable-cmo
SwiftDriver SwiftOperators normal arm64_32 com.apple.xcode.tools.swift.compiler (in target 'SwiftOperators' from project 'swift-syntax')
    cd /Users/admin/builder/spi-builder-workspace/.swiftpm/xcode
    builtin-SwiftDriver -- /Applications/Xcode-27.0.0-Release.Candidate.app/Contents/Developer/Toolchains/XcodeDefault.xctoolchain/usr/bin/swiftc -parse-as-library -module-name SwiftOperators -Onone @/Users/admin/builder/spi-builder-workspace/.derivedData/Build/Intermediates.noindex/swift-syntax.build/Debug-watchos/SwiftOperators-t.build/Objects-normal/arm64_32/SwiftOperators.SwiftFileList -DSWIFT_PACKAGE -DDEBUG -DSWIFT_MODULE_RESOURCE_BUNDLE_UNAVAILABLE -DXcode -plugin-path /Applications/Xcode-27.0.0-Release.Candidate.app/Contents/Developer/Toolchains/XcodeDefault.xctoolchain/usr/lib/swift/host/plugins/testing -enable-experimental-feature DebugDescriptionMacro -sdk /Applications/Xcode-27.0.0-Release.Candidate.app/Contents/Developer/Platforms/WatchOS.platform/Developer/SDKs/WatchOS27.0.sdk -target arm64_32-apple-watchos9.0 -g -module-cache-path /Users/admin/builder/spi-builder-workspace/.derivedData/ModuleCache.noindex -Xfrontend -serialize-debugging-options -profile-coverage-mapping -profile-generate -enable-testing -index-store-path /Users/admin/builder/spi-builder-workspace/.derivedData/Index.noindex/DataStore -Xcc -D_LIBCPP_HARDENING_MODE\=_LIBCPP_HARDENING_MODE_DEBUG -swift-version 5 -I /Users/admin/builder/spi-builder-workspace/.derivedData/Build/Products/Debug-watchos -Isystem /Applications/Xcode-27.0.0-Release.Candidate.app/Contents/Developer/Platforms/WatchOS.platform/Developer/usr/lib -F /Users/admin/builder/spi-builder-workspace/.derivedData/Build/Products/Debug-watchos/PackageFrameworks -F /Users/admin/builder/spi-builder-workspace/.derivedData/Build/Products/Debug-watchos -F /Applications/Xcode-27.0.0-Release.Candidate.app/Contents/Developer/Platforms/WatchOS.platform/Developer/Library/Frameworks -F /Applications/Xcode-27.0.0-Release.Candidate.app/Contents/Developer/Platforms/WatchOS.platform/Developer/SDKs/WatchOS27.0.sdk/Developer/Library/Frameworks -c -j10 -enable-batch-mode -incremental -Xcc -ivfsstatcache -Xcc /Users/admin/builder/spi-builder-workspace/.derivedData/SDKStatCaches.noindex/watchos27.0-24R360-e829b21a6f8c9b70876ba0858053c04477534ef55a1706bf4c1112bbb242f0a2.sdkstatcache -output-file-map /Users/admin/builder/spi-builder-workspace/.derivedData/Build/Intermediates.noindex/swift-syntax.build/Debug-watchos/SwiftOperators-t.build/Objects-normal/arm64_32/SwiftOperators-OutputFileMap.json -save-temps -no-color-diagnostics -explicit-module-build -module-cache-path /Users/admin/builder/spi-builder-workspace/.derivedData/Build/Intermediates.noindex/SwiftExplicitPrecompiledModules -clang-scanner-module-cache-path /Users/admin/builder/spi-builder-workspace/.derivedData/ModuleCache.noindex -sdk-module-cache-path /Users/admin/builder/spi-builder-workspace/.derivedData/SDKExplicitPrecompiledModules -emit-dependencies -emit-module -emit-module-path /Users/admin/builder/spi-builder-workspace/.derivedData/Build/Intermediates.noindex/swift-syntax.build/Debug-watchos/SwiftOperators-t.build/Objects-normal/arm64_32/SwiftOperators.swiftmodule -serialize-diagnostics -dependency-scan-serialize-diagnostics-path /Users/admin/builder/spi-builder-workspace/.derivedData/Build/Intermediates.noindex/swift-syntax.build/Debug-watchos/SwiftOperators-t.build/Objects-normal/arm64_32/SwiftOperators-dependency-scan.dia -validate-clang-modules-once -clang-build-session-file /Users/admin/builder/spi-builder-workspace/.derivedData/ModuleCache.noindex/Session.modulevalidation -Xcc -fmodules-prune-interval\=86400 -Xcc -fmodules-prune-after\=345600 -emit-const-values -const-gather-protocols-list /Users/admin/builder/spi-builder-workspace/.derivedData/Build/Intermediates.noindex/swift-syntax.build/Debug-watchos/SwiftOperators-t.build/Objects-normal/arm64_32/SwiftOperators_const_extract_protocols.json -Xcc -I/Users/admin/builder/spi-builder-workspace/.derivedData/Build/Products/Debug-watchos/include -Xcc -I/Users/admin/builder/spi-builder-workspace/.derivedData/Build/Intermediates.noindex/swift-syntax.build/Debug-watchos/SwiftOperators-t.build/DerivedSources-normal/arm64_32 -Xcc -I/Users/admin/builder/spi-builder-workspace/.derivedData/Build/Intermediates.noindex/swift-syntax.build/Debug-watchos/SwiftOperators-t.build/DerivedSources/arm64_32 -Xcc -I/Users/admin/builder/spi-builder-workspace/.derivedData/Build/Intermediates.noindex/swift-syntax.build/Debug-watchos/SwiftOperators-t.build/DerivedSources -Xcc -DSWIFT_PACKAGE -Xcc -DDEBUG\=1 -emit-objc-header -emit-objc-header-path /Users/admin/builder/spi-builder-workspace/.derivedData/Build/Intermediates.noindex/swift-syntax.build/Debug-watchos/SwiftOperators-t.build/Objects-normal/arm64_32/SwiftOperators-Swift.h -working-directory /Users/admin/builder/spi-builder-workspace/.swiftpm/xcode -experimental-emit-module-separately -disable-cmo
SwiftDriverJobDiscovery normal arm64 Compiling Trivia+FormatExtensions.swift (in target 'SwiftBasicFormat' from project 'swift-syntax')
SwiftDriver SwiftOperators normal arm64 com.apple.xcode.tools.swift.compiler (in target 'SwiftOperators' from project 'swift-syntax')
    cd /Users/admin/builder/spi-builder-workspace/.swiftpm/xcode
    builtin-SwiftDriver -- /Applications/Xcode-27.0.0-Release.Candidate.app/Contents/Developer/Toolchains/XcodeDefault.xctoolchain/usr/bin/swiftc -parse-as-library -module-name SwiftOperators -Onone @/Users/admin/builder/spi-builder-workspace/.derivedData/Build/Intermediates.noindex/swift-syntax.build/Debug-watchos/SwiftOperators-t.build/Objects-normal/arm64/SwiftOperators.SwiftFileList -DSWIFT_PACKAGE -DDEBUG -DSWIFT_MODULE_RESOURCE_BUNDLE_UNAVAILABLE -DXcode -plugin-path /Applications/Xcode-27.0.0-Release.Candidate.app/Contents/Developer/Toolchains/XcodeDefault.xctoolchain/usr/lib/swift/host/plugins/testing -enable-experimental-feature DebugDescriptionMacro -sdk /Applications/Xcode-27.0.0-Release.Candidate.app/Contents/Developer/Platforms/WatchOS.platform/Developer/SDKs/WatchOS27.0.sdk -target arm64-apple-watchos9.0 -g -module-cache-path /Users/admin/builder/spi-builder-workspace/.derivedData/ModuleCache.noindex -Xfrontend -serialize-debugging-options -profile-coverage-mapping -profile-generate -enable-testing -index-store-path /Users/admin/builder/spi-builder-workspace/.derivedData/Index.noindex/DataStore -Xcc -D_LIBCPP_HARDENING_MODE\=_LIBCPP_HARDENING_MODE_DEBUG -swift-version 5 -I /Users/admin/builder/spi-builder-workspace/.derivedData/Build/Products/Debug-watchos -Isystem /Applications/Xcode-27.0.0-Release.Candidate.app/Contents/Developer/Platforms/WatchOS.platform/Developer/usr/lib -F /Users/admin/builder/spi-builder-workspace/.derivedData/Build/Products/Debug-watchos/PackageFrameworks -F /Users/admin/builder/spi-builder-workspace/.derivedData/Build/Products/Debug-watchos -F /Applications/Xcode-27.0.0-Release.Candidate.app/Contents/Developer/Platforms/WatchOS.platform/Developer/Library/Frameworks -F /Applications/Xcode-27.0.0-Release.Candidate.app/Contents/Developer/Platforms/WatchOS.platform/Developer/SDKs/WatchOS27.0.sdk/Developer/Library/Frameworks -c -j10 -enable-batch-mode -incremental -Xcc -ivfsstatcache -Xcc /Users/admin/builder/spi-builder-workspace/.derivedData/SDKStatCaches.noindex/watchos27.0-24R360-e829b21a6f8c9b70876ba0858053c04477534ef55a1706bf4c1112bbb242f0a2.sdkstatcache -output-file-map /Users/admin/builder/spi-builder-workspace/.derivedData/Build/Intermediates.noindex/swift-syntax.build/Debug-watchos/SwiftOperators-t.build/Objects-normal/arm64/SwiftOperators-OutputFileMap.json -save-temps -no-color-diagnostics -explicit-module-build -module-cache-path /Users/admin/builder/spi-builder-workspace/.derivedData/Build/Intermediates.noindex/SwiftExplicitPrecompiledModules -clang-scanner-module-cache-path /Users/admin/builder/spi-builder-workspace/.derivedData/ModuleCache.noindex -sdk-module-cache-path /Users/admin/builder/spi-builder-workspace/.derivedData/SDKExplicitPrecompiledModules -emit-dependencies -emit-module -emit-module-path /Users/admin/builder/spi-builder-workspace/.derivedData/Build/Intermediates.noindex/swift-syntax.build/Debug-watchos/SwiftOperators-t.build/Objects-normal/arm64/SwiftOperators.swiftmodule -serialize-diagnostics -dependency-scan-serialize-diagnostics-path /Users/admin/builder/spi-builder-workspace/.derivedData/Build/Intermediates.noindex/swift-syntax.build/Debug-watchos/SwiftOperators-t.build/Objects-normal/arm64/SwiftOperators-dependency-scan.dia -validate-clang-modules-once -clang-build-session-file /Users/admin/builder/spi-builder-workspace/.derivedData/ModuleCache.noindex/Session.modulevalidation -Xcc -fmodules-prune-interval\=86400 -Xcc -fmodules-prune-after\=345600 -emit-const-values -const-gather-protocols-list /Users/admin/builder/spi-builder-workspace/.derivedData/Build/Intermediates.noindex/swift-syntax.build/Debug-watchos/SwiftOperators-t.build/Objects-normal/arm64/SwiftOperators_const_extract_protocols.json -Xcc -I/Users/admin/builder/spi-builder-workspace/.derivedData/Build/Products/Debug-watchos/include -Xcc -I/Users/admin/builder/spi-builder-workspace/.derivedData/Build/Intermediates.noindex/swift-syntax.build/Debug-watchos/SwiftOperators-t.build/DerivedSources-normal/arm64 -Xcc -I/Users/admin/builder/spi-builder-workspace/.derivedData/Build/Intermediates.noindex/swift-syntax.build/Debug-watchos/SwiftOperators-t.build/DerivedSources/arm64 -Xcc -I/Users/admin/builder/spi-builder-workspace/.derivedData/Build/Intermediates.noindex/swift-syntax.build/Debug-watchos/SwiftOperators-t.build/DerivedSources -Xcc -DSWIFT_PACKAGE -Xcc -DDEBUG\=1 -emit-objc-header -emit-objc-header-path /Users/admin/builder/spi-builder-workspace/.derivedData/Build/Intermediates.noindex/swift-syntax.build/Debug-watchos/SwiftOperators-t.build/Objects-normal/arm64/SwiftOperators-Swift.h -working-directory /Users/admin/builder/spi-builder-workspace/.swiftpm/xcode -experimental-emit-module-separately -disable-cmo
SwiftEmitModule normal arm64 Emitting\ module\ for\ SwiftParserDiagnostics (in target 'SwiftParserDiagnostics' from project 'swift-syntax')
SwiftCompile normal arm64 (in target 'SwiftParserDiagnostics' from project 'swift-syntax')
    cd /Users/admin/builder/spi-builder-workspace/.swiftpm/xcode

SwiftDriverJobDiscovery normal arm64_32 Compiling BasicFormat+Extensions.swift (in target 'SwiftBasicFormat' from project 'swift-syntax')
SwiftCompile normal arm64 Compiling\ MultiLineStringLiteralDiagnosticsGenerator.swift,\ ParseDiagnosticsGenerator.swift /Users/admin/builder/spi-builder-workspace/Sources/SwiftParserDiagnostics/MultiLineStringLiteralDiagnosticsGenerator.swift /Users/admin/builder/spi-builder-workspace/Sources/SwiftParserDiagnostics/ParseDiagnosticsGenerator.swift (in target 'SwiftParserDiagnostics' from project 'swift-syntax')
SwiftCompile normal arm64 /Users/admin/builder/spi-builder-workspace/Sources/SwiftParserDiagnostics/MultiLineStringLiteralDiagnosticsGenerator.swift (in target 'SwiftParserDiagnostics' from project 'swift-syntax')
    cd /Users/admin/builder/spi-builder-workspace/.swiftpm/xcode
    builtin-SwiftPerFileCompile MultiLineStringLiteralDiagnosticsGenerator.swift
SwiftCompile normal arm64 /Users/admin/builder/spi-builder-workspace/Sources/SwiftParserDiagnostics/ParseDiagnosticsGenerator.swift (in target 'SwiftParserDiagnostics' from project 'swift-syntax')
    cd /Users/admin/builder/spi-builder-workspace/.swiftpm/xcode
    builtin-SwiftPerFileCompile ParseDiagnosticsGenerator.swift
SwiftEmitModule normal arm64_32 Emitting\ module\ for\ SwiftOperators (in target 'SwiftOperators' from project 'swift-syntax')
SwiftCompile normal arm64_32 (in target 'SwiftOperators' from project 'swift-syntax')
    cd /Users/admin/builder/spi-builder-workspace/.swiftpm/xcode

SwiftEmitModule normal arm64_32 Emitting\ module\ for\ SwiftParserDiagnostics (in target 'SwiftParserDiagnostics' from project 'swift-syntax')
SwiftCompile normal arm64_32 (in target 'SwiftParserDiagnostics' from project 'swift-syntax')
    cd /Users/admin/builder/spi-builder-workspace/.swiftpm/xcode

PruneExplicitPrecompiledModules /Users/admin/builder/spi-builder-workspace/.derivedData/Build/Intermediates.noindex/ExplicitPrecompiledModules
PruneExplicitPrecompiledModules /Users/admin/builder/spi-builder-workspace/.derivedData/SDKExplicitPrecompiledModules
PruneExplicitPrecompiledModules /Users/admin/builder/spi-builder-workspace/.derivedData/Build/Intermediates.noindex/SwiftExplicitPrecompiledModules
2026-09-20 18:48:25.540 xcodebuild[710:4536] [MT] IDERunDestination: Supported platforms for the buildables in the current scheme is empty.
** BUILD FAILED **
The following build commands failed:
	SwiftCompile normal arm64 Compiling\ BasicFormat.swift /Users/admin/builder/spi-builder-workspace/Sources/SwiftBasicFormat/BasicFormat.swift (in target 'SwiftBasicFormat' from project 'swift-syntax')
	SwiftCompile normal arm64 /Users/admin/builder/spi-builder-workspace/Sources/SwiftBasicFormat/BasicFormat.swift (in target 'SwiftBasicFormat' from project 'swift-syntax')
	Building workspace swift-syntax with scheme swift-syntax-Package
(3 failures)
Command line invocation:
    /Applications/Xcode-27.0.0-Release.Candidate.app/Contents/Developer/usr/bin/xcodebuild -IDEClonedSourcePackagesDirPathOverride=/Users/admin/builder/spi-builder-workspace/.dependencies -resolvePackageDependencies
Resolve Package Graph
Resolved source packages:
  swift-syntax: /Users/admin/builder/spi-builder-workspace
  swift-argument-parser: https://github.com/apple/swift-argument-parser.git @ 1.8.2
resolved source packages: swift-syntax, swift-argument-parser
2026-09-20 18:48:47.079 xcodebuild[1019:6098] [MT] IDERunDestination: Supported platforms for the buildables in the current scheme is empty.
{
  "dependencies" : [
    {
      "identity" : "swift-argument-parser",
      "requirement" : {
        "range" : [
          {
            "lower_bound" : "1.2.2",
            "upper_bound" : "2.0.0"
          }
        ]
      },
      "type" : "sourceControl",
      "url" : "https://github.com/apple/swift-argument-parser.git"
    }
  ],
  "manifest_display_name" : "swift-syntax",
  "name" : "swift-syntax",
  "path" : "/Users/admin/builder/spi-builder-workspace",
  "platforms" : [
    {
      "name" : "macos",
      "version" : "10.15"
    },
    {
      "name" : "ios",
      "version" : "13.0"
    },
    {
      "name" : "tvos",
      "version" : "13.0"
    },
    {
      "name" : "watchos",
      "version" : "6.0"
    },
    {
      "name" : "maccatalyst",
      "version" : "13.0"
    }
  ],
  "products" : [
    {
      "name" : "SwiftBasicFormat",
      "targets" : [
        "SwiftBasicFormat"
      ],
      "type" : {
        "library" : [
          "automatic"
        ]
      }
    },
    {
      "name" : "SwiftCompilerPlugin",
      "targets" : [
        "SwiftCompilerPlugin"
      ],
      "type" : {
        "library" : [
          "automatic"
        ]
      }
    },
    {
      "name" : "SwiftCompilerPluginMessageHandling",
      "targets" : [
        "SwiftCompilerPluginMessageHandling"
      ],
      "type" : {
        "library" : [
          "automatic"
        ]
      }
    },
    {
      "name" : "SwiftDiagnostics",
      "targets" : [
        "SwiftDiagnostics"
      ],
      "type" : {
        "library" : [
          "automatic"
        ]
      }
    },
    {
      "name" : "SwiftIDEUtils",
      "targets" : [
        "SwiftIDEUtils"
      ],
      "type" : {
        "library" : [
          "automatic"
        ]
      }
    },
    {
      "name" : "SwiftOperators",
      "targets" : [
        "SwiftOperators"
      ],
      "type" : {
        "library" : [
          "automatic"
        ]
      }
    },
    {
      "name" : "SwiftParser",
      "targets" : [
        "SwiftParser"
      ],
      "type" : {
        "library" : [
          "automatic"
        ]
      }
    },
    {
      "name" : "SwiftParserDiagnostics",
      "targets" : [
        "SwiftParserDiagnostics"
      ],
      "type" : {
        "library" : [
          "automatic"
        ]
      }
    },
    {
      "name" : "SwiftRefactor",
      "targets" : [
        "SwiftRefactor"
      ],
      "type" : {
        "library" : [
          "automatic"
        ]
      }
    },
    {
      "name" : "SwiftSyntax",
      "targets" : [
        "SwiftSyntax"
      ],
      "type" : {
        "library" : [
          "automatic"
        ]
      }
    },
    {
      "name" : "SwiftSyntaxBuilder",
      "targets" : [
        "SwiftSyntaxBuilder"
      ],
      "type" : {
        "library" : [
          "automatic"
        ]
      }
    },
    {
      "name" : "SwiftSyntaxMacros",
      "targets" : [
        "SwiftSyntaxMacros"
      ],
      "type" : {
        "library" : [
          "automatic"
        ]
      }
    },
    {
      "name" : "SwiftSyntaxMacroExpansion",
      "targets" : [
        "SwiftSyntaxMacroExpansion"
      ],
      "type" : {
        "library" : [
          "automatic"
        ]
      }
    },
    {
      "name" : "SwiftSyntaxMacrosTestSupport",
      "targets" : [
        "SwiftSyntaxMacrosTestSupport"
      ],
      "type" : {
        "library" : [
          "automatic"
        ]
      }
    },
    {
      "name" : "swift-parser-cli",
      "targets" : [
        "swift-parser-cli"
      ],
      "type" : {
        "executable" : null
      }
    },
    {
      "name" : "lit-test-helper",
      "targets" : [
        "lit-test-helper"
      ],
      "type" : {
        "executable" : null
      }
    }
  ],
  "targets" : [
    {
      "c99name" : "swift_parser_cli",
      "module_type" : "SwiftTarget",
      "name" : "swift-parser-cli",
      "path" : "Sources/swift-parser-cli",
      "product_dependencies" : [
        "ArgumentParser"
      ],
      "product_memberships" : [
        "swift-parser-cli"
      ],
      "sources" : [
        "TerminalUtils.swift",
        "swift-parser-cli.swift"
      ],
      "target_dependencies" : [
        "_InstructionCounter",
        "SwiftDiagnostics",
        "SwiftOperators",
        "SwiftParser",
        "SwiftParserDiagnostics",
        "SwiftSyntax"
      ],
      "type" : "executable"
    },
    {
      "c99name" : "lit_test_helper",
      "module_type" : "SwiftTarget",
      "name" : "lit-test-helper",
      "path" : "Sources/lit-test-helper",
      "product_memberships" : [
        "lit-test-helper"
      ],
      "sources" : [
        "ClassifiedSyntaxTreePrinter.swift",
        "CommandLineArguments.swift",
        "main.swift"
      ],
      "target_dependencies" : [
        "SwiftIDEUtils",
        "SwiftSyntax",
        "SwiftParser"
      ],
      "type" : "executable"
    },
    {
      "c99name" : "_SwiftSyntaxTestSupport",
      "module_type" : "SwiftTarget",
      "name" : "_SwiftSyntaxTestSupport",
      "path" : "Sources/_SwiftSyntaxTestSupport",
      "product_memberships" : [
        "SwiftSyntaxMacrosTestSupport"
      ],
      "sources" : [
        "AssertEqualWithDiff.swift",
        "LocationMarkers.swift",
        "SourceEditsTestUtils.swift",
        "String+TrimmingTrailingWhitespace.swift",
        "Syntax+Assertions.swift",
        "SyntaxCollection+AtIndex.swift.swift",
        "SyntaxComparison.swift",
        "SyntaxProtocol+Initializer.swift",
        "TestUtils.swift"
      ],
      "target_dependencies" : [
        "SwiftBasicFormat",
        "SwiftSyntax",
        "SwiftSyntaxBuilder"
      ],
      "type" : "library"
    },
    {
      "c99name" : "_InstructionCounter",
      "module_type" : "ClangTarget",
      "name" : "_InstructionCounter",
      "path" : "Sources/_InstructionCounter",
      "product_memberships" : [
        "swift-parser-cli"
      ],
      "sources" : [
        "src/InstructionsExecuted.c"
      ],
      "type" : "library"
    },
    {
      "c99name" : "SwiftSyntaxTestSupportTest",
      "module_type" : "SwiftTarget",
      "name" : "SwiftSyntaxTestSupportTest",
      "path" : "Tests/SwiftSyntaxTestSupportTest",
      "sources" : [
        "SourceEditsTestUtilsTest.swift",
        "SyntaxComparisonTests.swift"
      ],
      "target_dependencies" : [
        "_SwiftSyntaxTestSupport",
        "SwiftParser"
      ],
      "type" : "test"
    },
    {
      "c99name" : "SwiftSyntaxTest",
      "module_type" : "SwiftTarget",
      "name" : "SwiftSyntaxTest",
      "path" : "Tests/SwiftSyntaxTest",
      "sources" : [
        "AbsolutePositionTests.swift",
        "BumpPtrAllocatorTests.swift",
        "DebugDescriptionTests.swift",
        "MemoryLayoutTest.swift",
        "MultithreadingTests.swift",
        "RawSyntaxTests.swift",
        "SequentialToConcurrentEditTranslationTests.swift",
        "SourceLocationConverterTests.swift",
        "SyntaxChildrenTests.swift",
        "SyntaxCollectionsTests.swift",
        "SyntaxCreationTests.swift",
        "SyntaxTests.swift",
        "SyntaxTextTests.swift",
        "SyntaxTreeModifierTests.swift",
        "SyntaxVisitorTests.swift",
        "TriviaTests.swift",
        "VisitorTests.swift"
      ],
      "target_dependencies" : [
        "_SwiftSyntaxTestSupport",
        "SwiftSyntax"
      ],
      "type" : "test"
    },
    {
      "c99name" : "SwiftSyntaxMacrosTestSupport",
      "module_type" : "SwiftTarget",
      "name" : "SwiftSyntaxMacrosTestSupport",
      "path" : "Sources/SwiftSyntaxMacrosTestSupport",
      "product_memberships" : [
        "SwiftSyntaxMacrosTestSupport"
      ],
      "sources" : [
        "Assertions.swift"
      ],
      "target_dependencies" : [
        "_SwiftSyntaxTestSupport",
        "SwiftDiagnostics",
        "SwiftParser",
        "SwiftSyntaxMacros"
      ],
      "type" : "library"
    },
    {
      "c99name" : "SwiftSyntaxMacrosTest",
      "module_type" : "SwiftTarget",
      "name" : "SwiftSyntaxMacrosTest",
      "path" : "Tests/SwiftSyntaxMacrosTest",
      "sources" : [
        "MacroReplacementTests.swift",
        "MacroSystemTests.swift"
      ],
      "target_dependencies" : [
        "_SwiftSyntaxTestSupport",
        "SwiftDiagnostics",
        "SwiftOperators",
        "SwiftParser",
        "SwiftSyntaxBuilder",
        "SwiftSyntaxMacros",
        "SwiftSyntaxMacrosTestSupport"
      ],
      "type" : "test"
    },
    {
      "c99name" : "SwiftSyntaxMacros",
      "module_type" : "SwiftTarget",
      "name" : "SwiftSyntaxMacros",
      "path" : "Sources/SwiftSyntaxMacros",
      "product_memberships" : [
        "SwiftCompilerPlugin",
        "SwiftCompilerPluginMessageHandling",
        "SwiftSyntaxMacros",
        "SwiftSyntaxMacroExpansion",
        "SwiftSyntaxMacrosTestSupport"
      ],
      "sources" : [
        "AbstractSourceLocation.swift",
        "BasicMacroExpansionContext.swift",
        "FunctionParameterUtils.swift",
        "MacroExpansionContext.swift",
        "MacroProtocols/AccessorMacro.swift",
        "MacroProtocols/AttachedMacro.swift",
        "MacroProtocols/CodeItemMacro.swift",
        "MacroProtocols/ConformanceMacro.swift",
        "MacroProtocols/DeclarationMacro.swift",
        "MacroProtocols/ExpressionMacro.swift",
        "MacroProtocols/FreestandingMacro.swift",
        "MacroProtocols/Macro+Format.swift",
        "MacroProtocols/Macro.swift",
        "MacroProtocols/MemberAttributeMacro.swift",
        "MacroProtocols/MemberMacro.swift",
        "MacroProtocols/PeerMacro.swift",
        "MacroReplacement.swift",
        "MacroSystem.swift",
        "Syntax+MacroEvaluation.swift"
      ],
      "target_dependencies" : [
        "SwiftDiagnostics",
        "SwiftParser",
        "SwiftSyntax",
        "SwiftSyntaxBuilder"
      ],
      "type" : "library"
    },
    {
      "c99name" : "SwiftSyntaxMacroExpansion",
      "module_type" : "SwiftTarget",
      "name" : "SwiftSyntaxMacroExpansion",
      "path" : "Sources/SwiftSyntaxMacroExpansion",
      "product_memberships" : [
        "SwiftCompilerPlugin",
        "SwiftCompilerPluginMessageHandling",
        "SwiftSyntaxMacroExpansion"
      ],
      "sources" : [
        "MacroExpansion.swift"
      ],
      "target_dependencies" : [
        "SwiftSyntax",
        "SwiftSyntaxMacros"
      ],
      "type" : "library"
    },
    {
      "c99name" : "SwiftSyntaxBuilderTest",
      "module_type" : "SwiftTarget",
      "name" : "SwiftSyntaxBuilderTest",
      "path" : "Tests/SwiftSyntaxBuilderTest",
      "sources" : [
        "ArrayExprTests.swift",
        "Assertions.swift",
        "AttributeListSyntaxTests.swift",
        "BooleanLiteralTests.swift",
        "BreakStmtSyntaxTests.swift",
        "ClassDeclSyntaxTests.swift",
        "ClosureExprTests.swift",
        "CollectionNodeFlatteningTests.swift",
        "CustomAttributeTests.swift",
        "DictionaryExprTests.swift",
        "DoStmtTests.swift",
        "EnumCaseElementTests.swift",
        "ExprListTests.swift",
        "ExtensionDeclTests.swift",
        "FloatLiteralTests.swift",
        "ForInStmtTests.swift",
        "FunctionParameterSyntaxTests.swift",
        "FunctionSignatureSyntaxTests.swift",
        "FunctionTests.swift",
        "FunctionTypeSyntaxTests.swift",
        "IfConfigDeclSyntaxTests.swift",
        "IfStmtTests.swift",
        "ImportDeclSyntaxTests.swift",
        "InitializerDeclTests.swift",
        "IntegerLiteralTests.swift",
        "ProtocolDeclTests.swift",
        "ReturnStmsTests.swift",
        "SourceFileTests.swift",
        "StringInterpolationTests.swift",
        "StringLiteralExprSyntaxTests.swift",
        "StructTests.swift",
        "SwitchCaseLabelSyntaxTests.swift",
        "SwitchTests.swift",
        "TernaryExprTests.swift",
        "TriviaTests.swift",
        "TupleTests.swift",
        "VariableTests.swift"
      ],
      "target_dependencies" : [
        "_SwiftSyntaxTestSupport",
        "SwiftSyntaxBuilder"
      ],
      "type" : "test"
    },
    {
      "c99name" : "SwiftSyntaxBuilder",
      "module_type" : "SwiftTarget",
      "name" : "SwiftSyntaxBuilder",
      "path" : "Sources/SwiftSyntaxBuilder",
      "product_memberships" : [
        "SwiftCompilerPlugin",
        "SwiftCompilerPluginMessageHandling",
        "SwiftSyntaxBuilder",
        "SwiftSyntaxMacros",
        "SwiftSyntaxMacroExpansion",
        "SwiftSyntaxMacrosTestSupport"
      ],
      "sources" : [
        "ConvenienceInitializers.swift",
        "Indenter.swift",
        "ResultBuilderExtensions.swift",
        "SwiftSyntaxBuilderCompatibility.swift",
        "Syntax+StringInterpolation.swift",
        "SyntaxNodeWithBody.swift",
        "ValidatingSyntaxNodes.swift",
        "WithTrailingCommaSyntax+EnsuringTrailingComma.swift",
        "generated/BuildableCollectionNodes.swift",
        "generated/BuildableNodes.swift",
        "generated/ResultBuilders.swift",
        "generated/SyntaxExpressibleByStringInterpolationConformances.swift"
      ],
      "target_dependencies" : [
        "SwiftBasicFormat",
        "SwiftParser",
        "SwiftParserDiagnostics",
        "SwiftSyntax"
      ],
      "type" : "library"
    },
    {
      "c99name" : "SwiftSyntax_all",
      "module_type" : "SwiftTarget",
      "name" : "SwiftSyntax-all",
      "path" : "Sources/SwiftSyntax-all",
      "sources" : [
        "empty.swift"
      ],
      "target_dependencies" : [
        "_InstructionCounter",
        "_SwiftSyntaxTestSupport",
        "SwiftBasicFormat",
        "SwiftCompilerPlugin",
        "SwiftCompilerPluginMessageHandling",
        "SwiftDiagnostics",
        "SwiftIDEUtils",
        "SwiftSyntax",
        "SwiftSyntaxBuilder",
        "SwiftSyntaxMacros",
        "SwiftSyntaxMacroExpansion",
        "SwiftSyntaxMacrosTestSupport",
        "SwiftParser",
        "SwiftParserDiagnostics",
        "SwiftOperators",
        "SwiftRefactor",
        "swift-parser-cli",
        "lit-test-helper"
      ],
      "type" : "library"
    },
    {
      "c99name" : "SwiftSyntax",
      "module_type" : "SwiftTarget",
      "name" : "SwiftSyntax",
      "path" : "Sources/SwiftSyntax",
      "product_memberships" : [
        "SwiftBasicFormat",
        "SwiftCompilerPlugin",
        "SwiftCompilerPluginMessageHandling",
        "SwiftDiagnostics",
        "SwiftIDEUtils",
        "SwiftOperators",
        "SwiftParser",
        "SwiftParserDiagnostics",
        "SwiftRefactor",
        "SwiftSyntax",
        "SwiftSyntaxBuilder",
        "SwiftSyntaxMacros",
        "SwiftSyntaxMacroExpansion",
        "SwiftSyntaxMacrosTestSupport",
        "swift-parser-cli",
        "lit-test-helper"
      ],
      "sources" : [
        "AbsolutePosition.swift",
        "Assert.swift",
        "BumpPtrAllocator.swift",
        "CommonAncestor.swift",
        "IncrementalParseTransition.swift",
        "MemoryLayout.swift",
        "MissingNodeInitializers.swift",
        "Raw/RawSyntax.swift",
        "Raw/RawSyntaxLayoutView.swift",
        "Raw/RawSyntaxNodeProtocol.swift",
        "Raw/RawSyntaxTokenView.swift",
        "SourceLength.swift",
        "SourceLocation.swift",
        "SourcePresence.swift",
        "SwiftSyntaxCompatibility.swift",
        "Syntax.swift",
        "SyntaxArena.swift",
        "SyntaxChildren.swift",
        "SyntaxData.swift",
        "SyntaxText.swift",
        "SyntaxTreeViewMode.swift",
        "TokenDiagnostic.swift",
        "TokenSyntax.swift",
        "Trivia.swift",
        "Utils.swift",
        "generated/ChildNameForKeyPath.swift",
        "generated/Keyword.swift",
        "generated/SyntaxAnyVisitor.swift",
        "generated/SyntaxBaseNodes.swift",
        "generated/SyntaxCollections.swift",
        "generated/SyntaxEnum.swift",
        "generated/SyntaxKind.swift",
        "generated/SyntaxRewriter.swift",
        "generated/SyntaxTraits.swift",
        "generated/SyntaxTransform.swift",
        "generated/SyntaxVisitor.swift",
        "generated/TokenKind.swift",
        "generated/Tokens.swift",
        "generated/TriviaPieces.swift",
        "generated/raw/RawSyntaxNodes.swift",
        "generated/raw/RawSyntaxValidation.swift",
        "generated/syntaxNodes/SyntaxDeclNodes.swift",
        "generated/syntaxNodes/SyntaxExprNodes.swift",
        "generated/syntaxNodes/SyntaxNodes.swift",
        "generated/syntaxNodes/SyntaxPatternNodes.swift",
        "generated/syntaxNodes/SyntaxStmtNodes.swift",
        "generated/syntaxNodes/SyntaxTypeNodes.swift"
      ],
      "type" : "library"
    },
    {
      "c99name" : "SwiftRefactorTest",
      "module_type" : "SwiftTarget",
      "name" : "SwiftRefactorTest",
      "path" : "Tests/SwiftRefactorTest",
      "sources" : [
        "FormatRawStringLiteral.swift",
        "IntegerLiteralUtilities.swift",
        "MigrateToNewIfLetSyntax.swift",
        "OpaqueParameterToGeneric.swift",
        "ReformatIntegerLiteral.swift"
      ],
      "target_dependencies" : [
        "_SwiftSyntaxTestSupport",
        "SwiftRefactor",
        "SwiftSyntaxBuilder"
      ],
      "type" : "test"
    },
    {
      "c99name" : "SwiftRefactor",
      "module_type" : "SwiftTarget",
      "name" : "SwiftRefactor",
      "path" : "Sources/SwiftRefactor",
      "product_memberships" : [
        "SwiftRefactor"
      ],
      "sources" : [
        "AddSeparatorsToIntegerLiteral.swift",
        "FormatRawStringLiteral.swift",
        "IntegerLiteralUtilities.swift",
        "MigrateToNewIfLetSyntax.swift",
        "OpaqueParameterToGeneric.swift",
        "RefactoringProvider.swift",
        "RemoveSeparatorsFromIntegerLiteral.swift"
      ],
      "target_dependencies" : [
        "SwiftParser",
        "SwiftSyntax"
      ],
      "type" : "library"
    },
    {
      "c99name" : "SwiftParserTest",
      "module_type" : "SwiftTarget",
      "name" : "SwiftParserTest",
      "path" : "Tests/SwiftParserTest",
      "sources" : [
        "AbsolutePositionTests.swift",
        "Assertions.swift",
        "AttributeTests.swift",
        "AvailabilityTests.swift",
        "DeclarationTests.swift",
        "DirectiveTests.swift",
        "ExpressionTests.swift",
        "ExpressionTypeTests.swift",
        "IncrementalParsingTests.swift",
        "LexerTests.swift",
        "LinkageTests.swift",
        "Parser+EntryTests.swift",
        "ParserTests.swift",
        "RegexLiteralTests.swift",
        "StatementTests.swift",
        "StringLiteralRepresentedLiteralValueTests.swift",
        "SyntaxTransformVisitorTest.swift",
        "TriviaParserTests.swift",
        "TypeCompositionTests.swift",
        "TypeMemberTests.swift",
        "TypeMetatypeTests.swift",
        "TypeTests.swift",
        "Utils.swift",
        "VariadicGenericsTests.swift",
        "translated/ActorTests.swift",
        "translated/AlwaysEmitConformanceMetadataAttrTests.swift",
        "translated/AsyncSyntaxTests.swift",
        "translated/AsyncTests.swift",
        "translated/AvailabilityQueryTests.swift",
        "translated/AvailabilityQueryUnavailabilityTests.swift",
        "translated/BorrowExprTests.swift",
        "translated/BraceRecoveryEofTests.swift",
        "translated/BuiltinBridgeObjectTests.swift",
        "translated/BuiltinWordTests.swift",
        "translated/ConflictMarkersTests.swift",
        "translated/ConsecutiveStatementsTests.swift",
        "translated/CopyExprTests.swift",
        "translated/DebuggerTests.swift",
        "translated/DelayedExtensionTests.swift",
        "translated/DeprecatedWhereTests.swift",
        "translated/DiagnoseAvailabilityTests.swift",
        "translated/DiagnoseAvailabilityWindowsTests.swift",
        "translated/DiagnoseDynamicReplacementTests.swift",
        "translated/DiagnoseInitializerAsTypedPatternTests.swift",
        "translated/DiagnosticMissingFuncKeywordTests.swift",
        "translated/DollarIdentifierTests.swift",
        "translated/EffectfulPropertiesTests.swift",
        "translated/EnumElementPatternSwift4Tests.swift",
        "translated/EnumTests.swift",
        "translated/ErrorsTests.swift",
        "translated/EscapedIdentifiersTests.swift",
        "translated/ForeachAsyncTests.swift",
        "translated/ForeachTests.swift",
        "translated/ForwardSlashRegexSkippingAllowedTests.swift",
        "translated/ForwardSlashRegexSkippingInvalidTests.swift",
        "translated/ForwardSlashRegexSkippingTests.swift",
        "translated/ForwardSlashRegexTests.swift",
        "translated/GenericDisambiguationTests.swift",
        "translated/GuardTests.swift",
        "translated/GuardTopLevelTests.swift",
        "translated/HashbangLibraryTests.swift",
        "translated/HashbangMainTests.swift",
        "translated/IdentifiersTests.swift",
        "translated/IfconfigExprTests.swift",
        "translated/ImplicitGetterIncompleteTests.swift",
        "translated/InitDeinitTests.swift",
        "translated/InvalidIfExprTests.swift",
        "translated/InvalidStringInterpolationProtocolTests.swift",
        "translated/InvalidTests.swift",
        "translated/MatchingPatternsTests.swift",
        "translated/MetatypeObjectConversionTests.swift",
        "translated/MoveExprTests.swift",
        "translated/MultilineErrorsTests.swift",
        "translated/MultilinePoundDiagnosticArgRdar41154797Tests.swift",
        "translated/MultilineStringTests.swift",
        "translated/NoimplicitcopyAttrTests.swift",
        "translated/NumberIdentifierErrorsTests.swift",
        "translated/ObjcEnumTests.swift",
        "translated/ObjectLiteralsTests.swift",
        "translated/OperatorDeclDesignatedTypesTests.swift",
        "translated/OperatorDeclTests.swift",
        "translated/OperatorsTests.swift",
        "translated/OptionalChainLvaluesTests.swift",
        "translated/OptionalLvaluesTests.swift",
        "translated/OptionalTests.swift",
        "translated/OriginalDefinedInAttrTests.swift",
        "translated/PatternWithoutVariablesScriptTests.swift",
        "translated/PatternWithoutVariablesTests.swift",
        "translated/PlaygroundLvaluesTests.swift",
        "translated/PoundAssertTests.swift",
        "translated/PrefixSlashTests.swift",
        "translated/RawStringErrorsTests.swift",
        "translated/RawStringTests.swift",
        "translated/RecoveryLibraryTests.swift",
        "translated/RecoveryTests.swift",
        "translated/RegexParseEndOfBufferTests.swift",
        "translated/RegexParseErrorTests.swift",
        "translated/RegexTests.swift",
        "translated/ResultBuilderTests.swift",
        "translated/SelfRebindingTests.swift",
        "translated/SemicolonTests.swift",
        "translated/StringLiteralEofTests.swift",
        "translated/SubscriptingTests.swift",
        "translated/SuperTests.swift",
        "translated/SwitchIncompleteTests.swift",
        "translated/SwitchTests.swift",
        "translated/ToplevelLibraryTests.swift",
        "translated/TrailingClosuresTests.swift",
        "translated/TrailingSemiTests.swift",
        "translated/TryTests.swift",
        "translated/TypeExprTests.swift",
        "translated/TypealiasTests.swift",
        "translated/UnclosedStringInterpolationTests.swift"
      ],
      "target_dependencies" : [
        "_SwiftSyntaxTestSupport",
        "SwiftDiagnostics",
        "SwiftOperators",
        "SwiftParser",
        "SwiftSyntaxBuilder"
      ],
      "type" : "test"
    },
    {
      "c99name" : "SwiftParserDiagnosticsTest",
      "module_type" : "SwiftTarget",
      "name" : "SwiftParserDiagnosticsTest",
      "path" : "Tests/SwiftParserDiagnosticsTest",
      "sources" : [
        "DiagnosticInfrastructureTests.swift"
      ],
      "target_dependencies" : [
        "SwiftDiagnostics",
        "SwiftParserDiagnostics"
      ],
      "type" : "test"
    },
    {
      "c99name" : "SwiftParserDiagnostics",
      "module_type" : "SwiftTarget",
      "name" : "SwiftParserDiagnostics",
      "path" : "Sources/SwiftParserDiagnostics",
      "product_memberships" : [
        "SwiftCompilerPlugin",
        "SwiftCompilerPluginMessageHandling",
        "SwiftParserDiagnostics",
        "SwiftSyntaxBuilder",
        "SwiftSyntaxMacros",
        "SwiftSyntaxMacroExpansion",
        "SwiftSyntaxMacrosTestSupport",
        "swift-parser-cli"
      ],
      "sources" : [
        "DiagnosticExtensions.swift",
        "LexerDiagnosticMessages.swift",
        "MissingNodesError.swift",
        "MissingTokenError.swift",
        "MultiLineStringLiteralDiagnosticsGenerator.swift",
        "ParseDiagnosticsGenerator.swift",
        "ParserDiagnosticMessages.swift",
        "PresenceUtils.swift",
        "SyntaxExtensions.swift",
        "Utils.swift",
        "generated/ChildNameForDiagnostics.swift",
        "generated/SyntaxKindNameForDiagnostics.swift",
        "generated/TokenNameForDiagnostics.swift"
      ],
      "target_dependencies" : [
        "SwiftBasicFormat",
        "SwiftDiagnostics",
        "SwiftParser",
        "SwiftSyntax"
      ],
      "type" : "library"
    },
    {
      "c99name" : "SwiftParser",
      "module_type" : "SwiftTarget",
      "name" : "SwiftParser",
      "path" : "Sources/SwiftParser",
      "product_memberships" : [
        "SwiftCompilerPlugin",
        "SwiftCompilerPluginMessageHandling",
        "SwiftOperators",
        "SwiftParser",
        "SwiftParserDiagnostics",
        "SwiftRefactor",
        "SwiftSyntaxBuilder",
        "SwiftSyntaxMacros",
        "SwiftSyntaxMacroExpansion",
        "SwiftSyntaxMacrosTestSupport",
        "swift-parser-cli",
        "lit-test-helper"
      ],
      "sources" : [
        "Attributes.swift",
        "Availability.swift",
        "CharacterInfo.swift",
        "Declarations.swift",
        "Directives.swift",
        "Expressions.swift",
        "Lexer/Cursor.swift",
        "Lexer/Lexeme.swift",
        "Lexer/LexemeSequence.swift",
        "Lexer/Lexer.swift",
        "Lexer/RegexLiteralLexer.swift",
        "Lexer/UnicodeScalarExtensions.swift",
        "Lookahead.swift",
        "LoopProgressCondition.swift",
        "Modifiers.swift",
        "Names.swift",
        "Nominals.swift",
        "Parameters.swift",
        "Parser.swift",
        "Patterns.swift",
        "Recovery.swift",
        "Specifiers.swift",
        "Statements.swift",
        "StringLiteralRepresentedLiteralValue.swift",
        "StringLiterals.swift",
        "SyntaxUtils.swift",
        "TokenConsumer.swift",
        "TokenPrecedence.swift",
        "TokenSpec.swift",
        "TokenSpecSet.swift",
        "TopLevel.swift",
        "TriviaParser.swift",
        "Types.swift",
        "generated/DeclarationModifier.swift",
        "generated/IsLexerClassified.swift",
        "generated/Parser+Entry.swift",
        "generated/TokenSpecStaticMembers.swift",
        "generated/TypeAttribute.swift"
      ],
      "target_dependencies" : [
        "SwiftSyntax"
      ],
      "type" : "library"
    },
    {
      "c99name" : "SwiftOperatorsTest",
      "module_type" : "SwiftTarget",
      "name" : "SwiftOperatorsTest",
      "path" : "Tests/SwiftOperatorsTest",
      "sources" : [
        "OperatorTableTests.swift",
        "SyntaxSynthesisTests.swift"
      ],
      "target_dependencies" : [
        "_SwiftSyntaxTestSupport",
        "SwiftOperators",
        "SwiftParser"
      ],
      "type" : "test"
    },
    {
      "c99name" : "SwiftOperators",
      "module_type" : "SwiftTarget",
      "name" : "SwiftOperators",
      "path" : "Sources/SwiftOperators",
      "product_memberships" : [
        "SwiftCompilerPlugin",
        "SwiftCompilerPluginMessageHandling",
        "SwiftOperators",
        "swift-parser-cli"
      ],
      "sources" : [
        "Operator.swift",
        "OperatorError+Diagnostics.swift",
        "OperatorError.swift",
        "OperatorTable+Defaults.swift",
        "OperatorTable+Folding.swift",
        "OperatorTable+Semantics.swift",
        "OperatorTable.swift",
        "PrecedenceGraph.swift",
        "PrecedenceGroup.swift",
        "SyntaxSynthesis.swift"
      ],
      "target_dependencies" : [
        "SwiftDiagnostics",
        "SwiftParser",
        "SwiftSyntax"
      ],
      "type" : "library"
    },
    {
      "c99name" : "SwiftIDEUtilsTest",
      "module_type" : "SwiftTarget",
      "name" : "SwiftIDEUtilsTest",
      "path" : "Tests/SwiftIDEUtilsTest",
      "sources" : [
        "ClassificationTests.swift"
      ],
      "target_dependencies" : [
        "_SwiftSyntaxTestSupport",
        "SwiftIDEUtils",
        "SwiftParser",
        "SwiftSyntax"
      ],
      "type" : "test"
    },
    {
      "c99name" : "SwiftIDEUtils",
      "module_type" : "SwiftTarget",
      "name" : "SwiftIDEUtils",
      "path" : "Sources/SwiftIDEUtils",
      "product_memberships" : [
        "SwiftIDEUtils",
        "lit-test-helper"
      ],
      "sources" : [
        "Syntax+Classifications.swift",
        "SyntaxClassifier.swift",
        "generated/SyntaxClassification.swift"
      ],
      "target_dependencies" : [
        "SwiftSyntax"
      ],
      "type" : "library"
    },
    {
      "c99name" : "SwiftDiagnosticsTest",
      "module_type" : "SwiftTarget",
      "name" : "SwiftDiagnosticsTest",
      "path" : "Tests/SwiftDiagnosticsTest",
      "sources" : [
        "DiagnosticsFormatterTests.swift",
        "GroupDiagnosticsFormatterTests.swift"
      ],
      "target_dependencies" : [
        "_SwiftSyntaxTestSupport",
        "SwiftDiagnostics",
        "SwiftParser",
        "SwiftParserDiagnostics"
      ],
      "type" : "test"
    },
    {
      "c99name" : "SwiftDiagnostics",
      "module_type" : "SwiftTarget",
      "name" : "SwiftDiagnostics",
      "path" : "Sources/SwiftDiagnostics",
      "product_memberships" : [
        "SwiftCompilerPlugin",
        "SwiftCompilerPluginMessageHandling",
        "SwiftDiagnostics",
        "SwiftOperators",
        "SwiftParserDiagnostics",
        "SwiftSyntaxBuilder",
        "SwiftSyntaxMacros",
        "SwiftSyntaxMacroExpansion",
        "SwiftSyntaxMacrosTestSupport",
        "swift-parser-cli"
      ],
      "sources" : [
        "Diagnostic.swift",
        "DiagnosticsFormatter.swift",
        "FixIt.swift",
        "GroupedDiagnostics.swift",
        "Message.swift",
        "Note.swift"
      ],
      "target_dependencies" : [
        "SwiftSyntax"
      ],
      "type" : "library"
    },
    {
      "c99name" : "SwiftCompilerPluginTest",
      "module_type" : "SwiftTarget",
      "name" : "SwiftCompilerPluginTest",
      "path" : "Tests/SwiftCompilerPluginTest",
      "sources" : [
        "CompilerPluginTests.swift"
      ],
      "target_dependencies" : [
        "SwiftCompilerPlugin"
      ],
      "type" : "test"
    },
    {
      "c99name" : "SwiftCompilerPluginMessageHandling",
      "module_type" : "SwiftTarget",
      "name" : "SwiftCompilerPluginMessageHandling",
      "path" : "Sources/SwiftCompilerPluginMessageHandling",
      "product_memberships" : [
        "SwiftCompilerPlugin",
        "SwiftCompilerPluginMessageHandling"
      ],
      "sources" : [
        "CompilerPluginMessageHandler.swift",
        "Diagnostics.swift",
        "Macros.swift",
        "PluginMacroExpansionContext.swift",
        "PluginMessages.swift"
      ],
      "target_dependencies" : [
        "SwiftDiagnostics",
        "SwiftOperators",
        "SwiftParser",
        "SwiftSyntax",
        "SwiftSyntaxMacros",
        "SwiftSyntaxMacroExpansion"
      ],
      "type" : "library"
    },
    {
      "c99name" : "SwiftCompilerPlugin",
      "module_type" : "SwiftTarget",
      "name" : "SwiftCompilerPlugin",
      "path" : "Sources/SwiftCompilerPlugin",
      "product_memberships" : [
        "SwiftCompilerPlugin"
      ],
      "sources" : [
        "CompilerPlugin.swift"
      ],
      "target_dependencies" : [
        "SwiftCompilerPluginMessageHandling",
        "SwiftSyntaxMacros"
      ],
      "type" : "library"
    },
    {
      "c99name" : "SwiftBasicFormatTest",
      "module_type" : "SwiftTarget",
      "name" : "SwiftBasicFormatTest",
      "path" : "Tests/SwiftBasicFormatTest",
      "sources" : [
        "BasicFormatTests.swift"
      ],
      "target_dependencies" : [
        "_SwiftSyntaxTestSupport",
        "SwiftBasicFormat",
        "SwiftSyntaxBuilder"
      ],
      "type" : "test"
    },
    {
      "c99name" : "SwiftBasicFormat",
      "module_type" : "SwiftTarget",
      "name" : "SwiftBasicFormat",
      "path" : "Sources/SwiftBasicFormat",
      "product_memberships" : [
        "SwiftBasicFormat",
        "SwiftCompilerPlugin",
        "SwiftCompilerPluginMessageHandling",
        "SwiftParserDiagnostics",
        "SwiftSyntaxBuilder",
        "SwiftSyntaxMacros",
        "SwiftSyntaxMacroExpansion",
        "SwiftSyntaxMacrosTestSupport",
        "swift-parser-cli"
      ],
      "sources" : [
        "BasicFormat.swift",
        "SyntaxProtocol+Formatted.swift",
        "Trivia+FormatExtensions.swift",
        "generated/BasicFormat+Extensions.swift"
      ],
      "target_dependencies" : [
        "SwiftSyntax"
      ],
      "type" : "library"
    },
    {
      "c99name" : "PerformanceTest",
      "module_type" : "SwiftTarget",
      "name" : "PerformanceTest",
      "path" : "Tests/PerformanceTest",
      "sources" : [
        "ParsingPerformanceTests.swift",
        "SyntaxClassifierPerformanceTests.swift",
        "VisitorPerformanceTests.swift"
      ],
      "target_dependencies" : [
        "SwiftIDEUtils",
        "SwiftParser",
        "SwiftSyntax"
      ],
      "type" : "test"
    }
  ],
  "tools_version" : "5.7"
}
{
  "workspace" : {
    "name" : "swift-syntax",
    "schemes" : [
      "lit-test-helper",
      "swift-parser-cli",
      "swift-syntax-Package",
      "SwiftBasicFormat",
      "SwiftCompilerPlugin",
      "SwiftCompilerPluginMessageHandling",
      "SwiftDiagnostics",
      "SwiftIDEUtils",
      "SwiftOperators",
      "SwiftParser",
      "SwiftParserDiagnostics",
      "SwiftRefactor",
      "SwiftSyntax",
      "SwiftSyntaxBuilder",
      "SwiftSyntaxMacroExpansion",
      "SwiftSyntaxMacros",
      "SwiftSyntaxMacrosTestSupport"
    ]
  }
}
2026-09-20 18:48:49.554 xcodebuild[1035:6218] [MT] IDERunDestination: Supported platforms for the buildables in the current scheme is empty.
Running build ...
env DEVELOPER_DIR=/Applications/Xcode-27.0.0-Release.Candidate.app xcrun xcodebuild -IDEClonedSourcePackagesDirPathOverride=$PWD/.dependencies -skipMacroValidation -skipPackagePluginValidation -derivedDataPath $PWD/.derivedData build -scheme swift-syntax-Package -destination generic/platform=watchOS
Command line invocation:
    /Applications/Xcode-27.0.0-Release.Candidate.app/Contents/Developer/usr/bin/xcodebuild -IDEClonedSourcePackagesDirPathOverride=/Users/admin/builder/spi-builder-workspace/.dependencies -skipMacroValidation -skipPackagePluginValidation -derivedDataPath /Users/admin/builder/spi-builder-workspace/.derivedData build -scheme swift-syntax-Package -destination generic/platform=watchOS
Resolve Package Graph
Resolved source packages:
  swift-syntax: /Users/admin/builder/spi-builder-workspace
  swift-argument-parser: https://github.com/apple/swift-argument-parser.git @ 1.8.2
ComputePackagePrebuildTargetDependencyGraph
Prepare packages
CreateBuildRequest
SendProjectDescription
CreateBuildOperation
ComputeTargetDependencyGraph
note: Building targets in dependency order
note: Target dependency graph (35 targets)
    Target 'lit-test-helper-product' in project 'swift-syntax'
        ➜ Explicit dependency on target 'SwiftSyntax' in project 'swift-syntax'
        ➜ Explicit dependency on target 'SwiftIDEUtils' in project 'swift-syntax'
        ➜ Explicit dependency on target 'SwiftParser' in project 'swift-syntax'
    Target 'swift-parser-cli-product' in project 'swift-syntax'
        ➜ Explicit dependency on target '_InstructionCounter' in project 'swift-syntax'
        ➜ Explicit dependency on target 'SwiftSyntax' in project 'swift-syntax'
        ➜ Explicit dependency on target 'SwiftDiagnostics' in project 'swift-syntax'
        ➜ Explicit dependency on target 'SwiftParser' in project 'swift-syntax'
        ➜ Explicit dependency on target 'SwiftOperators' in project 'swift-syntax'
        ➜ Explicit dependency on target 'SwiftBasicFormat' in project 'swift-syntax'
        ➜ Explicit dependency on target 'SwiftParserDiagnostics' in project 'swift-syntax'
        ➜ Explicit dependency on target 'ArgumentParser-product' in project 'swift-argument-parser'
    Target 'ArgumentParser-product' in project 'swift-argument-parser'
        ➜ Explicit dependency on target 'ArgumentParser' in project 'swift-argument-parser'
        ➜ Explicit dependency on target 'ArgumentParserToolInfo' in project 'swift-argument-parser'
    Target 'ArgumentParser' in project 'swift-argument-parser'
        ➜ Explicit dependency on target 'ArgumentParserToolInfo' in project 'swift-argument-parser'
    Target 'ArgumentParserToolInfo' in project 'swift-argument-parser' (no dependencies)
    Target '_InstructionCounter' in project 'swift-syntax' (no dependencies)
    Target 'SwiftSyntaxMacrosTestSupport-product' in project 'swift-syntax'
        ➜ Explicit dependency on target 'SwiftSyntaxMacrosTestSupport' in project 'swift-syntax'
        ➜ Explicit dependency on target 'SwiftSyntax' in project 'swift-syntax'
        ➜ Explicit dependency on target 'SwiftBasicFormat' in project 'swift-syntax'
        ➜ Explicit dependency on target 'SwiftParser' in project 'swift-syntax'
        ➜ Explicit dependency on target 'SwiftDiagnostics' in project 'swift-syntax'
        ➜ Explicit dependency on target 'SwiftParserDiagnostics' in project 'swift-syntax'
        ➜ Explicit dependency on target 'SwiftSyntaxBuilder' in project 'swift-syntax'
        ➜ Explicit dependency on target '_SwiftSyntaxTestSupport' in project 'swift-syntax'
        ➜ Explicit dependency on target 'SwiftSyntaxMacros' in project 'swift-syntax'
    Target 'SwiftSyntaxMacrosTestSupport' in project 'swift-syntax'
        ➜ Explicit dependency on target 'SwiftSyntax' in project 'swift-syntax'
        ➜ Explicit dependency on target 'SwiftBasicFormat' in project 'swift-syntax'
        ➜ Explicit dependency on target 'SwiftParser' in project 'swift-syntax'
        ➜ Explicit dependency on target 'SwiftDiagnostics' in project 'swift-syntax'
        ➜ Explicit dependency on target 'SwiftParserDiagnostics' in project 'swift-syntax'
        ➜ Explicit dependency on target 'SwiftSyntaxBuilder' in project 'swift-syntax'
        ➜ Explicit dependency on target '_SwiftSyntaxTestSupport' in project 'swift-syntax'
        ➜ Explicit dependency on target 'SwiftSyntaxMacros' in project 'swift-syntax'
    Target '_SwiftSyntaxTestSupport' in project 'swift-syntax'
        ➜ Explicit dependency on target 'SwiftSyntax' in project 'swift-syntax'
        ➜ Explicit dependency on target 'SwiftBasicFormat' in project 'swift-syntax'
        ➜ Explicit dependency on target 'SwiftParser' in project 'swift-syntax'
        ➜ Explicit dependency on target 'SwiftDiagnostics' in project 'swift-syntax'
        ➜ Explicit dependency on target 'SwiftParserDiagnostics' in project 'swift-syntax'
        ➜ Explicit dependency on target 'SwiftSyntaxBuilder' in project 'swift-syntax'
    Target 'SwiftSyntaxMacroExpansion-product' in project 'swift-syntax'
        ➜ Explicit dependency on target 'SwiftSyntaxMacroExpansion' in project 'swift-syntax'
        ➜ Explicit dependency on target 'SwiftSyntax' in project 'swift-syntax'
        ➜ Explicit dependency on target 'SwiftDiagnostics' in project 'swift-syntax'
        ➜ Explicit dependency on target 'SwiftParser' in project 'swift-syntax'
        ➜ Explicit dependency on target 'SwiftBasicFormat' in project 'swift-syntax'
        ➜ Explicit dependency on target 'SwiftParserDiagnostics' in project 'swift-syntax'
        ➜ Explicit dependency on target 'SwiftSyntaxBuilder' in project 'swift-syntax'
        ➜ Explicit dependency on target 'SwiftSyntaxMacros' in project 'swift-syntax'
    Target 'SwiftSyntaxMacros-product' in project 'swift-syntax'
        ➜ Explicit dependency on target 'SwiftSyntaxMacros' in project 'swift-syntax'
        ➜ Explicit dependency on target 'SwiftSyntax' in project 'swift-syntax'
        ➜ Explicit dependency on target 'SwiftDiagnostics' in project 'swift-syntax'
        ➜ Explicit dependency on target 'SwiftParser' in project 'swift-syntax'
        ➜ Explicit dependency on target 'SwiftBasicFormat' in project 'swift-syntax'
        ➜ Explicit dependency on target 'SwiftParserDiagnostics' in project 'swift-syntax'
        ➜ Explicit dependency on target 'SwiftSyntaxBuilder' in project 'swift-syntax'
    Target 'SwiftSyntaxBuilder-product' in project 'swift-syntax'
        ➜ Explicit dependency on target 'SwiftSyntaxBuilder' in project 'swift-syntax'
        ➜ Explicit dependency on target 'SwiftSyntax' in project 'swift-syntax'
        ➜ Explicit dependency on target 'SwiftBasicFormat' in project 'swift-syntax'
        ➜ Explicit dependency on target 'SwiftParser' in project 'swift-syntax'
        ➜ Explicit dependency on target 'SwiftDiagnostics' in project 'swift-syntax'
        ➜ Explicit dependency on target 'SwiftParserDiagnostics' in project 'swift-syntax'
    Target 'SwiftSyntax-product' in project 'swift-syntax'
        ➜ Explicit dependency on target 'SwiftSyntax' in project 'swift-syntax'
    Target 'SwiftRefactor-product' in project 'swift-syntax'
        ➜ Explicit dependency on target 'SwiftRefactor' in project 'swift-syntax'
        ➜ Explicit dependency on target 'SwiftSyntax' in project 'swift-syntax'
        ➜ Explicit dependency on target 'SwiftParser' in project 'swift-syntax'
    Target 'SwiftRefactor' in project 'swift-syntax'
        ➜ Explicit dependency on target 'SwiftSyntax' in project 'swift-syntax'
        ➜ Explicit dependency on target 'SwiftParser' in project 'swift-syntax'
    Target 'SwiftParserDiagnostics-product' in project 'swift-syntax'
        ➜ Explicit dependency on target 'SwiftParserDiagnostics' in project 'swift-syntax'
        ➜ Explicit dependency on target 'SwiftSyntax' in project 'swift-syntax'
        ➜ Explicit dependency on target 'SwiftBasicFormat' in project 'swift-syntax'
        ➜ Explicit dependency on target 'SwiftDiagnostics' in project 'swift-syntax'
        ➜ Explicit dependency on target 'SwiftParser' in project 'swift-syntax'
    Target 'SwiftParser-product' in project 'swift-syntax'
        ➜ Explicit dependency on target 'SwiftParser' in project 'swift-syntax'
        ➜ Explicit dependency on target 'SwiftSyntax' in project 'swift-syntax'
    Target 'SwiftOperators-product' in project 'swift-syntax'
        ➜ Explicit dependency on target 'SwiftOperators' in project 'swift-syntax'
        ➜ Explicit dependency on target 'SwiftSyntax' in project 'swift-syntax'
        ➜ Explicit dependency on target 'SwiftDiagnostics' in project 'swift-syntax'
        ➜ Explicit dependency on target 'SwiftParser' in project 'swift-syntax'
    Target 'SwiftIDEUtils-product' in project 'swift-syntax'
        ➜ Explicit dependency on target 'SwiftIDEUtils' in project 'swift-syntax'
        ➜ Explicit dependency on target 'SwiftSyntax' in project 'swift-syntax'
    Target 'SwiftIDEUtils' in project 'swift-syntax'
        ➜ Explicit dependency on target 'SwiftSyntax' in project 'swift-syntax'
    Target 'SwiftDiagnostics-product' in project 'swift-syntax'
        ➜ Explicit dependency on target 'SwiftDiagnostics' in project 'swift-syntax'
        ➜ Explicit dependency on target 'SwiftSyntax' in project 'swift-syntax'
    Target 'SwiftCompilerPluginMessageHandling-product' in project 'swift-syntax'
        ➜ Explicit dependency on target 'SwiftCompilerPluginMessageHandling' in project 'swift-syntax'
        ➜ Explicit dependency on target 'SwiftSyntax' in project 'swift-syntax'
        ➜ Explicit dependency on target 'SwiftDiagnostics' in project 'swift-syntax'
        ➜ Explicit dependency on target 'SwiftParser' in project 'swift-syntax'
        ➜ Explicit dependency on target 'SwiftOperators' in project 'swift-syntax'
        ➜ Explicit dependency on target 'SwiftBasicFormat' in project 'swift-syntax'
        ➜ Explicit dependency on target 'SwiftParserDiagnostics' in project 'swift-syntax'
        ➜ Explicit dependency on target 'SwiftSyntaxBuilder' in project 'swift-syntax'
        ➜ Explicit dependency on target 'SwiftSyntaxMacros' in project 'swift-syntax'
        ➜ Explicit dependency on target 'SwiftSyntaxMacroExpansion' in project 'swift-syntax'
    Target 'SwiftCompilerPlugin-product' in project 'swift-syntax'
        ➜ Explicit dependency on target 'SwiftCompilerPlugin' in project 'swift-syntax'
        ➜ Explicit dependency on target 'SwiftSyntax' in project 'swift-syntax'
        ➜ Explicit dependency on target 'SwiftDiagnostics' in project 'swift-syntax'
        ➜ Explicit dependency on target 'SwiftParser' in project 'swift-syntax'
        ➜ Explicit dependency on target 'SwiftOperators' in project 'swift-syntax'
        ➜ Explicit dependency on target 'SwiftBasicFormat' in project 'swift-syntax'
        ➜ Explicit dependency on target 'SwiftParserDiagnostics' in project 'swift-syntax'
        ➜ Explicit dependency on target 'SwiftSyntaxBuilder' in project 'swift-syntax'
        ➜ Explicit dependency on target 'SwiftSyntaxMacros' in project 'swift-syntax'
        ➜ Explicit dependency on target 'SwiftSyntaxMacroExpansion' in project 'swift-syntax'
        ➜ Explicit dependency on target 'SwiftCompilerPluginMessageHandling' in project 'swift-syntax'
    Target 'SwiftCompilerPlugin' in project 'swift-syntax'
        ➜ Explicit dependency on target 'SwiftSyntax' in project 'swift-syntax'
        ➜ Explicit dependency on target 'SwiftDiagnostics' in project 'swift-syntax'
        ➜ Explicit dependency on target 'SwiftParser' in project 'swift-syntax'
        ➜ Explicit dependency on target 'SwiftOperators' in project 'swift-syntax'
        ➜ Explicit dependency on target 'SwiftBasicFormat' in project 'swift-syntax'
        ➜ Explicit dependency on target 'SwiftParserDiagnostics' in project 'swift-syntax'
        ➜ Explicit dependency on target 'SwiftSyntaxBuilder' in project 'swift-syntax'
        ➜ Explicit dependency on target 'SwiftSyntaxMacros' in project 'swift-syntax'
        ➜ Explicit dependency on target 'SwiftSyntaxMacroExpansion' in project 'swift-syntax'
        ➜ Explicit dependency on target 'SwiftCompilerPluginMessageHandling' in project 'swift-syntax'
    Target 'SwiftCompilerPluginMessageHandling' in project 'swift-syntax'
        ➜ Explicit dependency on target 'SwiftSyntax' in project 'swift-syntax'
        ➜ Explicit dependency on target 'SwiftDiagnostics' in project 'swift-syntax'
        ➜ Explicit dependency on target 'SwiftParser' in project 'swift-syntax'
        ➜ Explicit dependency on target 'SwiftOperators' in project 'swift-syntax'
        ➜ Explicit dependency on target 'SwiftBasicFormat' in project 'swift-syntax'
        ➜ Explicit dependency on target 'SwiftParserDiagnostics' in project 'swift-syntax'
        ➜ Explicit dependency on target 'SwiftSyntaxBuilder' in project 'swift-syntax'
        ➜ Explicit dependency on target 'SwiftSyntaxMacros' in project 'swift-syntax'
        ➜ Explicit dependency on target 'SwiftSyntaxMacroExpansion' in project 'swift-syntax'
    Target 'SwiftSyntaxMacroExpansion' in project 'swift-syntax'
        ➜ Explicit dependency on target 'SwiftSyntax' in project 'swift-syntax'
        ➜ Explicit dependency on target 'SwiftDiagnostics' in project 'swift-syntax'
        ➜ Explicit dependency on target 'SwiftParser' in project 'swift-syntax'
        ➜ Explicit dependency on target 'SwiftBasicFormat' in project 'swift-syntax'
        ➜ Explicit dependency on target 'SwiftParserDiagnostics' in project 'swift-syntax'
        ➜ Explicit dependency on target 'SwiftSyntaxBuilder' in project 'swift-syntax'
        ➜ Explicit dependency on target 'SwiftSyntaxMacros' in project 'swift-syntax'
    Target 'SwiftSyntaxMacros' in project 'swift-syntax'
        ➜ Explicit dependency on target 'SwiftSyntax' in project 'swift-syntax'
        ➜ Explicit dependency on target 'SwiftDiagnostics' in project 'swift-syntax'
        ➜ Explicit dependency on target 'SwiftParser' in project 'swift-syntax'
        ➜ Explicit dependency on target 'SwiftBasicFormat' in project 'swift-syntax'
        ➜ Explicit dependency on target 'SwiftParserDiagnostics' in project 'swift-syntax'
        ➜ Explicit dependency on target 'SwiftSyntaxBuilder' in project 'swift-syntax'
    Target 'SwiftSyntaxBuilder' in project 'swift-syntax'
        ➜ Explicit dependency on target 'SwiftSyntax' in project 'swift-syntax'
        ➜ Explicit dependency on target 'SwiftBasicFormat' in project 'swift-syntax'
        ➜ Explicit dependency on target 'SwiftParser' in project 'swift-syntax'
        ➜ Explicit dependency on target 'SwiftDiagnostics' in project 'swift-syntax'
        ➜ Explicit dependency on target 'SwiftParserDiagnostics' in project 'swift-syntax'
    Target 'SwiftParserDiagnostics' in project 'swift-syntax'
        ➜ Explicit dependency on target 'SwiftSyntax' in project 'swift-syntax'
        ➜ Explicit dependency on target 'SwiftBasicFormat' in project 'swift-syntax'
        ➜ Explicit dependency on target 'SwiftDiagnostics' in project 'swift-syntax'
        ➜ Explicit dependency on target 'SwiftParser' in project 'swift-syntax'
    Target 'SwiftOperators' in project 'swift-syntax'
        ➜ Explicit dependency on target 'SwiftSyntax' in project 'swift-syntax'
        ➜ Explicit dependency on target 'SwiftDiagnostics' in project 'swift-syntax'
        ➜ Explicit dependency on target 'SwiftParser' in project 'swift-syntax'
    Target 'SwiftParser' in project 'swift-syntax'
        ➜ Explicit dependency on target 'SwiftSyntax' in project 'swift-syntax'
    Target 'SwiftDiagnostics' in project 'swift-syntax'
        ➜ Explicit dependency on target 'SwiftSyntax' in project 'swift-syntax'
    Target 'SwiftBasicFormat-product' in project 'swift-syntax'
        ➜ Explicit dependency on target 'SwiftBasicFormat' in project 'swift-syntax'
        ➜ Explicit dependency on target 'SwiftSyntax' in project 'swift-syntax'
    Target 'SwiftBasicFormat' in project 'swift-syntax'
        ➜ Explicit dependency on target 'SwiftSyntax' in project 'swift-syntax'
    Target 'SwiftSyntax' in project 'swift-syntax' (no dependencies)
GatherProvisioningInputs
CreateBuildDescription
ClangStatCache /Applications/Xcode-27.0.0-Release.Candidate.app/Contents/Developer/Toolchains/XcodeDefault.xctoolchain/usr/bin/clang-stat-cache /Applications/Xcode-27.0.0-Release.Candidate.app/Contents/Developer/Platforms/WatchOS.platform/Developer/SDKs/WatchOS27.0.sdk /Users/admin/builder/spi-builder-workspace/.derivedData/SDKStatCaches.noindex/watchos27.0-24R360-e829b21a6f8c9b70876ba0858053c04477534ef55a1706bf4c1112bbb242f0a2.sdkstatcache
    cd /Users/admin/builder/spi-builder-workspace/.swiftpm/xcode
    /Applications/Xcode-27.0.0-Release.Candidate.app/Contents/Developer/Toolchains/XcodeDefault.xctoolchain/usr/bin/clang-stat-cache /Applications/Xcode-27.0.0-Release.Candidate.app/Contents/Developer/Platforms/WatchOS.platform/Developer/SDKs/WatchOS27.0.sdk -o /Users/admin/builder/spi-builder-workspace/.derivedData/SDKStatCaches.noindex/watchos27.0-24R360-e829b21a6f8c9b70876ba0858053c04477534ef55a1706bf4c1112bbb242f0a2.sdkstatcache
SwiftDriver SwiftSyntax normal arm64_32 com.apple.xcode.tools.swift.compiler (in target 'SwiftSyntax' from project 'swift-syntax')
    cd /Users/admin/builder/spi-builder-workspace/.swiftpm/xcode
    builtin-SwiftDriver -- /Applications/Xcode-27.0.0-Release.Candidate.app/Contents/Developer/Toolchains/XcodeDefault.xctoolchain/usr/bin/swiftc -parse-as-library -module-name SwiftSyntax -Onone @/Users/admin/builder/spi-builder-workspace/.derivedData/Build/Intermediates.noindex/swift-syntax.build/Debug-watchos/SwiftSyntax-t.build/Objects-normal/arm64_32/SwiftSyntax.SwiftFileList -DSWIFT_PACKAGE -DDEBUG -DSWIFT_MODULE_RESOURCE_BUNDLE_UNAVAILABLE -DXcode -plugin-path /Applications/Xcode-27.0.0-Release.Candidate.app/Contents/Developer/Toolchains/XcodeDefault.xctoolchain/usr/lib/swift/host/plugins/testing -enable-experimental-feature DebugDescriptionMacro -sdk /Applications/Xcode-27.0.0-Release.Candidate.app/Contents/Developer/Platforms/WatchOS.platform/Developer/SDKs/WatchOS27.0.sdk -target arm64_32-apple-watchos9.0 -g -module-cache-path /Users/admin/builder/spi-builder-workspace/.derivedData/ModuleCache.noindex -Xfrontend -serialize-debugging-options -profile-coverage-mapping -profile-generate -enable-testing -index-store-path /Users/admin/builder/spi-builder-workspace/.derivedData/Index.noindex/DataStore -Xcc -D_LIBCPP_HARDENING_MODE\=_LIBCPP_HARDENING_MODE_DEBUG -swift-version 5 -I /Users/admin/builder/spi-builder-workspace/.derivedData/Build/Products/Debug-watchos -Isystem /Applications/Xcode-27.0.0-Release.Candidate.app/Contents/Developer/Platforms/WatchOS.platform/Developer/usr/lib -F /Users/admin/builder/spi-builder-workspace/.derivedData/Build/Products/Debug-watchos -F /Applications/Xcode-27.0.0-Release.Candidate.app/Contents/Developer/Platforms/WatchOS.platform/Developer/Library/Frameworks -F /Applications/Xcode-27.0.0-Release.Candidate.app/Contents/Developer/Platforms/WatchOS.platform/Developer/SDKs/WatchOS27.0.sdk/Developer/Library/Frameworks -c -j10 -enable-batch-mode -incremental -Xcc -ivfsstatcache -Xcc /Users/admin/builder/spi-builder-workspace/.derivedData/SDKStatCaches.noindex/watchos27.0-24R360-e829b21a6f8c9b70876ba0858053c04477534ef55a1706bf4c1112bbb242f0a2.sdkstatcache -output-file-map /Users/admin/builder/spi-builder-workspace/.derivedData/Build/Intermediates.noindex/swift-syntax.build/Debug-watchos/SwiftSyntax-t.build/Objects-normal/arm64_32/SwiftSyntax-OutputFileMap.json -save-temps -no-color-diagnostics -explicit-module-build -module-cache-path /Users/admin/builder/spi-builder-workspace/.derivedData/Build/Intermediates.noindex/SwiftExplicitPrecompiledModules -clang-scanner-module-cache-path /Users/admin/builder/spi-builder-workspace/.derivedData/ModuleCache.noindex -sdk-module-cache-path /Users/admin/builder/spi-builder-workspace/.derivedData/SDKExplicitPrecompiledModules -emit-dependencies -emit-module -emit-module-path /Users/admin/builder/spi-builder-workspace/.derivedData/Build/Intermediates.noindex/swift-syntax.build/Debug-watchos/SwiftSyntax-t.build/Objects-normal/arm64_32/SwiftSyntax.swiftmodule -serialize-diagnostics -dependency-scan-serialize-diagnostics-path /Users/admin/builder/spi-builder-workspace/.derivedData/Build/Intermediates.noindex/swift-syntax.build/Debug-watchos/SwiftSyntax-t.build/Objects-normal/arm64_32/SwiftSyntax-dependency-scan.dia -validate-clang-modules-once -clang-build-session-file /Users/admin/builder/spi-builder-workspace/.derivedData/ModuleCache.noindex/Session.modulevalidation -Xcc -fmodules-prune-interval\=86400 -Xcc -fmodules-prune-after\=345600 -emit-const-values -const-gather-protocols-list /Users/admin/builder/spi-builder-workspace/.derivedData/Build/Intermediates.noindex/swift-syntax.build/Debug-watchos/SwiftSyntax-t.build/Objects-normal/arm64_32/SwiftSyntax_const_extract_protocols.json -Xcc -I/Users/admin/builder/spi-builder-workspace/.derivedData/Build/Products/Debug-watchos/include -Xcc -I/Users/admin/builder/spi-builder-workspace/.derivedData/Build/Intermediates.noindex/swift-syntax.build/Debug-watchos/SwiftSyntax-t.build/DerivedSources-normal/arm64_32 -Xcc -I/Users/admin/builder/spi-builder-workspace/.derivedData/Build/Intermediates.noindex/swift-syntax.build/Debug-watchos/SwiftSyntax-t.build/DerivedSources/arm64_32 -Xcc -I/Users/admin/builder/spi-builder-workspace/.derivedData/Build/Intermediates.noindex/swift-syntax.build/Debug-watchos/SwiftSyntax-t.build/DerivedSources -Xcc -DSWIFT_PACKAGE -Xcc -DDEBUG\=1 -emit-objc-header -emit-objc-header-path /Users/admin/builder/spi-builder-workspace/.derivedData/Build/Intermediates.noindex/swift-syntax.build/Debug-watchos/SwiftSyntax-t.build/Objects-normal/arm64_32/SwiftSyntax-Swift.h -working-directory /Users/admin/builder/spi-builder-workspace/.swiftpm/xcode -experimental-emit-module-separately -disable-cmo
SwiftDriver lit-test-helper normal arm64_32 com.apple.xcode.tools.swift.compiler (in target 'lit-test-helper-product' from project 'swift-syntax')
    cd /Users/admin/builder/spi-builder-workspace/.swiftpm/xcode
    builtin-SwiftDriver -- /Applications/Xcode-27.0.0-Release.Candidate.app/Contents/Developer/Toolchains/XcodeDefault.xctoolchain/usr/bin/swiftc -module-name lit_test_helper -Onone @/Users/admin/builder/spi-builder-workspace/.derivedData/Build/Intermediates.noindex/swift-syntax.build/Debug-watchos/lit-test-helper-p.build/Objects-normal/arm64_32/lit-test-helper.SwiftFileList -DSWIFT_PACKAGE -DDEBUG -DXcode -plugin-path /Applications/Xcode-27.0.0-Release.Candidate.app/Contents/Developer/Toolchains/XcodeDefault.xctoolchain/usr/lib/swift/host/plugins/testing -enable-experimental-feature DebugDescriptionMacro -sdk /Applications/Xcode-27.0.0-Release.Candidate.app/Contents/Developer/Platforms/WatchOS.platform/Developer/SDKs/WatchOS27.0.sdk -target arm64_32-apple-watchos9.0 -g -module-cache-path /Users/admin/builder/spi-builder-workspace/.derivedData/ModuleCache.noindex -Xfrontend -serialize-debugging-options -profile-coverage-mapping -profile-generate -enable-testing -index-store-path /Users/admin/builder/spi-builder-workspace/.derivedData/Index.noindex/DataStore -Xcc -D_LIBCPP_HARDENING_MODE\=_LIBCPP_HARDENING_MODE_DEBUG -swift-version 5 -I /Users/admin/builder/spi-builder-workspace/.derivedData/Build/Products/Debug-watchos -Isystem /Applications/Xcode-27.0.0-Release.Candidate.app/Contents/Developer/Platforms/WatchOS.platform/Developer/usr/lib -F /Users/admin/builder/spi-builder-workspace/.derivedData/Build/Products/Debug-watchos/PackageFrameworks -F /Users/admin/builder/spi-builder-workspace/.derivedData/Build/Products/Debug-watchos -F /Applications/Xcode-27.0.0-Release.Candidate.app/Contents/Developer/Platforms/WatchOS.platform/Developer/Library/Frameworks -F /Applications/Xcode-27.0.0-Release.Candidate.app/Contents/Developer/Platforms/WatchOS.platform/Developer/SDKs/WatchOS27.0.sdk/Developer/Library/Frameworks -c -j10 -enable-batch-mode -incremental -Xcc -ivfsstatcache -Xcc /Users/admin/builder/spi-builder-workspace/.derivedData/SDKStatCaches.noindex/watchos27.0-24R360-e829b21a6f8c9b70876ba0858053c04477534ef55a1706bf4c1112bbb242f0a2.sdkstatcache -output-file-map /Users/admin/builder/spi-builder-workspace/.derivedData/Build/Intermediates.noindex/swift-syntax.build/Debug-watchos/lit-test-helper-p.build/Objects-normal/arm64_32/lit-test-helper-OutputFileMap.json -save-temps -no-color-diagnostics -explicit-module-build -module-cache-path /Users/admin/builder/spi-builder-workspace/.derivedData/Build/Intermediates.noindex/SwiftExplicitPrecompiledModules -clang-scanner-module-cache-path /Users/admin/builder/spi-builder-workspace/.derivedData/ModuleCache.noindex -sdk-module-cache-path /Users/admin/builder/spi-builder-workspace/.derivedData/SDKExplicitPrecompiledModules -emit-dependencies -emit-module -emit-module-path /Users/admin/builder/spi-builder-workspace/.derivedData/Build/Intermediates.noindex/swift-syntax.build/Debug-watchos/lit-test-helper-p.build/Objects-normal/arm64_32/lit_test_helper.swiftmodule -serialize-diagnostics -dependency-scan-serialize-diagnostics-path /Users/admin/builder/spi-builder-workspace/.derivedData/Build/Intermediates.noindex/swift-syntax.build/Debug-watchos/lit-test-helper-p.build/Objects-normal/arm64_32/lit_test_helper-dependency-scan.dia -validate-clang-modules-once -clang-build-session-file /Users/admin/builder/spi-builder-workspace/.derivedData/ModuleCache.noindex/Session.modulevalidation -Xcc -fmodules-prune-interval\=86400 -Xcc -fmodules-prune-after\=345600 -emit-const-values -const-gather-protocols-list /Users/admin/builder/spi-builder-workspace/.derivedData/Build/Intermediates.noindex/swift-syntax.build/Debug-watchos/lit-test-helper-p.build/Objects-normal/arm64_32/lit-test-helper_const_extract_protocols.json -Xcc -I/Users/admin/builder/spi-builder-workspace/.derivedData/Build/Products/Debug-watchos/include -Xcc -I/Users/admin/builder/spi-builder-workspace/.derivedData/Build/Intermediates.noindex/swift-syntax.build/Debug-watchos/lit-test-helper-p.build/DerivedSources-normal/arm64_32 -Xcc -I/Users/admin/builder/spi-builder-workspace/.derivedData/Build/Intermediates.noindex/swift-syntax.build/Debug-watchos/lit-test-helper-p.build/DerivedSources/arm64_32 -Xcc -I/Users/admin/builder/spi-builder-workspace/.derivedData/Build/Intermediates.noindex/swift-syntax.build/Debug-watchos/lit-test-helper-p.build/DerivedSources -Xcc -DSWIFT_PACKAGE -Xcc -DDEBUG\=1 -working-directory /Users/admin/builder/spi-builder-workspace/.swiftpm/xcode -experimental-emit-module-separately -disable-cmo
SwiftDriver lit-test-helper normal arm64 com.apple.xcode.tools.swift.compiler (in target 'lit-test-helper-product' from project 'swift-syntax')
    cd /Users/admin/builder/spi-builder-workspace/.swiftpm/xcode
    builtin-SwiftDriver -- /Applications/Xcode-27.0.0-Release.Candidate.app/Contents/Developer/Toolchains/XcodeDefault.xctoolchain/usr/bin/swiftc -module-name lit_test_helper -Onone @/Users/admin/builder/spi-builder-workspace/.derivedData/Build/Intermediates.noindex/swift-syntax.build/Debug-watchos/lit-test-helper-p.build/Objects-normal/arm64/lit-test-helper.SwiftFileList -DSWIFT_PACKAGE -DDEBUG -DXcode -plugin-path /Applications/Xcode-27.0.0-Release.Candidate.app/Contents/Developer/Toolchains/XcodeDefault.xctoolchain/usr/lib/swift/host/plugins/testing -enable-experimental-feature DebugDescriptionMacro -sdk /Applications/Xcode-27.0.0-Release.Candidate.app/Contents/Developer/Platforms/WatchOS.platform/Developer/SDKs/WatchOS27.0.sdk -target arm64-apple-watchos9.0 -g -module-cache-path /Users/admin/builder/spi-builder-workspace/.derivedData/ModuleCache.noindex -Xfrontend -serialize-debugging-options -profile-coverage-mapping -profile-generate -enable-testing -index-store-path /Users/admin/builder/spi-builder-workspace/.derivedData/Index.noindex/DataStore -Xcc -D_LIBCPP_HARDENING_MODE\=_LIBCPP_HARDENING_MODE_DEBUG -swift-version 5 -I /Users/admin/builder/spi-builder-workspace/.derivedData/Build/Products/Debug-watchos -Isystem /Applications/Xcode-27.0.0-Release.Candidate.app/Contents/Developer/Platforms/WatchOS.platform/Developer/usr/lib -F /Users/admin/builder/spi-builder-workspace/.derivedData/Build/Products/Debug-watchos/PackageFrameworks -F /Users/admin/builder/spi-builder-workspace/.derivedData/Build/Products/Debug-watchos -F /Applications/Xcode-27.0.0-Release.Candidate.app/Contents/Developer/Platforms/WatchOS.platform/Developer/Library/Frameworks -F /Applications/Xcode-27.0.0-Release.Candidate.app/Contents/Developer/Platforms/WatchOS.platform/Developer/SDKs/WatchOS27.0.sdk/Developer/Library/Frameworks -c -j10 -enable-batch-mode -incremental -Xcc -ivfsstatcache -Xcc /Users/admin/builder/spi-builder-workspace/.derivedData/SDKStatCaches.noindex/watchos27.0-24R360-e829b21a6f8c9b70876ba0858053c04477534ef55a1706bf4c1112bbb242f0a2.sdkstatcache -output-file-map /Users/admin/builder/spi-builder-workspace/.derivedData/Build/Intermediates.noindex/swift-syntax.build/Debug-watchos/lit-test-helper-p.build/Objects-normal/arm64/lit-test-helper-OutputFileMap.json -save-temps -no-color-diagnostics -explicit-module-build -module-cache-path /Users/admin/builder/spi-builder-workspace/.derivedData/Build/Intermediates.noindex/SwiftExplicitPrecompiledModules -clang-scanner-module-cache-path /Users/admin/builder/spi-builder-workspace/.derivedData/ModuleCache.noindex -sdk-module-cache-path /Users/admin/builder/spi-builder-workspace/.derivedData/SDKExplicitPrecompiledModules -emit-dependencies -emit-module -emit-module-path /Users/admin/builder/spi-builder-workspace/.derivedData/Build/Intermediates.noindex/swift-syntax.build/Debug-watchos/lit-test-helper-p.build/Objects-normal/arm64/lit_test_helper.swiftmodule -serialize-diagnostics -dependency-scan-serialize-diagnostics-path /Users/admin/builder/spi-builder-workspace/.derivedData/Build/Intermediates.noindex/swift-syntax.build/Debug-watchos/lit-test-helper-p.build/Objects-normal/arm64/lit_test_helper-dependency-scan.dia -validate-clang-modules-once -clang-build-session-file /Users/admin/builder/spi-builder-workspace/.derivedData/ModuleCache.noindex/Session.modulevalidation -Xcc -fmodules-prune-interval\=86400 -Xcc -fmodules-prune-after\=345600 -emit-const-values -const-gather-protocols-list /Users/admin/builder/spi-builder-workspace/.derivedData/Build/Intermediates.noindex/swift-syntax.build/Debug-watchos/lit-test-helper-p.build/Objects-normal/arm64/lit-test-helper_const_extract_protocols.json -Xcc -I/Users/admin/builder/spi-builder-workspace/.derivedData/Build/Products/Debug-watchos/include -Xcc -I/Users/admin/builder/spi-builder-workspace/.derivedData/Build/Intermediates.noindex/swift-syntax.build/Debug-watchos/lit-test-helper-p.build/DerivedSources-normal/arm64 -Xcc -I/Users/admin/builder/spi-builder-workspace/.derivedData/Build/Intermediates.noindex/swift-syntax.build/Debug-watchos/lit-test-helper-p.build/DerivedSources/arm64 -Xcc -I/Users/admin/builder/spi-builder-workspace/.derivedData/Build/Intermediates.noindex/swift-syntax.build/Debug-watchos/lit-test-helper-p.build/DerivedSources -Xcc -DSWIFT_PACKAGE -Xcc -DDEBUG\=1 -working-directory /Users/admin/builder/spi-builder-workspace/.swiftpm/xcode -experimental-emit-module-separately -disable-cmo
SwiftDriver SwiftSyntax normal arm64 com.apple.xcode.tools.swift.compiler (in target 'SwiftSyntax' from project 'swift-syntax')
    cd /Users/admin/builder/spi-builder-workspace/.swiftpm/xcode
    builtin-SwiftDriver -- /Applications/Xcode-27.0.0-Release.Candidate.app/Contents/Developer/Toolchains/XcodeDefault.xctoolchain/usr/bin/swiftc -parse-as-library -module-name SwiftSyntax -Onone @/Users/admin/builder/spi-builder-workspace/.derivedData/Build/Intermediates.noindex/swift-syntax.build/Debug-watchos/SwiftSyntax-t.build/Objects-normal/arm64/SwiftSyntax.SwiftFileList -DSWIFT_PACKAGE -DDEBUG -DSWIFT_MODULE_RESOURCE_BUNDLE_UNAVAILABLE -DXcode -plugin-path /Applications/Xcode-27.0.0-Release.Candidate.app/Contents/Developer/Toolchains/XcodeDefault.xctoolchain/usr/lib/swift/host/plugins/testing -enable-experimental-feature DebugDescriptionMacro -sdk /Applications/Xcode-27.0.0-Release.Candidate.app/Contents/Developer/Platforms/WatchOS.platform/Developer/SDKs/WatchOS27.0.sdk -target arm64-apple-watchos9.0 -g -module-cache-path /Users/admin/builder/spi-builder-workspace/.derivedData/ModuleCache.noindex -Xfrontend -serialize-debugging-options -profile-coverage-mapping -profile-generate -enable-testing -index-store-path /Users/admin/builder/spi-builder-workspace/.derivedData/Index.noindex/DataStore -Xcc -D_LIBCPP_HARDENING_MODE\=_LIBCPP_HARDENING_MODE_DEBUG -swift-version 5 -I /Users/admin/builder/spi-builder-workspace/.derivedData/Build/Products/Debug-watchos -Isystem /Applications/Xcode-27.0.0-Release.Candidate.app/Contents/Developer/Platforms/WatchOS.platform/Developer/usr/lib -F /Users/admin/builder/spi-builder-workspace/.derivedData/Build/Products/Debug-watchos -F /Applications/Xcode-27.0.0-Release.Candidate.app/Contents/Developer/Platforms/WatchOS.platform/Developer/Library/Frameworks -F /Applications/Xcode-27.0.0-Release.Candidate.app/Contents/Developer/Platforms/WatchOS.platform/Developer/SDKs/WatchOS27.0.sdk/Developer/Library/Frameworks -c -j10 -enable-batch-mode -incremental -Xcc -ivfsstatcache -Xcc /Users/admin/builder/spi-builder-workspace/.derivedData/SDKStatCaches.noindex/watchos27.0-24R360-e829b21a6f8c9b70876ba0858053c04477534ef55a1706bf4c1112bbb242f0a2.sdkstatcache -output-file-map /Users/admin/builder/spi-builder-workspace/.derivedData/Build/Intermediates.noindex/swift-syntax.build/Debug-watchos/SwiftSyntax-t.build/Objects-normal/arm64/SwiftSyntax-OutputFileMap.json -save-temps -no-color-diagnostics -explicit-module-build -module-cache-path /Users/admin/builder/spi-builder-workspace/.derivedData/Build/Intermediates.noindex/SwiftExplicitPrecompiledModules -clang-scanner-module-cache-path /Users/admin/builder/spi-builder-workspace/.derivedData/ModuleCache.noindex -sdk-module-cache-path /Users/admin/builder/spi-builder-workspace/.derivedData/SDKExplicitPrecompiledModules -emit-dependencies -emit-module -emit-module-path /Users/admin/builder/spi-builder-workspace/.derivedData/Build/Intermediates.noindex/swift-syntax.build/Debug-watchos/SwiftSyntax-t.build/Objects-normal/arm64/SwiftSyntax.swiftmodule -serialize-diagnostics -dependency-scan-serialize-diagnostics-path /Users/admin/builder/spi-builder-workspace/.derivedData/Build/Intermediates.noindex/swift-syntax.build/Debug-watchos/SwiftSyntax-t.build/Objects-normal/arm64/SwiftSyntax-dependency-scan.dia -validate-clang-modules-once -clang-build-session-file /Users/admin/builder/spi-builder-workspace/.derivedData/ModuleCache.noindex/Session.modulevalidation -Xcc -fmodules-prune-interval\=86400 -Xcc -fmodules-prune-after\=345600 -emit-const-values -const-gather-protocols-list /Users/admin/builder/spi-builder-workspace/.derivedData/Build/Intermediates.noindex/swift-syntax.build/Debug-watchos/SwiftSyntax-t.build/Objects-normal/arm64/SwiftSyntax_const_extract_protocols.json -Xcc -I/Users/admin/builder/spi-builder-workspace/.derivedData/Build/Products/Debug-watchos/include -Xcc -I/Users/admin/builder/spi-builder-workspace/.derivedData/Build/Intermediates.noindex/swift-syntax.build/Debug-watchos/SwiftSyntax-t.build/DerivedSources-normal/arm64 -Xcc -I/Users/admin/builder/spi-builder-workspace/.derivedData/Build/Intermediates.noindex/swift-syntax.build/Debug-watchos/SwiftSyntax-t.build/DerivedSources/arm64 -Xcc -I/Users/admin/builder/spi-builder-workspace/.derivedData/Build/Intermediates.noindex/swift-syntax.build/Debug-watchos/SwiftSyntax-t.build/DerivedSources -Xcc -DSWIFT_PACKAGE -Xcc -DDEBUG\=1 -emit-objc-header -emit-objc-header-path /Users/admin/builder/spi-builder-workspace/.derivedData/Build/Intermediates.noindex/swift-syntax.build/Debug-watchos/SwiftSyntax-t.build/Objects-normal/arm64/SwiftSyntax-Swift.h -working-directory /Users/admin/builder/spi-builder-workspace/.swiftpm/xcode -experimental-emit-module-separately -disable-cmo
SwiftDriver SwiftParserDiagnostics normal arm64_32 com.apple.xcode.tools.swift.compiler (in target 'SwiftParserDiagnostics' from project 'swift-syntax')
    cd /Users/admin/builder/spi-builder-workspace/.swiftpm/xcode
    builtin-SwiftDriver -- /Applications/Xcode-27.0.0-Release.Candidate.app/Contents/Developer/Toolchains/XcodeDefault.xctoolchain/usr/bin/swiftc -parse-as-library -module-name SwiftParserDiagnostics -Onone @/Users/admin/builder/spi-builder-workspace/.derivedData/Build/Intermediates.noindex/swift-syntax.build/Debug-watchos/SwiftParserDiagnostics-t.build/Objects-normal/arm64_32/SwiftParserDiagnostics.SwiftFileList -DSWIFT_PACKAGE -DDEBUG -DSWIFT_MODULE_RESOURCE_BUNDLE_UNAVAILABLE -DXcode -plugin-path /Applications/Xcode-27.0.0-Release.Candidate.app/Contents/Developer/Toolchains/XcodeDefault.xctoolchain/usr/lib/swift/host/plugins/testing -enable-experimental-feature DebugDescriptionMacro -sdk /Applications/Xcode-27.0.0-Release.Candidate.app/Contents/Developer/Platforms/WatchOS.platform/Developer/SDKs/WatchOS27.0.sdk -target arm64_32-apple-watchos9.0 -g -module-cache-path /Users/admin/builder/spi-builder-workspace/.derivedData/ModuleCache.noindex -Xfrontend -serialize-debugging-options -profile-coverage-mapping -profile-generate -enable-testing -index-store-path /Users/admin/builder/spi-builder-workspace/.derivedData/Index.noindex/DataStore -Xcc -D_LIBCPP_HARDENING_MODE\=_LIBCPP_HARDENING_MODE_DEBUG -swift-version 5 -I /Users/admin/builder/spi-builder-workspace/.derivedData/Build/Products/Debug-watchos -Isystem /Applications/Xcode-27.0.0-Release.Candidate.app/Contents/Developer/Platforms/WatchOS.platform/Developer/usr/lib -F /Users/admin/builder/spi-builder-workspace/.derivedData/Build/Products/Debug-watchos/PackageFrameworks -F /Users/admin/builder/spi-builder-workspace/.derivedData/Build/Products/Debug-watchos -F /Applications/Xcode-27.0.0-Release.Candidate.app/Contents/Developer/Platforms/WatchOS.platform/Developer/Library/Frameworks -F /Applications/Xcode-27.0.0-Release.Candidate.app/Contents/Developer/Platforms/WatchOS.platform/Developer/SDKs/WatchOS27.0.sdk/Developer/Library/Frameworks -c -j10 -enable-batch-mode -incremental -Xcc -ivfsstatcache -Xcc /Users/admin/builder/spi-builder-workspace/.derivedData/SDKStatCaches.noindex/watchos27.0-24R360-e829b21a6f8c9b70876ba0858053c04477534ef55a1706bf4c1112bbb242f0a2.sdkstatcache -output-file-map /Users/admin/builder/spi-builder-workspace/.derivedData/Build/Intermediates.noindex/swift-syntax.build/Debug-watchos/SwiftParserDiagnostics-t.build/Objects-normal/arm64_32/SwiftParserDiagnostics-OutputFileMap.json -save-temps -no-color-diagnostics -explicit-module-build -module-cache-path /Users/admin/builder/spi-builder-workspace/.derivedData/Build/Intermediates.noindex/SwiftExplicitPrecompiledModules -clang-scanner-module-cache-path /Users/admin/builder/spi-builder-workspace/.derivedData/ModuleCache.noindex -sdk-module-cache-path /Users/admin/builder/spi-builder-workspace/.derivedData/SDKExplicitPrecompiledModules -emit-dependencies -emit-module -emit-module-path /Users/admin/builder/spi-builder-workspace/.derivedData/Build/Intermediates.noindex/swift-syntax.build/Debug-watchos/SwiftParserDiagnostics-t.build/Objects-normal/arm64_32/SwiftParserDiagnostics.swiftmodule -serialize-diagnostics -dependency-scan-serialize-diagnostics-path /Users/admin/builder/spi-builder-workspace/.derivedData/Build/Intermediates.noindex/swift-syntax.build/Debug-watchos/SwiftParserDiagnostics-t.build/Objects-normal/arm64_32/SwiftParserDiagnostics-dependency-scan.dia -validate-clang-modules-once -clang-build-session-file /Users/admin/builder/spi-builder-workspace/.derivedData/ModuleCache.noindex/Session.modulevalidation -Xcc -fmodules-prune-interval\=86400 -Xcc -fmodules-prune-after\=345600 -emit-const-values -const-gather-protocols-list /Users/admin/builder/spi-builder-workspace/.derivedData/Build/Intermediates.noindex/swift-syntax.build/Debug-watchos/SwiftParserDiagnostics-t.build/Objects-normal/arm64_32/SwiftParserDiagnostics_const_extract_protocols.json -Xcc -I/Users/admin/builder/spi-builder-workspace/.derivedData/Build/Products/Debug-watchos/include -Xcc -I/Users/admin/builder/spi-builder-workspace/.derivedData/Build/Intermediates.noindex/swift-syntax.build/Debug-watchos/SwiftParserDiagnostics-t.build/DerivedSources-normal/arm64_32 -Xcc -I/Users/admin/builder/spi-builder-workspace/.derivedData/Build/Intermediates.noindex/swift-syntax.build/Debug-watchos/SwiftParserDiagnostics-t.build/DerivedSources/arm64_32 -Xcc -I/Users/admin/builder/spi-builder-workspace/.derivedData/Build/Intermediates.noindex/swift-syntax.build/Debug-watchos/SwiftParserDiagnostics-t.build/DerivedSources -Xcc -DSWIFT_PACKAGE -Xcc -DDEBUG\=1 -emit-objc-header -emit-objc-header-path /Users/admin/builder/spi-builder-workspace/.derivedData/Build/Intermediates.noindex/swift-syntax.build/Debug-watchos/SwiftParserDiagnostics-t.build/Objects-normal/arm64_32/SwiftParserDiagnostics-Swift.h -working-directory /Users/admin/builder/spi-builder-workspace/.swiftpm/xcode -experimental-emit-module-separately -disable-cmo
SwiftDriver SwiftParserDiagnostics normal arm64 com.apple.xcode.tools.swift.compiler (in target 'SwiftParserDiagnostics' from project 'swift-syntax')
    cd /Users/admin/builder/spi-builder-workspace/.swiftpm/xcode
    builtin-SwiftDriver -- /Applications/Xcode-27.0.0-Release.Candidate.app/Contents/Developer/Toolchains/XcodeDefault.xctoolchain/usr/bin/swiftc -parse-as-library -module-name SwiftParserDiagnostics -Onone @/Users/admin/builder/spi-builder-workspace/.derivedData/Build/Intermediates.noindex/swift-syntax.build/Debug-watchos/SwiftParserDiagnostics-t.build/Objects-normal/arm64/SwiftParserDiagnostics.SwiftFileList -DSWIFT_PACKAGE -DDEBUG -DSWIFT_MODULE_RESOURCE_BUNDLE_UNAVAILABLE -DXcode -plugin-path /Applications/Xcode-27.0.0-Release.Candidate.app/Contents/Developer/Toolchains/XcodeDefault.xctoolchain/usr/lib/swift/host/plugins/testing -enable-experimental-feature DebugDescriptionMacro -sdk /Applications/Xcode-27.0.0-Release.Candidate.app/Contents/Developer/Platforms/WatchOS.platform/Developer/SDKs/WatchOS27.0.sdk -target arm64-apple-watchos9.0 -g -module-cache-path /Users/admin/builder/spi-builder-workspace/.derivedData/ModuleCache.noindex -Xfrontend -serialize-debugging-options -profile-coverage-mapping -profile-generate -enable-testing -index-store-path /Users/admin/builder/spi-builder-workspace/.derivedData/Index.noindex/DataStore -Xcc -D_LIBCPP_HARDENING_MODE\=_LIBCPP_HARDENING_MODE_DEBUG -swift-version 5 -I /Users/admin/builder/spi-builder-workspace/.derivedData/Build/Products/Debug-watchos -Isystem /Applications/Xcode-27.0.0-Release.Candidate.app/Contents/Developer/Platforms/WatchOS.platform/Developer/usr/lib -F /Users/admin/builder/spi-builder-workspace/.derivedData/Build/Products/Debug-watchos/PackageFrameworks -F /Users/admin/builder/spi-builder-workspace/.derivedData/Build/Products/Debug-watchos -F /Applications/Xcode-27.0.0-Release.Candidate.app/Contents/Developer/Platforms/WatchOS.platform/Developer/Library/Frameworks -F /Applications/Xcode-27.0.0-Release.Candidate.app/Contents/Developer/Platforms/WatchOS.platform/Developer/SDKs/WatchOS27.0.sdk/Developer/Library/Frameworks -c -j10 -enable-batch-mode -incremental -Xcc -ivfsstatcache -Xcc /Users/admin/builder/spi-builder-workspace/.derivedData/SDKStatCaches.noindex/watchos27.0-24R360-e829b21a6f8c9b70876ba0858053c04477534ef55a1706bf4c1112bbb242f0a2.sdkstatcache -output-file-map /Users/admin/builder/spi-builder-workspace/.derivedData/Build/Intermediates.noindex/swift-syntax.build/Debug-watchos/SwiftParserDiagnostics-t.build/Objects-normal/arm64/SwiftParserDiagnostics-OutputFileMap.json -save-temps -no-color-diagnostics -explicit-module-build -module-cache-path /Users/admin/builder/spi-builder-workspace/.derivedData/Build/Intermediates.noindex/SwiftExplicitPrecompiledModules -clang-scanner-module-cache-path /Users/admin/builder/spi-builder-workspace/.derivedData/ModuleCache.noindex -sdk-module-cache-path /Users/admin/builder/spi-builder-workspace/.derivedData/SDKExplicitPrecompiledModules -emit-dependencies -emit-module -emit-module-path /Users/admin/builder/spi-builder-workspace/.derivedData/Build/Intermediates.noindex/swift-syntax.build/Debug-watchos/SwiftParserDiagnostics-t.build/Objects-normal/arm64/SwiftParserDiagnostics.swiftmodule -serialize-diagnostics -dependency-scan-serialize-diagnostics-path /Users/admin/builder/spi-builder-workspace/.derivedData/Build/Intermediates.noindex/swift-syntax.build/Debug-watchos/SwiftParserDiagnostics-t.build/Objects-normal/arm64/SwiftParserDiagnostics-dependency-scan.dia -validate-clang-modules-once -clang-build-session-file /Users/admin/builder/spi-builder-workspace/.derivedData/ModuleCache.noindex/Session.modulevalidation -Xcc -fmodules-prune-interval\=86400 -Xcc -fmodules-prune-after\=345600 -emit-const-values -const-gather-protocols-list /Users/admin/builder/spi-builder-workspace/.derivedData/Build/Intermediates.noindex/swift-syntax.build/Debug-watchos/SwiftParserDiagnostics-t.build/Objects-normal/arm64/SwiftParserDiagnostics_const_extract_protocols.json -Xcc -I/Users/admin/builder/spi-builder-workspace/.derivedData/Build/Products/Debug-watchos/include -Xcc -I/Users/admin/builder/spi-builder-workspace/.derivedData/Build/Intermediates.noindex/swift-syntax.build/Debug-watchos/SwiftParserDiagnostics-t.build/DerivedSources-normal/arm64 -Xcc -I/Users/admin/builder/spi-builder-workspace/.derivedData/Build/Intermediates.noindex/swift-syntax.build/Debug-watchos/SwiftParserDiagnostics-t.build/DerivedSources/arm64 -Xcc -I/Users/admin/builder/spi-builder-workspace/.derivedData/Build/Intermediates.noindex/swift-syntax.build/Debug-watchos/SwiftParserDiagnostics-t.build/DerivedSources -Xcc -DSWIFT_PACKAGE -Xcc -DDEBUG\=1 -emit-objc-header -emit-objc-header-path /Users/admin/builder/spi-builder-workspace/.derivedData/Build/Intermediates.noindex/swift-syntax.build/Debug-watchos/SwiftParserDiagnostics-t.build/Objects-normal/arm64/SwiftParserDiagnostics-Swift.h -working-directory /Users/admin/builder/spi-builder-workspace/.swiftpm/xcode -experimental-emit-module-separately -disable-cmo
SwiftDriver SwiftOperators normal arm64_32 com.apple.xcode.tools.swift.compiler (in target 'SwiftOperators' from project 'swift-syntax')
    cd /Users/admin/builder/spi-builder-workspace/.swiftpm/xcode
    builtin-SwiftDriver -- /Applications/Xcode-27.0.0-Release.Candidate.app/Contents/Developer/Toolchains/XcodeDefault.xctoolchain/usr/bin/swiftc -parse-as-library -module-name SwiftOperators -Onone @/Users/admin/builder/spi-builder-workspace/.derivedData/Build/Intermediates.noindex/swift-syntax.build/Debug-watchos/SwiftOperators-t.build/Objects-normal/arm64_32/SwiftOperators.SwiftFileList -DSWIFT_PACKAGE -DDEBUG -DSWIFT_MODULE_RESOURCE_BUNDLE_UNAVAILABLE -DXcode -plugin-path /Applications/Xcode-27.0.0-Release.Candidate.app/Contents/Developer/Toolchains/XcodeDefault.xctoolchain/usr/lib/swift/host/plugins/testing -enable-experimental-feature DebugDescriptionMacro -sdk /Applications/Xcode-27.0.0-Release.Candidate.app/Contents/Developer/Platforms/WatchOS.platform/Developer/SDKs/WatchOS27.0.sdk -target arm64_32-apple-watchos9.0 -g -module-cache-path /Users/admin/builder/spi-builder-workspace/.derivedData/ModuleCache.noindex -Xfrontend -serialize-debugging-options -profile-coverage-mapping -profile-generate -enable-testing -index-store-path /Users/admin/builder/spi-builder-workspace/.derivedData/Index.noindex/DataStore -Xcc -D_LIBCPP_HARDENING_MODE\=_LIBCPP_HARDENING_MODE_DEBUG -swift-version 5 -I /Users/admin/builder/spi-builder-workspace/.derivedData/Build/Products/Debug-watchos -Isystem /Applications/Xcode-27.0.0-Release.Candidate.app/Contents/Developer/Platforms/WatchOS.platform/Developer/usr/lib -F /Users/admin/builder/spi-builder-workspace/.derivedData/Build/Products/Debug-watchos/PackageFrameworks -F /Users/admin/builder/spi-builder-workspace/.derivedData/Build/Products/Debug-watchos -F /Applications/Xcode-27.0.0-Release.Candidate.app/Contents/Developer/Platforms/WatchOS.platform/Developer/Library/Frameworks -F /Applications/Xcode-27.0.0-Release.Candidate.app/Contents/Developer/Platforms/WatchOS.platform/Developer/SDKs/WatchOS27.0.sdk/Developer/Library/Frameworks -c -j10 -enable-batch-mode -incremental -Xcc -ivfsstatcache -Xcc /Users/admin/builder/spi-builder-workspace/.derivedData/SDKStatCaches.noindex/watchos27.0-24R360-e829b21a6f8c9b70876ba0858053c04477534ef55a1706bf4c1112bbb242f0a2.sdkstatcache -output-file-map /Users/admin/builder/spi-builder-workspace/.derivedData/Build/Intermediates.noindex/swift-syntax.build/Debug-watchos/SwiftOperators-t.build/Objects-normal/arm64_32/SwiftOperators-OutputFileMap.json -save-temps -no-color-diagnostics -explicit-module-build -module-cache-path /Users/admin/builder/spi-builder-workspace/.derivedData/Build/Intermediates.noindex/SwiftExplicitPrecompiledModules -clang-scanner-module-cache-path /Users/admin/builder/spi-builder-workspace/.derivedData/ModuleCache.noindex -sdk-module-cache-path /Users/admin/builder/spi-builder-workspace/.derivedData/SDKExplicitPrecompiledModules -emit-dependencies -emit-module -emit-module-path /Users/admin/builder/spi-builder-workspace/.derivedData/Build/Intermediates.noindex/swift-syntax.build/Debug-watchos/SwiftOperators-t.build/Objects-normal/arm64_32/SwiftOperators.swiftmodule -serialize-diagnostics -dependency-scan-serialize-diagnostics-path /Users/admin/builder/spi-builder-workspace/.derivedData/Build/Intermediates.noindex/swift-syntax.build/Debug-watchos/SwiftOperators-t.build/Objects-normal/arm64_32/SwiftOperators-dependency-scan.dia -validate-clang-modules-once -clang-build-session-file /Users/admin/builder/spi-builder-workspace/.derivedData/ModuleCache.noindex/Session.modulevalidation -Xcc -fmodules-prune-interval\=86400 -Xcc -fmodules-prune-after\=345600 -emit-const-values -const-gather-protocols-list /Users/admin/builder/spi-builder-workspace/.derivedData/Build/Intermediates.noindex/swift-syntax.build/Debug-watchos/SwiftOperators-t.build/Objects-normal/arm64_32/SwiftOperators_const_extract_protocols.json -Xcc -I/Users/admin/builder/spi-builder-workspace/.derivedData/Build/Products/Debug-watchos/include -Xcc -I/Users/admin/builder/spi-builder-workspace/.derivedData/Build/Intermediates.noindex/swift-syntax.build/Debug-watchos/SwiftOperators-t.build/DerivedSources-normal/arm64_32 -Xcc -I/Users/admin/builder/spi-builder-workspace/.derivedData/Build/Intermediates.noindex/swift-syntax.build/Debug-watchos/SwiftOperators-t.build/DerivedSources/arm64_32 -Xcc -I/Users/admin/builder/spi-builder-workspace/.derivedData/Build/Intermediates.noindex/swift-syntax.build/Debug-watchos/SwiftOperators-t.build/DerivedSources -Xcc -DSWIFT_PACKAGE -Xcc -DDEBUG\=1 -emit-objc-header -emit-objc-header-path /Users/admin/builder/spi-builder-workspace/.derivedData/Build/Intermediates.noindex/swift-syntax.build/Debug-watchos/SwiftOperators-t.build/Objects-normal/arm64_32/SwiftOperators-Swift.h -working-directory /Users/admin/builder/spi-builder-workspace/.swiftpm/xcode -experimental-emit-module-separately -disable-cmo
SwiftDriver SwiftOperators normal arm64 com.apple.xcode.tools.swift.compiler (in target 'SwiftOperators' from project 'swift-syntax')
    cd /Users/admin/builder/spi-builder-workspace/.swiftpm/xcode
    builtin-SwiftDriver -- /Applications/Xcode-27.0.0-Release.Candidate.app/Contents/Developer/Toolchains/XcodeDefault.xctoolchain/usr/bin/swiftc -parse-as-library -module-name SwiftOperators -Onone @/Users/admin/builder/spi-builder-workspace/.derivedData/Build/Intermediates.noindex/swift-syntax.build/Debug-watchos/SwiftOperators-t.build/Objects-normal/arm64/SwiftOperators.SwiftFileList -DSWIFT_PACKAGE -DDEBUG -DSWIFT_MODULE_RESOURCE_BUNDLE_UNAVAILABLE -DXcode -plugin-path /Applications/Xcode-27.0.0-Release.Candidate.app/Contents/Developer/Toolchains/XcodeDefault.xctoolchain/usr/lib/swift/host/plugins/testing -enable-experimental-feature DebugDescriptionMacro -sdk /Applications/Xcode-27.0.0-Release.Candidate.app/Contents/Developer/Platforms/WatchOS.platform/Developer/SDKs/WatchOS27.0.sdk -target arm64-apple-watchos9.0 -g -module-cache-path /Users/admin/builder/spi-builder-workspace/.derivedData/ModuleCache.noindex -Xfrontend -serialize-debugging-options -profile-coverage-mapping -profile-generate -enable-testing -index-store-path /Users/admin/builder/spi-builder-workspace/.derivedData/Index.noindex/DataStore -Xcc -D_LIBCPP_HARDENING_MODE\=_LIBCPP_HARDENING_MODE_DEBUG -swift-version 5 -I /Users/admin/builder/spi-builder-workspace/.derivedData/Build/Products/Debug-watchos -Isystem /Applications/Xcode-27.0.0-Release.Candidate.app/Contents/Developer/Platforms/WatchOS.platform/Developer/usr/lib -F /Users/admin/builder/spi-builder-workspace/.derivedData/Build/Products/Debug-watchos/PackageFrameworks -F /Users/admin/builder/spi-builder-workspace/.derivedData/Build/Products/Debug-watchos -F /Applications/Xcode-27.0.0-Release.Candidate.app/Contents/Developer/Platforms/WatchOS.platform/Developer/Library/Frameworks -F /Applications/Xcode-27.0.0-Release.Candidate.app/Contents/Developer/Platforms/WatchOS.platform/Developer/SDKs/WatchOS27.0.sdk/Developer/Library/Frameworks -c -j10 -enable-batch-mode -incremental -Xcc -ivfsstatcache -Xcc /Users/admin/builder/spi-builder-workspace/.derivedData/SDKStatCaches.noindex/watchos27.0-24R360-e829b21a6f8c9b70876ba0858053c04477534ef55a1706bf4c1112bbb242f0a2.sdkstatcache -output-file-map /Users/admin/builder/spi-builder-workspace/.derivedData/Build/Intermediates.noindex/swift-syntax.build/Debug-watchos/SwiftOperators-t.build/Objects-normal/arm64/SwiftOperators-OutputFileMap.json -save-temps -no-color-diagnostics -explicit-module-build -module-cache-path /Users/admin/builder/spi-builder-workspace/.derivedData/Build/Intermediates.noindex/SwiftExplicitPrecompiledModules -clang-scanner-module-cache-path /Users/admin/builder/spi-builder-workspace/.derivedData/ModuleCache.noindex -sdk-module-cache-path /Users/admin/builder/spi-builder-workspace/.derivedData/SDKExplicitPrecompiledModules -emit-dependencies -emit-module -emit-module-path /Users/admin/builder/spi-builder-workspace/.derivedData/Build/Intermediates.noindex/swift-syntax.build/Debug-watchos/SwiftOperators-t.build/Objects-normal/arm64/SwiftOperators.swiftmodule -serialize-diagnostics -dependency-scan-serialize-diagnostics-path /Users/admin/builder/spi-builder-workspace/.derivedData/Build/Intermediates.noindex/swift-syntax.build/Debug-watchos/SwiftOperators-t.build/Objects-normal/arm64/SwiftOperators-dependency-scan.dia -validate-clang-modules-once -clang-build-session-file /Users/admin/builder/spi-builder-workspace/.derivedData/ModuleCache.noindex/Session.modulevalidation -Xcc -fmodules-prune-interval\=86400 -Xcc -fmodules-prune-after\=345600 -emit-const-values -const-gather-protocols-list /Users/admin/builder/spi-builder-workspace/.derivedData/Build/Intermediates.noindex/swift-syntax.build/Debug-watchos/SwiftOperators-t.build/Objects-normal/arm64/SwiftOperators_const_extract_protocols.json -Xcc -I/Users/admin/builder/spi-builder-workspace/.derivedData/Build/Products/Debug-watchos/include -Xcc -I/Users/admin/builder/spi-builder-workspace/.derivedData/Build/Intermediates.noindex/swift-syntax.build/Debug-watchos/SwiftOperators-t.build/DerivedSources-normal/arm64 -Xcc -I/Users/admin/builder/spi-builder-workspace/.derivedData/Build/Intermediates.noindex/swift-syntax.build/Debug-watchos/SwiftOperators-t.build/DerivedSources/arm64 -Xcc -I/Users/admin/builder/spi-builder-workspace/.derivedData/Build/Intermediates.noindex/swift-syntax.build/Debug-watchos/SwiftOperators-t.build/DerivedSources -Xcc -DSWIFT_PACKAGE -Xcc -DDEBUG\=1 -emit-objc-header -emit-objc-header-path /Users/admin/builder/spi-builder-workspace/.derivedData/Build/Intermediates.noindex/swift-syntax.build/Debug-watchos/SwiftOperators-t.build/Objects-normal/arm64/SwiftOperators-Swift.h -working-directory /Users/admin/builder/spi-builder-workspace/.swiftpm/xcode -experimental-emit-module-separately -disable-cmo
SwiftDriver SwiftBasicFormat normal arm64_32 com.apple.xcode.tools.swift.compiler (in target 'SwiftBasicFormat' from project 'swift-syntax')
    cd /Users/admin/builder/spi-builder-workspace/.swiftpm/xcode
    builtin-SwiftDriver -- /Applications/Xcode-27.0.0-Release.Candidate.app/Contents/Developer/Toolchains/XcodeDefault.xctoolchain/usr/bin/swiftc -parse-as-library -module-name SwiftBasicFormat -Onone @/Users/admin/builder/spi-builder-workspace/.derivedData/Build/Intermediates.noindex/swift-syntax.build/Debug-watchos/SwiftBasicFormat-t.build/Objects-normal/arm64_32/SwiftBasicFormat.SwiftFileList -DSWIFT_PACKAGE -DDEBUG -DSWIFT_MODULE_RESOURCE_BUNDLE_UNAVAILABLE -DXcode -plugin-path /Applications/Xcode-27.0.0-Release.Candidate.app/Contents/Developer/Toolchains/XcodeDefault.xctoolchain/usr/lib/swift/host/plugins/testing -enable-experimental-feature DebugDescriptionMacro -sdk /Applications/Xcode-27.0.0-Release.Candidate.app/Contents/Developer/Platforms/WatchOS.platform/Developer/SDKs/WatchOS27.0.sdk -target arm64_32-apple-watchos9.0 -g -module-cache-path /Users/admin/builder/spi-builder-workspace/.derivedData/ModuleCache.noindex -Xfrontend -serialize-debugging-options -profile-coverage-mapping -profile-generate -enable-testing -index-store-path /Users/admin/builder/spi-builder-workspace/.derivedData/Index.noindex/DataStore -Xcc -D_LIBCPP_HARDENING_MODE\=_LIBCPP_HARDENING_MODE_DEBUG -swift-version 5 -I /Users/admin/builder/spi-builder-workspace/.derivedData/Build/Products/Debug-watchos -Isystem /Applications/Xcode-27.0.0-Release.Candidate.app/Contents/Developer/Platforms/WatchOS.platform/Developer/usr/lib -F /Users/admin/builder/spi-builder-workspace/.derivedData/Build/Products/Debug-watchos/PackageFrameworks -F /Users/admin/builder/spi-builder-workspace/.derivedData/Build/Products/Debug-watchos -F /Applications/Xcode-27.0.0-Release.Candidate.app/Contents/Developer/Platforms/WatchOS.platform/Developer/Library/Frameworks -F /Applications/Xcode-27.0.0-Release.Candidate.app/Contents/Developer/Platforms/WatchOS.platform/Developer/SDKs/WatchOS27.0.sdk/Developer/Library/Frameworks -c -j10 -enable-batch-mode -incremental -Xcc -ivfsstatcache -Xcc /Users/admin/builder/spi-builder-workspace/.derivedData/SDKStatCaches.noindex/watchos27.0-24R360-e829b21a6f8c9b70876ba0858053c04477534ef55a1706bf4c1112bbb242f0a2.sdkstatcache -output-file-map /Users/admin/builder/spi-builder-workspace/.derivedData/Build/Intermediates.noindex/swift-syntax.build/Debug-watchos/SwiftBasicFormat-t.build/Objects-normal/arm64_32/SwiftBasicFormat-OutputFileMap.json -save-temps -no-color-diagnostics -explicit-module-build -module-cache-path /Users/admin/builder/spi-builder-workspace/.derivedData/Build/Intermediates.noindex/SwiftExplicitPrecompiledModules -clang-scanner-module-cache-path /Users/admin/builder/spi-builder-workspace/.derivedData/ModuleCache.noindex -sdk-module-cache-path /Users/admin/builder/spi-builder-workspace/.derivedData/SDKExplicitPrecompiledModules -emit-dependencies -emit-module -emit-module-path /Users/admin/builder/spi-builder-workspace/.derivedData/Build/Intermediates.noindex/swift-syntax.build/Debug-watchos/SwiftBasicFormat-t.build/Objects-normal/arm64_32/SwiftBasicFormat.swiftmodule -serialize-diagnostics -dependency-scan-serialize-diagnostics-path /Users/admin/builder/spi-builder-workspace/.derivedData/Build/Intermediates.noindex/swift-syntax.build/Debug-watchos/SwiftBasicFormat-t.build/Objects-normal/arm64_32/SwiftBasicFormat-dependency-scan.dia -validate-clang-modules-once -clang-build-session-file /Users/admin/builder/spi-builder-workspace/.derivedData/ModuleCache.noindex/Session.modulevalidation -Xcc -fmodules-prune-interval\=86400 -Xcc -fmodules-prune-after\=345600 -emit-const-values -const-gather-protocols-list /Users/admin/builder/spi-builder-workspace/.derivedData/Build/Intermediates.noindex/swift-syntax.build/Debug-watchos/SwiftBasicFormat-t.build/Objects-normal/arm64_32/SwiftBasicFormat_const_extract_protocols.json -Xcc -I/Users/admin/builder/spi-builder-workspace/.derivedData/Build/Products/Debug-watchos/include -Xcc -I/Users/admin/builder/spi-builder-workspace/.derivedData/Build/Intermediates.noindex/swift-syntax.build/Debug-watchos/SwiftBasicFormat-t.build/DerivedSources-normal/arm64_32 -Xcc -I/Users/admin/builder/spi-builder-workspace/.derivedData/Build/Intermediates.noindex/swift-syntax.build/Debug-watchos/SwiftBasicFormat-t.build/DerivedSources/arm64_32 -Xcc -I/Users/admin/builder/spi-builder-workspace/.derivedData/Build/Intermediates.noindex/swift-syntax.build/Debug-watchos/SwiftBasicFormat-t.build/DerivedSources -Xcc -DSWIFT_PACKAGE -Xcc -DDEBUG\=1 -emit-objc-header -emit-objc-header-path /Users/admin/builder/spi-builder-workspace/.derivedData/Build/Intermediates.noindex/swift-syntax.build/Debug-watchos/SwiftBasicFormat-t.build/Objects-normal/arm64_32/SwiftBasicFormat-Swift.h -working-directory /Users/admin/builder/spi-builder-workspace/.swiftpm/xcode -experimental-emit-module-separately -disable-cmo
SwiftDriver SwiftBasicFormat normal arm64 com.apple.xcode.tools.swift.compiler (in target 'SwiftBasicFormat' from project 'swift-syntax')
    cd /Users/admin/builder/spi-builder-workspace/.swiftpm/xcode
    builtin-SwiftDriver -- /Applications/Xcode-27.0.0-Release.Candidate.app/Contents/Developer/Toolchains/XcodeDefault.xctoolchain/usr/bin/swiftc -parse-as-library -module-name SwiftBasicFormat -Onone @/Users/admin/builder/spi-builder-workspace/.derivedData/Build/Intermediates.noindex/swift-syntax.build/Debug-watchos/SwiftBasicFormat-t.build/Objects-normal/arm64/SwiftBasicFormat.SwiftFileList -DSWIFT_PACKAGE -DDEBUG -DSWIFT_MODULE_RESOURCE_BUNDLE_UNAVAILABLE -DXcode -plugin-path /Applications/Xcode-27.0.0-Release.Candidate.app/Contents/Developer/Toolchains/XcodeDefault.xctoolchain/usr/lib/swift/host/plugins/testing -enable-experimental-feature DebugDescriptionMacro -sdk /Applications/Xcode-27.0.0-Release.Candidate.app/Contents/Developer/Platforms/WatchOS.platform/Developer/SDKs/WatchOS27.0.sdk -target arm64-apple-watchos9.0 -g -module-cache-path /Users/admin/builder/spi-builder-workspace/.derivedData/ModuleCache.noindex -Xfrontend -serialize-debugging-options -profile-coverage-mapping -profile-generate -enable-testing -index-store-path /Users/admin/builder/spi-builder-workspace/.derivedData/Index.noindex/DataStore -Xcc -D_LIBCPP_HARDENING_MODE\=_LIBCPP_HARDENING_MODE_DEBUG -swift-version 5 -I /Users/admin/builder/spi-builder-workspace/.derivedData/Build/Products/Debug-watchos -Isystem /Applications/Xcode-27.0.0-Release.Candidate.app/Contents/Developer/Platforms/WatchOS.platform/Developer/usr/lib -F /Users/admin/builder/spi-builder-workspace/.derivedData/Build/Products/Debug-watchos/PackageFrameworks -F /Users/admin/builder/spi-builder-workspace/.derivedData/Build/Products/Debug-watchos -F /Applications/Xcode-27.0.0-Release.Candidate.app/Contents/Developer/Platforms/WatchOS.platform/Developer/Library/Frameworks -F /Applications/Xcode-27.0.0-Release.Candidate.app/Contents/Developer/Platforms/WatchOS.platform/Developer/SDKs/WatchOS27.0.sdk/Developer/Library/Frameworks -c -j10 -enable-batch-mode -incremental -Xcc -ivfsstatcache -Xcc /Users/admin/builder/spi-builder-workspace/.derivedData/SDKStatCaches.noindex/watchos27.0-24R360-e829b21a6f8c9b70876ba0858053c04477534ef55a1706bf4c1112bbb242f0a2.sdkstatcache -output-file-map /Users/admin/builder/spi-builder-workspace/.derivedData/Build/Intermediates.noindex/swift-syntax.build/Debug-watchos/SwiftBasicFormat-t.build/Objects-normal/arm64/SwiftBasicFormat-OutputFileMap.json -save-temps -no-color-diagnostics -explicit-module-build -module-cache-path /Users/admin/builder/spi-builder-workspace/.derivedData/Build/Intermediates.noindex/SwiftExplicitPrecompiledModules -clang-scanner-module-cache-path /Users/admin/builder/spi-builder-workspace/.derivedData/ModuleCache.noindex -sdk-module-cache-path /Users/admin/builder/spi-builder-workspace/.derivedData/SDKExplicitPrecompiledModules -emit-dependencies -emit-module -emit-module-path /Users/admin/builder/spi-builder-workspace/.derivedData/Build/Intermediates.noindex/swift-syntax.build/Debug-watchos/SwiftBasicFormat-t.build/Objects-normal/arm64/SwiftBasicFormat.swiftmodule -serialize-diagnostics -dependency-scan-serialize-diagnostics-path /Users/admin/builder/spi-builder-workspace/.derivedData/Build/Intermediates.noindex/swift-syntax.build/Debug-watchos/SwiftBasicFormat-t.build/Objects-normal/arm64/SwiftBasicFormat-dependency-scan.dia -validate-clang-modules-once -clang-build-session-file /Users/admin/builder/spi-builder-workspace/.derivedData/ModuleCache.noindex/Session.modulevalidation -Xcc -fmodules-prune-interval\=86400 -Xcc -fmodules-prune-after\=345600 -emit-const-values -const-gather-protocols-list /Users/admin/builder/spi-builder-workspace/.derivedData/Build/Intermediates.noindex/swift-syntax.build/Debug-watchos/SwiftBasicFormat-t.build/Objects-normal/arm64/SwiftBasicFormat_const_extract_protocols.json -Xcc -I/Users/admin/builder/spi-builder-workspace/.derivedData/Build/Products/Debug-watchos/include -Xcc -I/Users/admin/builder/spi-builder-workspace/.derivedData/Build/Intermediates.noindex/swift-syntax.build/Debug-watchos/SwiftBasicFormat-t.build/DerivedSources-normal/arm64 -Xcc -I/Users/admin/builder/spi-builder-workspace/.derivedData/Build/Intermediates.noindex/swift-syntax.build/Debug-watchos/SwiftBasicFormat-t.build/DerivedSources/arm64 -Xcc -I/Users/admin/builder/spi-builder-workspace/.derivedData/Build/Intermediates.noindex/swift-syntax.build/Debug-watchos/SwiftBasicFormat-t.build/DerivedSources -Xcc -DSWIFT_PACKAGE -Xcc -DDEBUG\=1 -emit-objc-header -emit-objc-header-path /Users/admin/builder/spi-builder-workspace/.derivedData/Build/Intermediates.noindex/swift-syntax.build/Debug-watchos/SwiftBasicFormat-t.build/Objects-normal/arm64/SwiftBasicFormat-Swift.h -working-directory /Users/admin/builder/spi-builder-workspace/.swiftpm/xcode -experimental-emit-module-separately -disable-cmo
SwiftCompile normal arm64_32 Compiling\ BasicFormat.swift /Users/admin/builder/spi-builder-workspace/Sources/SwiftBasicFormat/BasicFormat.swift (in target 'SwiftBasicFormat' from project 'swift-syntax')
/Users/admin/builder/spi-builder-workspace/Sources/SwiftBasicFormat/BasicFormat.swift:362:14: error: use of local variable 'trailingTrivia' before its declaration
360 |     lazy var combinedTrailingTrivia: Trivia = {
361 |       let nextTokenLeadingWhitespace = nextToken?.leadingTrivia.prefix(while: { $0.isSpaceOrTab }) ?? []
362 |       return trailingTrivia + Trivia(pieces: nextTokenLeadingWhitespace)
    |              `- error: use of local variable 'trailingTrivia' before its declaration
363 |     }()
364 |
365 |     var leadingTrivia = token.leadingTrivia
366 |     var trailingTrivia = token.trailingTrivia
    |         `- note: 'trailingTrivia' declared here
367 |
368 |     if requiresNewline(between: previousToken, and: token) {
Failed frontend command:
/Applications/Xcode-27.0.0-Release.Candidate.app/Contents/Developer/Toolchains/XcodeDefault.xctoolchain/usr/bin/swift-frontend -frontend -c -primary-file /Users/admin/builder/spi-builder-workspace/Sources/SwiftBasicFormat/BasicFormat.swift /Users/admin/builder/spi-builder-workspace/Sources/SwiftBasicFormat/SyntaxProtocol+Formatted.swift /Users/admin/builder/spi-builder-workspace/Sources/SwiftBasicFormat/Trivia+FormatExtensions.swift /Users/admin/builder/spi-builder-workspace/Sources/SwiftBasicFormat/generated/BasicFormat+Extensions.swift -emit-dependencies-path /Users/admin/builder/spi-builder-workspace/.derivedData/Build/Intermediates.noindex/swift-syntax.build/Debug-watchos/SwiftBasicFormat-t.build/Objects-normal/arm64_32/BasicFormat.d -emit-const-values-path /Users/admin/builder/spi-builder-workspace/.derivedData/Build/Intermediates.noindex/swift-syntax.build/Debug-watchos/SwiftBasicFormat-t.build/Objects-normal/arm64_32/BasicFormat.swiftconstvalues -emit-reference-dependencies-path /Users/admin/builder/spi-builder-workspace/.derivedData/Build/Intermediates.noindex/swift-syntax.build/Debug-watchos/SwiftBasicFormat-t.build/Objects-normal/arm64_32/BasicFormat.swiftdeps -serialize-diagnostics-path /Users/admin/builder/spi-builder-workspace/.derivedData/Build/Intermediates.noindex/swift-syntax.build/Debug-watchos/SwiftBasicFormat-t.build/Objects-normal/arm64_32/BasicFormat.dia -target arm64_32-apple-watchos9.0 -disable-cross-import-overlay-search -load-resolved-plugin /Applications/Xcode-27.0.0-Release.Candidate.app/Contents/Developer/Platforms/WatchOS.platform/Developer/usr/lib/swift/host/plugins/libSwiftMacros.dylib\#/Applications/Xcode-27.0.0-Release.Candidate.app/Contents/Developer/Platforms/WatchOS.platform/Developer/usr/bin/swift-plugin-server\#SwiftMacros -disable-implicit-swift-modules -Xcc -fno-implicit-modules -Xcc -fno-implicit-module-maps -explicit-swift-module-map-file /Users/admin/builder/spi-builder-workspace/.derivedData/Build/Intermediates.noindex/swift-syntax.build/Debug-watchos/SwiftBasicFormat-t.build/Objects-normal/arm64_32/SwiftBasicFormat-dependencies-1.json -enable-objc-interop -sdk /Applications/Xcode-27.0.0-Release.Candidate.app/Contents/Developer/Platforms/WatchOS.platform/Developer/SDKs/WatchOS27.0.sdk -I /Users/admin/builder/spi-builder-workspace/.derivedData/Build/Products/Debug-watchos -Isystem /Applications/Xcode-27.0.0-Release.Candidate.app/Contents/Developer/Platforms/WatchOS.platform/Developer/usr/lib -F /Users/admin/builder/spi-builder-workspace/.derivedData/Build/Products/Debug-watchos/PackageFrameworks -F /Users/admin/builder/spi-builder-workspace/.derivedData/Build/Products/Debug-watchos -F /Applications/Xcode-27.0.0-Release.Candidate.app/Contents/Developer/Platforms/WatchOS.platform/Developer/Library/Frameworks -F /Applications/Xcode-27.0.0-Release.Candidate.app/Contents/Developer/Platforms/WatchOS.platform/Developer/SDKs/WatchOS27.0.sdk/Developer/Library/Frameworks -module-cache-path /Users/admin/builder/spi-builder-workspace/.derivedData/Build/Intermediates.noindex/SwiftExplicitPrecompiledModules -no-color-diagnostics -Xcc -fno-color-diagnostics -enable-testing -g -debug-info-format\=dwarf -dwarf-version\=4 -profile-generate -profile-coverage-mapping -swift-version 5 -Onone -D SWIFT_PACKAGE -D DEBUG -D SWIFT_MODULE_RESOURCE_BUNDLE_UNAVAILABLE -D Xcode -serialize-debugging-options -enable-experimental-feature DebugDescriptionMacro -empty-abi-descriptor -validate-clang-modules-once -clang-build-session-file /Users/admin/builder/spi-builder-workspace/.derivedData/ModuleCache.noindex/Session.modulevalidation -Xcc -working-directory -Xcc /Users/admin/builder/spi-builder-workspace/.swiftpm/xcode -enable-anonymous-context-mangled-names -file-compilation-dir /Users/admin/builder/spi-builder-workspace/.swiftpm/xcode -Xcc -D_LIBCPP_HARDENING_MODE\=_LIBCPP_HARDENING_MODE_DEBUG -Xcc -ivfsstatcache -Xcc /Users/admin/builder/spi-builder-workspace/.derivedData/SDKStatCaches.noindex/watchos27.0-24R360-e829b21a6f8c9b70876ba0858053c04477534ef55a1706bf4c1112bbb242f0a2.sdkstatcache -Xcc -fmodules-prune-interval\=86400 -Xcc -fmodules-prune-after\=345600 -Xcc -I/Users/admin/builder/spi-builder-workspace/.derivedData/Build/Products/Debug-watchos/include -Xcc -I/Users/admin/builder/spi-builder-workspace/.derivedData/Build/Intermediates.noindex/swift-syntax.build/Debug-watchos/SwiftBasicFormat-t.build/DerivedSources-normal/arm64_32 -Xcc -I/Users/admin/builder/spi-builder-workspace/.derivedData/Build/Intermediates.noindex/swift-syntax.build/Debug-watchos/SwiftBasicFormat-t.build/DerivedSources/arm64_32 -Xcc -I/Users/admin/builder/spi-builder-workspace/.derivedData/Build/Intermediates.noindex/swift-syntax.build/Debug-watchos/SwiftBasicFormat-t.build/DerivedSources -Xcc -DSWIFT_PACKAGE -Xcc -DDEBUG\=1 -no-auto-bridging-header-chaining -module-name SwiftBasicFormat -const-gather-protocols-file /Users/admin/builder/spi-builder-workspace/.derivedData/Build/Intermediates.noindex/swift-syntax.build/Debug-watchos/SwiftBasicFormat-t.build/Objects-normal/arm64_32/SwiftBasicFormat_const_extract_protocols.json -disable-clang-spi -clang-target arm64_32-apple-watchos27.0 -target-sdk-version 27.0 -target-sdk-name watchos27.0 -in-process-plugin-server-path /Applications/Xcode-27.0.0-Release.Candidate.app/Contents/Developer/Toolchains/XcodeDefault.xctoolchain/usr/lib/swift/host/libSwiftInProcPluginServer.dylib -parse-as-library -o /Users/admin/builder/spi-builder-workspace/.derivedData/Build/Intermediates.noindex/swift-syntax.build/Debug-watchos/SwiftBasicFormat-t.build/Objects-normal/arm64_32/BasicFormat.o -debug-module-path /Users/admin/builder/spi-builder-workspace/.derivedData/Build/Intermediates.noindex/swift-syntax.build/Debug-watchos/SwiftBasicFormat-t.build/Objects-normal/arm64_32/SwiftBasicFormat.swiftmodule -index-unit-output-path /swift-syntax.build/Debug-watchos/SwiftBasicFormat-t.build/Objects-normal/arm64_32/BasicFormat.o -index-store-path /Users/admin/builder/spi-builder-workspace/.derivedData/Index.noindex/DataStore -index-system-modules
SwiftCompile normal arm64_32 /Users/admin/builder/spi-builder-workspace/Sources/SwiftBasicFormat/BasicFormat.swift (in target 'SwiftBasicFormat' from project 'swift-syntax')
    cd /Users/admin/builder/spi-builder-workspace/.swiftpm/xcode
    builtin-SwiftPerFileCompile BasicFormat.swift
SwiftEmitModule normal arm64_32 Emitting\ module\ for\ SwiftBasicFormat (in target 'SwiftBasicFormat' from project 'swift-syntax')
SwiftCompile normal arm64_32 (in target 'SwiftBasicFormat' from project 'swift-syntax')
    cd /Users/admin/builder/spi-builder-workspace/.swiftpm/xcode

SwiftEmitModule normal arm64 Emitting\ module\ for\ SwiftBasicFormat (in target 'SwiftBasicFormat' from project 'swift-syntax')
SwiftCompile normal arm64 (in target 'SwiftBasicFormat' from project 'swift-syntax')
    cd /Users/admin/builder/spi-builder-workspace/.swiftpm/xcode

SwiftCompile normal arm64_32 Compiling\ BasicFormat+Extensions.swift /Users/admin/builder/spi-builder-workspace/Sources/SwiftBasicFormat/generated/BasicFormat+Extensions.swift (in target 'SwiftBasicFormat' from project 'swift-syntax')
SwiftCompile normal arm64_32 /Users/admin/builder/spi-builder-workspace/Sources/SwiftBasicFormat/generated/BasicFormat+Extensions.swift (in target 'SwiftBasicFormat' from project 'swift-syntax')
    cd /Users/admin/builder/spi-builder-workspace/.swiftpm/xcode
    builtin-SwiftPerFileCompile BasicFormat+Extensions.swift
SwiftEmitModule normal arm64 Emitting\ module\ for\ SwiftOperators (in target 'SwiftOperators' from project 'swift-syntax')
SwiftCompile normal arm64 (in target 'SwiftOperators' from project 'swift-syntax')
    cd /Users/admin/builder/spi-builder-workspace/.swiftpm/xcode

SwiftEmitModule normal arm64_32 Emitting\ module\ for\ SwiftOperators (in target 'SwiftOperators' from project 'swift-syntax')
SwiftCompile normal arm64_32 (in target 'SwiftOperators' from project 'swift-syntax')
    cd /Users/admin/builder/spi-builder-workspace/.swiftpm/xcode

SwiftEmitModule normal arm64 Emitting\ module\ for\ SwiftParserDiagnostics (in target 'SwiftParserDiagnostics' from project 'swift-syntax')
SwiftCompile normal arm64 (in target 'SwiftParserDiagnostics' from project 'swift-syntax')
    cd /Users/admin/builder/spi-builder-workspace/.swiftpm/xcode

PruneExplicitPrecompiledModules /Users/admin/builder/spi-builder-workspace/.derivedData/Build/Intermediates.noindex/SwiftExplicitPrecompiledModules
PruneExplicitPrecompiledModules /Users/admin/builder/spi-builder-workspace/.derivedData/Build/Intermediates.noindex/ExplicitPrecompiledModules
PruneExplicitPrecompiledModules /Users/admin/builder/spi-builder-workspace/.derivedData/SDKExplicitPrecompiledModules
2026-09-20 18:48:51.650 xcodebuild[1044:6290] [MT] IDERunDestination: Supported platforms for the buildables in the current scheme is empty.
** BUILD FAILED **
The following build commands failed:
	SwiftCompile normal arm64_32 Compiling\ BasicFormat.swift /Users/admin/builder/spi-builder-workspace/Sources/SwiftBasicFormat/BasicFormat.swift (in target 'SwiftBasicFormat' from project 'swift-syntax')
	SwiftCompile normal arm64_32 /Users/admin/builder/spi-builder-workspace/Sources/SwiftBasicFormat/BasicFormat.swift (in target 'SwiftBasicFormat' from project 'swift-syntax')
	Building workspace swift-syntax with scheme swift-syntax-Package
(3 failures)
BUILD FAILURE 6.4 watchOS