Build Information
Failed to build IndexStoreDB, reference main (039086), with Swift 6.4 for watchOS using Xcode 27.0 on 29 Oct 2026 05:32:16 UTC.
Build Command
env DEVELOPER_DIR=/Applications/Xcode-27.0.0.app xcrun xcodebuild -IDEClonedSourcePackagesDirPathOverride=$PWD/.dependencies -skipMacroValidation -skipPackagePluginValidation -derivedDataPath $PWD/.derivedData build -scheme IndexStoreDB-Package -destination generic/platform=watchOSBuild Log
In file included from /Users/admin/builder/spi-builder-workspace/Sources/IndexStoreDB_Support/PatternMatching.cpp:14:
In file included from /Users/admin/builder/spi-builder-workspace/Sources/IndexStoreDB_LLVMSupport/include/IndexStoreDB_LLVMSupport/llvm_ADT_StringRef.h:12:
In file included from /Users/admin/builder/spi-builder-workspace/Sources/IndexStoreDB_LLVMSupport/include/IndexStoreDB_LLVMSupport/llvm_ADT_STLExtras.h:20:
In file included from /Users/admin/builder/spi-builder-workspace/Sources/IndexStoreDB_LLVMSupport/include/IndexStoreDB_LLVMSupport/llvm_ADT_SmallVector.h:19:
/Users/admin/builder/spi-builder-workspace/Sources/IndexStoreDB_LLVMSupport/include/IndexStoreDB_LLVMSupport/llvm_Support_MathExtras.h:539:13: warning: implicit conversion loses integer precision: 'std::size_t' (aka 'unsigned long') to 'unsigned int' [-Wshorten-64-to-32]
539 | return 31 - countLeadingZeros(Value);
| ~~~~~~ ~~~^~~~~~~~~~~~~~~~~~~~~~~~~~
/Users/admin/builder/spi-builder-workspace/Sources/IndexStoreDB_LLVMSupport/include/IndexStoreDB_LLVMSupport/llvm_Support_MathExtras.h:545:13: warning: implicit conversion loses integer precision: 'std::size_t' (aka 'unsigned long') to 'unsigned int' [-Wshorten-64-to-32]
545 | return 63 - countLeadingZeros(Value);
| ~~~~~~ ~~~^~~~~~~~~~~~~~~~~~~~~~~~~~
/Users/admin/builder/spi-builder-workspace/Sources/IndexStoreDB_LLVMSupport/include/IndexStoreDB_LLVMSupport/llvm_Support_MathExtras.h:552:13: warning: implicit conversion loses integer precision: 'std::size_t' (aka 'unsigned long') to 'unsigned int' [-Wshorten-64-to-32]
552 | return 32 - countLeadingZeros(Value - 1);
| ~~~~~~ ~~~^~~~~~~~~~~~~~~~~~~~~~~~~~~~~~
/Users/admin/builder/spi-builder-workspace/Sources/IndexStoreDB_LLVMSupport/include/IndexStoreDB_LLVMSupport/llvm_Support_MathExtras.h:558:13: warning: implicit conversion loses integer precision: 'std::size_t' (aka 'unsigned long') to 'unsigned int' [-Wshorten-64-to-32]
558 | return 64 - countLeadingZeros(Value - 1);
| ~~~~~~ ~~~^~~~~~~~~~~~~~~~~~~~~~~~~~~~~~
SwiftExplicitDependencyGeneratePcm arm64 /Users/admin/builder/spi-builder-workspace/.derivedData/SDKExplicitPrecompiledModules/_Builtin_stddef-A11S6F17KAXV30S0KGP5CR2HY.pcm
SwiftExplicitDependencyGeneratePcm arm64 /Users/admin/builder/spi-builder-workspace/.derivedData/SDKExplicitPrecompiledModules/_Builtin_float-5MBXF8DKVHQBRUJNM16KVMIQC.pcm
SwiftExplicitDependencyGeneratePcm arm64_32 /Users/admin/builder/spi-builder-workspace/.derivedData/SDKExplicitPrecompiledModules/_Builtin_stdbool-2R26DWCM83W66RITBNPVY8WLG.pcm
SwiftExplicitDependencyGeneratePcm arm64_32 /Users/admin/builder/spi-builder-workspace/.derivedData/SDKExplicitPrecompiledModules/_Builtin_float-BJZXUCJSIX9PRVEKM14BGMJVY.pcm
SwiftExplicitDependencyGeneratePcm arm64_32 /Users/admin/builder/spi-builder-workspace/.derivedData/SDKExplicitPrecompiledModules/_SwiftConcurrencyShims-AOFF2AEQJRI8DA66TEQ347NE7.pcm
SwiftExplicitDependencyGeneratePcm arm64_32 /Users/admin/builder/spi-builder-workspace/.derivedData/SDKExplicitPrecompiledModules/ptrauth-88RK1G9DAGJXQFP1AN1WL17RR.pcm
SwiftExplicitDependencyGeneratePcm arm64_32 /Users/admin/builder/spi-builder-workspace/.derivedData/SDKExplicitPrecompiledModules/SwiftShims-FK6J9H4F4DCVC1W0HC6IAN7E.pcm
SwiftExplicitDependencyGeneratePcm arm64 /Users/admin/builder/spi-builder-workspace/.derivedData/SDKExplicitPrecompiledModules/_AvailabilityInternal-AF5SKZ02JKM4MFX7SHRO95N5P.pcm
SwiftExplicitDependencyGeneratePcm arm64 /Users/admin/builder/spi-builder-workspace/.derivedData/SDKExplicitPrecompiledModules/_Builtin_stddef-8XIMPUPOCEKW43OJT6UFVW8YW.pcm
SwiftExplicitDependencyGeneratePcm arm64 /Users/admin/builder/spi-builder-workspace/.derivedData/SDKExplicitPrecompiledModules/_Builtin_stdarg-E27KV476VNYRQJFKM7GUWE5EB.pcm
SwiftExplicitDependencyGeneratePcm arm64 /Users/admin/builder/spi-builder-workspace/.derivedData/SDKExplicitPrecompiledModules/_Builtin_stdbool-3K4XSB9Q4L8IFTW70XLGVL6XX.pcm
SwiftExplicitDependencyGeneratePcm arm64 /Users/admin/builder/spi-builder-workspace/.derivedData/SDKExplicitPrecompiledModules/_Builtin_stdarg-ES3WE6BADGYLJ1IBGV298L0ED.pcm
SwiftExplicitDependencyGeneratePcm arm64_32 /Users/admin/builder/spi-builder-workspace/.derivedData/SDKExplicitPrecompiledModules/_Builtin_stddef-7IVIF81HCPH4VETEG4IKQ3UQQ.pcm
SwiftExplicitDependencyGeneratePcm arm64 /Users/admin/builder/spi-builder-workspace/.derivedData/SDKExplicitPrecompiledModules/_AvailabilityInternal-F1LNUT9MK1HRUMT1GHZHQ1RLU.pcm
SwiftExplicitDependencyGeneratePcm arm64_32 /Users/admin/builder/spi-builder-workspace/.derivedData/SDKExplicitPrecompiledModules/SwiftShims-4MNCVKZ1HKINJ0ZSNUCRO6CZ8.pcm
SwiftExplicitDependencyGeneratePcm arm64 /Users/admin/builder/spi-builder-workspace/.derivedData/SDKExplicitPrecompiledModules/SwiftShims-D5RMRWG63RILSKWQ5872PCQT2.pcm
SwiftExplicitDependencyGeneratePcm arm64_32 /Users/admin/builder/spi-builder-workspace/.derivedData/SDKExplicitPrecompiledModules/ptrcheck-D11ZNSDYZRFEJJA53KWXZ702P.pcm
SwiftExplicitDependencyGeneratePcm arm64 /Users/admin/builder/spi-builder-workspace/.derivedData/SDKExplicitPrecompiledModules/_SwiftConcurrencyShims-DV7QQKPN6TGJGC9GZTKV2BO5H.pcm
PruneExplicitPrecompiledModules /Users/admin/builder/spi-builder-workspace/.derivedData/SDKExplicitPrecompiledModules
PruneExplicitPrecompiledModules /Users/admin/builder/spi-builder-workspace/.derivedData/Build/Intermediates.noindex/ExplicitPrecompiledModules
PruneExplicitPrecompiledModules /Users/admin/builder/spi-builder-workspace/.derivedData/Build/Intermediates.noindex/SwiftExplicitPrecompiledModules
2026-10-29 01:32:03.078 xcodebuild[754:4773] [MT] IDERunDestination: Supported platforms for the buildables in the current scheme is empty.
** BUILD FAILED **
The following build commands failed:
CompileC /Users/admin/builder/spi-builder-workspace/.derivedData/Build/Intermediates.noindex/IndexStoreDB.build/Debug-watchos/IndexStoreDB_Support-t.build/Objects-normal/arm64_32/FilePathWatcher.o /Users/admin/builder/spi-builder-workspace/Sources/IndexStoreDB_Support/FilePathWatcher.cpp normal arm64_32 c++ com.apple.compilers.llvm.clang.1_0.compiler (in target 'IndexStoreDB_Support' from project 'IndexStoreDB')
Building workspace IndexStoreDB with scheme IndexStoreDB-Package
(2 failures)
Command line invocation:
/Applications/Xcode-27.0.0.app/Contents/Developer/usr/bin/xcodebuild -IDEClonedSourcePackagesDirPathOverride=/Users/admin/builder/spi-builder-workspace/.dependencies -resolvePackageDependencies
Resolve Package Graph
Resolved source packages:
CLMDB: https://github.com/swiftlang/swift-lmdb.git @ main (7f4ee94)
IndexStoreDB: /Users/admin/builder/spi-builder-workspace
swift-argument-parser: https://github.com/apple/swift-argument-parser.git @ 1.8.2
resolved source packages: CLMDB, IndexStoreDB, swift-argument-parser
2026-10-29 01:32:09.967 xcodebuild[847:5395] [MT] IDERunDestination: Supported platforms for the buildables in the current scheme is empty.
{
"cxx_language_standard" : "c++17",
"dependencies" : [
{
"identity" : "swift-lmdb",
"requirement" : {
"branch" : [
"main"
]
},
"type" : "sourceControl",
"url" : "https://github.com/swiftlang/swift-lmdb.git"
},
{
"identity" : "swift-argument-parser",
"requirement" : {
"range" : [
{
"lower_bound" : "1.5.1",
"upper_bound" : "2.0.0"
}
]
},
"type" : "sourceControl",
"url" : "https://github.com/apple/swift-argument-parser.git"
}
],
"manifest_display_name" : "IndexStoreDB",
"name" : "IndexStoreDB",
"path" : "/Users/admin/builder/spi-builder-workspace",
"platforms" : [
{
"name" : "macos",
"version" : "14.0"
}
],
"products" : [
{
"name" : "IndexStoreDB",
"targets" : [
"IndexStoreDB"
],
"type" : {
"library" : [
"automatic"
]
}
},
{
"name" : "IndexStoreDB_CXX",
"targets" : [
"IndexStoreDB_Index"
],
"type" : {
"library" : [
"automatic"
]
}
},
{
"name" : "ISDBTestSupport",
"targets" : [
"ISDBTestSupport"
],
"type" : {
"library" : [
"automatic"
]
}
},
{
"name" : "tibs",
"targets" : [
"tibs"
],
"type" : {
"executable" : null
}
},
{
"name" : "IndexStore",
"targets" : [
"IndexStore"
],
"type" : {
"library" : [
"automatic"
]
}
},
{
"name" : "index-dump",
"targets" : [
"index-dump"
],
"type" : {
"executable" : null
}
}
],
"swift_languages_versions" : [
"5"
],
"targets" : [
{
"c99name" : "tibs",
"module_type" : "SwiftTarget",
"name" : "tibs",
"path" : "Sources/tibs",
"product_memberships" : [
"ISDBTestSupport",
"tibs"
],
"sources" : [
"main.swift"
],
"target_dependencies" : [
"ISDBTibs"
],
"type" : "executable"
},
{
"c99name" : "index_dump",
"module_type" : "SwiftTarget",
"name" : "index-dump",
"path" : "Sources/index-dump",
"product_dependencies" : [
"ArgumentParser"
],
"product_memberships" : [
"index-dump"
],
"sources" : [
"LibIndexStoreProvider.swift",
"index-dump.swift"
],
"target_dependencies" : [
"IndexStore"
],
"type" : "executable"
},
{
"c99name" : "IndexStoreTests",
"module_type" : "SwiftTarget",
"name" : "IndexStoreTests",
"path" : "Tests/IndexStoreTests",
"sources" : [
"Collection+Only.swift",
"DescriptionTests.swift",
"IndexStoreTestUtils.swift",
"IndexStoreTests.swift",
"SDKDiscovery.swift",
"TestProject.swift",
"TestScratchDir.swift"
],
"target_dependencies" : [
"IndexStore",
"ISDBTibs"
],
"type" : "test"
},
{
"c99name" : "IndexStoreDB_Support",
"module_type" : "ClangTarget",
"name" : "IndexStoreDB_Support",
"path" : "Sources/IndexStoreDB_Support",
"product_memberships" : [
"IndexStoreDB",
"IndexStoreDB_CXX",
"ISDBTestSupport"
],
"sources" : [
"Concurrency-Mac.cpp",
"FilePathWatcher.cpp",
"Logging-Mac.mm",
"Logging-NonMac.cpp",
"Logging.cpp",
"Path.cpp",
"PatternMatching.cpp"
],
"target_dependencies" : [
"IndexStoreDB_LLVMSupport"
],
"type" : "library"
},
{
"c99name" : "IndexStoreDB_LLVMSupport",
"module_type" : "ClangTarget",
"name" : "IndexStoreDB_LLVMSupport",
"path" : "Sources/IndexStoreDB_LLVMSupport",
"product_memberships" : [
"IndexStoreDB",
"IndexStoreDB_CXX",
"ISDBTestSupport"
],
"sources" : [
"AArch64TargetParser.cpp",
"APFloat.cpp",
"APInt.cpp",
"APSInt.cpp",
"ARMTargetParser.cpp",
"Allocator.cpp",
"Atomic.cpp",
"Chrono.cpp",
"CommandLine.cpp",
"ConvertUTF.cpp",
"ConvertUTFWrapper.cpp",
"DJB.cpp",
"Debug.cpp",
"Errno.cpp",
"Error.cpp",
"ErrorHandling.cpp",
"FileUtilities.cpp",
"FoldingSet.cpp",
"FormatVariadic.cpp",
"Hashing.cpp",
"Host.cpp",
"JSON.cpp",
"LineIterator.cpp",
"Locale.cpp",
"MD5.cpp",
"ManagedStatic.cpp",
"MathExtras.cpp",
"Memory.cpp",
"MemoryBuffer.cpp",
"Mutex.cpp",
"NativeFormatting.cpp",
"Optional.cpp",
"Options.cpp",
"Path.cpp",
"PrettyStackTrace.cpp",
"Process.cpp",
"Program.cpp",
"Signals.cpp",
"Signposts.cpp",
"SmallPtrSet.cpp",
"SmallVector.cpp",
"SourceMgr.cpp",
"Statistic.cpp",
"StringExtras.cpp",
"StringMap.cpp",
"StringRef.cpp",
"StringSaver.cpp",
"TargetParser.cpp",
"Threading.cpp",
"Timer.cpp",
"ToolOutputFile.cpp",
"Triple.cpp",
"Twine.cpp",
"Unicode.cpp",
"UnicodeCaseFold.cpp",
"Valgrind.cpp",
"VersionTuple.cpp",
"Watchdog.cpp",
"WithColor.cpp",
"YAMLParser.cpp",
"YAMLTraits.cpp",
"circular_raw_ostream.cpp",
"raw_ostream.cpp"
],
"type" : "library"
},
{
"c99name" : "IndexStoreDB_Index",
"module_type" : "ClangTarget",
"name" : "IndexStoreDB_Index",
"path" : "Sources/IndexStoreDB_Index",
"product_memberships" : [
"IndexStoreDB",
"IndexStoreDB_CXX",
"ISDBTestSupport"
],
"sources" : [
"FilePathIndex.cpp",
"FileVisibilityChecker.cpp",
"IndexDatastore.cpp",
"IndexStoreLibraryProvider.cpp",
"IndexSystem.cpp",
"StoreSymbolRecord.cpp",
"SymbolIndex.cpp"
],
"target_dependencies" : [
"IndexStoreDB_Database"
],
"type" : "library"
},
{
"c99name" : "IndexStoreDB_Database",
"module_type" : "ClangTarget",
"name" : "IndexStoreDB_Database",
"path" : "Sources/IndexStoreDB_Database",
"product_dependencies" : [
"CLMDB"
],
"product_memberships" : [
"IndexStoreDB",
"IndexStoreDB_CXX",
"ISDBTestSupport"
],
"sources" : [
"Database.cpp",
"DatabaseError.cpp",
"ImportTransaction.cpp",
"ReadTransaction.cpp"
],
"target_dependencies" : [
"IndexStoreDB_Core"
],
"type" : "library"
},
{
"c99name" : "IndexStoreDB_Core",
"module_type" : "ClangTarget",
"name" : "IndexStoreDB_Core",
"path" : "Sources/IndexStoreDB_Core",
"product_memberships" : [
"IndexStoreDB",
"IndexStoreDB_CXX",
"ISDBTestSupport"
],
"sources" : [
"Symbol.cpp"
],
"target_dependencies" : [
"IndexStoreDB_Support"
],
"type" : "library"
},
{
"c99name" : "IndexStoreDB_CIndexStoreDB",
"module_type" : "ClangTarget",
"name" : "IndexStoreDB_CIndexStoreDB",
"path" : "Sources/IndexStoreDB_CIndexStoreDB",
"product_memberships" : [
"IndexStoreDB",
"ISDBTestSupport"
],
"sources" : [
"CIndexStoreDB.cpp"
],
"target_dependencies" : [
"IndexStoreDB_Index"
],
"type" : "library"
},
{
"c99name" : "IndexStoreDBTests",
"module_type" : "SwiftTarget",
"name" : "IndexStoreDBTests",
"path" : "Tests/IndexStoreDBTests",
"sources" : [
"IndexStoreDBTests.swift",
"IndexTests.swift",
"LocationScannerTests.swift"
],
"target_dependencies" : [
"IndexStoreDB",
"ISDBTestSupport",
"ISDBTibs"
],
"type" : "test"
},
{
"c99name" : "IndexStoreDB",
"module_type" : "SwiftTarget",
"name" : "IndexStoreDB",
"path" : "Sources/IndexStoreDB",
"product_memberships" : [
"IndexStoreDB",
"ISDBTestSupport"
],
"sources" : [
"IndexDelegate.swift",
"IndexStoreDB.swift",
"IndexStoreDBError.swift",
"Symbol.swift",
"SymbolLocation.swift",
"SymbolOccurrence.swift",
"SymbolProperty.swift",
"SymbolRole.swift"
],
"target_dependencies" : [
"IndexStoreDB_CIndexStoreDB"
],
"type" : "library"
},
{
"c99name" : "IndexStoreCAPI",
"module_type" : "ClangTarget",
"name" : "IndexStoreCAPI",
"path" : "Sources/IndexStoreCAPI",
"product_memberships" : [
"IndexStore",
"index-dump"
],
"sources" : [
"dummy.c"
],
"type" : "library"
},
{
"c99name" : "IndexStore",
"module_type" : "SwiftTarget",
"name" : "IndexStore",
"path" : "Sources/IndexStore",
"product_memberships" : [
"IndexStore",
"index-dump"
],
"sources" : [
"IndexStore.swift",
"IndexStoreError.swift",
"IndexStoreLanguage.swift",
"IndexStoreLibrary.swift",
"IndexStoreOccurrence.swift",
"IndexStoreRecord.swift",
"IndexStoreSequence.swift",
"IndexStoreStringRef.swift",
"IndexStoreSymbol.swift",
"IndexStoreSymbolRelation.swift",
"IndexStoreSymbolRoles.swift",
"IndexStoreUnit.swift",
"IndexStoreUnitDependency.swift",
"IndexStoreUnitInclude.swift",
"dlopen.swift",
"indexstore_functions+init.swift"
],
"target_dependencies" : [
"IndexStoreCAPI"
],
"type" : "library"
},
{
"c99name" : "ISDBTibsTests",
"module_type" : "SwiftTarget",
"name" : "ISDBTibsTests",
"path" : "Tests/ISDBTibsTests",
"sources" : [
"MiscTests.swift",
"OutputFileMapTests.swift",
"TibsBuildTests.swift",
"TibsCompilationDatabaseTests.swift",
"TibsManifestTests.swift",
"TibsResolutionTests.swift"
],
"target_dependencies" : [
"ISDBTibs",
"ISDBTestSupport"
],
"type" : "test"
},
{
"c99name" : "ISDBTibs",
"module_type" : "SwiftTarget",
"name" : "ISDBTibs",
"path" : "Sources/ISDBTibs",
"product_memberships" : [
"ISDBTestSupport",
"tibs"
],
"sources" : [
"Data.swift",
"JSONCompilationDatabase.swift",
"Makefile.swift",
"OutputFileMap.swift",
"Process.swift",
"TibsBuilder.swift",
"TibsManifest.swift",
"TibsResolvedTarget.swift",
"TibsToolchain.swift",
"URLUtils.swift"
],
"type" : "library"
},
{
"c99name" : "ISDBTestSupport",
"module_type" : "SwiftTarget",
"name" : "ISDBTestSupport",
"path" : "Sources/ISDBTestSupport",
"product_memberships" : [
"ISDBTestSupport"
],
"resources" : [
{
"path" : "/Users/admin/builder/spi-builder-workspace/Sources/ISDBTestSupport/INPUTS",
"rule" : {
"copy" : {
}
}
}
],
"sources" : [
"ForwardingIndexDelegate.swift",
"SourceFileCache.swift",
"TestLocation.swift",
"TestLocationScanner.swift",
"TestSources.swift",
"TibsTestWorkspace.swift",
"XCTestAssertions.swift"
],
"target_dependencies" : [
"IndexStoreDB",
"ISDBTibs",
"tibs"
],
"type" : "library"
}
],
"tools_version" : "6.2"
}
{
"workspace" : {
"name" : "IndexStoreDB",
"schemes" : [
"index-dump",
"IndexStore",
"IndexStoreDB",
"IndexStoreDB_CXX",
"IndexStoreDB-Package",
"ISDBTestSupport",
"tibs"
]
}
}
2026-10-29 01:32:12.425 xcodebuild[863:5516] [MT] IDERunDestination: Supported platforms for the buildables in the current scheme is empty.
Running build ...
env DEVELOPER_DIR=/Applications/Xcode-27.0.0.app xcrun xcodebuild -IDEClonedSourcePackagesDirPathOverride=$PWD/.dependencies -skipMacroValidation -skipPackagePluginValidation -derivedDataPath $PWD/.derivedData build -scheme IndexStoreDB-Package -destination generic/platform=watchOS
Command line invocation:
/Applications/Xcode-27.0.0.app/Contents/Developer/usr/bin/xcodebuild -IDEClonedSourcePackagesDirPathOverride=/Users/admin/builder/spi-builder-workspace/.dependencies -skipMacroValidation -skipPackagePluginValidation -derivedDataPath /Users/admin/builder/spi-builder-workspace/.derivedData build -scheme IndexStoreDB-Package -destination generic/platform=watchOS
Resolve Package Graph
Resolved source packages:
CLMDB: https://github.com/swiftlang/swift-lmdb.git @ main (7f4ee94)
IndexStoreDB: /Users/admin/builder/spi-builder-workspace
swift-argument-parser: https://github.com/apple/swift-argument-parser.git @ 1.8.2
ComputePackagePrebuildTargetDependencyGraph
Prepare packages
CreateBuildRequest
SendProjectDescription
CreateBuildOperation
ComputeTargetDependencyGraph
note: Building targets in dependency order
note: Target dependency graph (23 targets)
Target 'index-dump-product' in project 'IndexStoreDB'
➜ Explicit dependency on target 'IndexStoreCAPI' in project 'IndexStoreDB'
➜ Explicit dependency on target 'IndexStore' in project 'IndexStoreDB'
➜ Explicit dependency on target 'ArgumentParser-product' in project 'swift-argument-parser'
Target 'ArgumentParser-product' in project 'swift-argument-parser'
➜ Explicit dependency on target 'ArgumentParser' in project 'swift-argument-parser'
➜ Explicit dependency on target 'ArgumentParserToolInfo' in project 'swift-argument-parser'
Target 'ArgumentParser' in project 'swift-argument-parser'
➜ Explicit dependency on target 'ArgumentParserToolInfo' in project 'swift-argument-parser'
Target 'ArgumentParserToolInfo' in project 'swift-argument-parser' (no dependencies)
Target 'IndexStore-product' in project 'IndexStoreDB'
➜ Explicit dependency on target 'IndexStore' in project 'IndexStoreDB'
➜ Explicit dependency on target 'IndexStoreCAPI' in project 'IndexStoreDB'
Target 'IndexStore' in project 'IndexStoreDB'
➜ Explicit dependency on target 'IndexStoreCAPI' in project 'IndexStoreDB'
Target 'IndexStoreCAPI' in project 'IndexStoreDB' (no dependencies)
Target 'ISDBTestSupport-product' in project 'IndexStoreDB'
➜ Explicit dependency on target 'ISDBTestSupport' in project 'IndexStoreDB'
➜ Explicit dependency on target 'IndexStoreDB_ISDBTestSupport' in project 'IndexStoreDB'
➜ Explicit dependency on target 'IndexStoreDB_LLVMSupport' in project 'IndexStoreDB'
➜ Explicit dependency on target 'IndexStoreDB_Support' in project 'IndexStoreDB'
➜ Explicit dependency on target 'IndexStoreDB_Core' in project 'IndexStoreDB'
➜ Explicit dependency on target 'IndexStoreDB_Database' in project 'IndexStoreDB'
➜ Explicit dependency on target 'IndexStoreDB_Index' in project 'IndexStoreDB'
➜ Explicit dependency on target 'IndexStoreDB_CIndexStoreDB' in project 'IndexStoreDB'
➜ Explicit dependency on target 'IndexStoreDB' in project 'IndexStoreDB'
➜ Explicit dependency on target 'ISDBTibs' in project 'IndexStoreDB'
➜ Explicit dependency on target 'tibs-product' in project 'IndexStoreDB'
➜ Explicit dependency on target 'CLMDB-product' in project 'CLMDB'
Target 'ISDBTestSupport' in project 'IndexStoreDB'
➜ Explicit dependency on target 'IndexStoreDB_ISDBTestSupport' in project 'IndexStoreDB'
➜ Explicit dependency on target 'IndexStoreDB_LLVMSupport' in project 'IndexStoreDB'
➜ Explicit dependency on target 'IndexStoreDB_Support' in project 'IndexStoreDB'
➜ Explicit dependency on target 'IndexStoreDB_Core' in project 'IndexStoreDB'
➜ Explicit dependency on target 'IndexStoreDB_Database' in project 'IndexStoreDB'
➜ Explicit dependency on target 'IndexStoreDB_Index' in project 'IndexStoreDB'
➜ Explicit dependency on target 'IndexStoreDB_CIndexStoreDB' in project 'IndexStoreDB'
➜ Explicit dependency on target 'IndexStoreDB' in project 'IndexStoreDB'
➜ Explicit dependency on target 'ISDBTibs' in project 'IndexStoreDB'
➜ Explicit dependency on target 'tibs-product' in project 'IndexStoreDB'
➜ Explicit dependency on target 'CLMDB-product' in project 'CLMDB'
Target 'tibs-product' in project 'IndexStoreDB'
➜ Explicit dependency on target 'ISDBTibs' in project 'IndexStoreDB'
Target 'ISDBTibs' in project 'IndexStoreDB' (no dependencies)
Target 'IndexStoreDB_ISDBTestSupport' in project 'IndexStoreDB' (no dependencies)
Target 'IndexStoreDB_CXX-product' in project 'IndexStoreDB'
➜ Explicit dependency on target 'IndexStoreDB_Index' in project 'IndexStoreDB'
➜ Explicit dependency on target 'IndexStoreDB_LLVMSupport' in project 'IndexStoreDB'
➜ Explicit dependency on target 'IndexStoreDB_Support' in project 'IndexStoreDB'
➜ Explicit dependency on target 'IndexStoreDB_Core' in project 'IndexStoreDB'
➜ Explicit dependency on target 'IndexStoreDB_Database' in project 'IndexStoreDB'
➜ Explicit dependency on target 'CLMDB-product' in project 'CLMDB'
Target 'IndexStoreDB-product' in project 'IndexStoreDB'
➜ Explicit dependency on target 'IndexStoreDB' in project 'IndexStoreDB'
➜ Explicit dependency on target 'IndexStoreDB_LLVMSupport' in project 'IndexStoreDB'
➜ Explicit dependency on target 'IndexStoreDB_Support' in project 'IndexStoreDB'
➜ Explicit dependency on target 'IndexStoreDB_Core' in project 'IndexStoreDB'
➜ Explicit dependency on target 'IndexStoreDB_Database' in project 'IndexStoreDB'
➜ Explicit dependency on target 'IndexStoreDB_Index' in project 'IndexStoreDB'
➜ Explicit dependency on target 'IndexStoreDB_CIndexStoreDB' in project 'IndexStoreDB'
➜ Explicit dependency on target 'CLMDB-product' in project 'CLMDB'
Target 'IndexStoreDB' in project 'IndexStoreDB'
➜ Explicit dependency on target 'IndexStoreDB_LLVMSupport' in project 'IndexStoreDB'
➜ Explicit dependency on target 'IndexStoreDB_Support' in project 'IndexStoreDB'
➜ Explicit dependency on target 'IndexStoreDB_Core' in project 'IndexStoreDB'
➜ Explicit dependency on target 'IndexStoreDB_Database' in project 'IndexStoreDB'
➜ Explicit dependency on target 'IndexStoreDB_Index' in project 'IndexStoreDB'
➜ Explicit dependency on target 'IndexStoreDB_CIndexStoreDB' in project 'IndexStoreDB'
➜ Explicit dependency on target 'CLMDB-product' in project 'CLMDB'
Target 'IndexStoreDB_CIndexStoreDB' in project 'IndexStoreDB'
➜ Explicit dependency on target 'IndexStoreDB_LLVMSupport' in project 'IndexStoreDB'
➜ Explicit dependency on target 'IndexStoreDB_Support' in project 'IndexStoreDB'
➜ Explicit dependency on target 'IndexStoreDB_Core' in project 'IndexStoreDB'
➜ Explicit dependency on target 'IndexStoreDB_Database' in project 'IndexStoreDB'
➜ Explicit dependency on target 'IndexStoreDB_Index' in project 'IndexStoreDB'
➜ Explicit dependency on target 'CLMDB-product' in project 'CLMDB'
Target 'IndexStoreDB_Index' in project 'IndexStoreDB'
➜ Explicit dependency on target 'IndexStoreDB_LLVMSupport' in project 'IndexStoreDB'
➜ Explicit dependency on target 'IndexStoreDB_Support' in project 'IndexStoreDB'
➜ Explicit dependency on target 'IndexStoreDB_Core' in project 'IndexStoreDB'
➜ Explicit dependency on target 'IndexStoreDB_Database' in project 'IndexStoreDB'
➜ Explicit dependency on target 'CLMDB-product' in project 'CLMDB'
Target 'IndexStoreDB_Database' in project 'IndexStoreDB'
➜ Explicit dependency on target 'IndexStoreDB_LLVMSupport' in project 'IndexStoreDB'
➜ Explicit dependency on target 'IndexStoreDB_Support' in project 'IndexStoreDB'
➜ Explicit dependency on target 'IndexStoreDB_Core' in project 'IndexStoreDB'
➜ Explicit dependency on target 'CLMDB-product' in project 'CLMDB'
Target 'CLMDB-product' in project 'CLMDB'
➜ Explicit dependency on target 'CLMDB' in project 'CLMDB'
Target 'CLMDB' in project 'CLMDB' (no dependencies)
Target 'IndexStoreDB_Core' in project 'IndexStoreDB'
➜ Explicit dependency on target 'IndexStoreDB_LLVMSupport' in project 'IndexStoreDB'
➜ Explicit dependency on target 'IndexStoreDB_Support' in project 'IndexStoreDB'
Target 'IndexStoreDB_Support' in project 'IndexStoreDB'
➜ Explicit dependency on target 'IndexStoreDB_LLVMSupport' in project 'IndexStoreDB'
Target 'IndexStoreDB_LLVMSupport' in project 'IndexStoreDB' (no dependencies)
GatherProvisioningInputs
CreateBuildDescription
ClangStatCache /Applications/Xcode-27.0.0.app/Contents/Developer/Toolchains/XcodeDefault.xctoolchain/usr/bin/clang-stat-cache /Applications/Xcode-27.0.0.app/Contents/Developer/Platforms/WatchOS.platform/Developer/SDKs/WatchOS27.0.sdk /Users/admin/builder/spi-builder-workspace/.derivedData/SDKStatCaches.noindex/watchos27.0-24R360-e829b21a6f8c9b70876ba0858053c044b9db9bc9c079ee3c7b5f3373b13d10bc.sdkstatcache
cd /Users/admin/builder/spi-builder-workspace/.swiftpm/xcode
/Applications/Xcode-27.0.0.app/Contents/Developer/Toolchains/XcodeDefault.xctoolchain/usr/bin/clang-stat-cache /Applications/Xcode-27.0.0.app/Contents/Developer/Platforms/WatchOS.platform/Developer/SDKs/WatchOS27.0.sdk -o /Users/admin/builder/spi-builder-workspace/.derivedData/SDKStatCaches.noindex/watchos27.0-24R360-e829b21a6f8c9b70876ba0858053c044b9db9bc9c079ee3c7b5f3373b13d10bc.sdkstatcache
CompileC /Users/admin/builder/spi-builder-workspace/.derivedData/Build/Intermediates.noindex/IndexStoreDB.build/Debug-watchos/IndexStoreCAPI-t.build/Objects-normal/arm64_32/dummy.o /Users/admin/builder/spi-builder-workspace/Sources/IndexStoreCAPI/dummy.c normal arm64_32 c com.apple.compilers.llvm.clang.1_0.compiler (in target 'IndexStoreCAPI' from project 'IndexStoreDB')
cd /Users/admin/builder/spi-builder-workspace/.swiftpm/xcode
Using response file: /Users/admin/builder/spi-builder-workspace/.derivedData/Build/Intermediates.noindex/IndexStoreDB.build/Debug-watchos/IndexStoreCAPI-t.build/Objects-normal/arm64_32/7187679823f38a2a940e0043cdf9d637-common-args.resp
/Applications/Xcode-27.0.0.app/Contents/Developer/Toolchains/XcodeDefault.xctoolchain/usr/bin/clang -x c -ivfsstatcache /Users/admin/builder/spi-builder-workspace/.derivedData/SDKStatCaches.noindex/watchos27.0-24R360-e829b21a6f8c9b70876ba0858053c044b9db9bc9c079ee3c7b5f3373b13d10bc.sdkstatcache -target arm64_32-apple-watchos9.0 -fmessage-length\=0 -fdiagnostics-show-note-include-stack -fmacro-backtrace-limit\=0 -fno-color-diagnostics -fmodules-prune-interval\=86400 -fmodules-prune-after\=345600 -fbuild-session-file\=/Users/admin/builder/spi-builder-workspace/.derivedData/ModuleCache.noindex/Session.modulevalidation -fmodules-validate-once-per-build-session -Wnon-modular-include-in-framework-module -Werror\=non-modular-include-in-framework-module -Wno-trigraphs -Wno-missing-field-initializers -Wno-missing-prototypes -Wno-return-type -Wno-missing-braces -Wparentheses -Wswitch -Wno-unused-function -Wno-unused-label -Wno-unused-parameter -Wno-unused-variable -Wunused-value -Wno-empty-body -Wno-uninitialized -Wno-unknown-pragmas -Wno-shadow -Wno-four-char-constants -Wno-conversion -Wno-constant-conversion -Wno-int-conversion -Wno-bool-conversion -Wno-enum-conversion -Wno-float-conversion -Wno-non-literal-null-conversion -Wno-objc-literal-conversion -Wno-shorten-64-to-32 -Wpointer-sign -Wno-newline-eof -Wno-implicit-fallthrough -isysroot /Applications/Xcode-27.0.0.app/Contents/Developer/Platforms/WatchOS.platform/Developer/SDKs/WatchOS27.0.sdk -fstrict-aliasing -Wdeprecated-declarations -Wno-sign-conversion -Wno-infinite-recursion -Wno-comma -Wno-block-capture-autoreleasing -Wno-strict-prototypes -Wno-semicolon-before-method-body -index-store-path /Users/admin/builder/spi-builder-workspace/.derivedData/Index.noindex/DataStore @/Users/admin/builder/spi-builder-workspace/.derivedData/Build/Intermediates.noindex/IndexStoreDB.build/Debug-watchos/IndexStoreCAPI-t.build/Objects-normal/arm64_32/7187679823f38a2a940e0043cdf9d637-common-args.resp -MMD -MT dependencies -MF /Users/admin/builder/spi-builder-workspace/.derivedData/Build/Intermediates.noindex/IndexStoreDB.build/Debug-watchos/IndexStoreCAPI-t.build/Objects-normal/arm64_32/dummy.d --serialize-diagnostics /Users/admin/builder/spi-builder-workspace/.derivedData/Build/Intermediates.noindex/IndexStoreDB.build/Debug-watchos/IndexStoreCAPI-t.build/Objects-normal/arm64_32/dummy.dia -c /Users/admin/builder/spi-builder-workspace/Sources/IndexStoreCAPI/dummy.c -o /Users/admin/builder/spi-builder-workspace/.derivedData/Build/Intermediates.noindex/IndexStoreDB.build/Debug-watchos/IndexStoreCAPI-t.build/Objects-normal/arm64_32/dummy.o -index-unit-output-path /IndexStoreDB.build/Debug-watchos/IndexStoreCAPI-t.build/Objects-normal/arm64_32/dummy.o
CompileC /Users/admin/builder/spi-builder-workspace/.derivedData/Build/Intermediates.noindex/IndexStoreDB.build/Debug-watchos/IndexStoreCAPI-t.build/Objects-normal/arm64/dummy.o /Users/admin/builder/spi-builder-workspace/Sources/IndexStoreCAPI/dummy.c normal arm64 c com.apple.compilers.llvm.clang.1_0.compiler (in target 'IndexStoreCAPI' from project 'IndexStoreDB')
cd /Users/admin/builder/spi-builder-workspace/.swiftpm/xcode
Using response file: /Users/admin/builder/spi-builder-workspace/.derivedData/Build/Intermediates.noindex/IndexStoreDB.build/Debug-watchos/IndexStoreCAPI-t.build/Objects-normal/arm64/7187679823f38a2a940e0043cdf9d637-common-args.resp
/Applications/Xcode-27.0.0.app/Contents/Developer/Toolchains/XcodeDefault.xctoolchain/usr/bin/clang -x c -ivfsstatcache /Users/admin/builder/spi-builder-workspace/.derivedData/SDKStatCaches.noindex/watchos27.0-24R360-e829b21a6f8c9b70876ba0858053c044b9db9bc9c079ee3c7b5f3373b13d10bc.sdkstatcache -target arm64-apple-watchos9.0 -fmessage-length\=0 -fdiagnostics-show-note-include-stack -fmacro-backtrace-limit\=0 -fno-color-diagnostics -fmodules-prune-interval\=86400 -fmodules-prune-after\=345600 -fbuild-session-file\=/Users/admin/builder/spi-builder-workspace/.derivedData/ModuleCache.noindex/Session.modulevalidation -fmodules-validate-once-per-build-session -Wnon-modular-include-in-framework-module -Werror\=non-modular-include-in-framework-module -Wno-trigraphs -Wno-missing-field-initializers -Wno-missing-prototypes -Wno-return-type -Wno-missing-braces -Wparentheses -Wswitch -Wno-unused-function -Wno-unused-label -Wno-unused-parameter -Wno-unused-variable -Wunused-value -Wno-empty-body -Wno-uninitialized -Wno-unknown-pragmas -Wno-shadow -Wno-four-char-constants -Wno-conversion -Wno-constant-conversion -Wno-int-conversion -Wno-bool-conversion -Wno-enum-conversion -Wno-float-conversion -Wno-non-literal-null-conversion -Wno-objc-literal-conversion -Wshorten-64-to-32 -Wpointer-sign -Wno-newline-eof -Wno-implicit-fallthrough -isysroot /Applications/Xcode-27.0.0.app/Contents/Developer/Platforms/WatchOS.platform/Developer/SDKs/WatchOS27.0.sdk -fstrict-aliasing -Wdeprecated-declarations -Wno-sign-conversion -Wno-infinite-recursion -Wno-comma -Wno-block-capture-autoreleasing -Wno-strict-prototypes -Wno-semicolon-before-method-body -index-store-path /Users/admin/builder/spi-builder-workspace/.derivedData/Index.noindex/DataStore @/Users/admin/builder/spi-builder-workspace/.derivedData/Build/Intermediates.noindex/IndexStoreDB.build/Debug-watchos/IndexStoreCAPI-t.build/Objects-normal/arm64/7187679823f38a2a940e0043cdf9d637-common-args.resp -MMD -MT dependencies -MF /Users/admin/builder/spi-builder-workspace/.derivedData/Build/Intermediates.noindex/IndexStoreDB.build/Debug-watchos/IndexStoreCAPI-t.build/Objects-normal/arm64/dummy.d --serialize-diagnostics /Users/admin/builder/spi-builder-workspace/.derivedData/Build/Intermediates.noindex/IndexStoreDB.build/Debug-watchos/IndexStoreCAPI-t.build/Objects-normal/arm64/dummy.dia -c /Users/admin/builder/spi-builder-workspace/Sources/IndexStoreCAPI/dummy.c -o /Users/admin/builder/spi-builder-workspace/.derivedData/Build/Intermediates.noindex/IndexStoreDB.build/Debug-watchos/IndexStoreCAPI-t.build/Objects-normal/arm64/dummy.o -index-unit-output-path /IndexStoreDB.build/Debug-watchos/IndexStoreCAPI-t.build/Objects-normal/arm64/dummy.o
CompileC /Users/admin/builder/spi-builder-workspace/.derivedData/Build/Intermediates.noindex/IndexStoreDB.build/Debug-watchos/IndexStoreDB_Support-t.build/Objects-normal/arm64_32/Path.o /Users/admin/builder/spi-builder-workspace/Sources/IndexStoreDB_Support/Path.cpp normal arm64_32 c++ com.apple.compilers.llvm.clang.1_0.compiler (in target 'IndexStoreDB_Support' from project 'IndexStoreDB')
cd /Users/admin/builder/spi-builder-workspace/.swiftpm/xcode
Using response file: /Users/admin/builder/spi-builder-workspace/.derivedData/Build/Intermediates.noindex/IndexStoreDB.build/Debug-watchos/IndexStoreDB_Support-t.build/Objects-normal/arm64_32/82b82416624d2658e5098eb0a28c15c5-common-args.resp
/Applications/Xcode-27.0.0.app/Contents/Developer/Toolchains/XcodeDefault.xctoolchain/usr/bin/clang -x c++ -ivfsstatcache /Users/admin/builder/spi-builder-workspace/.derivedData/SDKStatCaches.noindex/watchos27.0-24R360-e829b21a6f8c9b70876ba0858053c044b9db9bc9c079ee3c7b5f3373b13d10bc.sdkstatcache -target arm64_32-apple-watchos9.0 -fmessage-length\=0 -fdiagnostics-show-note-include-stack -fmacro-backtrace-limit\=0 -fno-color-diagnostics -fmodules-prune-interval\=86400 -fmodules-prune-after\=345600 -fbuild-session-file\=/Users/admin/builder/spi-builder-workspace/.derivedData/ModuleCache.noindex/Session.modulevalidation -fmodules-validate-once-per-build-session -Wnon-modular-include-in-framework-module -Werror\=non-modular-include-in-framework-module -Wno-trigraphs -Wno-missing-field-initializers -Wno-missing-prototypes -Wno-return-type -Wno-non-virtual-dtor -Wno-overloaded-virtual -Wno-exit-time-destructors -Wno-missing-braces -Wparentheses -Wswitch -Wno-unused-function -Wno-unused-label -Wno-unused-parameter -Wno-unused-variable -Wunused-value -Wno-empty-body -Wno-uninitialized -Wno-unknown-pragmas -Wno-shadow -Wno-four-char-constants -Wno-conversion -Wno-constant-conversion -Wno-int-conversion -Wno-bool-conversion -Wno-enum-conversion -Wno-float-conversion -Wno-non-literal-null-conversion -Wno-objc-literal-conversion -Wno-shorten-64-to-32 -Wno-newline-eof -Wno-c++11-extensions -Wno-implicit-fallthrough -isysroot /Applications/Xcode-27.0.0.app/Contents/Developer/Platforms/WatchOS.platform/Developer/SDKs/WatchOS27.0.sdk -fstrict-aliasing -Wdeprecated-declarations -Winvalid-offsetof -Wno-sign-conversion -Wno-infinite-recursion -Wno-move -Wno-comma -Wno-block-capture-autoreleasing -Wno-strict-prototypes -Wno-range-loop-analysis -Wno-semicolon-before-method-body -index-store-path /Users/admin/builder/spi-builder-workspace/.derivedData/Index.noindex/DataStore @/Users/admin/builder/spi-builder-workspace/.derivedData/Build/Intermediates.noindex/IndexStoreDB.build/Debug-watchos/IndexStoreDB_Support-t.build/Objects-normal/arm64_32/82b82416624d2658e5098eb0a28c15c5-common-args.resp -MMD -MT dependencies -MF /Users/admin/builder/spi-builder-workspace/.derivedData/Build/Intermediates.noindex/IndexStoreDB.build/Debug-watchos/IndexStoreDB_Support-t.build/Objects-normal/arm64_32/Path.d --serialize-diagnostics /Users/admin/builder/spi-builder-workspace/.derivedData/Build/Intermediates.noindex/IndexStoreDB.build/Debug-watchos/IndexStoreDB_Support-t.build/Objects-normal/arm64_32/Path.dia -c /Users/admin/builder/spi-builder-workspace/Sources/IndexStoreDB_Support/Path.cpp -o /Users/admin/builder/spi-builder-workspace/.derivedData/Build/Intermediates.noindex/IndexStoreDB.build/Debug-watchos/IndexStoreDB_Support-t.build/Objects-normal/arm64_32/Path.o -index-unit-output-path /IndexStoreDB.build/Debug-watchos/IndexStoreDB_Support-t.build/Objects-normal/arm64_32/Path.o
In file included from /Users/admin/builder/spi-builder-workspace/Sources/IndexStoreDB_Support/Path.cpp:13:
In file included from /Users/admin/builder/spi-builder-workspace/Sources/IndexStoreDB_Support/include/IndexStoreDB_Support/Path.h:18:
In file included from /Users/admin/builder/spi-builder-workspace/Sources/IndexStoreDB_LLVMSupport/include/IndexStoreDB_LLVMSupport/llvm_ADT_SmallString.h:17:
In file included from /Users/admin/builder/spi-builder-workspace/Sources/IndexStoreDB_LLVMSupport/include/IndexStoreDB_LLVMSupport/llvm_ADT_StringRef.h:12:
In file included from /Users/admin/builder/spi-builder-workspace/Sources/IndexStoreDB_LLVMSupport/include/IndexStoreDB_LLVMSupport/llvm_ADT_STLExtras.h:21:
/Users/admin/builder/spi-builder-workspace/Sources/IndexStoreDB_LLVMSupport/include/IndexStoreDB_LLVMSupport/llvm_ADT_iterator.h:68:19: warning: 'iterator<std::input_iterator_tag, const indexstoredb_llvm::StringRef>' is deprecated [-Wdeprecated-declarations]
68 | : public std::iterator<IteratorCategoryT, T, DifferenceTypeT, PointerT,
| ^
In file included from /Users/admin/builder/spi-builder-workspace/Sources/IndexStoreDB_Support/Path.cpp:13:
In file included from /Users/admin/builder/spi-builder-workspace/Sources/IndexStoreDB_Support/include/IndexStoreDB_Support/Path.h:19:
/Users/admin/builder/spi-builder-workspace/Sources/IndexStoreDB_LLVMSupport/include/IndexStoreDB_LLVMSupport/llvm_Support_Path.h:53:14: note: in instantiation of template class 'indexstoredb_llvm::iterator_facade_base<indexstoredb_llvm::sys::path::const_iterator, std::input_iterator_tag, const indexstoredb_llvm::StringRef>' requested here
53 | : public iterator_facade_base<const_iterator, std::input_iterator_tag,
| ^
In file included from /Users/admin/builder/spi-builder-workspace/Sources/IndexStoreDB_Support/Path.cpp:13:
In file included from /Users/admin/builder/spi-builder-workspace/Sources/IndexStoreDB_Support/include/IndexStoreDB_Support/Path.h:16:
In file included from /Users/admin/builder/spi-builder-workspace/Sources/IndexStoreDB_Support/include/IndexStoreDB_Support/LLVM.h:24:
In file included from /Users/admin/builder/spi-builder-workspace/Sources/IndexStoreDB_LLVMSupport/include/IndexStoreDB_LLVMSupport/llvm_Support_Casting.h:20:
In file included from /Applications/Xcode-27.0.0.app/Contents/Developer/Platforms/WatchOS.platform/Developer/SDKs/WatchOS27.0.sdk/usr/include/c++/v1/memory:950:
In file included from /Applications/Xcode-27.0.0.app/Contents/Developer/Platforms/WatchOS.platform/Developer/SDKs/WatchOS27.0.sdk/usr/include/c++/v1/__memory/inout_ptr.h:16:
In file included from /Applications/Xcode-27.0.0.app/Contents/Developer/Platforms/WatchOS.platform/Developer/SDKs/WatchOS27.0.sdk/usr/include/c++/v1/__memory/shared_ptr.h:35:
In file included from /Applications/Xcode-27.0.0.app/Contents/Developer/Platforms/WatchOS.platform/Developer/SDKs/WatchOS27.0.sdk/usr/include/c++/v1/__memory/uninitialized_algorithms.h:21:
In file included from /Applications/Xcode-27.0.0.app/Contents/Developer/Platforms/WatchOS.platform/Developer/SDKs/WatchOS27.0.sdk/usr/include/c++/v1/__iterator/reverse_iterator.h:23:
/Applications/Xcode-27.0.0.app/Contents/Developer/Platforms/WatchOS.platform/Developer/SDKs/WatchOS27.0.sdk/usr/include/c++/v1/__iterator/iterator.h:23:8: note: 'iterator<std::input_iterator_tag, const indexstoredb_llvm::StringRef>' has been explicitly marked deprecated here
23 | struct _LIBCPP_DEPRECATED_IN_CXX17 iterator {
| ^
In file included from /Users/admin/builder/spi-builder-workspace/Sources/IndexStoreDB_Support/Path.cpp:13:
In file included from /Users/admin/builder/spi-builder-workspace/Sources/IndexStoreDB_Support/include/IndexStoreDB_Support/Path.h:16:
In file included from /Users/admin/builder/spi-builder-workspace/Sources/IndexStoreDB_Support/include/IndexStoreDB_Support/LLVM.h:24:
In file included from /Users/admin/builder/spi-builder-workspace/Sources/IndexStoreDB_LLVMSupport/include/IndexStoreDB_LLVMSupport/llvm_Support_Casting.h:17:
In file included from /Users/admin/builder/spi-builder-workspace/Sources/IndexStoreDB_LLVMSupport/include/IndexStoreDB_LLVMSupport/llvm_Support_Compiler.h:19:
In file included from /Applications/Xcode-27.0.0.app/Contents/Developer/Platforms/WatchOS.platform/Developer/SDKs/WatchOS27.0.sdk/usr/include/c++/v1/new:92:
/Applications/Xcode-27.0.0.app/Contents/Developer/Platforms/WatchOS.platform/Developer/SDKs/WatchOS27.0.sdk/usr/include/c++/v1/__config:540:41: note: expanded from macro '_LIBCPP_DEPRECATED_IN_CXX17'
540 | # define _LIBCPP_DEPRECATED_IN_CXX17 _LIBCPP_DEPRECATED
| ^
/Applications/Xcode-27.0.0.app/Contents/Developer/Platforms/WatchOS.platform/Developer/SDKs/WatchOS27.0.sdk/usr/include/c++/v1/__config:504:49: note: expanded from macro '_LIBCPP_DEPRECATED'
504 | # define _LIBCPP_DEPRECATED __attribute__((__deprecated__))
| ^
In file included from /Users/admin/builder/spi-builder-workspace/Sources/IndexStoreDB_Support/Path.cpp:13:
In file included from /Users/admin/builder/spi-builder-workspace/Sources/IndexStoreDB_Support/include/IndexStoreDB_Support/Path.h:18:
In file included from /Users/admin/builder/spi-builder-workspace/Sources/IndexStoreDB_LLVMSupport/include/IndexStoreDB_LLVMSupport/llvm_ADT_SmallString.h:17:
In file included from /Users/admin/builder/spi-builder-workspace/Sources/IndexStoreDB_LLVMSupport/include/IndexStoreDB_LLVMSupport/llvm_ADT_StringRef.h:12:
In file included from /Users/admin/builder/spi-builder-workspace/Sources/IndexStoreDB_LLVMSupport/include/IndexStoreDB_LLVMSupport/llvm_ADT_STLExtras.h:21:
/Users/admin/builder/spi-builder-workspace/Sources/IndexStoreDB_LLVMSupport/include/IndexStoreDB_LLVMSupport/llvm_ADT_iterator.h:68:19: warning: 'iterator<std::input_iterator_tag, const indexstoredb_llvm::StringRef>' is deprecated [-Wdeprecated-declarations]
68 | : public std::iterator<IteratorCategoryT, T, DifferenceTypeT, PointerT,
| ^
In file included from /Users/admin/builder/spi-builder-workspace/Sources/IndexStoreDB_Support/Path.cpp:13:
In file included from /Users/admin/builder/spi-builder-workspace/Sources/IndexStoreDB_Support/include/IndexStoreDB_Support/Path.h:19:
/Users/admin/builder/spi-builder-workspace/Sources/IndexStoreDB_LLVMSupport/include/IndexStoreDB_LLVMSupport/llvm_Support_Path.h:79:14: note: in instantiation of template class 'indexstoredb_llvm::iterator_facade_base<indexstoredb_llvm::sys::path::reverse_iterator, std::input_iterator_tag, const indexstoredb_llvm::StringRef>' requested here
79 | : public iterator_facade_base<reverse_iterator, std::input_iterator_tag,
| ^
In file included from /Users/admin/builder/spi-builder-workspace/Sources/IndexStoreDB_Support/Path.cpp:13:
In file included from /Users/admin/builder/spi-builder-workspace/Sources/IndexStoreDB_Support/include/IndexStoreDB_Support/Path.h:16:
In file included from /Users/admin/builder/spi-builder-workspace/Sources/IndexStoreDB_Support/include/IndexStoreDB_Support/LLVM.h:24:
In file included from /Users/admin/builder/spi-builder-workspace/Sources/IndexStoreDB_LLVMSupport/include/IndexStoreDB_LLVMSupport/llvm_Support_Casting.h:20:
In file included from /Applications/Xcode-27.0.0.app/Contents/Developer/Platforms/WatchOS.platform/Developer/SDKs/WatchOS27.0.sdk/usr/include/c++/v1/memory:950:
In file included from /Applications/Xcode-27.0.0.app/Contents/Developer/Platforms/WatchOS.platform/Developer/SDKs/WatchOS27.0.sdk/usr/include/c++/v1/__memory/inout_ptr.h:16:
In file included from /Applications/Xcode-27.0.0.app/Contents/Developer/Platforms/WatchOS.platform/Developer/SDKs/WatchOS27.0.sdk/usr/include/c++/v1/__memory/shared_ptr.h:35:
In file included from /Applications/Xcode-27.0.0.app/Contents/Developer/Platforms/WatchOS.platform/Developer/SDKs/WatchOS27.0.sdk/usr/include/c++/v1/__memory/uninitialized_algorithms.h:21:
In file included from /Applications/Xcode-27.0.0.app/Contents/Developer/Platforms/WatchOS.platform/Developer/SDKs/WatchOS27.0.sdk/usr/include/c++/v1/__iterator/reverse_iterator.h:23:
/Applications/Xcode-27.0.0.app/Contents/Developer/Platforms/WatchOS.platform/Developer/SDKs/WatchOS27.0.sdk/usr/include/c++/v1/__iterator/iterator.h:23:8: note: 'iterator<std::input_iterator_tag, const indexstoredb_llvm::StringRef>' has been explicitly marked deprecated here
23 | struct _LIBCPP_DEPRECATED_IN_CXX17 iterator {
| ^
In file included from /Users/admin/builder/spi-builder-workspace/Sources/IndexStoreDB_Support/Path.cpp:13:
In file included from /Users/admin/builder/spi-builder-workspace/Sources/IndexStoreDB_Support/include/IndexStoreDB_Support/Path.h:16:
In file included from /Users/admin/builder/spi-builder-workspace/Sources/IndexStoreDB_Support/include/IndexStoreDB_Support/LLVM.h:24:
In file included from /Users/admin/builder/spi-builder-workspace/Sources/IndexStoreDB_LLVMSupport/include/IndexStoreDB_LLVMSupport/llvm_Support_Casting.h:17:
In file included from /Users/admin/builder/spi-builder-workspace/Sources/IndexStoreDB_LLVMSupport/include/IndexStoreDB_LLVMSupport/llvm_Support_Compiler.h:19:
In file included from /Applications/Xcode-27.0.0.app/Contents/Developer/Platforms/WatchOS.platform/Developer/SDKs/WatchOS27.0.sdk/usr/include/c++/v1/new:92:
/Applications/Xcode-27.0.0.app/Contents/Developer/Platforms/WatchOS.platform/Developer/SDKs/WatchOS27.0.sdk/usr/include/c++/v1/__config:540:41: note: expanded from macro '_LIBCPP_DEPRECATED_IN_CXX17'
540 | # define _LIBCPP_DEPRECATED_IN_CXX17 _LIBCPP_DEPRECATED
| ^
/Applications/Xcode-27.0.0.app/Contents/Developer/Platforms/WatchOS.platform/Developer/SDKs/WatchOS27.0.sdk/usr/include/c++/v1/__config:504:49: note: expanded from macro '_LIBCPP_DEPRECATED'
504 | # define _LIBCPP_DEPRECATED __attribute__((__deprecated__))
| ^
In file included from /Users/admin/builder/spi-builder-workspace/Sources/IndexStoreDB_Support/Path.cpp:13:
In file included from /Users/admin/builder/spi-builder-workspace/Sources/IndexStoreDB_Support/include/IndexStoreDB_Support/Path.h:18:
In file included from /Users/admin/builder/spi-builder-workspace/Sources/IndexStoreDB_LLVMSupport/include/IndexStoreDB_LLVMSupport/llvm_ADT_SmallString.h:17:
In file included from /Users/admin/builder/spi-builder-workspace/Sources/IndexStoreDB_LLVMSupport/include/IndexStoreDB_LLVMSupport/llvm_ADT_StringRef.h:12:
In file included from /Users/admin/builder/spi-builder-workspace/Sources/IndexStoreDB_LLVMSupport/include/IndexStoreDB_LLVMSupport/llvm_ADT_STLExtras.h:21:
/Users/admin/builder/spi-builder-workspace/Sources/IndexStoreDB_LLVMSupport/include/IndexStoreDB_LLVMSupport/llvm_ADT_iterator.h:68:19: warning: 'iterator<std::forward_iterator_tag, indexstoredb_llvm::StringMapEntry<IndexStoreDB::CanonicalFilePathRef>>' is deprecated [-Wdeprecated-declarations]
68 | : public std::iterator<IteratorCategoryT, T, DifferenceTypeT, PointerT,
| ^
In file included from /Users/admin/builder/spi-builder-workspace/Sources/IndexStoreDB_Support/Path.cpp:14:
In file included from /Users/admin/builder/spi-builder-workspace/Sources/IndexStoreDB_Support/include/IndexStoreDB_Support/Logging.h:22:
In file included from /Users/admin/builder/spi-builder-workspace/Sources/IndexStoreDB_LLVMSupport/include/IndexStoreDB_LLVMSupport/llvm_Support_Timer.h:12:
/Users/admin/builder/spi-builder-workspace/Sources/IndexStoreDB_LLVMSupport/include/IndexStoreDB_LLVMSupport/llvm_ADT_StringMap.h:451:14: note: in instantiation of template class 'indexstoredb_llvm::iterator_facade_base<indexstoredb_llvm::StringMapIterator<IndexStoreDB::CanonicalFilePathRef>, std::forward_iterator_tag, indexstoredb_llvm::StringMapEntry<IndexStoreDB::CanonicalFilePathRef>>' requested here
451 | : public iterator_facade_base<DerivedTy, std::forward_iterator_tag,
| ^
/Users/admin/builder/spi-builder-workspace/Sources/IndexStoreDB_LLVMSupport/include/IndexStoreDB_LLVMSupport/llvm_ADT_StringMap.h:510:34: note: in instantiation of template class 'indexstoredb_llvm::StringMapIterBase<indexstoredb_llvm::StringMapIterator<IndexStoreDB::CanonicalFilePathRef>, indexstoredb_llvm::StringMapEntry<IndexStoreDB::CanonicalFilePathRef>>' requested here
510 | class StringMapIterator : public StringMapIterBase<StringMapIterator<ValueTy>,
| ^
/Users/admin/builder/spi-builder-workspace/Sources/IndexStoreDB_Support/Path.cpp:67:26: note: in instantiation of template class 'indexstoredb_llvm::StringMapIterator<IndexStoreDB::CanonicalFilePathRef>' requested here
67 | auto It = CanonPaths.find(AbsPath);
| ^
In file included from /Users/admin/builder/spi-builder-workspace/Sources/IndexStoreDB_Support/Path.cpp:13:
In file included from /Users/admin/builder/spi-builder-workspace/Sources/IndexStoreDB_Support/include/IndexStoreDB_Support/Path.h:16:
In file included from /Users/admin/builder/spi-builder-workspace/Sources/IndexStoreDB_Support/include/IndexStoreDB_Support/LLVM.h:24:
In file included from /Users/admin/builder/spi-builder-workspace/Sources/IndexStoreDB_LLVMSupport/include/IndexStoreDB_LLVMSupport/llvm_Support_Casting.h:20:
In file included from /Applications/Xcode-27.0.0.app/Contents/Developer/Platforms/WatchOS.platform/Developer/SDKs/WatchOS27.0.sdk/usr/include/c++/v1/memory:950:
In file included from /Applications/Xcode-27.0.0.app/Contents/Developer/Platforms/WatchOS.platform/Developer/SDKs/WatchOS27.0.sdk/usr/include/c++/v1/__memory/inout_ptr.h:16:
In file included from /Applications/Xcode-27.0.0.app/Contents/Developer/Platforms/WatchOS.platform/Developer/SDKs/WatchOS27.0.sdk/usr/include/c++/v1/__memory/shared_ptr.h:35:
In file included from /Applications/Xcode-27.0.0.app/Contents/Developer/Platforms/WatchOS.platform/Developer/SDKs/WatchOS27.0.sdk/usr/include/c++/v1/__memory/uninitialized_algorithms.h:21:
In file included from /Applications/Xcode-27.0.0.app/Contents/Developer/Platforms/WatchOS.platform/Developer/SDKs/WatchOS27.0.sdk/usr/include/c++/v1/__iterator/reverse_iterator.h:23:
/Applications/Xcode-27.0.0.app/Contents/Developer/Platforms/WatchOS.platform/Developer/SDKs/WatchOS27.0.sdk/usr/include/c++/v1/__iterator/iterator.h:23:8: note: 'iterator<std::forward_iterator_tag, indexstoredb_llvm::StringMapEntry<IndexStoreDB::CanonicalFilePathRef>>' has been explicitly marked deprecated here
23 | struct _LIBCPP_DEPRECATED_IN_CXX17 iterator {
| ^
In file included from /Users/admin/builder/spi-builder-workspace/Sources/IndexStoreDB_Support/Path.cpp:13:
In file included from /Users/admin/builder/spi-builder-workspace/Sources/IndexStoreDB_Support/include/IndexStoreDB_Support/Path.h:16:
In file included from /Users/admin/builder/spi-builder-workspace/Sources/IndexStoreDB_Support/include/IndexStoreDB_Support/LLVM.h:24:
In file included from /Users/admin/builder/spi-builder-workspace/Sources/IndexStoreDB_LLVMSupport/include/IndexStoreDB_LLVMSupport/llvm_Support_Casting.h:17:
In file included from /Users/admin/builder/spi-builder-workspace/Sources/IndexStoreDB_LLVMSupport/include/IndexStoreDB_LLVMSupport/llvm_Support_Compiler.h:19:
In file included from /Applications/Xcode-27.0.0.app/Contents/Developer/Platforms/WatchOS.platform/Developer/SDKs/WatchOS27.0.sdk/usr/include/c++/v1/new:92:
/Applications/Xcode-27.0.0.app/Contents/Developer/Platforms/WatchOS.platform/Developer/SDKs/WatchOS27.0.sdk/usr/include/c++/v1/__config:540:41: note: expanded from macro '_LIBCPP_DEPRECATED_IN_CXX17'
540 | # define _LIBCPP_DEPRECATED_IN_CXX17 _LIBCPP_DEPRECATED
| ^
/Applications/Xcode-27.0.0.app/Contents/Developer/Platforms/WatchOS.platform/Developer/SDKs/WatchOS27.0.sdk/usr/include/c++/v1/__config:504:49: note: expanded from macro '_LIBCPP_DEPRECATED'
504 | # define _LIBCPP_DEPRECATED __attribute__((__deprecated__))
| ^
In file included from /Users/admin/builder/spi-builder-workspace/Sources/IndexStoreDB_Support/Path.cpp:13:
In file included from /Users/admin/builder/spi-builder-workspace/Sources/IndexStoreDB_Support/include/IndexStoreDB_Support/Path.h:18:
In file included from /Users/admin/builder/spi-builder-workspace/Sources/IndexStoreDB_LLVMSupport/include/IndexStoreDB_LLVMSupport/llvm_ADT_SmallString.h:17:
In file included from /Users/admin/builder/spi-builder-workspace/Sources/IndexStoreDB_LLVMSupport/include/IndexStoreDB_LLVMSupport/llvm_ADT_StringRef.h:12:
In file included from /Users/admin/builder/spi-builder-workspace/Sources/IndexStoreDB_LLVMSupport/include/IndexStoreDB_LLVMSupport/llvm_ADT_STLExtras.h:21:
/Users/admin/builder/spi-builder-workspace/Sources/IndexStoreDB_LLVMSupport/include/IndexStoreDB_LLVMSupport/llvm_ADT_iterator.h:68:19: warning: 'iterator<std::forward_iterator_tag, const indexstoredb_llvm::StringMapEntry<IndexStoreDB::CanonicalFilePathRef>>' is deprecated [-Wdeprecated-declarations]
68 | : public std::iterator<IteratorCategoryT, T, DifferenceTypeT, PointerT,
| ^
In file included from /Users/admin/builder/spi-builder-workspace/Sources/IndexStoreDB_Support/Path.cpp:14:
In file included from /Users/admin/builder/spi-builder-workspace/Sources/IndexStoreDB_Support/include/IndexStoreDB_Support/Logging.h:22:
In file included from /Users/admin/builder/spi-builder-workspace/Sources/IndexStoreDB_LLVMSupport/include/IndexStoreDB_LLVMSupport/llvm_Support_Timer.h:12:
/Users/admin/builder/spi-builder-workspace/Sources/IndexStoreDB_LLVMSupport/include/IndexStoreDB_LLVMSupport/llvm_ADT_StringMap.h:451:14: note: in instantiation of template class 'indexstoredb_llvm::iterator_facade_base<indexstoredb_llvm::StringMapConstIterator<IndexStoreDB::CanonicalFilePathRef>, std::forward_iterator_tag, const indexstoredb_llvm::StringMapEntry<IndexStoreDB::CanonicalFilePathRef>>' requested here
451 | : public iterator_facade_base<DerivedTy, std::forward_iterator_tag,
| ^
/Users/admin/builder/spi-builder-workspace/Sources/IndexStoreDB_LLVMSupport/include/IndexStoreDB_LLVMSupport/llvm_ADT_StringMap.h:493:14: note: in instantiation of template class 'indexstoredb_llvm::StringMapIterBase<indexstoredb_llvm::StringMapConstIterator<IndexStoreDB::CanonicalFilePathRef>, const indexstoredb_llvm::StringMapEntry<IndexStoreDB::CanonicalFilePathRef>>' requested here
493 | : public StringMapIterBase<StringMapConstIterator<ValueTy>,
| ^
/Users/admin/builder/spi-builder-workspace/Sources/IndexStoreDB_Support/Path.cpp:68:9: note: in instantiation of template class 'indexstoredb_llvm::StringMapConstIterator<IndexStoreDB::CanonicalFilePathRef>' requested here
68 | if (It != CanonPaths.end())
| ^
In file included from /Users/admin/builder/spi-builder-workspace/Sources/IndexStoreDB_Support/Path.cpp:13:
In file included from /Users/admin/builder/spi-builder-workspace/Sources/IndexStoreDB_Support/include/IndexStoreDB_Support/Path.h:16:
In file included from /Users/admin/builder/spi-builder-workspace/Sources/IndexStoreDB_Support/include/IndexStoreDB_Support/LLVM.h:24:
In file included from /Users/admin/builder/spi-builder-workspace/Sources/IndexStoreDB_LLVMSupport/include/IndexStoreDB_LLVMSupport/llvm_Support_Casting.h:20:
In file included from /Applications/Xcode-27.0.0.app/Contents/Developer/Platforms/WatchOS.platform/Developer/SDKs/WatchOS27.0.sdk/usr/include/c++/v1/memory:950:
In file included from /Applications/Xcode-27.0.0.app/Contents/Developer/Platforms/WatchOS.platform/Developer/SDKs/WatchOS27.0.sdk/usr/include/c++/v1/__memory/inout_ptr.h:16:
In file included from /Applications/Xcode-27.0.0.app/Contents/Developer/Platforms/WatchOS.platform/Developer/SDKs/WatchOS27.0.sdk/usr/include/c++/v1/__memory/shared_ptr.h:35:
In file included from /Applications/Xcode-27.0.0.app/Contents/Developer/Platforms/WatchOS.platform/Developer/SDKs/WatchOS27.0.sdk/usr/include/c++/v1/__memory/uninitialized_algorithms.h:21:
In file included from /Applications/Xcode-27.0.0.app/Contents/Developer/Platforms/WatchOS.platform/Developer/SDKs/WatchOS27.0.sdk/usr/include/c++/v1/__iterator/reverse_iterator.h:23:
/Applications/Xcode-27.0.0.app/Contents/Developer/Platforms/WatchOS.platform/Developer/SDKs/WatchOS27.0.sdk/usr/include/c++/v1/__iterator/iterator.h:23:8: note: 'iterator<std::forward_iterator_tag, const indexstoredb_llvm::StringMapEntry<IndexStoreDB::CanonicalFilePathRef>>' has been explicitly marked deprecated here
23 | struct _LIBCPP_DEPRECATED_IN_CXX17 iterator {
| ^
In file included from /Users/admin/builder/spi-builder-workspace/Sources/IndexStoreDB_Support/Path.cpp:13:
In file included from /Users/admin/builder/spi-builder-workspace/Sources/IndexStoreDB_Support/include/IndexStoreDB_Support/Path.h:16:
In file included from /Users/admin/builder/spi-builder-workspace/Sources/IndexStoreDB_Support/include/IndexStoreDB_Support/LLVM.h:24:
In file included from /Users/admin/builder/spi-builder-workspace/Sources/IndexStoreDB_LLVMSupport/include/IndexStoreDB_LLVMSupport/llvm_Support_Casting.h:17:
In file included from /Users/admin/builder/spi-builder-workspace/Sources/IndexStoreDB_LLVMSupport/include/IndexStoreDB_LLVMSupport/llvm_Support_Compiler.h:19:
In file included from /Applications/Xcode-27.0.0.app/Contents/Developer/Platforms/WatchOS.platform/Developer/SDKs/WatchOS27.0.sdk/usr/include/c++/v1/new:92:
/Applications/Xcode-27.0.0.app/Contents/Developer/Platforms/WatchOS.platform/Developer/SDKs/WatchOS27.0.sdk/usr/include/c++/v1/__config:540:41: note: expanded from macro '_LIBCPP_DEPRECATED_IN_CXX17'
540 | # define _LIBCPP_DEPRECATED_IN_CXX17 _LIBCPP_DEPRECATED
| ^
/Applications/Xcode-27.0.0.app/Contents/Developer/Platforms/WatchOS.platform/Developer/SDKs/WatchOS27.0.sdk/usr/include/c++/v1/__config:504:49: note: expanded from macro '_LIBCPP_DEPRECATED'
504 | # define _LIBCPP_DEPRECATED __attribute__((__deprecated__))
| ^
CompileC /Users/admin/builder/spi-builder-workspace/.derivedData/Build/Intermediates.noindex/IndexStoreDB.build/Debug-watchos/IndexStoreDB_Support-t.build/Objects-normal/arm64/Logging.o /Users/admin/builder/spi-builder-workspace/Sources/IndexStoreDB_Support/Logging.cpp normal arm64 c++ com.apple.compilers.llvm.clang.1_0.compiler (in target 'IndexStoreDB_Support' from project 'IndexStoreDB')
cd /Users/admin/builder/spi-builder-workspace/.swiftpm/xcode
Using response file: /Users/admin/builder/spi-builder-workspace/.derivedData/Build/Intermediates.noindex/IndexStoreDB.build/Debug-watchos/IndexStoreDB_Support-t.build/Objects-normal/arm64/82b82416624d2658e5098eb0a28c15c5-common-args.resp
/Applications/Xcode-27.0.0.app/Contents/Developer/Toolchains/XcodeDefault.xctoolchain/usr/bin/clang -x c++ -ivfsstatcache /Users/admin/builder/spi-builder-workspace/.derivedData/SDKStatCaches.noindex/watchos27.0-24R360-e829b21a6f8c9b70876ba0858053c044b9db9bc9c079ee3c7b5f3373b13d10bc.sdkstatcache -target arm64-apple-watchos9.0 -fmessage-length\=0 -fdiagnostics-show-note-include-stack -fmacro-backtrace-limit\=0 -fno-color-diagnostics -fmodules-prune-interval\=86400 -fmodules-prune-after\=345600 -fbuild-session-file\=/Users/admin/builder/spi-builder-workspace/.derivedData/ModuleCache.noindex/Session.modulevalidation -fmodules-validate-once-per-build-session -Wnon-modular-include-in-framework-module -Werror\=non-modular-include-in-framework-module -Wno-trigraphs -Wno-missing-field-initializers -Wno-missing-prototypes -Wno-return-type -Wno-non-virtual-dtor -Wno-overloaded-virtual -Wno-exit-time-destructors -Wno-missing-braces -Wparentheses -Wswitch -Wno-unused-function -Wno-unused-label -Wno-unused-parameter -Wno-unused-variable -Wunused-value -Wno-empty-body -Wno-uninitialized -Wno-unknown-pragmas -Wno-shadow -Wno-four-char-constants -Wno-conversion -Wno-constant-conversion -Wno-int-conversion -Wno-bool-conversion -Wno-enum-conversion -Wno-float-conversion -Wno-non-literal-null-conversion -Wno-objc-literal-conversion -Wshorten-64-to-32 -Wno-newline-eof -Wno-c++11-extensions -Wno-implicit-fallthrough -isysroot /Applications/Xcode-27.0.0.app/Contents/Developer/Platforms/WatchOS.platform/Developer/SDKs/WatchOS27.0.sdk -fstrict-aliasing -Wdeprecated-declarations -Winvalid-offsetof -Wno-sign-conversion -Wno-infinite-recursion -Wno-move -Wno-comma -Wno-block-capture-autoreleasing -Wno-strict-prototypes -Wno-range-loop-analysis -Wno-semicolon-before-method-body -index-store-path /Users/admin/builder/spi-builder-workspace/.derivedData/Index.noindex/DataStore @/Users/admin/builder/spi-builder-workspace/.derivedData/Build/Intermediates.noindex/IndexStoreDB.build/Debug-watchos/IndexStoreDB_Support-t.build/Objects-normal/arm64/82b82416624d2658e5098eb0a28c15c5-common-args.resp -MMD -MT dependencies -MF /Users/admin/builder/spi-builder-workspace/.derivedData/Build/Intermediates.noindex/IndexStoreDB.build/Debug-watchos/IndexStoreDB_Support-t.build/Objects-normal/arm64/Logging.d --serialize-diagnostics /Users/admin/builder/spi-builder-workspace/.derivedData/Build/Intermediates.noindex/IndexStoreDB.build/Debug-watchos/IndexStoreDB_Support-t.build/Objects-normal/arm64/Logging.dia -c /Users/admin/builder/spi-builder-workspace/Sources/IndexStoreDB_Support/Logging.cpp -o /Users/admin/builder/spi-builder-workspace/.derivedData/Build/Intermediates.noindex/IndexStoreDB.build/Debug-watchos/IndexStoreDB_Support-t.build/Objects-normal/arm64/Logging.o -index-unit-output-path /IndexStoreDB.build/Debug-watchos/IndexStoreDB_Support-t.build/Objects-normal/arm64/Logging.o
In file included from /Users/admin/builder/spi-builder-workspace/Sources/IndexStoreDB_Support/Logging.cpp:14:
In file included from /Users/admin/builder/spi-builder-workspace/Sources/IndexStoreDB_Support/include/IndexStoreDB_Support/Logging.h:19:
In file included from /Users/admin/builder/spi-builder-workspace/Sources/IndexStoreDB_LLVMSupport/include/IndexStoreDB_LLVMSupport/llvm_ADT_SmallString.h:16:
In file included from /Users/admin/builder/spi-builder-workspace/Sources/IndexStoreDB_LLVMSupport/include/IndexStoreDB_LLVMSupport/llvm_ADT_SmallVector.h:19:
/Users/admin/builder/spi-builder-workspace/Sources/IndexStoreDB_LLVMSupport/include/IndexStoreDB_LLVMSupport/llvm_Support_MathExtras.h:539:13: warning: implicit conversion loses integer precision: 'std::size_t' (aka 'unsigned long') to 'unsigned int' [-Wshorten-64-to-32]
539 | return 31 - countLeadingZeros(Value);
| ~~~~~~ ~~~^~~~~~~~~~~~~~~~~~~~~~~~~~
/Users/admin/builder/spi-builder-workspace/Sources/IndexStoreDB_LLVMSupport/include/IndexStoreDB_LLVMSupport/llvm_Support_MathExtras.h:545:13: warning: implicit conversion loses integer precision: 'std::size_t' (aka 'unsigned long') to 'unsigned int' [-Wshorten-64-to-32]
545 | return 63 - countLeadingZeros(Value);
| ~~~~~~ ~~~^~~~~~~~~~~~~~~~~~~~~~~~~~
/Users/admin/builder/spi-builder-workspace/Sources/IndexStoreDB_LLVMSupport/include/IndexStoreDB_LLVMSupport/llvm_Support_MathExtras.h:552:13: warning: implicit conversion loses integer precision: 'std::size_t' (aka 'unsigned long') to 'unsigned int' [-Wshorten-64-to-32]
552 | return 32 - countLeadingZeros(Value - 1);
| ~~~~~~ ~~~^~~~~~~~~~~~~~~~~~~~~~~~~~~~~~
/Users/admin/builder/spi-builder-workspace/Sources/IndexStoreDB_LLVMSupport/include/IndexStoreDB_LLVMSupport/llvm_Support_MathExtras.h:558:13: warning: implicit conversion loses integer precision: 'std::size_t' (aka 'unsigned long') to 'unsigned int' [-Wshorten-64-to-32]
558 | return 64 - countLeadingZeros(Value - 1);
| ~~~~~~ ~~~^~~~~~~~~~~~~~~~~~~~~~~~~~~~~~
In file included from /Users/admin/builder/spi-builder-workspace/Sources/IndexStoreDB_Support/Logging.cpp:14:
In file included from /Users/admin/builder/spi-builder-workspace/Sources/IndexStoreDB_Support/include/IndexStoreDB_Support/Logging.h:19:
In file included from /Users/admin/builder/spi-builder-workspace/Sources/IndexStoreDB_LLVMSupport/include/IndexStoreDB_LLVMSupport/llvm_ADT_SmallString.h:16:
/Users/admin/builder/spi-builder-workspace/Sources/IndexStoreDB_LLVMSupport/include/IndexStoreDB_LLVMSupport/llvm_ADT_SmallVector.h:45:35: warning: implicit conversion loses integer precision: 'size_t' (aka 'unsigned long') to 'unsigned int' [-Wshorten-64-to-32]
45 | : BeginX(FirstEl), Capacity(Capacity) {}
| ~^~~~~~~~
/Users/admin/builder/spi-builder-workspace/Sources/IndexStoreDB_LLVMSupport/include/IndexStoreDB_LLVMSupport/llvm_ADT_SmallVector.h:68:18: warning: implicit conversion loses integer precision: 'size_t' (aka 'unsigned long') to 'unsigned int' [-Wshorten-64-to-32]
68 | this->Size = Size;
| ~ ^~~~
In file included from /Users/admin/builder/spi-builder-workspace/Sources/IndexStoreDB_Support/Logging.cpp:16:
In file included from /Users/admin/builder/spi-builder-workspace/Sources/IndexStoreDB_LLVMSupport/include/IndexStoreDB_LLVMSupport/llvm_Support_Format.h:25:
In file included from /Users/admin/builder/spi-builder-workspace/Sources/IndexStoreDB_LLVMSupport/include/IndexStoreDB_LLVMSupport/llvm_ADT_ArrayRef.h:12:
/Users/admin/builder/spi-builder-workspace/Sources/IndexStoreDB_LLVMSupport/include/IndexStoreDB_LLVMSupport/llvm_ADT_Hashing.h:198:20: warning: implicit conversion loses integer precision: 'size_t' (aka 'unsigned long') to 'uint32_t' (aka 'unsigned int') [-Wshorten-64-to-32]
198 | uint32_t z = len + (static_cast<uint32_t>(c) << 2);
| ~ ~~~~^~~~~~~~~~~~~~~~~~~~~~~~~~~~~~~~~
/Users/admin/builder/spi-builder-workspace/Sources/IndexStoreDB_Support/Logging.cpp:24:32: warning: implicit conversion loses integer precision: 'size_t' (aka 'unsigned long') to 'unsigned int' [-Wshorten-64-to-32]
24 | for (unsigned i = 0, e = Str.size(); i != e; ++i) {
| ~ ~~~~^~~~~~
In file included from /Users/admin/builder/spi-builder-workspace/Sources/IndexStoreDB_Support/Logging.cpp:14:
In file included from /Users/admin/builder/spi-builder-workspace/Sources/IndexStoreDB_Support/include/IndexStoreDB_Support/Logging.h:19:
In file included from /Users/admin/builder/spi-builder-workspace/Sources/IndexStoreDB_LLVMSupport/include/IndexStoreDB_LLVMSupport/llvm_ADT_SmallString.h:17:
/Users/admin/builder/spi-builder-workspace/Sources/IndexStoreDB_LLVMSupport/include/IndexStoreDB_LLVMSupport/llvm_ADT_StringRef.h:497:16: warning: implicit conversion loses integer precision: 'unsigned long long' to 'unsigned int' [-Wshorten-64-to-32]
497 | Result = ULLVal;
| ~ ^~~~~~
/Users/admin/builder/spi-builder-workspace/Sources/IndexStoreDB_Support/Logging.cpp:56:34: note: in instantiation of function template specialization 'indexstoredb_llvm::StringRef::getAsInteger<unsigned int>' requested here
56 | bool Err = StringRef(EnvOpt).getAsInteger(10, Val);
| ^
9 warnings generated.
CompileC /Users/admin/builder/spi-builder-workspace/.derivedData/Build/Intermediates.noindex/IndexStoreDB.build/Debug-watchos/IndexStoreDB_Support-t.build/Objects-normal/arm64_32/FilePathWatcher.o /Users/admin/builder/spi-builder-workspace/Sources/IndexStoreDB_Support/FilePathWatcher.cpp normal arm64_32 c++ com.apple.compilers.llvm.clang.1_0.compiler (in target 'IndexStoreDB_Support' from project 'IndexStoreDB')
cd /Users/admin/builder/spi-builder-workspace/.swiftpm/xcode
Using response file: /Users/admin/builder/spi-builder-workspace/.derivedData/Build/Intermediates.noindex/IndexStoreDB.build/Debug-watchos/IndexStoreDB_Support-t.build/Objects-normal/arm64_32/82b82416624d2658e5098eb0a28c15c5-common-args.resp
/Applications/Xcode-27.0.0.app/Contents/Developer/Toolchains/XcodeDefault.xctoolchain/usr/bin/clang -x c++ -ivfsstatcache /Users/admin/builder/spi-builder-workspace/.derivedData/SDKStatCaches.noindex/watchos27.0-24R360-e829b21a6f8c9b70876ba0858053c044b9db9bc9c079ee3c7b5f3373b13d10bc.sdkstatcache -target arm64_32-apple-watchos9.0 -fmessage-length\=0 -fdiagnostics-show-note-include-stack -fmacro-backtrace-limit\=0 -fno-color-diagnostics -fmodules-prune-interval\=86400 -fmodules-prune-after\=345600 -fbuild-session-file\=/Users/admin/builder/spi-builder-workspace/.derivedData/ModuleCache.noindex/Session.modulevalidation -fmodules-validate-once-per-build-session -Wnon-modular-include-in-framework-module -Werror\=non-modular-include-in-framework-module -Wno-trigraphs -Wno-missing-field-initializers -Wno-missing-prototypes -Wno-return-type -Wno-non-virtual-dtor -Wno-overloaded-virtual -Wno-exit-time-destructors -Wno-missing-braces -Wparentheses -Wswitch -Wno-unused-function -Wno-unused-label -Wno-unused-parameter -Wno-unused-variable -Wunused-value -Wno-empty-body -Wno-uninitialized -Wno-unknown-pragmas -Wno-shadow -Wno-four-char-constants -Wno-conversion -Wno-constant-conversion -Wno-int-conversion -Wno-bool-conversion -Wno-enum-conversion -Wno-float-conversion -Wno-non-literal-null-conversion -Wno-objc-literal-conversion -Wno-shorten-64-to-32 -Wno-newline-eof -Wno-c++11-extensions -Wno-implicit-fallthrough -isysroot /Applications/Xcode-27.0.0.app/Contents/Developer/Platforms/WatchOS.platform/Developer/SDKs/WatchOS27.0.sdk -fstrict-aliasing -Wdeprecated-declarations -Winvalid-offsetof -Wno-sign-conversion -Wno-infinite-recursion -Wno-move -Wno-comma -Wno-block-capture-autoreleasing -Wno-strict-prototypes -Wno-range-loop-analysis -Wno-semicolon-before-method-body -index-store-path /Users/admin/builder/spi-builder-workspace/.derivedData/Index.noindex/DataStore @/Users/admin/builder/spi-builder-workspace/.derivedData/Build/Intermediates.noindex/IndexStoreDB.build/Debug-watchos/IndexStoreDB_Support-t.build/Objects-normal/arm64_32/82b82416624d2658e5098eb0a28c15c5-common-args.resp -MMD -MT dependencies -MF /Users/admin/builder/spi-builder-workspace/.derivedData/Build/Intermediates.noindex/IndexStoreDB.build/Debug-watchos/IndexStoreDB_Support-t.build/Objects-normal/arm64_32/FilePathWatcher.d --serialize-diagnostics /Users/admin/builder/spi-builder-workspace/.derivedData/Build/Intermediates.noindex/IndexStoreDB.build/Debug-watchos/IndexStoreDB_Support-t.build/Objects-normal/arm64_32/FilePathWatcher.dia -c /Users/admin/builder/spi-builder-workspace/Sources/IndexStoreDB_Support/FilePathWatcher.cpp -o /Users/admin/builder/spi-builder-workspace/.derivedData/Build/Intermediates.noindex/IndexStoreDB.build/Debug-watchos/IndexStoreDB_Support-t.build/Objects-normal/arm64_32/FilePathWatcher.o -index-unit-output-path /IndexStoreDB.build/Debug-watchos/IndexStoreDB_Support-t.build/Objects-normal/arm64_32/FilePathWatcher.o
/Users/admin/builder/spi-builder-workspace/Sources/IndexStoreDB_Support/FilePathWatcher.cpp:23:3: error: unknown type name 'FSEventStreamRef'
23 | FSEventStreamRef EventStream = nullptr;
| ^
/Users/admin/builder/spi-builder-workspace/Sources/IndexStoreDB_Support/FilePathWatcher.cpp:58:24: error: unknown type name 'ConstFSEventStreamRef'
58 | ConstFSEventStreamRef stream,
| ^
/Users/admin/builder/spi-builder-workspace/Sources/IndexStoreDB_Support/FilePathWatcher.cpp:62:30: error: unknown type name 'FSEventStreamEventFlags'
62 | const FSEventStreamEventFlags eventFlags[],
| ^
/Users/admin/builder/spi-builder-workspace/Sources/IndexStoreDB_Support/FilePathWatcher.cpp:63:30: error: unknown type name 'FSEventStreamEventId'
63 | const FSEventStreamEventId eventIds[]) {
| ^
/Users/admin/builder/spi-builder-workspace/Sources/IndexStoreDB_Support/FilePathWatcher.cpp:91:3: error: unknown type name 'FSEventStreamContext'; did you mean 'EventStreamContextData'?
91 | FSEventStreamContext context;
| ^~~~~~~~~~~~~~~~~~~~
| EventStreamContextData
/Users/admin/builder/spi-builder-workspace/Sources/IndexStoreDB_Support/FilePathWatcher.cpp:48:8: note: 'EventStreamContextData' declared here
48 | struct EventStreamContextData {
| ^
/Users/admin/builder/spi-builder-workspace/Sources/IndexStoreDB_Support/FilePathWatcher.cpp:92:11: error: no member named 'version' in '(anonymous namespace)::EventStreamContextData'
92 | context.version = 0;
| ~~~~~~~ ^
/Users/admin/builder/spi-builder-workspace/Sources/IndexStoreDB_Support/FilePathWatcher.cpp:93:11: error: no member named 'info' in '(anonymous namespace)::EventStreamContextData'
93 | context.info = ctxData;
| ~~~~~~~ ^
/Users/admin/builder/spi-builder-workspace/Sources/IndexStoreDB_Support/FilePathWatcher.cpp:94:11: error: no member named 'retain' in '(anonymous namespace)::EventStreamContextData'
94 | context.retain = nullptr;
| ~~~~~~~ ^
/Users/admin/builder/spi-builder-workspace/Sources/IndexStoreDB_Support/FilePathWatcher.cpp:95:11: error: no member named 'release' in '(anonymous namespace)::EventStreamContextData'
95 | context.release = EventStreamContextData::dispose;
| ~~~~~~~ ^
/Users/admin/builder/spi-builder-workspace/Sources/IndexStoreDB_Support/FilePathWatcher.cpp:96:11: error: no member named 'copyDescription' in '(anonymous namespace)::EventStreamContextData'
96 | context.copyDescription = nullptr;
| ~~~~~~~ ^
/Users/admin/builder/spi-builder-workspace/Sources/IndexStoreDB_Support/FilePathWatcher.cpp:102:37: error: use of undeclared identifier 'kFSEventStreamEventIdSinceNow'
102 | kFSEventStreamEventIdSinceNow,
| ^~~~~~~~~~~~~~~~~~~~~~~~~~~~~
/Users/admin/builder/spi-builder-workspace/Sources/IndexStoreDB_Support/FilePathWatcher.cpp:104:37: error: use of undeclared identifier 'kFSEventStreamCreateFlagNone'
104 | kFSEventStreamCreateFlagNone);
| ^~~~~~~~~~~~~~~~~~~~~~~~~~~~
12 errors generated.
CompileC /Users/admin/builder/spi-builder-workspace/.derivedData/Build/Intermediates.noindex/IndexStoreDB.build/Debug-watchos/IndexStoreDB_Support-t.build/Objects-normal/arm64/PatternMatching.o /Users/admin/builder/spi-builder-workspace/Sources/IndexStoreDB_Support/PatternMatching.cpp normal arm64 c++ com.apple.compilers.llvm.clang.1_0.compiler (in target 'IndexStoreDB_Support' from project 'IndexStoreDB')
cd /Users/admin/builder/spi-builder-workspace/.swiftpm/xcode
Using response file: /Users/admin/builder/spi-builder-workspace/.derivedData/Build/Intermediates.noindex/IndexStoreDB.build/Debug-watchos/IndexStoreDB_Support-t.build/Objects-normal/arm64/82b82416624d2658e5098eb0a28c15c5-common-args.resp
/Applications/Xcode-27.0.0.app/Contents/Developer/Toolchains/XcodeDefault.xctoolchain/usr/bin/clang -x c++ -ivfsstatcache /Users/admin/builder/spi-builder-workspace/.derivedData/SDKStatCaches.noindex/watchos27.0-24R360-e829b21a6f8c9b70876ba0858053c044b9db9bc9c079ee3c7b5f3373b13d10bc.sdkstatcache -target arm64-apple-watchos9.0 -fmessage-length\=0 -fdiagnostics-show-note-include-stack -fmacro-backtrace-limit\=0 -fno-color-diagnostics -fmodules-prune-interval\=86400 -fmodules-prune-after\=345600 -fbuild-session-file\=/Users/admin/builder/spi-builder-workspace/.derivedData/ModuleCache.noindex/Session.modulevalidation -fmodules-validate-once-per-build-session -Wnon-modular-include-in-framework-module -Werror\=non-modular-include-in-framework-module -Wno-trigraphs -Wno-missing-field-initializers -Wno-missing-prototypes -Wno-return-type -Wno-non-virtual-dtor -Wno-overloaded-virtual -Wno-exit-time-destructors -Wno-missing-braces -Wparentheses -Wswitch -Wno-unused-function -Wno-unused-label -Wno-unused-parameter -Wno-unused-variable -Wunused-value -Wno-empty-body -Wno-uninitialized -Wno-unknown-pragmas -Wno-shadow -Wno-four-char-constants -Wno-conversion -Wno-constant-conversion -Wno-int-conversion -Wno-bool-conversion -Wno-enum-conversion -Wno-float-conversion -Wno-non-literal-null-conversion -Wno-objc-literal-conversion -Wshorten-64-to-32 -Wno-newline-eof -Wno-c++11-extensions -Wno-implicit-fallthrough -isysroot /Applications/Xcode-27.0.0.app/Contents/Developer/Platforms/WatchOS.platform/Developer/SDKs/WatchOS27.0.sdk -fstrict-aliasing -Wdeprecated-declarations -Winvalid-offsetof -Wno-sign-conversion -Wno-infinite-recursion -Wno-move -Wno-comma -Wno-block-capture-autoreleasing -Wno-strict-prototypes -Wno-range-loop-analysis -Wno-semicolon-before-method-body -index-store-path /Users/admin/builder/spi-builder-workspace/.derivedData/Index.noindex/DataStore @/Users/admin/builder/spi-builder-workspace/.derivedData/Build/Intermediates.noindex/IndexStoreDB.build/Debug-watchos/IndexStoreDB_Support-t.build/Objects-normal/arm64/82b82416624d2658e5098eb0a28c15c5-common-args.resp -MMD -MT dependencies -MF /Users/admin/builder/spi-builder-workspace/.derivedData/Build/Intermediates.noindex/IndexStoreDB.build/Debug-watchos/IndexStoreDB_Support-t.build/Objects-normal/arm64/PatternMatching.d --serialize-diagnostics /Users/admin/builder/spi-builder-workspace/.derivedData/Build/Intermediates.noindex/IndexStoreDB.build/Debug-watchos/IndexStoreDB_Support-t.build/Objects-normal/arm64/PatternMatching.dia -c /Users/admin/builder/spi-builder-workspace/Sources/IndexStoreDB_Support/PatternMatching.cpp -o /Users/admin/builder/spi-builder-workspace/.derivedData/Build/Intermediates.noindex/IndexStoreDB.build/Debug-watchos/IndexStoreDB_Support-t.build/Objects-normal/arm64/PatternMatching.o -index-unit-output-path /IndexStoreDB.build/Debug-watchos/IndexStoreDB_Support-t.build/Objects-normal/arm64/PatternMatching.o
In file included from /Users/admin/builder/spi-builder-workspace/Sources/IndexStoreDB_Support/PatternMatching.cpp:14:
In file included from /Users/admin/builder/spi-builder-workspace/Sources/IndexStoreDB_LLVMSupport/include/IndexStoreDB_LLVMSupport/llvm_ADT_StringRef.h:12:
In file included from /Users/admin/builder/spi-builder-workspace/Sources/IndexStoreDB_LLVMSupport/include/IndexStoreDB_LLVMSupport/llvm_ADT_STLExtras.h:20:
In file included from /Users/admin/builder/spi-builder-workspace/Sources/IndexStoreDB_LLVMSupport/include/IndexStoreDB_LLVMSupport/llvm_ADT_SmallVector.h:19:
/Users/admin/builder/spi-builder-workspace/Sources/IndexStoreDB_LLVMSupport/include/IndexStoreDB_LLVMSupport/llvm_Support_MathExtras.h:539:13: warning: implicit conversion loses integer precision: 'std::size_t' (aka 'unsigned long') to 'unsigned int' [-Wshorten-64-to-32]
539 | return 31 - countLeadingZeros(Value);
| ~~~~~~ ~~~^~~~~~~~~~~~~~~~~~~~~~~~~~
/Users/admin/builder/spi-builder-workspace/Sources/IndexStoreDB_LLVMSupport/include/IndexStoreDB_LLVMSupport/llvm_Support_MathExtras.h:545:13: warning: implicit conversion loses integer precision: 'std::size_t' (aka 'unsigned long') to 'unsigned int' [-Wshorten-64-to-32]
545 | return 63 - countLeadingZeros(Value);
| ~~~~~~ ~~~^~~~~~~~~~~~~~~~~~~~~~~~~~
/Users/admin/builder/spi-builder-workspace/Sources/IndexStoreDB_LLVMSupport/include/IndexStoreDB_LLVMSupport/llvm_Support_MathExtras.h:552:13: warning: implicit conversion loses integer precision: 'std::size_t' (aka 'unsigned long') to 'unsigned int' [-Wshorten-64-to-32]
552 | return 32 - countLeadingZeros(Value - 1);
| ~~~~~~ ~~~^~~~~~~~~~~~~~~~~~~~~~~~~~~~~~
/Users/admin/builder/spi-builder-workspace/Sources/IndexStoreDB_LLVMSupport/include/IndexStoreDB_LLVMSupport/llvm_Support_MathExtras.h:558:13: warning: implicit conversion loses integer precision: 'std::size_t' (aka 'unsigned long') to 'unsigned int' [-Wshorten-64-to-32]
558 | return 64 - countLeadingZeros(Value - 1);
| ~~~~~~ ~~~^~~~~~~~~~~~~~~~~~~~~~~~~~~~~~
In file included from /Users/admin/builder/spi-builder-workspace/Sources/IndexStoreDB_Support/PatternMatching.cpp:14:
In file included from /Users/admin/builder/spi-builder-workspace/Sources/IndexStoreDB_LLVMSupport/include/IndexStoreDB_LLVMSupport/llvm_ADT_StringRef.h:12:
In file included from /Users/admin/builder/spi-builder-workspace/Sources/IndexStoreDB_LLVMSupport/include/IndexStoreDB_LLVMSupport/llvm_ADT_STLExtras.h:20:
/Users/admin/builder/spi-builder-workspace/Sources/IndexStoreDB_LLVMSupport/include/IndexStoreDB_LLVMSupport/llvm_ADT_SmallVector.h:45:35: warning: implicit conversion loses integer precision: 'size_t' (aka 'unsigned long') to 'unsigned int' [-Wshorten-64-to-32]
45 | : BeginX(FirstEl), Capacity(Capacity) {}
| ~^~~~~~~~
/Users/admin/builder/spi-builder-workspace/Sources/IndexStoreDB_LLVMSupport/include/IndexStoreDB_LLVMSupport/llvm_ADT_SmallVector.h:68:18: warning: implicit conversion loses integer precision: 'size_t' (aka 'unsigned long') to 'unsigned int' [-Wshorten-64-to-32]
68 | this->Size = Size;
| ~ ^~~~
6 warnings generated.
CompileC /Users/admin/builder/spi-builder-workspace/.derivedData/Build/Intermediates.noindex/IndexStoreDB.build/Debug-watchos/IndexStoreDB_Support-t.build/Objects-normal/arm64/Path.o /Users/admin/builder/spi-builder-workspace/Sources/IndexStoreDB_Support/Path.cpp normal arm64 c++ com.apple.compilers.llvm.clang.1_0.compiler (in target 'IndexStoreDB_Support' from project 'IndexStoreDB')
cd /Users/admin/builder/spi-builder-workspace/.swiftpm/xcode
Using response file: /Users/admin/builder/spi-builder-workspace/.derivedData/Build/Intermediates.noindex/IndexStoreDB.build/Debug-watchos/IndexStoreDB_Support-t.build/Objects-normal/arm64/82b82416624d2658e5098eb0a28c15c5-common-args.resp
/Applications/Xcode-27.0.0.app/Contents/Developer/Toolchains/XcodeDefault.xctoolchain/usr/bin/clang -x c++ -ivfsstatcache /Users/admin/builder/spi-builder-workspace/.derivedData/SDKStatCaches.noindex/watchos27.0-24R360-e829b21a6f8c9b70876ba0858053c044b9db9bc9c079ee3c7b5f3373b13d10bc.sdkstatcache -target arm64-apple-watchos9.0 -fmessage-length\=0 -fdiagnostics-show-note-include-stack -fmacro-backtrace-limit\=0 -fno-color-diagnostics -fmodules-prune-interval\=86400 -fmodules-prune-after\=345600 -fbuild-session-file\=/Users/admin/builder/spi-builder-workspace/.derivedData/ModuleCache.noindex/Session.modulevalidation -fmodules-validate-once-per-build-session -Wnon-modular-include-in-framework-module -Werror\=non-modular-include-in-framework-module -Wno-trigraphs -Wno-missing-field-initializers -Wno-missing-prototypes -Wno-return-type -Wno-non-virtual-dtor -Wno-overloaded-virtual -Wno-exit-time-destructors -Wno-missing-braces -Wparentheses -Wswitch -Wno-unused-function -Wno-unused-label -Wno-unused-parameter -Wno-unused-variable -Wunused-value -Wno-empty-body -Wno-uninitialized -Wno-unknown-pragmas -Wno-shadow -Wno-four-char-constants -Wno-conversion -Wno-constant-conversion -Wno-int-conversion -Wno-bool-conversion -Wno-enum-conversion -Wno-float-conversion -Wno-non-literal-null-conversion -Wno-objc-literal-conversion -Wshorten-64-to-32 -Wno-newline-eof -Wno-c++11-extensions -Wno-implicit-fallthrough -isysroot /Applications/Xcode-27.0.0.app/Contents/Developer/Platforms/WatchOS.platform/Developer/SDKs/WatchOS27.0.sdk -fstrict-aliasing -Wdeprecated-declarations -Winvalid-offsetof -Wno-sign-conversion -Wno-infinite-recursion -Wno-move -Wno-comma -Wno-block-capture-autoreleasing -Wno-strict-prototypes -Wno-range-loop-analysis -Wno-semicolon-before-method-body -index-store-path /Users/admin/builder/spi-builder-workspace/.derivedData/Index.noindex/DataStore @/Users/admin/builder/spi-builder-workspace/.derivedData/Build/Intermediates.noindex/IndexStoreDB.build/Debug-watchos/IndexStoreDB_Support-t.build/Objects-normal/arm64/82b82416624d2658e5098eb0a28c15c5-common-args.resp -MMD -MT dependencies -MF /Users/admin/builder/spi-builder-workspace/.derivedData/Build/Intermediates.noindex/IndexStoreDB.build/Debug-watchos/IndexStoreDB_Support-t.build/Objects-normal/arm64/Path.d --serialize-diagnostics /Users/admin/builder/spi-builder-workspace/.derivedData/Build/Intermediates.noindex/IndexStoreDB.build/Debug-watchos/IndexStoreDB_Support-t.build/Objects-normal/arm64/Path.dia -c /Users/admin/builder/spi-builder-workspace/Sources/IndexStoreDB_Support/Path.cpp -o /Users/admin/builder/spi-builder-workspace/.derivedData/Build/Intermediates.noindex/IndexStoreDB.build/Debug-watchos/IndexStoreDB_Support-t.build/Objects-normal/arm64/Path.o -index-unit-output-path /IndexStoreDB.build/Debug-watchos/IndexStoreDB_Support-t.build/Objects-normal/arm64/Path.o
In file included from /Users/admin/builder/spi-builder-workspace/Sources/IndexStoreDB_Support/Path.cpp:13:
In file included from /Users/admin/builder/spi-builder-workspace/Sources/IndexStoreDB_Support/include/IndexStoreDB_Support/Path.h:18:
In file included from /Users/admin/builder/spi-builder-workspace/Sources/IndexStoreDB_LLVMSupport/include/IndexStoreDB_LLVMSupport/llvm_ADT_SmallString.h:16:
In file included from /Users/admin/builder/spi-builder-workspace/Sources/IndexStoreDB_LLVMSupport/include/IndexStoreDB_LLVMSupport/llvm_ADT_SmallVector.h:19:
/Users/admin/builder/spi-builder-workspace/Sources/IndexStoreDB_LLVMSupport/include/IndexStoreDB_LLVMSupport/llvm_Support_MathExtras.h:539:13: warning: implicit conversion loses integer precision: 'std::size_t' (aka 'unsigned long') to 'unsigned int' [-Wshorten-64-to-32]
539 | return 31 - countLeadingZeros(Value);
| ~~~~~~ ~~~^~~~~~~~~~~~~~~~~~~~~~~~~~
/Users/admin/builder/spi-builder-workspace/Sources/IndexStoreDB_LLVMSupport/include/IndexStoreDB_LLVMSupport/llvm_Support_MathExtras.h:545:13: warning: implicit conversion loses integer precision: 'std::size_t' (aka 'unsigned long') to 'unsigned int' [-Wshorten-64-to-32]
545 | return 63 - countLeadingZeros(Value);
| ~~~~~~ ~~~^~~~~~~~~~~~~~~~~~~~~~~~~~
/Users/admin/builder/spi-builder-workspace/Sources/IndexStoreDB_LLVMSupport/include/IndexStoreDB_LLVMSupport/llvm_Support_MathExtras.h:552:13: warning: implicit conversion loses integer precision: 'std::size_t' (aka 'unsigned long') to 'unsigned int' [-Wshorten-64-to-32]
552 | return 32 - countLeadingZeros(Value - 1);
| ~~~~~~ ~~~^~~~~~~~~~~~~~~~~~~~~~~~~~~~~~
/Users/admin/builder/spi-builder-workspace/Sources/IndexStoreDB_LLVMSupport/include/IndexStoreDB_LLVMSupport/llvm_Support_MathExtras.h:558:13: warning: implicit conversion loses integer precision: 'std::size_t' (aka 'unsigned long') to 'unsigned int' [-Wshorten-64-to-32]
558 | return 64 - countLeadingZeros(Value - 1);
| ~~~~~~ ~~~^~~~~~~~~~~~~~~~~~~~~~~~~~~~~~
In file included from /Users/admin/builder/spi-builder-workspace/Sources/IndexStoreDB_Support/Path.cpp:13:
In file included from /Users/admin/builder/spi-builder-workspace/Sources/IndexStoreDB_Support/include/IndexStoreDB_Support/Path.h:18:
In file included from /Users/admin/builder/spi-builder-workspace/Sources/IndexStoreDB_LLVMSupport/include/IndexStoreDB_LLVMSupport/llvm_ADT_SmallString.h:16:
/Users/admin/builder/spi-builder-workspace/Sources/IndexStoreDB_LLVMSupport/include/IndexStoreDB_LLVMSupport/llvm_ADT_SmallVector.h:45:35: warning: implicit conversion loses integer precision: 'size_t' (aka 'unsigned long') to 'unsigned int' [-Wshorten-64-to-32]
45 | : BeginX(FirstEl), Capacity(Capacity) {}
| ~^~~~~~~~
/Users/admin/builder/spi-builder-workspace/Sources/IndexStoreDB_LLVMSupport/include/IndexStoreDB_LLVMSupport/llvm_ADT_SmallVector.h:68:18: warning: implicit conversion loses integer precision: 'size_t' (aka 'unsigned long') to 'unsigned int' [-Wshorten-64-to-32]
68 | this->Size = Size;
| ~ ^~~~
In file included from /Users/admin/builder/spi-builder-workspace/Sources/IndexStoreDB_Support/Path.cpp:13:
In file included from /Users/admin/builder/spi-builder-workspace/Sources/IndexStoreDB_Support/include/IndexStoreDB_Support/Path.h:18:
In file included from /Users/admin/builder/spi-builder-workspace/Sources/IndexStoreDB_LLVMSupport/include/IndexStoreDB_LLVMSupport/llvm_ADT_SmallString.h:17:
In file included from /Users/admin/builder/spi-builder-workspace/Sources/IndexStoreDB_LLVMSupport/include/IndexStoreDB_LLVMSupport/llvm_ADT_StringRef.h:12:
In file included from /Users/admin/builder/spi-builder-workspace/Sources/IndexStoreDB_LLVMSupport/include/IndexStoreDB_LLVMSupport/llvm_ADT_STLExtras.h:21:
/Users/admin/builder/spi-builder-workspace/Sources/IndexStoreDB_LLVMSupport/include/IndexStoreDB_LLVMSupport/llvm_ADT_iterator.h:68:19: warning: 'iterator<std::input_iterator_tag, const indexstoredb_llvm::StringRef>' is deprecated [-Wdeprecated-declarations]
68 | : public std::iterator<IteratorCategoryT, T, DifferenceTypeT, PointerT,
| ^
In file included from /Users/admin/builder/spi-builder-workspace/Sources/IndexStoreDB_Support/Path.cpp:13:
In file included from /Users/admin/builder/spi-builder-workspace/Sources/IndexStoreDB_Support/include/IndexStoreDB_Support/Path.h:19:
/Users/admin/builder/spi-builder-workspace/Sources/IndexStoreDB_LLVMSupport/include/IndexStoreDB_LLVMSupport/llvm_Support_Path.h:53:14: note: in instantiation of template class 'indexstoredb_llvm::iterator_facade_base<indexstoredb_llvm::sys::path::const_iterator, std::input_iterator_tag, const indexstoredb_llvm::StringRef>' requested here
53 | : public iterator_facade_base<const_iterator, std::input_iterator_tag,
| ^
In file included from /Users/admin/builder/spi-builder-workspace/Sources/IndexStoreDB_Support/Path.cpp:13:
In file included from /Users/admin/builder/spi-builder-workspace/Sources/IndexStoreDB_Support/include/IndexStoreDB_Support/Path.h:16:
In file included from /Users/admin/builder/spi-builder-workspace/Sources/IndexStoreDB_Support/include/IndexStoreDB_Support/LLVM.h:24:
In file included from /Users/admin/builder/spi-builder-workspace/Sources/IndexStoreDB_LLVMSupport/include/IndexStoreDB_LLVMSupport/llvm_Support_Casting.h:20:
In file included from /Applications/Xcode-27.0.0.app/Contents/Developer/Platforms/WatchOS.platform/Developer/SDKs/WatchOS27.0.sdk/usr/include/c++/v1/memory:950:
In file included from /Applications/Xcode-27.0.0.app/Contents/Developer/Platforms/WatchOS.platform/Developer/SDKs/WatchOS27.0.sdk/usr/include/c++/v1/__memory/inout_ptr.h:16:
In file included from /Applications/Xcode-27.0.0.app/Contents/Developer/Platforms/WatchOS.platform/Developer/SDKs/WatchOS27.0.sdk/usr/include/c++/v1/__memory/shared_ptr.h:35:
In file included from /Applications/Xcode-27.0.0.app/Contents/Developer/Platforms/WatchOS.platform/Developer/SDKs/WatchOS27.0.sdk/usr/include/c++/v1/__memory/uninitialized_algorithms.h:21:
In file included from /Applications/Xcode-27.0.0.app/Contents/Developer/Platforms/WatchOS.platform/Developer/SDKs/WatchOS27.0.sdk/usr/include/c++/v1/__iterator/reverse_iterator.h:23:
/Applications/Xcode-27.0.0.app/Contents/Developer/Platforms/WatchOS.platform/Developer/SDKs/WatchOS27.0.sdk/usr/include/c++/v1/__iterator/iterator.h:23:8: note: 'iterator<std::input_iterator_tag, const indexstoredb_llvm::StringRef>' has been explicitly marked deprecated here
23 | struct _LIBCPP_DEPRECATED_IN_CXX17 iterator {
| ^
In file included from /Users/admin/builder/spi-builder-workspace/Sources/IndexStoreDB_Support/Path.cpp:13:
In file included from /Users/admin/builder/spi-builder-workspace/Sources/IndexStoreDB_Support/include/IndexStoreDB_Support/Path.h:16:
In file included from /Users/admin/builder/spi-builder-workspace/Sources/IndexStoreDB_Support/include/IndexStoreDB_Support/LLVM.h:24:
In file included from /Users/admin/builder/spi-builder-workspace/Sources/IndexStoreDB_LLVMSupport/include/IndexStoreDB_LLVMSupport/llvm_Support_Casting.h:17:
In file included from /Users/admin/builder/spi-builder-workspace/Sources/IndexStoreDB_LLVMSupport/include/IndexStoreDB_LLVMSupport/llvm_Support_Compiler.h:19:
In file included from /Applications/Xcode-27.0.0.app/Contents/Developer/Platforms/WatchOS.platform/Developer/SDKs/WatchOS27.0.sdk/usr/include/c++/v1/new:92:
/Applications/Xcode-27.0.0.app/Contents/Developer/Platforms/WatchOS.platform/Developer/SDKs/WatchOS27.0.sdk/usr/include/c++/v1/__config:540:41: note: expanded from macro '_LIBCPP_DEPRECATED_IN_CXX17'
540 | # define _LIBCPP_DEPRECATED_IN_CXX17 _LIBCPP_DEPRECATED
| ^
/Applications/Xcode-27.0.0.app/Contents/Developer/Platforms/WatchOS.platform/Developer/SDKs/WatchOS27.0.sdk/usr/include/c++/v1/__config:504:49: note: expanded from macro '_LIBCPP_DEPRECATED'
504 | # define _LIBCPP_DEPRECATED __attribute__((__deprecated__))
| ^
In file included from /Users/admin/builder/spi-builder-workspace/Sources/IndexStoreDB_Support/Path.cpp:13:
In file included from /Users/admin/builder/spi-builder-workspace/Sources/IndexStoreDB_Support/include/IndexStoreDB_Support/Path.h:18:
In file included from /Users/admin/builder/spi-builder-workspace/Sources/IndexStoreDB_LLVMSupport/include/IndexStoreDB_LLVMSupport/llvm_ADT_SmallString.h:17:
In file included from /Users/admin/builder/spi-builder-workspace/Sources/IndexStoreDB_LLVMSupport/include/IndexStoreDB_LLVMSupport/llvm_ADT_StringRef.h:12:
In file included from /Users/admin/builder/spi-builder-workspace/Sources/IndexStoreDB_LLVMSupport/include/IndexStoreDB_LLVMSupport/llvm_ADT_STLExtras.h:21:
/Users/admin/builder/spi-builder-workspace/Sources/IndexStoreDB_LLVMSupport/include/IndexStoreDB_LLVMSupport/llvm_ADT_iterator.h:68:19: warning: 'iterator<std::input_iterator_tag, const indexstoredb_llvm::StringRef>' is deprecated [-Wdeprecated-declarations]
68 | : public std::iterator<IteratorCategoryT, T, DifferenceTypeT, PointerT,
| ^
In file included from /Users/admin/builder/spi-builder-workspace/Sources/IndexStoreDB_Support/Path.cpp:13:
In file included from /Users/admin/builder/spi-builder-workspace/Sources/IndexStoreDB_Support/include/IndexStoreDB_Support/Path.h:19:
/Users/admin/builder/spi-builder-workspace/Sources/IndexStoreDB_LLVMSupport/include/IndexStoreDB_LLVMSupport/llvm_Support_Path.h:79:14: note: in instantiation of template class 'indexstoredb_llvm::iterator_facade_base<indexstoredb_llvm::sys::path::reverse_iterator, std::input_iterator_tag, const indexstoredb_llvm::StringRef>' requested here
79 | : public iterator_facade_base<reverse_iterator, std::input_iterator_tag,
| ^
In file included from /Users/admin/builder/spi-builder-workspace/Sources/IndexStoreDB_Support/Path.cpp:13:
In file included from /Users/admin/builder/spi-builder-workspace/Sources/IndexStoreDB_Support/include/IndexStoreDB_Support/Path.h:16:
In file included from /Users/admin/builder/spi-builder-workspace/Sources/IndexStoreDB_Support/include/IndexStoreDB_Support/LLVM.h:24:
In file included from /Users/admin/builder/spi-builder-workspace/Sources/IndexStoreDB_LLVMSupport/include/IndexStoreDB_LLVMSupport/llvm_Support_Casting.h:20:
In file included from /Applications/Xcode-27.0.0.app/Contents/Developer/Platforms/WatchOS.platform/Developer/SDKs/WatchOS27.0.sdk/usr/include/c++/v1/memory:950:
In file included from /Applications/Xcode-27.0.0.app/Contents/Developer/Platforms/WatchOS.platform/Developer/SDKs/WatchOS27.0.sdk/usr/include/c++/v1/__memory/inout_ptr.h:16:
In file included from /Applications/Xcode-27.0.0.app/Contents/Developer/Platforms/WatchOS.platform/Developer/SDKs/WatchOS27.0.sdk/usr/include/c++/v1/__memory/shared_ptr.h:35:
In file included from /Applications/Xcode-27.0.0.app/Contents/Developer/Platforms/WatchOS.platform/Developer/SDKs/WatchOS27.0.sdk/usr/include/c++/v1/__memory/uninitialized_algorithms.h:21:
In file included from /Applications/Xcode-27.0.0.app/Contents/Developer/Platforms/WatchOS.platform/Developer/SDKs/WatchOS27.0.sdk/usr/include/c++/v1/__iterator/reverse_iterator.h:23:
/Applications/Xcode-27.0.0.app/Contents/Developer/Platforms/WatchOS.platform/Developer/SDKs/WatchOS27.0.sdk/usr/include/c++/v1/__iterator/iterator.h:23:8: note: 'iterator<std::input_iterator_tag, const indexstoredb_llvm::StringRef>' has been explicitly marked deprecated here
23 | struct _LIBCPP_DEPRECATED_IN_CXX17 iterator {
| ^
In file included from /Users/admin/builder/spi-builder-workspace/Sources/IndexStoreDB_Support/Path.cpp:13:
In file included from /Users/admin/builder/spi-builder-workspace/Sources/IndexStoreDB_Support/include/IndexStoreDB_Support/Path.h:16:
In file included from /Users/admin/builder/spi-builder-workspace/Sources/IndexStoreDB_Support/include/IndexStoreDB_Support/LLVM.h:24:
In file included from /Users/admin/builder/spi-builder-workspace/Sources/IndexStoreDB_LLVMSupport/include/IndexStoreDB_LLVMSupport/llvm_Support_Casting.h:17:
In file included from /Users/admin/builder/spi-builder-workspace/Sources/IndexStoreDB_LLVMSupport/include/IndexStoreDB_LLVMSupport/llvm_Support_Compiler.h:19:
In file included from /Applications/Xcode-27.0.0.app/Contents/Developer/Platforms/WatchOS.platform/Developer/SDKs/WatchOS27.0.sdk/usr/include/c++/v1/new:92:
/Applications/Xcode-27.0.0.app/Contents/Developer/Platforms/WatchOS.platform/Developer/SDKs/WatchOS27.0.sdk/usr/include/c++/v1/__config:540:41: note: expanded from macro '_LIBCPP_DEPRECATED_IN_CXX17'
540 | # define _LIBCPP_DEPRECATED_IN_CXX17 _LIBCPP_DEPRECATED
| ^
/Applications/Xcode-27.0.0.app/Contents/Developer/Platforms/WatchOS.platform/Developer/SDKs/WatchOS27.0.sdk/usr/include/c++/v1/__config:504:49: note: expanded from macro '_LIBCPP_DEPRECATED'
504 | # define _LIBCPP_DEPRECATED __attribute__((__deprecated__))
| ^
In file included from /Users/admin/builder/spi-builder-workspace/Sources/IndexStoreDB_Support/Path.cpp:18:
In file included from /Users/admin/builder/spi-builder-workspace/Sources/IndexStoreDB_LLVMSupport/include/IndexStoreDB_LLVMSupport/llvm_Support_FileSystem.h:34:
In file included from /Users/admin/builder/spi-builder-workspace/Sources/IndexStoreDB_LLVMSupport/include/IndexStoreDB_LLVMSupport/llvm_Support_Error.h:19:
In file included from /Users/admin/builder/spi-builder-workspace/Sources/IndexStoreDB_LLVMSupport/include/IndexStoreDB_LLVMSupport/llvm_ADT_StringExtras.h:16:
In file included from /Users/admin/builder/spi-builder-workspace/Sources/IndexStoreDB_LLVMSupport/include/IndexStoreDB_LLVMSupport/llvm_ADT_ArrayRef.h:12:
/Users/admin/builder/spi-builder-workspace/Sources/IndexStoreDB_LLVMSupport/include/IndexStoreDB_LLVMSupport/llvm_ADT_Hashing.h:198:20: warning: implicit conversion loses integer precision: 'size_t' (aka 'unsigned long') to 'uint32_t' (aka 'unsigned int') [-Wshorten-64-to-32]
198 | uint32_t z = len + (static_cast<uint32_t>(c) << 2);
| ~ ~~~~^~~~~~~~~~~~~~~~~~~~~~~~~~~~~~~~~
In file included from /Users/admin/builder/spi-builder-workspace/Sources/IndexStoreDB_Support/Path.cpp:13:
In file included from /Users/admin/builder/spi-builder-workspace/Sources/IndexStoreDB_Support/include/IndexStoreDB_Support/Path.h:18:
In file included from /Users/admin/builder/spi-builder-workspace/Sources/IndexStoreDB_LLVMSupport/include/IndexStoreDB_LLVMSupport/llvm_ADT_SmallString.h:17:
In file included from /Users/admin/builder/spi-builder-workspace/Sources/IndexStoreDB_LLVMSupport/include/IndexStoreDB_LLVMSupport/llvm_ADT_StringRef.h:12:
In file included from /Users/admin/builder/spi-builder-workspace/Sources/IndexStoreDB_LLVMSupport/include/IndexStoreDB_LLVMSupport/llvm_ADT_STLExtras.h:21:
/Users/admin/builder/spi-builder-workspace/Sources/IndexStoreDB_LLVMSupport/include/IndexStoreDB_LLVMSupport/llvm_ADT_iterator.h:68:19: warning: 'iterator<std::forward_iterator_tag, indexstoredb_llvm::StringMapEntry<IndexStoreDB::CanonicalFilePathRef>>' is deprecated [-Wdeprecated-declarations]
68 | : public std::iterator<IteratorCategoryT, T, DifferenceTypeT, PointerT,
| ^
In file included from /Users/admin/builder/spi-builder-workspace/Sources/IndexStoreDB_Support/Path.cpp:14:
In file included from /Users/admin/builder/spi-builder-workspace/Sources/IndexStoreDB_Support/include/IndexStoreDB_Support/Logging.h:22:
In file included from /Users/admin/builder/spi-builder-workspace/Sources/IndexStoreDB_LLVMSupport/include/IndexStoreDB_LLVMSupport/llvm_Support_Timer.h:12:
/Users/admin/builder/spi-builder-workspace/Sources/IndexStoreDB_LLVMSupport/include/IndexStoreDB_LLVMSupport/llvm_ADT_StringMap.h:451:14: note: in instantiation of template class 'indexstoredb_llvm::iterator_facade_base<indexstoredb_llvm::StringMapIterator<IndexStoreDB::CanonicalFilePathRef>, std::forward_iterator_tag, indexstoredb_llvm::StringMapEntry<IndexStoreDB::CanonicalFilePathRef>>' requested here
451 | : public iterator_facade_base<DerivedTy, std::forward_iterator_tag,
| ^
/Users/admin/builder/spi-builder-workspace/Sources/IndexStoreDB_LLVMSupport/include/IndexStoreDB_LLVMSupport/llvm_ADT_StringMap.h:510:34: note: in instantiation of template class 'indexstoredb_llvm::StringMapIterBase<indexstoredb_llvm::StringMapIterator<IndexStoreDB::CanonicalFilePathRef>, indexstoredb_llvm::StringMapEntry<IndexStoreDB::CanonicalFilePathRef>>' requested here
510 | class StringMapIterator : public StringMapIterBase<StringMapIterator<ValueTy>,
| ^
/Users/admin/builder/spi-builder-workspace/Sources/IndexStoreDB_Support/Path.cpp:67:26: note: in instantiation of template class 'indexstoredb_llvm::StringMapIterator<IndexStoreDB::CanonicalFilePathRef>' requested here
67 | auto It = CanonPaths.find(AbsPath);
| ^
In file included from /Users/admin/builder/spi-builder-workspace/Sources/IndexStoreDB_Support/Path.cpp:13:
In file included from /Users/admin/builder/spi-builder-workspace/Sources/IndexStoreDB_Support/include/IndexStoreDB_Support/Path.h:16:
In file included from /Users/admin/builder/spi-builder-workspace/Sources/IndexStoreDB_Support/include/IndexStoreDB_Support/LLVM.h:24:
In file included from /Users/admin/builder/spi-builder-workspace/Sources/IndexStoreDB_LLVMSupport/include/IndexStoreDB_LLVMSupport/llvm_Support_Casting.h:20:
In file included from /Applications/Xcode-27.0.0.app/Contents/Developer/Platforms/WatchOS.platform/Developer/SDKs/WatchOS27.0.sdk/usr/include/c++/v1/memory:950:
In file included from /Applications/Xcode-27.0.0.app/Contents/Developer/Platforms/WatchOS.platform/Developer/SDKs/WatchOS27.0.sdk/usr/include/c++/v1/__memory/inout_ptr.h:16:
In file included from /Applications/Xcode-27.0.0.app/Contents/Developer/Platforms/WatchOS.platform/Developer/SDKs/WatchOS27.0.sdk/usr/include/c++/v1/__memory/shared_ptr.h:35:
In file included from /Applications/Xcode-27.0.0.app/Contents/Developer/Platforms/WatchOS.platform/Developer/SDKs/WatchOS27.0.sdk/usr/include/c++/v1/__memory/uninitialized_algorithms.h:21:
In file included from /Applications/Xcode-27.0.0.app/Contents/Developer/Platforms/WatchOS.platform/Developer/SDKs/WatchOS27.0.sdk/usr/include/c++/v1/__iterator/reverse_iterator.h:23:
/Applications/Xcode-27.0.0.app/Contents/Developer/Platforms/WatchOS.platform/Developer/SDKs/WatchOS27.0.sdk/usr/include/c++/v1/__iterator/iterator.h:23:8: note: 'iterator<std::forward_iterator_tag, indexstoredb_llvm::StringMapEntry<IndexStoreDB::CanonicalFilePathRef>>' has been explicitly marked deprecated here
23 | struct _LIBCPP_DEPRECATED_IN_CXX17 iterator {
| ^
In file included from /Users/admin/builder/spi-builder-workspace/Sources/IndexStoreDB_Support/Path.cpp:13:
In file included from /Users/admin/builder/spi-builder-workspace/Sources/IndexStoreDB_Support/include/IndexStoreDB_Support/Path.h:16:
In file included from /Users/admin/builder/spi-builder-workspace/Sources/IndexStoreDB_Support/include/IndexStoreDB_Support/LLVM.h:24:
In file included from /Users/admin/builder/spi-builder-workspace/Sources/IndexStoreDB_LLVMSupport/include/IndexStoreDB_LLVMSupport/llvm_Support_Casting.h:17:
In file included from /Users/admin/builder/spi-builder-workspace/Sources/IndexStoreDB_LLVMSupport/include/IndexStoreDB_LLVMSupport/llvm_Support_Compiler.h:19:
In file included from /Applications/Xcode-27.0.0.app/Contents/Developer/Platforms/WatchOS.platform/Developer/SDKs/WatchOS27.0.sdk/usr/include/c++/v1/new:92:
/Applications/Xcode-27.0.0.app/Contents/Developer/Platforms/WatchOS.platform/Developer/SDKs/WatchOS27.0.sdk/usr/include/c++/v1/__config:540:41: note: expanded from macro '_LIBCPP_DEPRECATED_IN_CXX17'
540 | # define _LIBCPP_DEPRECATED_IN_CXX17 _LIBCPP_DEPRECATED
| ^
/Applications/Xcode-27.0.0.app/Contents/Developer/Platforms/WatchOS.platform/Developer/SDKs/WatchOS27.0.sdk/usr/include/c++/v1/__config:504:49: note: expanded from macro '_LIBCPP_DEPRECATED'
504 | # define _LIBCPP_DEPRECATED __attribute__((__deprecated__))
| ^
In file included from /Users/admin/builder/spi-builder-workspace/Sources/IndexStoreDB_Support/Path.cpp:13:
In file included from /Users/admin/builder/spi-builder-workspace/Sources/IndexStoreDB_Support/include/IndexStoreDB_Support/Path.h:18:
In file included from /Users/admin/builder/spi-builder-workspace/Sources/IndexStoreDB_LLVMSupport/include/IndexStoreDB_LLVMSupport/llvm_ADT_SmallString.h:17:
In file included from /Users/admin/builder/spi-builder-workspace/Sources/IndexStoreDB_LLVMSupport/include/IndexStoreDB_LLVMSupport/llvm_ADT_StringRef.h:12:
In file included from /Users/admin/builder/spi-builder-workspace/Sources/IndexStoreDB_LLVMSupport/include/IndexStoreDB_LLVMSupport/llvm_ADT_STLExtras.h:21:
/Users/admin/builder/spi-builder-workspace/Sources/IndexStoreDB_LLVMSupport/include/IndexStoreDB_LLVMSupport/llvm_ADT_iterator.h:68:19: warning: 'iterator<std::forward_iterator_tag, const indexstoredb_llvm::StringMapEntry<IndexStoreDB::CanonicalFilePathRef>>' is deprecated [-Wdeprecated-declarations]
68 | : public std::iterator<IteratorCategoryT, T, DifferenceTypeT, PointerT,
| ^
In file included from /Users/admin/builder/spi-builder-workspace/Sources/IndexStoreDB_Support/Path.cpp:14:
In file included from /Users/admin/builder/spi-builder-workspace/Sources/IndexStoreDB_Support/include/IndexStoreDB_Support/Logging.h:22:
In file included from /Users/admin/builder/spi-builder-workspace/Sources/IndexStoreDB_LLVMSupport/include/IndexStoreDB_LLVMSupport/llvm_Support_Timer.h:12:
/Users/admin/builder/spi-builder-workspace/Sources/IndexStoreDB_LLVMSupport/include/IndexStoreDB_LLVMSupport/llvm_ADT_StringMap.h:451:14: note: in instantiation of template class 'indexstoredb_llvm::iterator_facade_base<indexstoredb_llvm::StringMapConstIterator<IndexStoreDB::CanonicalFilePathRef>, std::forward_iterator_tag, const indexstoredb_llvm::StringMapEntry<IndexStoreDB::CanonicalFilePathRef>>' requested here
451 | : public iterator_facade_base<DerivedTy, std::forward_iterator_tag,
| ^
/Users/admin/builder/spi-builder-workspace/Sources/IndexStoreDB_LLVMSupport/include/IndexStoreDB_LLVMSupport/llvm_ADT_StringMap.h:493:14: note: in instantiation of template class 'indexstoredb_llvm::StringMapIterBase<indexstoredb_llvm::StringMapConstIterator<IndexStoreDB::CanonicalFilePathRef>, const indexstoredb_llvm::StringMapEntry<IndexStoreDB::CanonicalFilePathRef>>' requested here
493 | : public StringMapIterBase<StringMapConstIterator<ValueTy>,
| ^
/Users/admin/builder/spi-builder-workspace/Sources/IndexStoreDB_Support/Path.cpp:68:9: note: in instantiation of template class 'indexstoredb_llvm::StringMapConstIterator<IndexStoreDB::CanonicalFilePathRef>' requested here
68 | if (It != CanonPaths.end())
| ^
In file included from /Users/admin/builder/spi-builder-workspace/Sources/IndexStoreDB_Support/Path.cpp:13:
In file included from /Users/admin/builder/spi-builder-workspace/Sources/IndexStoreDB_Support/include/IndexStoreDB_Support/Path.h:16:
In file included from /Users/admin/builder/spi-builder-workspace/Sources/IndexStoreDB_Support/include/IndexStoreDB_Support/LLVM.h:24:
In file included from /Users/admin/builder/spi-builder-workspace/Sources/IndexStoreDB_LLVMSupport/include/IndexStoreDB_LLVMSupport/llvm_Support_Casting.h:20:
In file included from /Applications/Xcode-27.0.0.app/Contents/Developer/Platforms/WatchOS.platform/Developer/SDKs/WatchOS27.0.sdk/usr/include/c++/v1/memory:950:
In file included from /Applications/Xcode-27.0.0.app/Contents/Developer/Platforms/WatchOS.platform/Developer/SDKs/WatchOS27.0.sdk/usr/include/c++/v1/__memory/inout_ptr.h:16:
In file included from /Applications/Xcode-27.0.0.app/Contents/Developer/Platforms/WatchOS.platform/Developer/SDKs/WatchOS27.0.sdk/usr/include/c++/v1/__memory/shared_ptr.h:35:
In file included from /Applications/Xcode-27.0.0.app/Contents/Developer/Platforms/WatchOS.platform/Developer/SDKs/WatchOS27.0.sdk/usr/include/c++/v1/__memory/uninitialized_algorithms.h:21:
In file included from /Applications/Xcode-27.0.0.app/Contents/Developer/Platforms/WatchOS.platform/Developer/SDKs/WatchOS27.0.sdk/usr/include/c++/v1/__iterator/reverse_iterator.h:23:
/Applications/Xcode-27.0.0.app/Contents/Developer/Platforms/WatchOS.platform/Developer/SDKs/WatchOS27.0.sdk/usr/include/c++/v1/__iterator/iterator.h:23:8: note: 'iterator<std::forward_iterator_tag, const indexstoredb_llvm::StringMapEntry<IndexStoreDB::CanonicalFilePathRef>>' has been explicitly marked deprecated here
23 | struct _LIBCPP_DEPRECATED_IN_CXX17 iterator {
| ^
In file included from /Users/admin/builder/spi-builder-workspace/Sources/IndexStoreDB_Support/Path.cpp:13:
In file included from /Users/admin/builder/spi-builder-workspace/Sources/IndexStoreDB_Support/include/IndexStoreDB_Support/Path.h:16:
In file included from /Users/admin/builder/spi-builder-workspace/Sources/IndexStoreDB_Support/include/IndexStoreDB_Support/LLVM.h:24:
In file included from /Users/admin/builder/spi-builder-workspace/Sources/IndexStoreDB_LLVMSupport/include/IndexStoreDB_LLVMSupport/llvm_Support_Casting.h:17:
In file included from /Users/admin/builder/spi-builder-workspace/Sources/IndexStoreDB_LLVMSupport/include/IndexStoreDB_LLVMSupport/llvm_Support_Compiler.h:19:
In file included from /Applications/Xcode-27.0.0.app/Contents/Developer/Platforms/WatchOS.platform/Developer/SDKs/WatchOS27.0.sdk/usr/include/c++/v1/new:92:
/Applications/Xcode-27.0.0.app/Contents/Developer/Platforms/WatchOS.platform/Developer/SDKs/WatchOS27.0.sdk/usr/include/c++/v1/__config:540:41: note: expanded from macro '_LIBCPP_DEPRECATED_IN_CXX17'
540 | # define _LIBCPP_DEPRECATED_IN_CXX17 _LIBCPP_DEPRECATED
| ^
/Applications/Xcode-27.0.0.app/Contents/Developer/Platforms/WatchOS.platform/Developer/SDKs/WatchOS27.0.sdk/usr/include/c++/v1/__config:504:49: note: expanded from macro '_LIBCPP_DEPRECATED'
504 | # define _LIBCPP_DEPRECATED __attribute__((__deprecated__))
| ^
In file included from /Users/admin/builder/spi-builder-workspace/Sources/IndexStoreDB_Support/Path.cpp:13:
In file included from /Users/admin/builder/spi-builder-workspace/Sources/IndexStoreDB_Support/include/IndexStoreDB_Support/Path.h:18:
In file included from /Users/admin/builder/spi-builder-workspace/Sources/IndexStoreDB_LLVMSupport/include/IndexStoreDB_LLVMSupport/llvm_ADT_SmallString.h:16:
/Users/admin/builder/spi-builder-workspace/Sources/IndexStoreDB_LLVMSupport/include/IndexStoreDB_LLVMSupport/llvm_ADT_SmallVector.h:253:20: warning: implicit conversion loses integer precision: 'size_t' (aka 'unsigned long') to 'unsigned int' [-Wshorten-64-to-32]
253 | this->Capacity = NewCapacity;
| ~ ^~~~~~~~~~~
/Users/admin/builder/spi-builder-workspace/Sources/IndexStoreDB_LLVMSupport/include/IndexStoreDB_LLVMSupport/llvm_ADT_SmallVector.h:220:13: note: in instantiation of member function 'indexstoredb_llvm::SmallVectorTemplateBase<std::string>::grow' requested here
220 | this->grow();
| ^
In file included from /Users/admin/builder/spi-builder-workspace/Sources/IndexStoreDB_Support/Path.cpp:18:
In file included from /Users/admin/builder/spi-builder-workspace/Sources/IndexStoreDB_LLVMSupport/include/IndexStoreDB_LLVMSupport/llvm_Support_FileSystem.h:34:
/Users/admin/builder/spi-builder-workspace/Sources/IndexStoreDB_LLVMSupport/include/IndexStoreDB_LLVMSupport/llvm_Support_Error.h:969:12: note: in instantiation of member function 'indexstoredb_llvm::SmallVectorTemplateBase<std::string>::push_back' requested here
969 | Errors.push_back(EI.message());
| ^
In file included from /Users/admin/builder/spi-builder-workspace/Sources/IndexStoreDB_Support/Path.cpp:13:
In file included from /Users/admin/builder/spi-builder-workspace/Sources/IndexStoreDB_Support/include/IndexStoreDB_Support/Path.h:18:
In file included from /Users/admin/builder/spi-builder-workspace/Sources/IndexStoreDB_LLVMSupport/include/IndexStoreDB_LLVMSupport/llvm_ADT_SmallString.h:16:
/Users/admin/builder/spi-builder-workspace/Sources/IndexStoreDB_LLVMSupport/include/IndexStoreDB_LLVMSupport/llvm_ADT_SmallVector.h:253:20: warning: implicit conversion loses integer precision: 'size_t' (aka 'unsigned long') to 'unsigned int' [-Wshorten-64-to-32]
253 | this->Capacity = NewCapacity;
| ~ ^~~~~~~~~~~
/Users/admin/builder/spi-builder-workspace/Sources/IndexStoreDB_LLVMSupport/include/IndexStoreDB_LLVMSupport/llvm_ADT_SmallVector.h:220:13: note: in instantiation of member function 'indexstoredb_llvm::SmallVectorTemplateBase<std::pair<void *, unsigned long>>::grow' requested here
220 | this->grow();
| ^
In file included from /Users/admin/builder/spi-builder-workspace/Sources/IndexStoreDB_Support/Path.cpp:14:
In file included from /Users/admin/builder/spi-builder-workspace/Sources/IndexStoreDB_Support/include/IndexStoreDB_Support/Logging.h:22:
In file included from /Users/admin/builder/spi-builder-workspace/Sources/IndexStoreDB_LLVMSupport/include/IndexStoreDB_LLVMSupport/llvm_Support_Timer.h:12:
In file included from /Users/admin/builder/spi-builder-workspace/Sources/IndexStoreDB_LLVMSupport/include/IndexStoreDB_LLVMSupport/llvm_ADT_StringMap.h:19:
/Users/admin/builder/spi-builder-workspace/Sources/IndexStoreDB_LLVMSupport/include/IndexStoreDB_LLVMSupport/llvm_Support_Allocator.h:249:24: note: in instantiation of member function 'indexstoredb_llvm::SmallVectorTemplateBase<std::pair<void *, unsigned long>>::push_back' requested here
249 | CustomSizedSlabs.push_back(std::make_pair(NewSlab, PaddedSize));
| ^
In file included from /Users/admin/builder/spi-builder-workspace/Sources/IndexStoreDB_Support/Path.cpp:14:
In file included from /Users/admin/builder/spi-builder-workspace/Sources/IndexStoreDB_Support/include/IndexStoreDB_Support/Logging.h:22:
In file included from /Users/admin/builder/spi-builder-workspace/Sources/IndexStoreDB_LLVMSupport/include/IndexStoreDB_LLVMSupport/llvm_Support_Timer.h:12:
/Users/admin/builder/spi-builder-workspace/Sources/IndexStoreDB_LLVMSupport/include/IndexStoreDB_LLVMSupport/llvm_ADT_StringMap.h:165:46: note: in instantiation of member function 'indexstoredb_llvm::BumpPtrAllocatorImpl<>::Allocate' requested here
165 | static_cast<StringMapEntry*>(Allocator.Allocate(AllocSize,Alignment));
| ^
/Users/admin/builder/spi-builder-workspace/Sources/IndexStoreDB_LLVMSupport/include/IndexStoreDB_LLVMSupport/llvm_ADT_StringMap.h:403:26: note: in instantiation of function template specialization 'indexstoredb_llvm::StringMapEntry<IndexStoreDB::CanonicalFilePathRef>::Create<indexstoredb_llvm::BumpPtrAllocatorImpl<>, IndexStoreDB::CanonicalFilePathRef>' requested here
403 | Bucket = MapEntryTy::Create(Key, Allocator, std::forward<ArgsTy>(Args)...);
| ^
/Users/admin/builder/spi-builder-workspace/Sources/IndexStoreDB_LLVMSupport/include/IndexStoreDB_LLVMSupport/llvm_ADT_StringMap.h:386:12: note: in instantiation of function template specialization 'indexstoredb_llvm::StringMap<IndexStoreDB::CanonicalFilePathRef, indexstoredb_llvm::BumpPtrAllocatorImpl<>>::try_emplace<IndexStoreDB::CanonicalFilePathRef>' requested here
386 | return try_emplace(KV.first, std::move(KV.second));
| ^
/Users/admin/builder/spi-builder-workspace/Sources/IndexStoreDB_Support/Path.cpp:80:28: note: in instantiation of member function 'indexstoredb_llvm::StringMap<IndexStoreDB::CanonicalFilePathRef, indexstoredb_llvm::BumpPtrAllocatorImpl<>>::insert' requested here
80 | auto Pair = CanonPaths.insert(std::make_pair(AbsPath.str(), CanonicalFilePathRef()));
| ^
ScanDependencies /Users/admin/builder/spi-builder-workspace/.derivedData/Build/Intermediates.noindex/CLMDB.build/Debug-watchos/CLMDB-t.build/Objects-normal/arm64_32/mdb.o /Users/admin/builder/spi-builder-workspace/.dependencies/checkouts/swift-lmdb/Sources/CLMDB/mdb.c normal arm64_32 c com.apple.compilers.llvm.clang.1_0.compiler (in target 'CLMDB' from project 'CLMDB')
cd /Users/admin/builder/spi-builder-workspace/.swiftpm/xcode
Using response file: /Users/admin/builder/spi-builder-workspace/.derivedData/Build/Intermediates.noindex/CLMDB.build/Debug-watchos/CLMDB-t.build/Objects-normal/arm64_32/7187679823f38a2a940e0043cdf9d637-common-args.resp
builtin-ScanDependencies -o /Users/admin/builder/spi-builder-workspace/.derivedData/Build/Intermediates.noindex/CLMDB.build/Debug-watchos/CLMDB-t.build/Objects-normal/arm64_32/mdb.o.scan -- /Applications/Xcode-27.0.0.app/Contents/Developer/Toolchains/XcodeDefault.xctoolchain/usr/bin/clang -x c -ivfsstatcache /Users/admin/builder/spi-builder-workspace/.derivedData/SDKStatCaches.noindex/watchos27.0-24R360-e829b21a6f8c9b70876ba0858053c044b9db9bc9c079ee3c7b5f3373b13d10bc.sdkstatcache -target arm64_32-apple-watchos9.0 -fmessage-length\=0 -fdiagnostics-show-note-include-stack -fmacro-backtrace-limit\=0 -fno-color-diagnostics -fmodules-prune-interval\=86400 -fmodules-prune-after\=345600 -fbuild-session-file\=/Users/admin/builder/spi-builder-workspace/.derivedData/ModuleCache.noindex/Session.modulevalidation -fmodules-validate-once-per-build-session -Wnon-modular-include-in-framework-module -Werror\=non-modular-include-in-framework-module -Wno-trigraphs -Wno-missing-field-initializers -Wno-missing-prototypes -Wno-return-type -Wno-missing-braces -Wparentheses -Wswitch -Wno-unused-function -Wno-unused-label -Wno-unused-parameter -Wno-unused-variable -Wunused-value -Wno-empty-body -Wno-uninitialized -Wno-unknown-pragmas -w -Wno-shadow -Wno-four-char-constants -Wno-conversion -Wno-constant-conversion -Wno-int-conversion -Wno-bool-conversion -Wno-enum-conversion -Wno-float-conversion -Wno-non-literal-null-conversion -Wno-objc-literal-conversion -Wno-shorten-64-to-32 -Wpointer-sign -Wno-newline-eof -Wno-implicit-fallthrough -isysroot /Applications/Xcode-27.0.0.app/Contents/Developer/Platforms/WatchOS.platform/Developer/SDKs/WatchOS27.0.sdk -fstrict-aliasing -Wdeprecated-declarations -Wno-sign-conversion -Wno-infinite-recursion -Wno-comma -Wno-block-capture-autoreleasing -Wno-strict-prototypes -Wno-semicolon-before-method-body -index-store-path /Users/admin/builder/spi-builder-workspace/.derivedData/Index.noindex/DataStore @/Users/admin/builder/spi-builder-workspace/.derivedData/Build/Intermediates.noindex/CLMDB.build/Debug-watchos/CLMDB-t.build/Objects-normal/arm64_32/7187679823f38a2a940e0043cdf9d637-common-args.resp -MMD -MT dependencies -MF /Users/admin/builder/spi-builder-workspace/.derivedData/Build/Intermediates.noindex/CLMDB.build/Debug-watchos/CLMDB-t.build/Objects-normal/arm64_32/mdb.d --serialize-diagnostics /Users/admin/builder/spi-builder-workspace/.derivedData/Build/Intermediates.noindex/CLMDB.build/Debug-watchos/CLMDB-t.build/Objects-normal/arm64_32/mdb.dia -c /Users/admin/builder/spi-builder-workspace/.dependencies/checkouts/swift-lmdb/Sources/CLMDB/mdb.c -o /Users/admin/builder/spi-builder-workspace/.derivedData/Build/Intermediates.noindex/CLMDB.build/Debug-watchos/CLMDB-t.build/Objects-normal/arm64_32/mdb.o -index-unit-output-path /CLMDB.build/Debug-watchos/CLMDB-t.build/Objects-normal/arm64_32/mdb.o
ScanDependencies /Users/admin/builder/spi-builder-workspace/.derivedData/Build/Intermediates.noindex/CLMDB.build/Debug-watchos/CLMDB-t.build/Objects-normal/arm64/midl.o /Users/admin/builder/spi-builder-workspace/.dependencies/checkouts/swift-lmdb/Sources/CLMDB/midl.c normal arm64 c com.apple.compilers.llvm.clang.1_0.compiler (in target 'CLMDB' from project 'CLMDB')
cd /Users/admin/builder/spi-builder-workspace/.swiftpm/xcode
Using response file: /Users/admin/builder/spi-builder-workspace/.derivedData/Build/Intermediates.noindex/CLMDB.build/Debug-watchos/CLMDB-t.build/Objects-normal/arm64/7187679823f38a2a940e0043cdf9d637-common-args.resp
builtin-ScanDependencies -o /Users/admin/builder/spi-builder-workspace/.derivedData/Build/Intermediates.noindex/CLMDB.build/Debug-watchos/CLMDB-t.build/Objects-normal/arm64/midl.o.scan -- /Applications/Xcode-27.0.0.app/Contents/Developer/Toolchains/XcodeDefault.xctoolchain/usr/bin/clang -x c -ivfsstatcache /Users/admin/builder/spi-builder-workspace/.derivedData/SDKStatCaches.noindex/watchos27.0-24R360-e829b21a6f8c9b70876ba0858053c044b9db9bc9c079ee3c7b5f3373b13d10bc.sdkstatcache -target arm64-apple-watchos9.0 -fmessage-length\=0 -fdiagnostics-show-note-include-stack -fmacro-backtrace-limit\=0 -fno-color-diagnostics -fmodules-prune-interval\=86400 -fmodules-prune-after\=345600 -fbuild-session-file\=/Users/admin/builder/spi-builder-workspace/.derivedData/ModuleCache.noindex/Session.modulevalidation -fmodules-validate-once-per-build-session -Wnon-modular-include-in-framework-module -Werror\=non-modular-include-in-framework-module -Wno-trigraphs -Wno-missing-field-initializers -Wno-missing-prototypes -Wno-return-type -Wno-missing-braces -Wparentheses -Wswitch -Wno-unused-function -Wno-unused-label -Wno-unused-parameter -Wno-unused-variable -Wunused-value -Wno-empty-body -Wno-uninitialized -Wno-unknown-pragmas -w -Wno-shadow -Wno-four-char-constants -Wno-conversion -Wno-constant-conversion -Wno-int-conversion -Wno-bool-conversion -Wno-enum-conversion -Wno-float-conversion -Wno-non-literal-null-conversion -Wno-objc-literal-conversion -Wshorten-64-to-32 -Wpointer-sign -Wno-newline-eof -Wno-implicit-fallthrough -isysroot /Applications/Xcode-27.0.0.app/Contents/Developer/Platforms/WatchOS.platform/Developer/SDKs/WatchOS27.0.sdk -fstrict-aliasing -Wdeprecated-declarations -Wno-sign-conversion -Wno-infinite-recursion -Wno-comma -Wno-block-capture-autoreleasing -Wno-strict-prototypes -Wno-semicolon-before-method-body -index-store-path /Users/admin/builder/spi-builder-workspace/.derivedData/Index.noindex/DataStore @/Users/admin/builder/spi-builder-workspace/.derivedData/Build/Intermediates.noindex/CLMDB.build/Debug-watchos/CLMDB-t.build/Objects-normal/arm64/7187679823f38a2a940e0043cdf9d637-common-args.resp -MMD -MT dependencies -MF /Users/admin/builder/spi-builder-workspace/.derivedData/Build/Intermediates.noindex/CLMDB.build/Debug-watchos/CLMDB-t.build/Objects-normal/arm64/midl.d --serialize-diagnostics /Users/admin/builder/spi-builder-workspace/.derivedData/Build/Intermediates.noindex/CLMDB.build/Debug-watchos/CLMDB-t.build/Objects-normal/arm64/midl.dia -c /Users/admin/builder/spi-builder-workspace/.dependencies/checkouts/swift-lmdb/Sources/CLMDB/midl.c -o /Users/admin/builder/spi-builder-workspace/.derivedData/Build/Intermediates.noindex/CLMDB.build/Debug-watchos/CLMDB-t.build/Objects-normal/arm64/midl.o -index-unit-output-path /CLMDB.build/Debug-watchos/CLMDB-t.build/Objects-normal/arm64/midl.o
ScanDependencies /Users/admin/builder/spi-builder-workspace/.derivedData/Build/Intermediates.noindex/CLMDB.build/Debug-watchos/CLMDB-t.build/Objects-normal/arm64/mdb.o /Users/admin/builder/spi-builder-workspace/.dependencies/checkouts/swift-lmdb/Sources/CLMDB/mdb.c normal arm64 c com.apple.compilers.llvm.clang.1_0.compiler (in target 'CLMDB' from project 'CLMDB')
cd /Users/admin/builder/spi-builder-workspace/.swiftpm/xcode
Using response file: /Users/admin/builder/spi-builder-workspace/.derivedData/Build/Intermediates.noindex/CLMDB.build/Debug-watchos/CLMDB-t.build/Objects-normal/arm64/7187679823f38a2a940e0043cdf9d637-common-args.resp
builtin-ScanDependencies -o /Users/admin/builder/spi-builder-workspace/.derivedData/Build/Intermediates.noindex/CLMDB.build/Debug-watchos/CLMDB-t.build/Objects-normal/arm64/mdb.o.scan -- /Applications/Xcode-27.0.0.app/Contents/Developer/Toolchains/XcodeDefault.xctoolchain/usr/bin/clang -x c -ivfsstatcache /Users/admin/builder/spi-builder-workspace/.derivedData/SDKStatCaches.noindex/watchos27.0-24R360-e829b21a6f8c9b70876ba0858053c044b9db9bc9c079ee3c7b5f3373b13d10bc.sdkstatcache -target arm64-apple-watchos9.0 -fmessage-length\=0 -fdiagnostics-show-note-include-stack -fmacro-backtrace-limit\=0 -fno-color-diagnostics -fmodules-prune-interval\=86400 -fmodules-prune-after\=345600 -fbuild-session-file\=/Users/admin/builder/spi-builder-workspace/.derivedData/ModuleCache.noindex/Session.modulevalidation -fmodules-validate-once-per-build-session -Wnon-modular-include-in-framework-module -Werror\=non-modular-include-in-framework-module -Wno-trigraphs -Wno-missing-field-initializers -Wno-missing-prototypes -Wno-return-type -Wno-missing-braces -Wparentheses -Wswitch -Wno-unused-function -Wno-unused-label -Wno-unused-parameter -Wno-unused-variable -Wunused-value -Wno-empty-body -Wno-uninitialized -Wno-unknown-pragmas -w -Wno-shadow -Wno-four-char-constants -Wno-conversion -Wno-constant-conversion -Wno-int-conversion -Wno-bool-conversion -Wno-enum-conversion -Wno-float-conversion -Wno-non-literal-null-conversion -Wno-objc-literal-conversion -Wshorten-64-to-32 -Wpointer-sign -Wno-newline-eof -Wno-implicit-fallthrough -isysroot /Applications/Xcode-27.0.0.app/Contents/Developer/Platforms/WatchOS.platform/Developer/SDKs/WatchOS27.0.sdk -fstrict-aliasing -Wdeprecated-declarations -Wno-sign-conversion -Wno-infinite-recursion -Wno-comma -Wno-block-capture-autoreleasing -Wno-strict-prototypes -Wno-semicolon-before-method-body -index-store-path /Users/admin/builder/spi-builder-workspace/.derivedData/Index.noindex/DataStore @/Users/admin/builder/spi-builder-workspace/.derivedData/Build/Intermediates.noindex/CLMDB.build/Debug-watchos/CLMDB-t.build/Objects-normal/arm64/7187679823f38a2a940e0043cdf9d637-common-args.resp -MMD -MT dependencies -MF /Users/admin/builder/spi-builder-workspace/.derivedData/Build/Intermediates.noindex/CLMDB.build/Debug-watchos/CLMDB-t.build/Objects-normal/arm64/mdb.d --serialize-diagnostics /Users/admin/builder/spi-builder-workspace/.derivedData/Build/Intermediates.noindex/CLMDB.build/Debug-watchos/CLMDB-t.build/Objects-normal/arm64/mdb.dia -c /Users/admin/builder/spi-builder-workspace/.dependencies/checkouts/swift-lmdb/Sources/CLMDB/mdb.c -o /Users/admin/builder/spi-builder-workspace/.derivedData/Build/Intermediates.noindex/CLMDB.build/Debug-watchos/CLMDB-t.build/Objects-normal/arm64/mdb.o -index-unit-output-path /CLMDB.build/Debug-watchos/CLMDB-t.build/Objects-normal/arm64/mdb.o
SwiftDriver IndexStoreDB normal arm64 com.apple.xcode.tools.swift.compiler (in target 'IndexStoreDB' from project 'IndexStoreDB')
cd /Users/admin/builder/spi-builder-workspace/.swiftpm/xcode
builtin-SwiftDriver -- /Applications/Xcode-27.0.0.app/Contents/Developer/Toolchains/XcodeDefault.xctoolchain/usr/bin/swiftc -parse-as-library -module-name IndexStoreDB -Onone @/Users/admin/builder/spi-builder-workspace/.derivedData/Build/Intermediates.noindex/IndexStoreDB.build/Debug-watchos/IndexStoreDB-t.build/Objects-normal/arm64/IndexStoreDB.SwiftFileList -DSWIFT_PACKAGE -DDEBUG -DSWIFT_MODULE_RESOURCE_BUNDLE_UNAVAILABLE -Xcc -fmodule-map-file\=/Users/admin/builder/spi-builder-workspace/.dependencies/checkouts/swift-lmdb/Sources/CLMDB/include/module.modulemap -Xcc -fmodule-map-file\=/Users/admin/builder/spi-builder-workspace/Sources/IndexStoreDB_CIndexStoreDB/include/module.modulemap -Xcc -fmodule-map-file\=/Users/admin/builder/spi-builder-workspace/.derivedData/Build/Intermediates.noindex/GeneratedModuleMaps-watchos/IndexStoreDB_Index.modulemap -Xcc -fmodule-map-file\=/Users/admin/builder/spi-builder-workspace/.derivedData/Build/Intermediates.noindex/GeneratedModuleMaps-watchos/IndexStoreDB_Database.modulemap -Xcc -fmodule-map-file\=/Users/admin/builder/spi-builder-workspace/.derivedData/Build/Intermediates.noindex/GeneratedModuleMaps-watchos/IndexStoreDB_Core.modulemap -Xcc -fmodule-map-file\=/Users/admin/builder/spi-builder-workspace/.derivedData/Build/Intermediates.noindex/GeneratedModuleMaps-watchos/IndexStoreDB_Support.modulemap -Xcc -fmodule-map-file\=/Users/admin/builder/spi-builder-workspace/.derivedData/Build/Intermediates.noindex/GeneratedModuleMaps-watchos/IndexStoreDB_LLVMSupport.modulemap -DXcode -plugin-path /Applications/Xcode-27.0.0.app/Contents/Developer/Toolchains/XcodeDefault.xctoolchain/usr/lib/swift/host/plugins/testing -enable-experimental-feature DebugDescriptionMacro -sdk /Applications/Xcode-27.0.0.app/Contents/Developer/Platforms/WatchOS.platform/Developer/SDKs/WatchOS27.0.sdk -target arm64-apple-watchos9.0 -g -module-cache-path /Users/admin/builder/spi-builder-workspace/.derivedData/ModuleCache.noindex -Xfrontend -serialize-debugging-options -profile-coverage-mapping -profile-generate -enable-testing -index-store-path /Users/admin/builder/spi-builder-workspace/.derivedData/Index.noindex/DataStore -Xcc -D_LIBCPP_HARDENING_MODE\=_LIBCPP_HARDENING_MODE_DEBUG -swift-version 5 -I /Users/admin/builder/spi-builder-workspace/.derivedData/Build/Products/Debug-watchos -Isystem /Applications/Xcode-27.0.0.app/Contents/Developer/Platforms/WatchOS.platform/Developer/usr/lib -F /Users/admin/builder/spi-builder-workspace/.derivedData/Build/Products/Debug-watchos/PackageFrameworks -F /Users/admin/builder/spi-builder-workspace/.derivedData/Build/Products/Debug-watchos -F /Applications/Xcode-27.0.0.app/Contents/Developer/Platforms/WatchOS.platform/Developer/Library/Frameworks -F /Applications/Xcode-27.0.0.app/Contents/Developer/Platforms/WatchOS.platform/Developer/SDKs/WatchOS27.0.sdk/Developer/Library/Frameworks -c -j10 -enable-batch-mode -incremental -Xcc -ivfsstatcache -Xcc /Users/admin/builder/spi-builder-workspace/.derivedData/SDKStatCaches.noindex/watchos27.0-24R360-e829b21a6f8c9b70876ba0858053c044b9db9bc9c079ee3c7b5f3373b13d10bc.sdkstatcache -output-file-map /Users/admin/builder/spi-builder-workspace/.derivedData/Build/Intermediates.noindex/IndexStoreDB.build/Debug-watchos/IndexStoreDB-t.build/Objects-normal/arm64/IndexStoreDB-OutputFileMap.json -save-temps -no-color-diagnostics -explicit-module-build -module-cache-path /Users/admin/builder/spi-builder-workspace/.derivedData/Build/Intermediates.noindex/SwiftExplicitPrecompiledModules -clang-scanner-module-cache-path /Users/admin/builder/spi-builder-workspace/.derivedData/ModuleCache.noindex -sdk-module-cache-path /Users/admin/builder/spi-builder-workspace/.derivedData/SDKExplicitPrecompiledModules -emit-dependencies -emit-module -emit-module-path /Users/admin/builder/spi-builder-workspace/.derivedData/Build/Intermediates.noindex/IndexStoreDB.build/Debug-watchos/IndexStoreDB-t.build/Objects-normal/arm64/IndexStoreDB.swiftmodule -serialize-diagnostics -dependency-scan-serialize-diagnostics-path /Users/admin/builder/spi-builder-workspace/.derivedData/Build/Intermediates.noindex/IndexStoreDB.build/Debug-watchos/IndexStoreDB-t.build/Objects-normal/arm64/IndexStoreDB-dependency-scan.dia -validate-clang-modules-once -clang-build-session-file /Users/admin/builder/spi-builder-workspace/.derivedData/ModuleCache.noindex/Session.modulevalidation -Xcc -fmodules-prune-interval\=86400 -Xcc -fmodules-prune-after\=345600 -package-name spi_builder_workspace -emit-const-values -const-gather-protocols-list /Users/admin/builder/spi-builder-workspace/.derivedData/Build/Intermediates.noindex/IndexStoreDB.build/Debug-watchos/IndexStoreDB-t.build/Objects-normal/arm64/IndexStoreDB_const_extract_protocols.json -Xcc -I/Users/admin/builder/spi-builder-workspace/.dependencies/checkouts/swift-lmdb/Sources/CLMDB/include -Xcc -I/Users/admin/builder/spi-builder-workspace/Sources/IndexStoreDB_CIndexStoreDB/include -Xcc -I/Users/admin/builder/spi-builder-workspace/Sources/IndexStoreDB_Index/include -Xcc -I/Users/admin/builder/spi-builder-workspace/Sources/IndexStoreDB_Database/include -Xcc -I/Users/admin/builder/spi-builder-workspace/Sources/IndexStoreDB_Core/include -Xcc -I/Users/admin/builder/spi-builder-workspace/Sources/IndexStoreDB_Support/include -Xcc -I/Users/admin/builder/spi-builder-workspace/Sources/IndexStoreDB_LLVMSupport/include -Xcc -I/Users/admin/builder/spi-builder-workspace/.derivedData/Build/Products/Debug-watchos/include -Xcc -I/Users/admin/builder/spi-builder-workspace/.derivedData/Build/Intermediates.noindex/IndexStoreDB.build/Debug-watchos/IndexStoreDB-t.build/DerivedSources-normal/arm64 -Xcc -I/Users/admin/builder/spi-builder-workspace/.derivedData/Build/Intermediates.noindex/IndexStoreDB.build/Debug-watchos/IndexStoreDB-t.build/DerivedSources/arm64 -Xcc -I/Users/admin/builder/spi-builder-workspace/.derivedData/Build/Intermediates.noindex/IndexStoreDB.build/Debug-watchos/IndexStoreDB-t.build/DerivedSources -Xcc -DSWIFT_PACKAGE -Xcc -DDEBUG\=1 -emit-objc-header -emit-objc-header-path /Users/admin/builder/spi-builder-workspace/.derivedData/Build/Intermediates.noindex/IndexStoreDB.build/Debug-watchos/IndexStoreDB-t.build/Objects-normal/arm64/IndexStoreDB-Swift.h -working-directory /Users/admin/builder/spi-builder-workspace/.swiftpm/xcode -experimental-emit-module-separately -disable-cmo
SwiftDriver IndexStoreDB normal arm64_32 com.apple.xcode.tools.swift.compiler (in target 'IndexStoreDB' from project 'IndexStoreDB')
cd /Users/admin/builder/spi-builder-workspace/.swiftpm/xcode
builtin-SwiftDriver -- /Applications/Xcode-27.0.0.app/Contents/Developer/Toolchains/XcodeDefault.xctoolchain/usr/bin/swiftc -parse-as-library -module-name IndexStoreDB -Onone @/Users/admin/builder/spi-builder-workspace/.derivedData/Build/Intermediates.noindex/IndexStoreDB.build/Debug-watchos/IndexStoreDB-t.build/Objects-normal/arm64_32/IndexStoreDB.SwiftFileList -DSWIFT_PACKAGE -DDEBUG -DSWIFT_MODULE_RESOURCE_BUNDLE_UNAVAILABLE -Xcc -fmodule-map-file\=/Users/admin/builder/spi-builder-workspace/.dependencies/checkouts/swift-lmdb/Sources/CLMDB/include/module.modulemap -Xcc -fmodule-map-file\=/Users/admin/builder/spi-builder-workspace/Sources/IndexStoreDB_CIndexStoreDB/include/module.modulemap -Xcc -fmodule-map-file\=/Users/admin/builder/spi-builder-workspace/.derivedData/Build/Intermediates.noindex/GeneratedModuleMaps-watchos/IndexStoreDB_Index.modulemap -Xcc -fmodule-map-file\=/Users/admin/builder/spi-builder-workspace/.derivedData/Build/Intermediates.noindex/GeneratedModuleMaps-watchos/IndexStoreDB_Database.modulemap -Xcc -fmodule-map-file\=/Users/admin/builder/spi-builder-workspace/.derivedData/Build/Intermediates.noindex/GeneratedModuleMaps-watchos/IndexStoreDB_Core.modulemap -Xcc -fmodule-map-file\=/Users/admin/builder/spi-builder-workspace/.derivedData/Build/Intermediates.noindex/GeneratedModuleMaps-watchos/IndexStoreDB_Support.modulemap -Xcc -fmodule-map-file\=/Users/admin/builder/spi-builder-workspace/.derivedData/Build/Intermediates.noindex/GeneratedModuleMaps-watchos/IndexStoreDB_LLVMSupport.modulemap -DXcode -plugin-path /Applications/Xcode-27.0.0.app/Contents/Developer/Toolchains/XcodeDefault.xctoolchain/usr/lib/swift/host/plugins/testing -enable-experimental-feature DebugDescriptionMacro -sdk /Applications/Xcode-27.0.0.app/Contents/Developer/Platforms/WatchOS.platform/Developer/SDKs/WatchOS27.0.sdk -target arm64_32-apple-watchos9.0 -g -module-cache-path /Users/admin/builder/spi-builder-workspace/.derivedData/ModuleCache.noindex -Xfrontend -serialize-debugging-options -profile-coverage-mapping -profile-generate -enable-testing -index-store-path /Users/admin/builder/spi-builder-workspace/.derivedData/Index.noindex/DataStore -Xcc -D_LIBCPP_HARDENING_MODE\=_LIBCPP_HARDENING_MODE_DEBUG -swift-version 5 -I /Users/admin/builder/spi-builder-workspace/.derivedData/Build/Products/Debug-watchos -Isystem /Applications/Xcode-27.0.0.app/Contents/Developer/Platforms/WatchOS.platform/Developer/usr/lib -F /Users/admin/builder/spi-builder-workspace/.derivedData/Build/Products/Debug-watchos/PackageFrameworks -F /Users/admin/builder/spi-builder-workspace/.derivedData/Build/Products/Debug-watchos -F /Applications/Xcode-27.0.0.app/Contents/Developer/Platforms/WatchOS.platform/Developer/Library/Frameworks -F /Applications/Xcode-27.0.0.app/Contents/Developer/Platforms/WatchOS.platform/Developer/SDKs/WatchOS27.0.sdk/Developer/Library/Frameworks -c -j10 -enable-batch-mode -incremental -Xcc -ivfsstatcache -Xcc /Users/admin/builder/spi-builder-workspace/.derivedData/SDKStatCaches.noindex/watchos27.0-24R360-e829b21a6f8c9b70876ba0858053c044b9db9bc9c079ee3c7b5f3373b13d10bc.sdkstatcache -output-file-map /Users/admin/builder/spi-builder-workspace/.derivedData/Build/Intermediates.noindex/IndexStoreDB.build/Debug-watchos/IndexStoreDB-t.build/Objects-normal/arm64_32/IndexStoreDB-OutputFileMap.json -save-temps -no-color-diagnostics -explicit-module-build -module-cache-path /Users/admin/builder/spi-builder-workspace/.derivedData/Build/Intermediates.noindex/SwiftExplicitPrecompiledModules -clang-scanner-module-cache-path /Users/admin/builder/spi-builder-workspace/.derivedData/ModuleCache.noindex -sdk-module-cache-path /Users/admin/builder/spi-builder-workspace/.derivedData/SDKExplicitPrecompiledModules -emit-dependencies -emit-module -emit-module-path /Users/admin/builder/spi-builder-workspace/.derivedData/Build/Intermediates.noindex/IndexStoreDB.build/Debug-watchos/IndexStoreDB-t.build/Objects-normal/arm64_32/IndexStoreDB.swiftmodule -serialize-diagnostics -dependency-scan-serialize-diagnostics-path /Users/admin/builder/spi-builder-workspace/.derivedData/Build/Intermediates.noindex/IndexStoreDB.build/Debug-watchos/IndexStoreDB-t.build/Objects-normal/arm64_32/IndexStoreDB-dependency-scan.dia -validate-clang-modules-once -clang-build-session-file /Users/admin/builder/spi-builder-workspace/.derivedData/ModuleCache.noindex/Session.modulevalidation -Xcc -fmodules-prune-interval\=86400 -Xcc -fmodules-prune-after\=345600 -package-name spi_builder_workspace -emit-const-values -const-gather-protocols-list /Users/admin/builder/spi-builder-workspace/.derivedData/Build/Intermediates.noindex/IndexStoreDB.build/Debug-watchos/IndexStoreDB-t.build/Objects-normal/arm64_32/IndexStoreDB_const_extract_protocols.json -Xcc -I/Users/admin/builder/spi-builder-workspace/.dependencies/checkouts/swift-lmdb/Sources/CLMDB/include -Xcc -I/Users/admin/builder/spi-builder-workspace/Sources/IndexStoreDB_CIndexStoreDB/include -Xcc -I/Users/admin/builder/spi-builder-workspace/Sources/IndexStoreDB_Index/include -Xcc -I/Users/admin/builder/spi-builder-workspace/Sources/IndexStoreDB_Database/include -Xcc -I/Users/admin/builder/spi-builder-workspace/Sources/IndexStoreDB_Core/include -Xcc -I/Users/admin/builder/spi-builder-workspace/Sources/IndexStoreDB_Support/include -Xcc -I/Users/admin/builder/spi-builder-workspace/Sources/IndexStoreDB_LLVMSupport/include -Xcc -I/Users/admin/builder/spi-builder-workspace/.derivedData/Build/Products/Debug-watchos/include -Xcc -I/Users/admin/builder/spi-builder-workspace/.derivedData/Build/Intermediates.noindex/IndexStoreDB.build/Debug-watchos/IndexStoreDB-t.build/DerivedSources-normal/arm64_32 -Xcc -I/Users/admin/builder/spi-builder-workspace/.derivedData/Build/Intermediates.noindex/IndexStoreDB.build/Debug-watchos/IndexStoreDB-t.build/DerivedSources/arm64_32 -Xcc -I/Users/admin/builder/spi-builder-workspace/.derivedData/Build/Intermediates.noindex/IndexStoreDB.build/Debug-watchos/IndexStoreDB-t.build/DerivedSources -Xcc -DSWIFT_PACKAGE -Xcc -DDEBUG\=1 -emit-objc-header -emit-objc-header-path /Users/admin/builder/spi-builder-workspace/.derivedData/Build/Intermediates.noindex/IndexStoreDB.build/Debug-watchos/IndexStoreDB-t.build/Objects-normal/arm64_32/IndexStoreDB-Swift.h -working-directory /Users/admin/builder/spi-builder-workspace/.swiftpm/xcode -experimental-emit-module-separately -disable-cmo
Ld /Users/admin/builder/spi-builder-workspace/.derivedData/Build/Intermediates.noindex/IndexStoreDB.build/Debug-watchos/IndexStoreCAPI-t.build/Objects-normal/arm64_32/Binary/IndexStoreCAPI.o normal arm64_32 (in target 'IndexStoreCAPI' from project 'IndexStoreDB')
cd /Users/admin/builder/spi-builder-workspace
/Applications/Xcode-27.0.0.app/Contents/Developer/Toolchains/XcodeDefault.xctoolchain/usr/bin/clang -Xlinker -reproducible -target arm64_32-apple-watchos9.0 -r -isysroot /Applications/Xcode-27.0.0.app/Contents/Developer/Platforms/WatchOS.platform/Developer/SDKs/WatchOS27.0.sdk -O0 -Xlinker -no_warn_duplicate_libraries -F/Users/admin/builder/spi-builder-workspace/.derivedData/Build/Intermediates.noindex/EagerLinkingTBDs/Debug-watchos -F/Users/admin/builder/spi-builder-workspace/.derivedData/Build/Products/Debug-watchos -iframework /Applications/Xcode-27.0.0.app/Contents/Developer/Platforms/WatchOS.platform/Developer/Library/Frameworks -iframework /Applications/Xcode-27.0.0.app/Contents/Developer/Platforms/WatchOS.platform/Developer/SDKs/WatchOS27.0.sdk/Developer/Library/Frameworks -filelist /Users/admin/builder/spi-builder-workspace/.derivedData/Build/Intermediates.noindex/IndexStoreDB.build/Debug-watchos/IndexStoreCAPI-t.build/Objects-normal/arm64_32/IndexStoreCAPI.LinkFileList -nostdlib -Xlinker -object_path_lto -Xlinker /Users/admin/builder/spi-builder-workspace/.derivedData/Build/Intermediates.noindex/IndexStoreDB.build/Debug-watchos/IndexStoreCAPI-t.build/Objects-normal/arm64_32/IndexStoreCAPI_lto.o -Xlinker -no_deduplicate -Xlinker -debug_variant -Xlinker -dependency_info -Xlinker /Users/admin/builder/spi-builder-workspace/.derivedData/Build/Intermediates.noindex/IndexStoreDB.build/Debug-watchos/IndexStoreCAPI-t.build/Objects-normal/arm64_32/IndexStoreCAPI_dependency_info.dat -o /Users/admin/builder/spi-builder-workspace/.derivedData/Build/Intermediates.noindex/IndexStoreDB.build/Debug-watchos/IndexStoreCAPI-t.build/Objects-normal/arm64_32/Binary/IndexStoreCAPI.o
Ld /Users/admin/builder/spi-builder-workspace/.derivedData/Build/Intermediates.noindex/IndexStoreDB.build/Debug-watchos/IndexStoreCAPI-t.build/Objects-normal/arm64/Binary/IndexStoreCAPI.o normal arm64 (in target 'IndexStoreCAPI' from project 'IndexStoreDB')
cd /Users/admin/builder/spi-builder-workspace
/Applications/Xcode-27.0.0.app/Contents/Developer/Toolchains/XcodeDefault.xctoolchain/usr/bin/clang -Xlinker -reproducible -target arm64-apple-watchos9.0 -r -isysroot /Applications/Xcode-27.0.0.app/Contents/Developer/Platforms/WatchOS.platform/Developer/SDKs/WatchOS27.0.sdk -O0 -Xlinker -no_warn_duplicate_libraries -F/Users/admin/builder/spi-builder-workspace/.derivedData/Build/Intermediates.noindex/EagerLinkingTBDs/Debug-watchos -F/Users/admin/builder/spi-builder-workspace/.derivedData/Build/Products/Debug-watchos -iframework /Applications/Xcode-27.0.0.app/Contents/Developer/Platforms/WatchOS.platform/Developer/Library/Frameworks -iframework /Applications/Xcode-27.0.0.app/Contents/Developer/Platforms/WatchOS.platform/Developer/SDKs/WatchOS27.0.sdk/Developer/Library/Frameworks -filelist /Users/admin/builder/spi-builder-workspace/.derivedData/Build/Intermediates.noindex/IndexStoreDB.build/Debug-watchos/IndexStoreCAPI-t.build/Objects-normal/arm64/IndexStoreCAPI.LinkFileList -nostdlib -Xlinker -object_path_lto -Xlinker /Users/admin/builder/spi-builder-workspace/.derivedData/Build/Intermediates.noindex/IndexStoreDB.build/Debug-watchos/IndexStoreCAPI-t.build/Objects-normal/arm64/IndexStoreCAPI_lto.o -Xlinker -no_deduplicate -Xlinker -debug_variant -Xlinker -dependency_info -Xlinker /Users/admin/builder/spi-builder-workspace/.derivedData/Build/Intermediates.noindex/IndexStoreDB.build/Debug-watchos/IndexStoreCAPI-t.build/Objects-normal/arm64/IndexStoreCAPI_dependency_info.dat -o /Users/admin/builder/spi-builder-workspace/.derivedData/Build/Intermediates.noindex/IndexStoreDB.build/Debug-watchos/IndexStoreCAPI-t.build/Objects-normal/arm64/Binary/IndexStoreCAPI.o
SwiftDriver IndexStore normal arm64_32 com.apple.xcode.tools.swift.compiler (in target 'IndexStore' from project 'IndexStoreDB')
cd /Users/admin/builder/spi-builder-workspace/.swiftpm/xcode
builtin-SwiftDriver -- /Applications/Xcode-27.0.0.app/Contents/Developer/Toolchains/XcodeDefault.xctoolchain/usr/bin/swiftc -parse-as-library -module-name IndexStore -Onone @/Users/admin/builder/spi-builder-workspace/.derivedData/Build/Intermediates.noindex/IndexStoreDB.build/Debug-watchos/IndexStore-t.build/Objects-normal/arm64_32/IndexStore.SwiftFileList -DSWIFT_PACKAGE -DDEBUG -DSWIFT_MODULE_RESOURCE_BUNDLE_UNAVAILABLE -Xcc -fmodule-map-file\=/Users/admin/builder/spi-builder-workspace/Sources/IndexStoreCAPI/include/module.modulemap -DXcode -enable-upcoming-feature ExistentialAny -enable-upcoming-feature InternalImportsByDefault -enable-upcoming-feature MemberImportVisibility -enable-upcoming-feature InferIsolatedConformances -enable-upcoming-feature NonisolatedNonsendingByDefault -enable-experimental-feature Lifetimes -plugin-path /Applications/Xcode-27.0.0.app/Contents/Developer/Toolchains/XcodeDefault.xctoolchain/usr/lib/swift/host/plugins/testing -enable-experimental-feature DebugDescriptionMacro -sdk /Applications/Xcode-27.0.0.app/Contents/Developer/Platforms/WatchOS.platform/Developer/SDKs/WatchOS27.0.sdk -target arm64_32-apple-watchos9.0 -g -module-cache-path /Users/admin/builder/spi-builder-workspace/.derivedData/ModuleCache.noindex -Xfrontend -serialize-debugging-options -profile-coverage-mapping -profile-generate -enable-testing -index-store-path /Users/admin/builder/spi-builder-workspace/.derivedData/Index.noindex/DataStore -Xcc -D_LIBCPP_HARDENING_MODE\=_LIBCPP_HARDENING_MODE_DEBUG -swift-version 6 -I /Users/admin/builder/spi-builder-workspace/.derivedData/Build/Products/Debug-watchos -Isystem /Applications/Xcode-27.0.0.app/Contents/Developer/Platforms/WatchOS.platform/Developer/usr/lib -F /Users/admin/builder/spi-builder-workspace/.derivedData/Build/Products/Debug-watchos/PackageFrameworks -F /Users/admin/builder/spi-builder-workspace/.derivedData/Build/Products/Debug-watchos -F /Applications/Xcode-27.0.0.app/Contents/Developer/Platforms/WatchOS.platform/Developer/Library/Frameworks -F /Applications/Xcode-27.0.0.app/Contents/Developer/Platforms/WatchOS.platform/Developer/SDKs/WatchOS27.0.sdk/Developer/Library/Frameworks -c -j10 -enable-batch-mode -incremental -Xcc -ivfsstatcache -Xcc /Users/admin/builder/spi-builder-workspace/.derivedData/SDKStatCaches.noindex/watchos27.0-24R360-e829b21a6f8c9b70876ba0858053c044b9db9bc9c079ee3c7b5f3373b13d10bc.sdkstatcache -output-file-map /Users/admin/builder/spi-builder-workspace/.derivedData/Build/Intermediates.noindex/IndexStoreDB.build/Debug-watchos/IndexStore-t.build/Objects-normal/arm64_32/IndexStore-OutputFileMap.json -save-temps -no-color-diagnostics -explicit-module-build -module-cache-path /Users/admin/builder/spi-builder-workspace/.derivedData/Build/Intermediates.noindex/SwiftExplicitPrecompiledModules -clang-scanner-module-cache-path /Users/admin/builder/spi-builder-workspace/.derivedData/ModuleCache.noindex -sdk-module-cache-path /Users/admin/builder/spi-builder-workspace/.derivedData/SDKExplicitPrecompiledModules -emit-dependencies -emit-module -emit-module-path /Users/admin/builder/spi-builder-workspace/.derivedData/Build/Intermediates.noindex/IndexStoreDB.build/Debug-watchos/IndexStore-t.build/Objects-normal/arm64_32/IndexStore.swiftmodule -serialize-diagnostics -dependency-scan-serialize-diagnostics-path /Users/admin/builder/spi-builder-workspace/.derivedData/Build/Intermediates.noindex/IndexStoreDB.build/Debug-watchos/IndexStore-t.build/Objects-normal/arm64_32/IndexStore-dependency-scan.dia -validate-clang-modules-once -clang-build-session-file /Users/admin/builder/spi-builder-workspace/.derivedData/ModuleCache.noindex/Session.modulevalidation -Xcc -fmodules-prune-interval\=86400 -Xcc -fmodules-prune-after\=345600 -package-name spi_builder_workspace -emit-const-values -const-gather-protocols-list /Users/admin/builder/spi-builder-workspace/.derivedData/Build/Intermediates.noindex/IndexStoreDB.build/Debug-watchos/IndexStore-t.build/Objects-normal/arm64_32/IndexStore_const_extract_protocols.json -Xcc -I/Users/admin/builder/spi-builder-workspace/Sources/IndexStoreCAPI/include -Xcc -I/Users/admin/builder/spi-builder-workspace/.derivedData/Build/Products/Debug-watchos/include -Xcc -I/Users/admin/builder/spi-builder-workspace/.derivedData/Build/Intermediates.noindex/IndexStoreDB.build/Debug-watchos/IndexStore-t.build/DerivedSources-normal/arm64_32 -Xcc -I/Users/admin/builder/spi-builder-workspace/.derivedData/Build/Intermediates.noindex/IndexStoreDB.build/Debug-watchos/IndexStore-t.build/DerivedSources/arm64_32 -Xcc -I/Users/admin/builder/spi-builder-workspace/.derivedData/Build/Intermediates.noindex/IndexStoreDB.build/Debug-watchos/IndexStore-t.build/DerivedSources -Xcc -DSWIFT_PACKAGE -Xcc -DDEBUG\=1 -emit-objc-header -emit-objc-header-path /Users/admin/builder/spi-builder-workspace/.derivedData/Build/Intermediates.noindex/IndexStoreDB.build/Debug-watchos/IndexStore-t.build/Objects-normal/arm64_32/IndexStore-Swift.h -working-directory /Users/admin/builder/spi-builder-workspace/.swiftpm/xcode -experimental-emit-module-separately -disable-cmo
SwiftDriver IndexStore normal arm64 com.apple.xcode.tools.swift.compiler (in target 'IndexStore' from project 'IndexStoreDB')
cd /Users/admin/builder/spi-builder-workspace/.swiftpm/xcode
builtin-SwiftDriver -- /Applications/Xcode-27.0.0.app/Contents/Developer/Toolchains/XcodeDefault.xctoolchain/usr/bin/swiftc -parse-as-library -module-name IndexStore -Onone @/Users/admin/builder/spi-builder-workspace/.derivedData/Build/Intermediates.noindex/IndexStoreDB.build/Debug-watchos/IndexStore-t.build/Objects-normal/arm64/IndexStore.SwiftFileList -DSWIFT_PACKAGE -DDEBUG -DSWIFT_MODULE_RESOURCE_BUNDLE_UNAVAILABLE -Xcc -fmodule-map-file\=/Users/admin/builder/spi-builder-workspace/Sources/IndexStoreCAPI/include/module.modulemap -DXcode -enable-upcoming-feature ExistentialAny -enable-upcoming-feature InternalImportsByDefault -enable-upcoming-feature MemberImportVisibility -enable-upcoming-feature InferIsolatedConformances -enable-upcoming-feature NonisolatedNonsendingByDefault -enable-experimental-feature Lifetimes -plugin-path /Applications/Xcode-27.0.0.app/Contents/Developer/Toolchains/XcodeDefault.xctoolchain/usr/lib/swift/host/plugins/testing -enable-experimental-feature DebugDescriptionMacro -sdk /Applications/Xcode-27.0.0.app/Contents/Developer/Platforms/WatchOS.platform/Developer/SDKs/WatchOS27.0.sdk -target arm64-apple-watchos9.0 -g -module-cache-path /Users/admin/builder/spi-builder-workspace/.derivedData/ModuleCache.noindex -Xfrontend -serialize-debugging-options -profile-coverage-mapping -profile-generate -enable-testing -index-store-path /Users/admin/builder/spi-builder-workspace/.derivedData/Index.noindex/DataStore -Xcc -D_LIBCPP_HARDENING_MODE\=_LIBCPP_HARDENING_MODE_DEBUG -swift-version 6 -I /Users/admin/builder/spi-builder-workspace/.derivedData/Build/Products/Debug-watchos -Isystem /Applications/Xcode-27.0.0.app/Contents/Developer/Platforms/WatchOS.platform/Developer/usr/lib -F /Users/admin/builder/spi-builder-workspace/.derivedData/Build/Products/Debug-watchos/PackageFrameworks -F /Users/admin/builder/spi-builder-workspace/.derivedData/Build/Products/Debug-watchos -F /Applications/Xcode-27.0.0.app/Contents/Developer/Platforms/WatchOS.platform/Developer/Library/Frameworks -F /Applications/Xcode-27.0.0.app/Contents/Developer/Platforms/WatchOS.platform/Developer/SDKs/WatchOS27.0.sdk/Developer/Library/Frameworks -c -j10 -enable-batch-mode -incremental -Xcc -ivfsstatcache -Xcc /Users/admin/builder/spi-builder-workspace/.derivedData/SDKStatCaches.noindex/watchos27.0-24R360-e829b21a6f8c9b70876ba0858053c044b9db9bc9c079ee3c7b5f3373b13d10bc.sdkstatcache -output-file-map /Users/admin/builder/spi-builder-workspace/.derivedData/Build/Intermediates.noindex/IndexStoreDB.build/Debug-watchos/IndexStore-t.build/Objects-normal/arm64/IndexStore-OutputFileMap.json -save-temps -no-color-diagnostics -explicit-module-build -module-cache-path /Users/admin/builder/spi-builder-workspace/.derivedData/Build/Intermediates.noindex/SwiftExplicitPrecompiledModules -clang-scanner-module-cache-path /Users/admin/builder/spi-builder-workspace/.derivedData/ModuleCache.noindex -sdk-module-cache-path /Users/admin/builder/spi-builder-workspace/.derivedData/SDKExplicitPrecompiledModules -emit-dependencies -emit-module -emit-module-path /Users/admin/builder/spi-builder-workspace/.derivedData/Build/Intermediates.noindex/IndexStoreDB.build/Debug-watchos/IndexStore-t.build/Objects-normal/arm64/IndexStore.swiftmodule -serialize-diagnostics -dependency-scan-serialize-diagnostics-path /Users/admin/builder/spi-builder-workspace/.derivedData/Build/Intermediates.noindex/IndexStoreDB.build/Debug-watchos/IndexStore-t.build/Objects-normal/arm64/IndexStore-dependency-scan.dia -validate-clang-modules-once -clang-build-session-file /Users/admin/builder/spi-builder-workspace/.derivedData/ModuleCache.noindex/Session.modulevalidation -Xcc -fmodules-prune-interval\=86400 -Xcc -fmodules-prune-after\=345600 -package-name spi_builder_workspace -emit-const-values -const-gather-protocols-list /Users/admin/builder/spi-builder-workspace/.derivedData/Build/Intermediates.noindex/IndexStoreDB.build/Debug-watchos/IndexStore-t.build/Objects-normal/arm64/IndexStore_const_extract_protocols.json -Xcc -I/Users/admin/builder/spi-builder-workspace/Sources/IndexStoreCAPI/include -Xcc -I/Users/admin/builder/spi-builder-workspace/.derivedData/Build/Products/Debug-watchos/include -Xcc -I/Users/admin/builder/spi-builder-workspace/.derivedData/Build/Intermediates.noindex/IndexStoreDB.build/Debug-watchos/IndexStore-t.build/DerivedSources-normal/arm64 -Xcc -I/Users/admin/builder/spi-builder-workspace/.derivedData/Build/Intermediates.noindex/IndexStoreDB.build/Debug-watchos/IndexStore-t.build/DerivedSources/arm64 -Xcc -I/Users/admin/builder/spi-builder-workspace/.derivedData/Build/Intermediates.noindex/IndexStoreDB.build/Debug-watchos/IndexStore-t.build/DerivedSources -Xcc -DSWIFT_PACKAGE -Xcc -DDEBUG\=1 -emit-objc-header -emit-objc-header-path /Users/admin/builder/spi-builder-workspace/.derivedData/Build/Intermediates.noindex/IndexStoreDB.build/Debug-watchos/IndexStore-t.build/Objects-normal/arm64/IndexStore-Swift.h -working-directory /Users/admin/builder/spi-builder-workspace/.swiftpm/xcode -experimental-emit-module-separately -disable-cmo
SwiftDriver ISDBTibs normal arm64 com.apple.xcode.tools.swift.compiler (in target 'ISDBTibs' from project 'IndexStoreDB')
cd /Users/admin/builder/spi-builder-workspace/.swiftpm/xcode
builtin-SwiftDriver -- /Applications/Xcode-27.0.0.app/Contents/Developer/Toolchains/XcodeDefault.xctoolchain/usr/bin/swiftc -parse-as-library -module-name ISDBTibs -Onone @/Users/admin/builder/spi-builder-workspace/.derivedData/Build/Intermediates.noindex/IndexStoreDB.build/Debug-watchos/ISDBTibs-t.build/Objects-normal/arm64/ISDBTibs.SwiftFileList -DSWIFT_PACKAGE -DDEBUG -DSWIFT_MODULE_RESOURCE_BUNDLE_UNAVAILABLE -DXcode -plugin-path /Applications/Xcode-27.0.0.app/Contents/Developer/Toolchains/XcodeDefault.xctoolchain/usr/lib/swift/host/plugins/testing -enable-experimental-feature DebugDescriptionMacro -sdk /Applications/Xcode-27.0.0.app/Contents/Developer/Platforms/WatchOS.platform/Developer/SDKs/WatchOS27.0.sdk -target arm64-apple-watchos9.0 -g -module-cache-path /Users/admin/builder/spi-builder-workspace/.derivedData/ModuleCache.noindex -Xfrontend -serialize-debugging-options -profile-coverage-mapping -profile-generate -enable-testing -index-store-path /Users/admin/builder/spi-builder-workspace/.derivedData/Index.noindex/DataStore -Xcc -D_LIBCPP_HARDENING_MODE\=_LIBCPP_HARDENING_MODE_DEBUG -swift-version 5 -I /Users/admin/builder/spi-builder-workspace/.derivedData/Build/Products/Debug-watchos -Isystem /Applications/Xcode-27.0.0.app/Contents/Developer/Platforms/WatchOS.platform/Developer/usr/lib -F /Users/admin/builder/spi-builder-workspace/.derivedData/Build/Products/Debug-watchos -F /Applications/Xcode-27.0.0.app/Contents/Developer/Platforms/WatchOS.platform/Developer/Library/Frameworks -F /Applications/Xcode-27.0.0.app/Contents/Developer/Platforms/WatchOS.platform/Developer/SDKs/WatchOS27.0.sdk/Developer/Library/Frameworks -c -j10 -enable-batch-mode -incremental -Xcc -ivfsstatcache -Xcc /Users/admin/builder/spi-builder-workspace/.derivedData/SDKStatCaches.noindex/watchos27.0-24R360-e829b21a6f8c9b70876ba0858053c044b9db9bc9c079ee3c7b5f3373b13d10bc.sdkstatcache -output-file-map /Users/admin/builder/spi-builder-workspace/.derivedData/Build/Intermediates.noindex/IndexStoreDB.build/Debug-watchos/ISDBTibs-t.build/Objects-normal/arm64/ISDBTibs-OutputFileMap.json -save-temps -no-color-diagnostics -explicit-module-build -module-cache-path /Users/admin/builder/spi-builder-workspace/.derivedData/Build/Intermediates.noindex/SwiftExplicitPrecompiledModules -clang-scanner-module-cache-path /Users/admin/builder/spi-builder-workspace/.derivedData/ModuleCache.noindex -sdk-module-cache-path /Users/admin/builder/spi-builder-workspace/.derivedData/SDKExplicitPrecompiledModules -emit-dependencies -emit-module -emit-module-path /Users/admin/builder/spi-builder-workspace/.derivedData/Build/Intermediates.noindex/IndexStoreDB.build/Debug-watchos/ISDBTibs-t.build/Objects-normal/arm64/ISDBTibs.swiftmodule -serialize-diagnostics -dependency-scan-serialize-diagnostics-path /Users/admin/builder/spi-builder-workspace/.derivedData/Build/Intermediates.noindex/IndexStoreDB.build/Debug-watchos/ISDBTibs-t.build/Objects-normal/arm64/ISDBTibs-dependency-scan.dia -validate-clang-modules-once -clang-build-session-file /Users/admin/builder/spi-builder-workspace/.derivedData/ModuleCache.noindex/Session.modulevalidation -Xcc -fmodules-prune-interval\=86400 -Xcc -fmodules-prune-after\=345600 -package-name spi_builder_workspace -emit-const-values -const-gather-protocols-list /Users/admin/builder/spi-builder-workspace/.derivedData/Build/Intermediates.noindex/IndexStoreDB.build/Debug-watchos/ISDBTibs-t.build/Objects-normal/arm64/ISDBTibs_const_extract_protocols.json -Xcc -I/Users/admin/builder/spi-builder-workspace/.derivedData/Build/Products/Debug-watchos/include -Xcc -I/Users/admin/builder/spi-builder-workspace/.derivedData/Build/Intermediates.noindex/IndexStoreDB.build/Debug-watchos/ISDBTibs-t.build/DerivedSources-normal/arm64 -Xcc -I/Users/admin/builder/spi-builder-workspace/.derivedData/Build/Intermediates.noindex/IndexStoreDB.build/Debug-watchos/ISDBTibs-t.build/DerivedSources/arm64 -Xcc -I/Users/admin/builder/spi-builder-workspace/.derivedData/Build/Intermediates.noindex/IndexStoreDB.build/Debug-watchos/ISDBTibs-t.build/DerivedSources -Xcc -DSWIFT_PACKAGE -Xcc -DDEBUG\=1 -emit-objc-header -emit-objc-header-path /Users/admin/builder/spi-builder-workspace/.derivedData/Build/Intermediates.noindex/IndexStoreDB.build/Debug-watchos/ISDBTibs-t.build/Objects-normal/arm64/ISDBTibs-Swift.h -working-directory /Users/admin/builder/spi-builder-workspace/.swiftpm/xcode -experimental-emit-module-separately -disable-cmo
CreateUniversalBinary /Users/admin/builder/spi-builder-workspace/.derivedData/Build/Products/Debug-watchos/IndexStoreCAPI.o normal arm64\ arm64_32 (in target 'IndexStoreCAPI' from project 'IndexStoreDB')
cd /Users/admin/builder/spi-builder-workspace
/Applications/Xcode-27.0.0.app/Contents/Developer/Toolchains/XcodeDefault.xctoolchain/usr/bin/lipo -create /Users/admin/builder/spi-builder-workspace/.derivedData/Build/Intermediates.noindex/IndexStoreDB.build/Debug-watchos/IndexStoreCAPI-t.build/Objects-normal/arm64/Binary/IndexStoreCAPI.o /Users/admin/builder/spi-builder-workspace/.derivedData/Build/Intermediates.noindex/IndexStoreDB.build/Debug-watchos/IndexStoreCAPI-t.build/Objects-normal/arm64_32/Binary/IndexStoreCAPI.o -output /Users/admin/builder/spi-builder-workspace/.derivedData/Build/Products/Debug-watchos/IndexStoreCAPI.o
SwiftDriver ISDBTibs normal arm64_32 com.apple.xcode.tools.swift.compiler (in target 'ISDBTibs' from project 'IndexStoreDB')
cd /Users/admin/builder/spi-builder-workspace/.swiftpm/xcode
builtin-SwiftDriver -- /Applications/Xcode-27.0.0.app/Contents/Developer/Toolchains/XcodeDefault.xctoolchain/usr/bin/swiftc -parse-as-library -module-name ISDBTibs -Onone @/Users/admin/builder/spi-builder-workspace/.derivedData/Build/Intermediates.noindex/IndexStoreDB.build/Debug-watchos/ISDBTibs-t.build/Objects-normal/arm64_32/ISDBTibs.SwiftFileList -DSWIFT_PACKAGE -DDEBUG -DSWIFT_MODULE_RESOURCE_BUNDLE_UNAVAILABLE -DXcode -plugin-path /Applications/Xcode-27.0.0.app/Contents/Developer/Toolchains/XcodeDefault.xctoolchain/usr/lib/swift/host/plugins/testing -enable-experimental-feature DebugDescriptionMacro -sdk /Applications/Xcode-27.0.0.app/Contents/Developer/Platforms/WatchOS.platform/Developer/SDKs/WatchOS27.0.sdk -target arm64_32-apple-watchos9.0 -g -module-cache-path /Users/admin/builder/spi-builder-workspace/.derivedData/ModuleCache.noindex -Xfrontend -serialize-debugging-options -profile-coverage-mapping -profile-generate -enable-testing -index-store-path /Users/admin/builder/spi-builder-workspace/.derivedData/Index.noindex/DataStore -Xcc -D_LIBCPP_HARDENING_MODE\=_LIBCPP_HARDENING_MODE_DEBUG -swift-version 5 -I /Users/admin/builder/spi-builder-workspace/.derivedData/Build/Products/Debug-watchos -Isystem /Applications/Xcode-27.0.0.app/Contents/Developer/Platforms/WatchOS.platform/Developer/usr/lib -F /Users/admin/builder/spi-builder-workspace/.derivedData/Build/Products/Debug-watchos -F /Applications/Xcode-27.0.0.app/Contents/Developer/Platforms/WatchOS.platform/Developer/Library/Frameworks -F /Applications/Xcode-27.0.0.app/Contents/Developer/Platforms/WatchOS.platform/Developer/SDKs/WatchOS27.0.sdk/Developer/Library/Frameworks -c -j10 -enable-batch-mode -incremental -Xcc -ivfsstatcache -Xcc /Users/admin/builder/spi-builder-workspace/.derivedData/SDKStatCaches.noindex/watchos27.0-24R360-e829b21a6f8c9b70876ba0858053c044b9db9bc9c079ee3c7b5f3373b13d10bc.sdkstatcache -output-file-map /Users/admin/builder/spi-builder-workspace/.derivedData/Build/Intermediates.noindex/IndexStoreDB.build/Debug-watchos/ISDBTibs-t.build/Objects-normal/arm64_32/ISDBTibs-OutputFileMap.json -save-temps -no-color-diagnostics -explicit-module-build -module-cache-path /Users/admin/builder/spi-builder-workspace/.derivedData/Build/Intermediates.noindex/SwiftExplicitPrecompiledModules -clang-scanner-module-cache-path /Users/admin/builder/spi-builder-workspace/.derivedData/ModuleCache.noindex -sdk-module-cache-path /Users/admin/builder/spi-builder-workspace/.derivedData/SDKExplicitPrecompiledModules -emit-dependencies -emit-module -emit-module-path /Users/admin/builder/spi-builder-workspace/.derivedData/Build/Intermediates.noindex/IndexStoreDB.build/Debug-watchos/ISDBTibs-t.build/Objects-normal/arm64_32/ISDBTibs.swiftmodule -serialize-diagnostics -dependency-scan-serialize-diagnostics-path /Users/admin/builder/spi-builder-workspace/.derivedData/Build/Intermediates.noindex/IndexStoreDB.build/Debug-watchos/ISDBTibs-t.build/Objects-normal/arm64_32/ISDBTibs-dependency-scan.dia -validate-clang-modules-once -clang-build-session-file /Users/admin/builder/spi-builder-workspace/.derivedData/ModuleCache.noindex/Session.modulevalidation -Xcc -fmodules-prune-interval\=86400 -Xcc -fmodules-prune-after\=345600 -package-name spi_builder_workspace -emit-const-values -const-gather-protocols-list /Users/admin/builder/spi-builder-workspace/.derivedData/Build/Intermediates.noindex/IndexStoreDB.build/Debug-watchos/ISDBTibs-t.build/Objects-normal/arm64_32/ISDBTibs_const_extract_protocols.json -Xcc -I/Users/admin/builder/spi-builder-workspace/.derivedData/Build/Products/Debug-watchos/include -Xcc -I/Users/admin/builder/spi-builder-workspace/.derivedData/Build/Intermediates.noindex/IndexStoreDB.build/Debug-watchos/ISDBTibs-t.build/DerivedSources-normal/arm64_32 -Xcc -I/Users/admin/builder/spi-builder-workspace/.derivedData/Build/Intermediates.noindex/IndexStoreDB.build/Debug-watchos/ISDBTibs-t.build/DerivedSources/arm64_32 -Xcc -I/Users/admin/builder/spi-builder-workspace/.derivedData/Build/Intermediates.noindex/IndexStoreDB.build/Debug-watchos/ISDBTibs-t.build/DerivedSources -Xcc -DSWIFT_PACKAGE -Xcc -DDEBUG\=1 -emit-objc-header -emit-objc-header-path /Users/admin/builder/spi-builder-workspace/.derivedData/Build/Intermediates.noindex/IndexStoreDB.build/Debug-watchos/ISDBTibs-t.build/Objects-normal/arm64_32/ISDBTibs-Swift.h -working-directory /Users/admin/builder/spi-builder-workspace/.swiftpm/xcode -experimental-emit-module-separately -disable-cmo
SwiftDriver ArgumentParserToolInfo normal arm64_32 com.apple.xcode.tools.swift.compiler (in target 'ArgumentParserToolInfo' from project 'swift-argument-parser')
cd /Users/admin/builder/spi-builder-workspace/.swiftpm/xcode
builtin-SwiftDriver -- /Applications/Xcode-27.0.0.app/Contents/Developer/Toolchains/XcodeDefault.xctoolchain/usr/bin/swiftc -parse-as-library -module-name ArgumentParserToolInfo -Onone @/Users/admin/builder/spi-builder-workspace/.derivedData/Build/Intermediates.noindex/swift-argument-parser.build/Debug-watchos/ArgumentParserToolInfo-t.build/Objects-normal/arm64_32/ArgumentParserToolInfo.SwiftFileList -DSWIFT_PACKAGE -DDEBUG -DSWIFT_MODULE_RESOURCE_BUNDLE_UNAVAILABLE -DXcode -plugin-path /Applications/Xcode-27.0.0.app/Contents/Developer/Toolchains/XcodeDefault.xctoolchain/usr/lib/swift/host/plugins/testing -enable-experimental-feature DebugDescriptionMacro -sdk /Applications/Xcode-27.0.0.app/Contents/Developer/Platforms/WatchOS.platform/Developer/SDKs/WatchOS27.0.sdk -target arm64_32-apple-watchos9.0 -g -module-cache-path /Users/admin/builder/spi-builder-workspace/.derivedData/ModuleCache.noindex -Xfrontend -serialize-debugging-options -profile-coverage-mapping -profile-generate -enable-testing -suppress-warnings -index-store-path /Users/admin/builder/spi-builder-workspace/.derivedData/Index.noindex/DataStore -Xcc -D_LIBCPP_HARDENING_MODE\=_LIBCPP_HARDENING_MODE_DEBUG -swift-version 6 -I /Users/admin/builder/spi-builder-workspace/.derivedData/Build/Products/Debug-watchos -Isystem /Applications/Xcode-27.0.0.app/Contents/Developer/Platforms/WatchOS.platform/Developer/usr/lib -F /Users/admin/builder/spi-builder-workspace/.derivedData/Build/Products/Debug-watchos -F /Applications/Xcode-27.0.0.app/Contents/Developer/Platforms/WatchOS.platform/Developer/Library/Frameworks -F /Applications/Xcode-27.0.0.app/Contents/Developer/Platforms/WatchOS.platform/Developer/SDKs/WatchOS27.0.sdk/Developer/Library/Frameworks -c -j10 -enable-batch-mode -incremental -Xcc -ivfsstatcache -Xcc /Users/admin/builder/spi-builder-workspace/.derivedData/SDKStatCaches.noindex/watchos27.0-24R360-e829b21a6f8c9b70876ba0858053c044b9db9bc9c079ee3c7b5f3373b13d10bc.sdkstatcache -output-file-map /Users/admin/builder/spi-builder-workspace/.derivedData/Build/Intermediates.noindex/swift-argument-parser.build/Debug-watchos/ArgumentParserToolInfo-t.build/Objects-normal/arm64_32/ArgumentParserToolInfo-OutputFileMap.json -save-temps -no-color-diagnostics -explicit-module-build -module-cache-path /Users/admin/builder/spi-builder-workspace/.derivedData/Build/Intermediates.noindex/SwiftExplicitPrecompiledModules -clang-scanner-module-cache-path /Users/admin/builder/spi-builder-workspace/.derivedData/ModuleCache.noindex -sdk-module-cache-path /Users/admin/builder/spi-builder-workspace/.derivedData/SDKExplicitPrecompiledModules -emit-dependencies -emit-module -emit-module-path /Users/admin/builder/spi-builder-workspace/.derivedData/Build/Intermediates.noindex/swift-argument-parser.build/Debug-watchos/ArgumentParserToolInfo-t.build/Objects-normal/arm64_32/ArgumentParserToolInfo.swiftmodule -serialize-diagnostics -dependency-scan-serialize-diagnostics-path /Users/admin/builder/spi-builder-workspace/.derivedData/Build/Intermediates.noindex/swift-argument-parser.build/Debug-watchos/ArgumentParserToolInfo-t.build/Objects-normal/arm64_32/ArgumentParserToolInfo-dependency-scan.dia -user-module-version 1.8.2 -validate-clang-modules-once -clang-build-session-file /Users/admin/builder/spi-builder-workspace/.derivedData/ModuleCache.noindex/Session.modulevalidation -Xcc -fmodules-prune-interval\=86400 -Xcc -fmodules-prune-after\=345600 -package-name swift_argument_parser -emit-const-values -const-gather-protocols-list /Users/admin/builder/spi-builder-workspace/.derivedData/Build/Intermediates.noindex/swift-argument-parser.build/Debug-watchos/ArgumentParserToolInfo-t.build/Objects-normal/arm64_32/ArgumentParserToolInfo_const_extract_protocols.json -Xcc -I/Users/admin/builder/spi-builder-workspace/.derivedData/Build/Products/Debug-watchos/include -Xcc -I/Users/admin/builder/spi-builder-workspace/.derivedData/Build/Intermediates.noindex/swift-argument-parser.build/Debug-watchos/ArgumentParserToolInfo-t.build/DerivedSources-normal/arm64_32 -Xcc -I/Users/admin/builder/spi-builder-workspace/.derivedData/Build/Intermediates.noindex/swift-argument-parser.build/Debug-watchos/ArgumentParserToolInfo-t.build/DerivedSources/arm64_32 -Xcc -I/Users/admin/builder/spi-builder-workspace/.derivedData/Build/Intermediates.noindex/swift-argument-parser.build/Debug-watchos/ArgumentParserToolInfo-t.build/DerivedSources -Xcc -DSWIFT_PACKAGE -Xcc -DDEBUG\=1 -emit-objc-header -emit-objc-header-path /Users/admin/builder/spi-builder-workspace/.derivedData/Build/Intermediates.noindex/swift-argument-parser.build/Debug-watchos/ArgumentParserToolInfo-t.build/Objects-normal/arm64_32/ArgumentParserToolInfo-Swift.h -working-directory /Users/admin/builder/spi-builder-workspace/.swiftpm/xcode -experimental-emit-module-separately -disable-cmo
SwiftDriver ArgumentParserToolInfo normal arm64 com.apple.xcode.tools.swift.compiler (in target 'ArgumentParserToolInfo' from project 'swift-argument-parser')
cd /Users/admin/builder/spi-builder-workspace/.swiftpm/xcode
builtin-SwiftDriver -- /Applications/Xcode-27.0.0.app/Contents/Developer/Toolchains/XcodeDefault.xctoolchain/usr/bin/swiftc -parse-as-library -module-name ArgumentParserToolInfo -Onone @/Users/admin/builder/spi-builder-workspace/.derivedData/Build/Intermediates.noindex/swift-argument-parser.build/Debug-watchos/ArgumentParserToolInfo-t.build/Objects-normal/arm64/ArgumentParserToolInfo.SwiftFileList -DSWIFT_PACKAGE -DDEBUG -DSWIFT_MODULE_RESOURCE_BUNDLE_UNAVAILABLE -DXcode -plugin-path /Applications/Xcode-27.0.0.app/Contents/Developer/Toolchains/XcodeDefault.xctoolchain/usr/lib/swift/host/plugins/testing -enable-experimental-feature DebugDescriptionMacro -sdk /Applications/Xcode-27.0.0.app/Contents/Developer/Platforms/WatchOS.platform/Developer/SDKs/WatchOS27.0.sdk -target arm64-apple-watchos9.0 -g -module-cache-path /Users/admin/builder/spi-builder-workspace/.derivedData/ModuleCache.noindex -Xfrontend -serialize-debugging-options -profile-coverage-mapping -profile-generate -enable-testing -suppress-warnings -index-store-path /Users/admin/builder/spi-builder-workspace/.derivedData/Index.noindex/DataStore -Xcc -D_LIBCPP_HARDENING_MODE\=_LIBCPP_HARDENING_MODE_DEBUG -swift-version 6 -I /Users/admin/builder/spi-builder-workspace/.derivedData/Build/Products/Debug-watchos -Isystem /Applications/Xcode-27.0.0.app/Contents/Developer/Platforms/WatchOS.platform/Developer/usr/lib -F /Users/admin/builder/spi-builder-workspace/.derivedData/Build/Products/Debug-watchos -F /Applications/Xcode-27.0.0.app/Contents/Developer/Platforms/WatchOS.platform/Developer/Library/Frameworks -F /Applications/Xcode-27.0.0.app/Contents/Developer/Platforms/WatchOS.platform/Developer/SDKs/WatchOS27.0.sdk/Developer/Library/Frameworks -c -j10 -enable-batch-mode -incremental -Xcc -ivfsstatcache -Xcc /Users/admin/builder/spi-builder-workspace/.derivedData/SDKStatCaches.noindex/watchos27.0-24R360-e829b21a6f8c9b70876ba0858053c044b9db9bc9c079ee3c7b5f3373b13d10bc.sdkstatcache -output-file-map /Users/admin/builder/spi-builder-workspace/.derivedData/Build/Intermediates.noindex/swift-argument-parser.build/Debug-watchos/ArgumentParserToolInfo-t.build/Objects-normal/arm64/ArgumentParserToolInfo-OutputFileMap.json -save-temps -no-color-diagnostics -explicit-module-build -module-cache-path /Users/admin/builder/spi-builder-workspace/.derivedData/Build/Intermediates.noindex/SwiftExplicitPrecompiledModules -clang-scanner-module-cache-path /Users/admin/builder/spi-builder-workspace/.derivedData/ModuleCache.noindex -sdk-module-cache-path /Users/admin/builder/spi-builder-workspace/.derivedData/SDKExplicitPrecompiledModules -emit-dependencies -emit-module -emit-module-path /Users/admin/builder/spi-builder-workspace/.derivedData/Build/Intermediates.noindex/swift-argument-parser.build/Debug-watchos/ArgumentParserToolInfo-t.build/Objects-normal/arm64/ArgumentParserToolInfo.swiftmodule -serialize-diagnostics -dependency-scan-serialize-diagnostics-path /Users/admin/builder/spi-builder-workspace/.derivedData/Build/Intermediates.noindex/swift-argument-parser.build/Debug-watchos/ArgumentParserToolInfo-t.build/Objects-normal/arm64/ArgumentParserToolInfo-dependency-scan.dia -user-module-version 1.8.2 -validate-clang-modules-once -clang-build-session-file /Users/admin/builder/spi-builder-workspace/.derivedData/ModuleCache.noindex/Session.modulevalidation -Xcc -fmodules-prune-interval\=86400 -Xcc -fmodules-prune-after\=345600 -package-name swift_argument_parser -emit-const-values -const-gather-protocols-list /Users/admin/builder/spi-builder-workspace/.derivedData/Build/Intermediates.noindex/swift-argument-parser.build/Debug-watchos/ArgumentParserToolInfo-t.build/Objects-normal/arm64/ArgumentParserToolInfo_const_extract_protocols.json -Xcc -I/Users/admin/builder/spi-builder-workspace/.derivedData/Build/Products/Debug-watchos/include -Xcc -I/Users/admin/builder/spi-builder-workspace/.derivedData/Build/Intermediates.noindex/swift-argument-parser.build/Debug-watchos/ArgumentParserToolInfo-t.build/DerivedSources-normal/arm64 -Xcc -I/Users/admin/builder/spi-builder-workspace/.derivedData/Build/Intermediates.noindex/swift-argument-parser.build/Debug-watchos/ArgumentParserToolInfo-t.build/DerivedSources/arm64 -Xcc -I/Users/admin/builder/spi-builder-workspace/.derivedData/Build/Intermediates.noindex/swift-argument-parser.build/Debug-watchos/ArgumentParserToolInfo-t.build/DerivedSources -Xcc -DSWIFT_PACKAGE -Xcc -DDEBUG\=1 -emit-objc-header -emit-objc-header-path /Users/admin/builder/spi-builder-workspace/.derivedData/Build/Intermediates.noindex/swift-argument-parser.build/Debug-watchos/ArgumentParserToolInfo-t.build/Objects-normal/arm64/ArgumentParserToolInfo-Swift.h -working-directory /Users/admin/builder/spi-builder-workspace/.swiftpm/xcode -experimental-emit-module-separately -disable-cmo
SwiftExplicitDependencyGeneratePcm arm64 /Users/admin/builder/spi-builder-workspace/.derivedData/SDKExplicitPrecompiledModules/ptrcheck-7FGMFZLUYUYHQ4SHZ6QURH9XO.pcm
SwiftExplicitDependencyGeneratePcm arm64 /Users/admin/builder/spi-builder-workspace/.derivedData/SDKExplicitPrecompiledModules/_Builtin_stdbool-3K4XSB9Q4L8IFTW70XLGVL6XX.pcm
SwiftExplicitDependencyGeneratePcm arm64_32 /Users/admin/builder/spi-builder-workspace/.derivedData/SDKExplicitPrecompiledModules/ptrcheck-BR45GYU0OXGGBT6UQES0MQ1N0.pcm
SwiftExplicitDependencyGeneratePcm arm64 /Users/admin/builder/spi-builder-workspace/.derivedData/SDKExplicitPrecompiledModules/ptrauth-6SG94WK08IK1YCEWQOZD37DN0.pcm
SwiftExplicitDependencyGeneratePcm arm64 /Users/admin/builder/spi-builder-workspace/.derivedData/SDKExplicitPrecompiledModules/SwiftShims-D5RMRWG63RILSKWQ5872PCQT2.pcm
SwiftExplicitDependencyGeneratePcm arm64_32 /Users/admin/builder/spi-builder-workspace/.derivedData/SDKExplicitPrecompiledModules/_AvailabilityInternal-BQQUK8V8SWJHTHJSVFJK2AKWW.pcm
SwiftExplicitDependencyGeneratePcm arm64_32 /Users/admin/builder/spi-builder-workspace/.derivedData/SDKExplicitPrecompiledModules/_SwiftConcurrencyShims-EMXWUK5EGT5ME6C38RQNDWMNP.pcm
SwiftExplicitDependencyGeneratePcm arm64 /Users/admin/builder/spi-builder-workspace/.derivedData/SDKExplicitPrecompiledModules/ptrauth-75D2Q69SEU6TW661FC9T39G5T.pcm
SwiftExplicitDependencyGeneratePcm arm64_32 /Users/admin/builder/spi-builder-workspace/.derivedData/SDKExplicitPrecompiledModules/ptrauth-9TF4O22D6TX777CFS74NYS6CY.pcm
SwiftExplicitDependencyGeneratePcm arm64_32 /Users/admin/builder/spi-builder-workspace/.derivedData/SDKExplicitPrecompiledModules/ptrcheck-D11ZNSDYZRFEJJA53KWXZ702P.pcm
SwiftExplicitDependencyGeneratePcm arm64_32 /Users/admin/builder/spi-builder-workspace/.derivedData/SDKExplicitPrecompiledModules/_Builtin_stdarg-102WX5NAUESOXIXJSPGYHVM9S.pcm
SwiftExplicitDependencyGeneratePcm arm64 /Users/admin/builder/spi-builder-workspace/.derivedData/SDKExplicitPrecompiledModules/_AvailabilityInternal-F1LNUT9MK1HRUMT1GHZHQ1RLU.pcm
SwiftExplicitDependencyGeneratePcm arm64_32 /Users/admin/builder/spi-builder-workspace/.derivedData/SDKExplicitPrecompiledModules/_Builtin_stddef-8VT85WZQKGACA68JZ07TP0Y0J.pcm
SwiftExplicitDependencyGeneratePcm arm64 /Users/admin/builder/spi-builder-workspace/.derivedData/SDKExplicitPrecompiledModules/_Builtin_float-5CYEICIOR71FH3JNBYO5RNW2Y.pcm
SwiftExplicitDependencyGeneratePcm arm64_32 /Users/admin/builder/spi-builder-workspace/.derivedData/SDKExplicitPrecompiledModules/_Builtin_stdarg-EIY5S589Q5DGECFY19XTQD8M7.pcm
SwiftExplicitDependencyGeneratePcm arm64_32 /Users/admin/builder/spi-builder-workspace/.derivedData/SDKExplicitPrecompiledModules/_DarwinFoundation1-88RVECTIWIA3ZONBBWQIW1DJZ.pcm
SwiftExplicitDependencyGeneratePcm arm64 /Users/admin/builder/spi-builder-workspace/.derivedData/SDKExplicitPrecompiledModules/_Builtin_stdbool-EIIY79CJBKY0CNDO2RQTENME.pcm
SwiftExplicitDependencyGeneratePcm arm64 /Users/admin/builder/spi-builder-workspace/.derivedData/SDKExplicitPrecompiledModules/_Builtin_stdarg-ES3WE6BADGYLJ1IBGV298L0ED.pcm
SwiftExplicitDependencyGeneratePcm arm64_32 /Users/admin/builder/spi-builder-workspace/.derivedData/SDKExplicitPrecompiledModules/SwiftShims-4MNCVKZ1HKINJ0ZSNUCRO6CZ8.pcm
SwiftExplicitDependencyGeneratePcm arm64 /Users/admin/builder/spi-builder-workspace/.derivedData/SDKExplicitPrecompiledModules/_DarwinFoundation1-7N0SGXTYCHMGUJDV48PP21F4C.pcm
SwiftExplicitDependencyGeneratePcm arm64 /Users/admin/builder/spi-builder-workspace/.derivedData/SDKExplicitPrecompiledModules/SwiftShims-EF6MVIY0O67MYUVBFUXUVMSI1.pcm
SwiftExplicitDependencyGeneratePcm arm64_32 /Users/admin/builder/spi-builder-workspace/.derivedData/SDKExplicitPrecompiledModules/_AvailabilityInternal-17Z6RE1QMV2VXWEMAC9MW0NL2.pcm
SwiftExplicitDependencyGeneratePcm arm64_32 /Users/admin/builder/spi-builder-workspace/.derivedData/SDKExplicitPrecompiledModules/_Builtin_float-EO919BOWGZLY4R4CLQ07XGI1B.pcm
SwiftExplicitDependencyGeneratePcm arm64_32 /Users/admin/builder/spi-builder-workspace/.derivedData/SDKExplicitPrecompiledModules/_DarwinFoundation2-44ZJFO85HR0BJ749M999B8LPA.pcm
SwiftEmitModule normal arm64_32 Emitting\ module\ for\ ArgumentParserToolInfo (in target 'ArgumentParserToolInfo' from project 'swift-argument-parser')
SwiftCompile normal arm64_32 (in target 'ArgumentParserToolInfo' from project 'swift-argument-parser')
cd /Users/admin/builder/spi-builder-workspace/.swiftpm/xcode
SwiftExplicitDependencyGeneratePcm arm64_32 /Users/admin/builder/spi-builder-workspace/.derivedData/SDKExplicitPrecompiledModules/_Builtin_limits-C136SD3CEQ3KB0CFUK32YJB19.pcm
SwiftExplicitDependencyGeneratePcm arm64 /Users/admin/builder/spi-builder-workspace/.derivedData/SDKExplicitPrecompiledModules/ptrcheck-2FDVY6UR0H40GBA6U2HDPB8SM.pcm
SwiftExplicitDependencyGeneratePcm arm64 /Users/admin/builder/spi-builder-workspace/.derivedData/SDKExplicitPrecompiledModules/_DarwinFoundation2-4L3FV1RX9YL087FSDMFO2ZHRG.pcm
SwiftExplicitDependencyGeneratePcm arm64 /Users/admin/builder/spi-builder-workspace/.derivedData/SDKExplicitPrecompiledModules/_Builtin_limits-8ZG2VQ8V2RYXL3B9Y4E6DGCH0.pcm
SwiftExplicitDependencyGeneratePcm arm64_32 /Users/admin/builder/spi-builder-workspace/.derivedData/SDKExplicitPrecompiledModules/_Builtin_stddef-7IVIF81HCPH4VETEG4IKQ3UQQ.pcm
SwiftExplicitDependencyGeneratePcm arm64_32 /Users/admin/builder/spi-builder-workspace/.derivedData/SDKExplicitPrecompiledModules/_Builtin_stdbool-DHPYJAMN6KTVWD1S31Z90I6C9.pcm
SwiftExplicitDependencyGeneratePcm arm64 /Users/admin/builder/spi-builder-workspace/.derivedData/SDKExplicitPrecompiledModules/_DarwinFoundation1-C5AXMEYDFVMWI0AXBXZS13K0J.pcm
SwiftExplicitDependencyGeneratePcm arm64_32 /Users/admin/builder/spi-builder-workspace/.derivedData/SDKExplicitPrecompiledModules/sys_types-C3M5EX2O95KRM34PBYN44HPBI.pcm
SwiftExplicitDependencyGeneratePcm arm64 /Users/admin/builder/spi-builder-workspace/.derivedData/SDKExplicitPrecompiledModules/sys_types-1QTBK62RTLQOA6UPGMTAIO90V.pcm
SwiftExplicitDependencyGeneratePcm arm64_32 /Users/admin/builder/spi-builder-workspace/.derivedData/SDKExplicitPrecompiledModules/string_h-5JIQF7F6QR5PADS6CIIQIXRFW.pcm
SwiftExplicitDependencyGeneratePcm arm64_32 /Users/admin/builder/spi-builder-workspace/.derivedData/SDKExplicitPrecompiledModules/_Builtin_stdint-2Z10U0EB6591SMUSD1HCK6PI.pcm
SwiftExplicitDependencyGeneratePcm arm64 /Users/admin/builder/spi-builder-workspace/.derivedData/SDKExplicitPrecompiledModules/string_h-6DIFPQAW6XJKBOLA1RB9BDYNT.pcm
SwiftExplicitDependencyGeneratePcm arm64 /Users/admin/builder/spi-builder-workspace/.derivedData/SDKExplicitPrecompiledModules/_DarwinFoundation2-NYVMEQYGHBE0ZIL3ZJZSOEY1.pcm
SwiftExplicitDependencyGeneratePcm arm64 /Users/admin/builder/spi-builder-workspace/.derivedData/SDKExplicitPrecompiledModules/_Builtin_limits-D5KOXTTAIGWXE3DL0Q1NI089X.pcm
SwiftExplicitDependencyGeneratePcm arm64 /Users/admin/builder/spi-builder-workspace/.derivedData/SDKExplicitPrecompiledModules/_Builtin_stdint-DVIV8NGT87UZG5NODZGBEN6MQ.pcm
SwiftExplicitDependencyGeneratePcm arm64 /Users/admin/builder/spi-builder-workspace/.derivedData/SDKExplicitPrecompiledModules/_SwiftConcurrencyShims-2Q4BGBV41YFU7T8ZZ1LYOHHM8.pcm
SwiftDriverJobDiscovery normal arm64_32 Emitting module for ArgumentParserToolInfo (in target 'ArgumentParserToolInfo' from project 'swift-argument-parser')
SwiftDriver\ Compilation\ Requirements ArgumentParserToolInfo normal arm64_32 com.apple.xcode.tools.swift.compiler (in target 'ArgumentParserToolInfo' from project 'swift-argument-parser')
cd /Users/admin/builder/spi-builder-workspace/.swiftpm/xcode
builtin-Swift-Compilation-Requirements -- /Applications/Xcode-27.0.0.app/Contents/Developer/Toolchains/XcodeDefault.xctoolchain/usr/bin/swiftc -parse-as-library -module-name ArgumentParserToolInfo -Onone @/Users/admin/builder/spi-builder-workspace/.derivedData/Build/Intermediates.noindex/swift-argument-parser.build/Debug-watchos/ArgumentParserToolInfo-t.build/Objects-normal/arm64_32/ArgumentParserToolInfo.SwiftFileList -DSWIFT_PACKAGE -DDEBUG -DSWIFT_MODULE_RESOURCE_BUNDLE_UNAVAILABLE -DXcode -plugin-path /Applications/Xcode-27.0.0.app/Contents/Developer/Toolchains/XcodeDefault.xctoolchain/usr/lib/swift/host/plugins/testing -enable-experimental-feature DebugDescriptionMacro -sdk /Applications/Xcode-27.0.0.app/Contents/Developer/Platforms/WatchOS.platform/Developer/SDKs/WatchOS27.0.sdk -target arm64_32-apple-watchos9.0 -g -module-cache-path /Users/admin/builder/spi-builder-workspace/.derivedData/ModuleCache.noindex -Xfrontend -serialize-debugging-options -profile-coverage-mapping -profile-generate -enable-testing -suppress-warnings -index-store-path /Users/admin/builder/spi-builder-workspace/.derivedData/Index.noindex/DataStore -Xcc -D_LIBCPP_HARDENING_MODE\=_LIBCPP_HARDENING_MODE_DEBUG -swift-version 6 -I /Users/admin/builder/spi-builder-workspace/.derivedData/Build/Products/Debug-watchos -Isystem /Applications/Xcode-27.0.0.app/Contents/Developer/Platforms/WatchOS.platform/Developer/usr/lib -F /Users/admin/builder/spi-builder-workspace/.derivedData/Build/Products/Debug-watchos -F /Applications/Xcode-27.0.0.app/Contents/Developer/Platforms/WatchOS.platform/Developer/Library/Frameworks -F /Applications/Xcode-27.0.0.app/Contents/Developer/Platforms/WatchOS.platform/Developer/SDKs/WatchOS27.0.sdk/Developer/Library/Frameworks -c -j10 -enable-batch-mode -incremental -Xcc -ivfsstatcache -Xcc /Users/admin/builder/spi-builder-workspace/.derivedData/SDKStatCaches.noindex/watchos27.0-24R360-e829b21a6f8c9b70876ba0858053c044b9db9bc9c079ee3c7b5f3373b13d10bc.sdkstatcache -output-file-map /Users/admin/builder/spi-builder-workspace/.derivedData/Build/Intermediates.noindex/swift-argument-parser.build/Debug-watchos/ArgumentParserToolInfo-t.build/Objects-normal/arm64_32/ArgumentParserToolInfo-OutputFileMap.json -save-temps -no-color-diagnostics -explicit-module-build -module-cache-path /Users/admin/builder/spi-builder-workspace/.derivedData/Build/Intermediates.noindex/SwiftExplicitPrecompiledModules -clang-scanner-module-cache-path /Users/admin/builder/spi-builder-workspace/.derivedData/ModuleCache.noindex -sdk-module-cache-path /Users/admin/builder/spi-builder-workspace/.derivedData/SDKExplicitPrecompiledModules -emit-dependencies -emit-module -emit-module-path /Users/admin/builder/spi-builder-workspace/.derivedData/Build/Intermediates.noindex/swift-argument-parser.build/Debug-watchos/ArgumentParserToolInfo-t.build/Objects-normal/arm64_32/ArgumentParserToolInfo.swiftmodule -serialize-diagnostics -dependency-scan-serialize-diagnostics-path /Users/admin/builder/spi-builder-workspace/.derivedData/Build/Intermediates.noindex/swift-argument-parser.build/Debug-watchos/ArgumentParserToolInfo-t.build/Objects-normal/arm64_32/ArgumentParserToolInfo-dependency-scan.dia -user-module-version 1.8.2 -validate-clang-modules-once -clang-build-session-file /Users/admin/builder/spi-builder-workspace/.derivedData/ModuleCache.noindex/Session.modulevalidation -Xcc -fmodules-prune-interval\=86400 -Xcc -fmodules-prune-after\=345600 -package-name swift_argument_parser -emit-const-values -const-gather-protocols-list /Users/admin/builder/spi-builder-workspace/.derivedData/Build/Intermediates.noindex/swift-argument-parser.build/Debug-watchos/ArgumentParserToolInfo-t.build/Objects-normal/arm64_32/ArgumentParserToolInfo_const_extract_protocols.json -Xcc -I/Users/admin/builder/spi-builder-workspace/.derivedData/Build/Products/Debug-watchos/include -Xcc -I/Users/admin/builder/spi-builder-workspace/.derivedData/Build/Intermediates.noindex/swift-argument-parser.build/Debug-watchos/ArgumentParserToolInfo-t.build/DerivedSources-normal/arm64_32 -Xcc -I/Users/admin/builder/spi-builder-workspace/.derivedData/Build/Intermediates.noindex/swift-argument-parser.build/Debug-watchos/ArgumentParserToolInfo-t.build/DerivedSources/arm64_32 -Xcc -I/Users/admin/builder/spi-builder-workspace/.derivedData/Build/Intermediates.noindex/swift-argument-parser.build/Debug-watchos/ArgumentParserToolInfo-t.build/DerivedSources -Xcc -DSWIFT_PACKAGE -Xcc -DDEBUG\=1 -emit-objc-header -emit-objc-header-path /Users/admin/builder/spi-builder-workspace/.derivedData/Build/Intermediates.noindex/swift-argument-parser.build/Debug-watchos/ArgumentParserToolInfo-t.build/Objects-normal/arm64_32/ArgumentParserToolInfo-Swift.h -working-directory /Users/admin/builder/spi-builder-workspace/.swiftpm/xcode -experimental-emit-module-separately -disable-cmo
SwiftExplicitDependencyGeneratePcm arm64_32 /Users/admin/builder/spi-builder-workspace/.derivedData/SDKExplicitPrecompiledModules/_DarwinFoundation1-7K8R5BSKT1Q8NA8EO8Y97BRPU.pcm
Copy /Users/admin/builder/spi-builder-workspace/.derivedData/Build/Products/Debug-watchos/ArgumentParserToolInfo.swiftmodule/arm64_32-apple-watchos.swiftmodule /Users/admin/builder/spi-builder-workspace/.derivedData/Build/Intermediates.noindex/swift-argument-parser.build/Debug-watchos/ArgumentParserToolInfo-t.build/Objects-normal/arm64_32/ArgumentParserToolInfo.swiftmodule (in target 'ArgumentParserToolInfo' from project 'swift-argument-parser')
cd /Users/admin/builder/spi-builder-workspace/.dependencies/checkouts/swift-argument-parser
builtin-copy -exclude .DS_Store -exclude CVS -exclude .svn -exclude .git -exclude .hg -resolve-src-symlinks -rename /Users/admin/builder/spi-builder-workspace/.derivedData/Build/Intermediates.noindex/swift-argument-parser.build/Debug-watchos/ArgumentParserToolInfo-t.build/Objects-normal/arm64_32/ArgumentParserToolInfo.swiftmodule /Users/admin/builder/spi-builder-workspace/.derivedData/Build/Products/Debug-watchos/ArgumentParserToolInfo.swiftmodule/arm64_32-apple-watchos.swiftmodule
Copy /Users/admin/builder/spi-builder-workspace/.derivedData/Build/Products/Debug-watchos/ArgumentParserToolInfo.swiftmodule/arm64_32-apple-watchos.swiftdoc /Users/admin/builder/spi-builder-workspace/.derivedData/Build/Intermediates.noindex/swift-argument-parser.build/Debug-watchos/ArgumentParserToolInfo-t.build/Objects-normal/arm64_32/ArgumentParserToolInfo.swiftdoc (in target 'ArgumentParserToolInfo' from project 'swift-argument-parser')
cd /Users/admin/builder/spi-builder-workspace/.dependencies/checkouts/swift-argument-parser
builtin-copy -exclude .DS_Store -exclude CVS -exclude .svn -exclude .git -exclude .hg -resolve-src-symlinks -rename /Users/admin/builder/spi-builder-workspace/.derivedData/Build/Intermediates.noindex/swift-argument-parser.build/Debug-watchos/ArgumentParserToolInfo-t.build/Objects-normal/arm64_32/ArgumentParserToolInfo.swiftdoc /Users/admin/builder/spi-builder-workspace/.derivedData/Build/Products/Debug-watchos/ArgumentParserToolInfo.swiftmodule/arm64_32-apple-watchos.swiftdoc
Copy /Users/admin/builder/spi-builder-workspace/.derivedData/Build/Products/Debug-watchos/ArgumentParserToolInfo.swiftmodule/arm64_32-apple-watchos.abi.json /Users/admin/builder/spi-builder-workspace/.derivedData/Build/Intermediates.noindex/swift-argument-parser.build/Debug-watchos/ArgumentParserToolInfo-t.build/Objects-normal/arm64_32/ArgumentParserToolInfo.abi.json (in target 'ArgumentParserToolInfo' from project 'swift-argument-parser')
cd /Users/admin/builder/spi-builder-workspace/.dependencies/checkouts/swift-argument-parser
builtin-copy -exclude .DS_Store -exclude CVS -exclude .svn -exclude .git -exclude .hg -resolve-src-symlinks -rename /Users/admin/builder/spi-builder-workspace/.derivedData/Build/Intermediates.noindex/swift-argument-parser.build/Debug-watchos/ArgumentParserToolInfo-t.build/Objects-normal/arm64_32/ArgumentParserToolInfo.abi.json /Users/admin/builder/spi-builder-workspace/.derivedData/Build/Products/Debug-watchos/ArgumentParserToolInfo.swiftmodule/arm64_32-apple-watchos.abi.json
Copy /Users/admin/builder/spi-builder-workspace/.derivedData/Build/Products/Debug-watchos/ArgumentParserToolInfo.swiftmodule/Project/arm64_32-apple-watchos.swiftsourceinfo /Users/admin/builder/spi-builder-workspace/.derivedData/Build/Intermediates.noindex/swift-argument-parser.build/Debug-watchos/ArgumentParserToolInfo-t.build/Objects-normal/arm64_32/ArgumentParserToolInfo.swiftsourceinfo (in target 'ArgumentParserToolInfo' from project 'swift-argument-parser')
cd /Users/admin/builder/spi-builder-workspace/.dependencies/checkouts/swift-argument-parser
builtin-copy -exclude .DS_Store -exclude CVS -exclude .svn -exclude .git -exclude .hg -resolve-src-symlinks -rename /Users/admin/builder/spi-builder-workspace/.derivedData/Build/Intermediates.noindex/swift-argument-parser.build/Debug-watchos/ArgumentParserToolInfo-t.build/Objects-normal/arm64_32/ArgumentParserToolInfo.swiftsourceinfo /Users/admin/builder/spi-builder-workspace/.derivedData/Build/Products/Debug-watchos/ArgumentParserToolInfo.swiftmodule/Project/arm64_32-apple-watchos.swiftsourceinfo
SwiftExplicitDependencyGeneratePcm arm64_32 /Users/admin/builder/spi-builder-workspace/.derivedData/SDKExplicitPrecompiledModules/_DarwinFoundation3-F4AQTMWJJP4FVAZ08SHRNZXAM.pcm
SwiftExplicitDependencyGeneratePcm arm64_32 /Users/admin/builder/spi-builder-workspace/.derivedData/Build/Intermediates.noindex/SwiftExplicitPrecompiledModules/IndexStoreCAPI-2K0MW21J8YE83NYFFTUSB0BFS.pcm
PruneExplicitPrecompiledModules /Users/admin/builder/spi-builder-workspace/.derivedData/Build/Intermediates.noindex/ExplicitPrecompiledModules
PruneExplicitPrecompiledModules /Users/admin/builder/spi-builder-workspace/.derivedData/Build/Intermediates.noindex/SwiftExplicitPrecompiledModules
PruneExplicitPrecompiledModules /Users/admin/builder/spi-builder-workspace/.derivedData/SDKExplicitPrecompiledModules
2026-10-29 01:32:14.511 xcodebuild[872:5594] [MT] IDERunDestination: Supported platforms for the buildables in the current scheme is empty.
** BUILD FAILED **
The following build commands failed:
CompileC /Users/admin/builder/spi-builder-workspace/.derivedData/Build/Intermediates.noindex/IndexStoreDB.build/Debug-watchos/IndexStoreDB_Support-t.build/Objects-normal/arm64_32/FilePathWatcher.o /Users/admin/builder/spi-builder-workspace/Sources/IndexStoreDB_Support/FilePathWatcher.cpp normal arm64_32 c++ com.apple.compilers.llvm.clang.1_0.compiler (in target 'IndexStoreDB_Support' from project 'IndexStoreDB')
Building workspace IndexStoreDB with scheme IndexStoreDB-Package
(2 failures)
BUILD FAILURE 6.4 watchOS