The Swift Package Index logo.Swift Package Index

Build Information

Failed to build Coordinator, reference 2.1.3 (4633fd), with Swift 6.4 for visionOS using Xcode 27.0 on 19 Sep 2026 05:25:55 UTC.

Build Command

env DEVELOPER_DIR=/Applications/Xcode-27.0.0-Release.Candidate.app xcrun xcodebuild -IDEClonedSourcePackagesDirPathOverride=$PWD/.dependencies -skipMacroValidation -skipPackagePluginValidation -derivedDataPath $PWD/.derivedData build -scheme Coordinator-Package -destination generic/platform=xrOS

Build Log

        "Mocks/CoordinatorProtocolMock.swift",
        "Mocks/NavigationControllerCoordinatorMock.swift",
        "Mocks/ViewControllerCoordinatorMock.swift",
        "Mocks/WindowCoordinatorMock.swift",
        "SequenceCoordinatorProtocolTests.swift",
        "StartableProtocolCoordinatorProtocolTests.swift"
      ],
      "target_dependencies" : [
        "CoordinatorAPI",
        "Coordinator"
      ],
      "type" : "test"
    },
    {
      "c99name" : "CoordinatorAPI",
      "module_type" : "SwiftTarget",
      "name" : "CoordinatorAPI",
      "path" : "Sources/CoordinatorAPI",
      "product_memberships" : [
        "Coordinator",
        "CoordinatorAPI"
      ],
      "sources" : [
        "Extensions/CoordinatorProtocol+Sequence.swift",
        "Extensions/CoordinatorProtocol+Startable.swift",
        "Extensions/UIViewController+TopViewController.swift",
        "Protocols/CoordinatorProtocol.swift",
        "Protocols/Dismissable.swift",
        "Protocols/RootViewControllerProtocol.swift",
        "Protocols/Startable.swift"
      ],
      "type" : "library"
    },
    {
      "c99name" : "Coordinator",
      "module_type" : "SwiftTarget",
      "name" : "Coordinator",
      "path" : "Sources/Coordinator",
      "product_memberships" : [
        "Coordinator"
      ],
      "sources" : [
        "Controllers/AdaptivePresentationControllerDelegate.swift",
        "Controllers/DismissableNavigationController.swift",
        "Controllers/DismissableViewController.swift",
        "Coordinator.swift",
        "CoordinatorSettings.swift",
        "WeakObject.swift"
      ],
      "target_dependencies" : [
        "CoordinatorAPI"
      ],
      "type" : "library"
    }
  ],
  "tools_version" : "5.3"
}
{
  "workspace" : {
    "name" : "Coordinator",
    "schemes" : [
      "Coordinator",
      "Coordinator-Package",
      "CoordinatorAPI"
    ]
  }
}
2026-09-19 01:25:36.624 xcodebuild[648:4149] [MT] IDERunDestination: Supported platforms for the buildables in the current scheme is empty.
{
  "workspace" : {
    "name" : "Coordinator",
    "schemes" : [
      "Coordinator",
      "Coordinator-Package",
      "CoordinatorAPI"
    ]
  }
}
2026-09-19 01:25:37.646 xcodebuild[650:4203] [MT] IDERunDestination: Supported platforms for the buildables in the current scheme is empty.
2026-09-19 01:25:37.790 xcodebuild[650:4203] [MT] IDERunDestination: Supported platforms for the buildables in the current scheme is empty.
Running build ...
env DEVELOPER_DIR=/Applications/Xcode-27.0.0-Release.Candidate.app xcrun xcodebuild -IDEClonedSourcePackagesDirPathOverride=$PWD/.dependencies -skipMacroValidation -skipPackagePluginValidation -derivedDataPath $PWD/.derivedData build -scheme Coordinator-Package -destination generic/platform=xrOS
Command line invocation:
    /Applications/Xcode-27.0.0-Release.Candidate.app/Contents/Developer/usr/bin/xcodebuild -IDEClonedSourcePackagesDirPathOverride=/Users/admin/builder/spi-builder-workspace/.dependencies -skipMacroValidation -skipPackagePluginValidation -derivedDataPath /Users/admin/builder/spi-builder-workspace/.derivedData build -scheme Coordinator-Package -destination generic/platform=xrOS
Resolve Package Graph
Resolved source packages:
  Coordinator: /Users/admin/builder/spi-builder-workspace
ComputePackagePrebuildTargetDependencyGraph
Prepare packages
CreateBuildRequest
SendProjectDescription
CreateBuildOperation
ComputeTargetDependencyGraph
note: Building targets in dependency order
note: Target dependency graph (5 targets)
    Target 'CoordinatorTests-product' in project 'Coordinator'
        ➜ Explicit dependency on target 'CoordinatorAPI' in project 'Coordinator'
        ➜ Explicit dependency on target 'Coordinator' in project 'Coordinator'
    Target 'CoordinatorAPI-product' in project 'Coordinator'
        ➜ Explicit dependency on target 'CoordinatorAPI' in project 'Coordinator'
    Target 'Coordinator-product' in project 'Coordinator'
        ➜ Explicit dependency on target 'Coordinator' in project 'Coordinator'
        ➜ Explicit dependency on target 'CoordinatorAPI' in project 'Coordinator'
    Target 'Coordinator' in project 'Coordinator'
        ➜ Explicit dependency on target 'CoordinatorAPI' in project 'Coordinator'
    Target 'CoordinatorAPI' in project 'Coordinator' (no dependencies)
GatherProvisioningInputs
CreateBuildDescription
ExecuteExternalTool /Applications/Xcode-27.0.0-Release.Candidate.app/Contents/Developer/Toolchains/XcodeDefault.xctoolchain/usr/bin/swiftc --version
ExecuteExternalTool /Applications/Xcode-27.0.0-Release.Candidate.app/Contents/Developer/Toolchains/XcodeDefault.xctoolchain/usr/bin/clang -v -E -dM -isysroot /Applications/Xcode-27.0.0-Release.Candidate.app/Contents/Developer/Platforms/XROS.platform/Developer/SDKs/XROS27.0.sdk -x c -c /dev/null
ExecuteExternalTool /Applications/Xcode-27.0.0-Release.Candidate.app/Contents/Developer/Toolchains/XcodeDefault.xctoolchain/usr/bin/ld -version_details
Build description signature: 8c570b491ebc575545dd15a1d5d5c38b
Build description path: /Users/admin/builder/spi-builder-workspace/.derivedData/Build/Intermediates.noindex/XCBuildData/8c570b491ebc575545dd15a1d5d5c38b.xcbuilddata
CreateBuildDirectory /Users/admin/builder/spi-builder-workspace/.derivedData/SDKExplicitPrecompiledModules
    cd /Users/admin/builder/spi-builder-workspace/.swiftpm/xcode
    builtin-create-build-directory /Users/admin/builder/spi-builder-workspace/.derivedData/SDKExplicitPrecompiledModules
CreateBuildDirectory /Users/admin/builder/spi-builder-workspace/.derivedData/ModuleCache.noindex
    cd /Users/admin/builder/spi-builder-workspace/.swiftpm/xcode
    builtin-create-build-directory /Users/admin/builder/spi-builder-workspace/.derivedData/ModuleCache.noindex
CreateBuildDirectory /Users/admin/builder/spi-builder-workspace/.derivedData/CompilationCache.noindex
    cd /Users/admin/builder/spi-builder-workspace/.swiftpm/xcode
    builtin-create-build-directory /Users/admin/builder/spi-builder-workspace/.derivedData/CompilationCache.noindex
ClangStatCache /Applications/Xcode-27.0.0-Release.Candidate.app/Contents/Developer/Toolchains/XcodeDefault.xctoolchain/usr/bin/clang-stat-cache /Applications/Xcode-27.0.0-Release.Candidate.app/Contents/Developer/Platforms/XROS.platform/Developer/SDKs/XROS27.0.sdk /Users/admin/builder/spi-builder-workspace/.derivedData/SDKStatCaches.noindex/xros27.0-24M361-e829b21a6f8c9b70876ba0858053c044735bd543db762f57723cac368afd1ce4.sdkstatcache
    cd /Users/admin/builder/spi-builder-workspace/.swiftpm/xcode
    /Applications/Xcode-27.0.0-Release.Candidate.app/Contents/Developer/Toolchains/XcodeDefault.xctoolchain/usr/bin/clang-stat-cache /Applications/Xcode-27.0.0-Release.Candidate.app/Contents/Developer/Platforms/XROS.platform/Developer/SDKs/XROS27.0.sdk -o /Users/admin/builder/spi-builder-workspace/.derivedData/SDKStatCaches.noindex/xros27.0-24M361-e829b21a6f8c9b70876ba0858053c044735bd543db762f57723cac368afd1ce4.sdkstatcache
CreateBuildDirectory /Users/admin/builder/spi-builder-workspace/.derivedData/Build/Intermediates.noindex
    cd /Users/admin/builder/spi-builder-workspace/.swiftpm/xcode
    builtin-create-build-directory /Users/admin/builder/spi-builder-workspace/.derivedData/Build/Intermediates.noindex
CreateBuildDirectory /Users/admin/builder/spi-builder-workspace/.derivedData/Build/Products
    cd /Users/admin/builder/spi-builder-workspace/.swiftpm/xcode
    builtin-create-build-directory /Users/admin/builder/spi-builder-workspace/.derivedData/Build/Products
CreateBuildDirectory /Users/admin/builder/spi-builder-workspace/.derivedData/Build/Intermediates.noindex/SwiftExplicitPrecompiledModules
    cd /Users/admin/builder/spi-builder-workspace/.swiftpm/xcode
    builtin-create-build-directory /Users/admin/builder/spi-builder-workspace/.derivedData/Build/Intermediates.noindex/SwiftExplicitPrecompiledModules
CreateBuildDirectory /Users/admin/builder/spi-builder-workspace/.derivedData/Build/Intermediates.noindex/PrecompiledHeaders
    cd /Users/admin/builder/spi-builder-workspace/.swiftpm/xcode
    builtin-create-build-directory /Users/admin/builder/spi-builder-workspace/.derivedData/Build/Intermediates.noindex/PrecompiledHeaders
CreateBuildDirectory /Users/admin/builder/spi-builder-workspace/.derivedData/Build/Intermediates.noindex/ExplicitPrecompiledModules
    cd /Users/admin/builder/spi-builder-workspace/.swiftpm/xcode
    builtin-create-build-directory /Users/admin/builder/spi-builder-workspace/.derivedData/Build/Intermediates.noindex/ExplicitPrecompiledModules
CreateBuildDirectory /Users/admin/builder/spi-builder-workspace/.derivedData/Build/Intermediates.noindex/EagerLinkingTBDs/Debug-xros
    cd /Users/admin/builder/spi-builder-workspace/.swiftpm/xcode
    builtin-create-build-directory /Users/admin/builder/spi-builder-workspace/.derivedData/Build/Intermediates.noindex/EagerLinkingTBDs/Debug-xros
CreateBuildDirectory /Users/admin/builder/spi-builder-workspace/.derivedData/Build/Products/Debug-xros
    cd /Users/admin/builder/spi-builder-workspace/.swiftpm/xcode
    builtin-create-build-directory /Users/admin/builder/spi-builder-workspace/.derivedData/Build/Products/Debug-xros
CreateBuildDirectory /Users/admin/builder/spi-builder-workspace/.derivedData/Build/Products/Debug-xros/PackageFrameworks
    cd /Users/admin/builder/spi-builder-workspace/.swiftpm/xcode
    builtin-create-build-directory /Users/admin/builder/spi-builder-workspace/.derivedData/Build/Products/Debug-xros/PackageFrameworks
WriteAuxiliaryFile /Users/admin/builder/spi-builder-workspace/.derivedData/Build/Intermediates.noindex/Coordinator.build/Debug-xros/CoordinatorTests-p.build/empty-CoordinatorTests.plist (in target 'CoordinatorTests-product' from project 'Coordinator')
    cd /Users/admin/builder/spi-builder-workspace
    write-file /Users/admin/builder/spi-builder-workspace/.derivedData/Build/Intermediates.noindex/Coordinator.build/Debug-xros/CoordinatorTests-p.build/empty-CoordinatorTests.plist
WriteAuxiliaryFile /Users/admin/builder/spi-builder-workspace/.derivedData/Build/Intermediates.noindex/Coordinator.build/Debug-xros/CoordinatorTests-p.build/CoordinatorTests.DependencyStaticMetadataFileList (in target 'CoordinatorTests-product' from project 'Coordinator')
    cd /Users/admin/builder/spi-builder-workspace
    write-file /Users/admin/builder/spi-builder-workspace/.derivedData/Build/Intermediates.noindex/Coordinator.build/Debug-xros/CoordinatorTests-p.build/CoordinatorTests.DependencyStaticMetadataFileList
WriteAuxiliaryFile /Users/admin/builder/spi-builder-workspace/.derivedData/Build/Intermediates.noindex/Coordinator.build/Debug-xros/CoordinatorTests-p.build/CoordinatorTests.DependencyMetadataFileList (in target 'CoordinatorTests-product' from project 'Coordinator')
    cd /Users/admin/builder/spi-builder-workspace
    write-file /Users/admin/builder/spi-builder-workspace/.derivedData/Build/Intermediates.noindex/Coordinator.build/Debug-xros/CoordinatorTests-p.build/CoordinatorTests.DependencyMetadataFileList
WriteAuxiliaryFile /Users/admin/builder/spi-builder-workspace/.derivedData/Build/Intermediates.noindex/Coordinator.build/Debug-xros/CoordinatorTests-p.build/Objects-normal/arm64/CoordinatorTests.LinkFileList (in target 'CoordinatorTests-product' from project 'Coordinator')
    cd /Users/admin/builder/spi-builder-workspace
    write-file /Users/admin/builder/spi-builder-workspace/.derivedData/Build/Intermediates.noindex/Coordinator.build/Debug-xros/CoordinatorTests-p.build/Objects-normal/arm64/CoordinatorTests.LinkFileList
WriteAuxiliaryFile /Users/admin/builder/spi-builder-workspace/.derivedData/Build/Intermediates.noindex/Coordinator.build/Debug-xros/CoordinatorTests-p.build/Objects-normal/arm64/CoordinatorTests-OutputFileMap.json (in target 'CoordinatorTests-product' from project 'Coordinator')
    cd /Users/admin/builder/spi-builder-workspace
    write-file /Users/admin/builder/spi-builder-workspace/.derivedData/Build/Intermediates.noindex/Coordinator.build/Debug-xros/CoordinatorTests-p.build/Objects-normal/arm64/CoordinatorTests-OutputFileMap.json
WriteAuxiliaryFile /Users/admin/builder/spi-builder-workspace/.derivedData/Build/Intermediates.noindex/Coordinator.build/Debug-xros/CoordinatorTests-p.build/Objects-normal/arm64/CoordinatorTests_const_extract_protocols.json (in target 'CoordinatorTests-product' from project 'Coordinator')
    cd /Users/admin/builder/spi-builder-workspace
    write-file /Users/admin/builder/spi-builder-workspace/.derivedData/Build/Intermediates.noindex/Coordinator.build/Debug-xros/CoordinatorTests-p.build/Objects-normal/arm64/CoordinatorTests_const_extract_protocols.json
WriteAuxiliaryFile /Users/admin/builder/spi-builder-workspace/.derivedData/Build/Intermediates.noindex/Coordinator.build/Debug-xros/CoordinatorTests-p.build/Objects-normal/arm64/CoordinatorTests.SwiftConstValuesFileList (in target 'CoordinatorTests-product' from project 'Coordinator')
    cd /Users/admin/builder/spi-builder-workspace
    write-file /Users/admin/builder/spi-builder-workspace/.derivedData/Build/Intermediates.noindex/Coordinator.build/Debug-xros/CoordinatorTests-p.build/Objects-normal/arm64/CoordinatorTests.SwiftConstValuesFileList
WriteAuxiliaryFile /Users/admin/builder/spi-builder-workspace/.derivedData/Build/Intermediates.noindex/Coordinator.build/Debug-xros/CoordinatorTests-p.build/Objects-normal/arm64/CoordinatorTests.SwiftFileList (in target 'CoordinatorTests-product' from project 'Coordinator')
    cd /Users/admin/builder/spi-builder-workspace
    write-file /Users/admin/builder/spi-builder-workspace/.derivedData/Build/Intermediates.noindex/Coordinator.build/Debug-xros/CoordinatorTests-p.build/Objects-normal/arm64/CoordinatorTests.SwiftFileList
WriteAuxiliaryFile /Users/admin/builder/spi-builder-workspace/.derivedData/Build/Intermediates.noindex/Coordinator.build/Debug-xros/CoordinatorAPI-t.build/Objects-normal/arm64/CoordinatorAPI_const_extract_protocols.json (in target 'CoordinatorAPI' from project 'Coordinator')
    cd /Users/admin/builder/spi-builder-workspace
    write-file /Users/admin/builder/spi-builder-workspace/.derivedData/Build/Intermediates.noindex/Coordinator.build/Debug-xros/CoordinatorAPI-t.build/Objects-normal/arm64/CoordinatorAPI_const_extract_protocols.json
WriteAuxiliaryFile /Users/admin/builder/spi-builder-workspace/.derivedData/Build/Intermediates.noindex/Coordinator.build/Debug-xros/CoordinatorAPI-t.build/Objects-normal/arm64/CoordinatorAPI.SwiftFileList (in target 'CoordinatorAPI' from project 'Coordinator')
    cd /Users/admin/builder/spi-builder-workspace
    write-file /Users/admin/builder/spi-builder-workspace/.derivedData/Build/Intermediates.noindex/Coordinator.build/Debug-xros/CoordinatorAPI-t.build/Objects-normal/arm64/CoordinatorAPI.SwiftFileList
WriteAuxiliaryFile /Users/admin/builder/spi-builder-workspace/.derivedData/Build/Intermediates.noindex/Coordinator.build/Debug-xros/CoordinatorAPI-t.build/Objects-normal/arm64/CoordinatorAPI.LinkFileList (in target 'CoordinatorAPI' from project 'Coordinator')
    cd /Users/admin/builder/spi-builder-workspace
    write-file /Users/admin/builder/spi-builder-workspace/.derivedData/Build/Intermediates.noindex/Coordinator.build/Debug-xros/CoordinatorAPI-t.build/Objects-normal/arm64/CoordinatorAPI.LinkFileList
WriteAuxiliaryFile /Users/admin/builder/spi-builder-workspace/.derivedData/Build/Intermediates.noindex/Coordinator.build/Debug-xros/CoordinatorAPI-t.build/Objects-normal/arm64/CoordinatorAPI.SwiftConstValuesFileList (in target 'CoordinatorAPI' from project 'Coordinator')
    cd /Users/admin/builder/spi-builder-workspace
    write-file /Users/admin/builder/spi-builder-workspace/.derivedData/Build/Intermediates.noindex/Coordinator.build/Debug-xros/CoordinatorAPI-t.build/Objects-normal/arm64/CoordinatorAPI.SwiftConstValuesFileList
WriteAuxiliaryFile /Users/admin/builder/spi-builder-workspace/.derivedData/Build/Intermediates.noindex/Coordinator.build/Debug-xros/CoordinatorAPI-t.build/Objects-normal/arm64/CoordinatorAPI-OutputFileMap.json (in target 'CoordinatorAPI' from project 'Coordinator')
    cd /Users/admin/builder/spi-builder-workspace
    write-file /Users/admin/builder/spi-builder-workspace/.derivedData/Build/Intermediates.noindex/Coordinator.build/Debug-xros/CoordinatorAPI-t.build/Objects-normal/arm64/CoordinatorAPI-OutputFileMap.json
WriteAuxiliaryFile /Users/admin/builder/spi-builder-workspace/.derivedData/Build/Intermediates.noindex/Coordinator.build/Debug-xros/CoordinatorAPI-t.build/CoordinatorAPI.DependencyStaticMetadataFileList (in target 'CoordinatorAPI' from project 'Coordinator')
    cd /Users/admin/builder/spi-builder-workspace
    write-file /Users/admin/builder/spi-builder-workspace/.derivedData/Build/Intermediates.noindex/Coordinator.build/Debug-xros/CoordinatorAPI-t.build/CoordinatorAPI.DependencyStaticMetadataFileList
WriteAuxiliaryFile /Users/admin/builder/spi-builder-workspace/.derivedData/Build/Intermediates.noindex/Coordinator.build/Debug-xros/CoordinatorAPI-t.build/CoordinatorAPI.modulemap (in target 'CoordinatorAPI' from project 'Coordinator')
    cd /Users/admin/builder/spi-builder-workspace
    write-file /Users/admin/builder/spi-builder-workspace/.derivedData/Build/Intermediates.noindex/Coordinator.build/Debug-xros/CoordinatorAPI-t.build/CoordinatorAPI.modulemap
WriteAuxiliaryFile /Users/admin/builder/spi-builder-workspace/.derivedData/Build/Intermediates.noindex/Coordinator.build/Debug-xros/CoordinatorAPI-t.build/CoordinatorAPI.DependencyMetadataFileList (in target 'CoordinatorAPI' from project 'Coordinator')
    cd /Users/admin/builder/spi-builder-workspace
    write-file /Users/admin/builder/spi-builder-workspace/.derivedData/Build/Intermediates.noindex/Coordinator.build/Debug-xros/CoordinatorAPI-t.build/CoordinatorAPI.DependencyMetadataFileList
WriteAuxiliaryFile /Users/admin/builder/spi-builder-workspace/.derivedData/Build/Intermediates.noindex/Coordinator.build/Debug-xros/Coordinator-t.build/Objects-normal/arm64/Coordinator_const_extract_protocols.json (in target 'Coordinator' from project 'Coordinator')
    cd /Users/admin/builder/spi-builder-workspace
    write-file /Users/admin/builder/spi-builder-workspace/.derivedData/Build/Intermediates.noindex/Coordinator.build/Debug-xros/Coordinator-t.build/Objects-normal/arm64/Coordinator_const_extract_protocols.json
WriteAuxiliaryFile /Users/admin/builder/spi-builder-workspace/.derivedData/Build/Intermediates.noindex/Coordinator.build/Debug-xros/Coordinator-t.build/Objects-normal/arm64/Coordinator.SwiftFileList (in target 'Coordinator' from project 'Coordinator')
    cd /Users/admin/builder/spi-builder-workspace
    write-file /Users/admin/builder/spi-builder-workspace/.derivedData/Build/Intermediates.noindex/Coordinator.build/Debug-xros/Coordinator-t.build/Objects-normal/arm64/Coordinator.SwiftFileList
WriteAuxiliaryFile /Users/admin/builder/spi-builder-workspace/.derivedData/Build/Intermediates.noindex/Coordinator.build/Debug-xros/Coordinator-t.build/Objects-normal/arm64/Coordinator.SwiftConstValuesFileList (in target 'Coordinator' from project 'Coordinator')
    cd /Users/admin/builder/spi-builder-workspace
    write-file /Users/admin/builder/spi-builder-workspace/.derivedData/Build/Intermediates.noindex/Coordinator.build/Debug-xros/Coordinator-t.build/Objects-normal/arm64/Coordinator.SwiftConstValuesFileList
WriteAuxiliaryFile /Users/admin/builder/spi-builder-workspace/.derivedData/Build/Intermediates.noindex/Coordinator.build/Debug-xros/Coordinator-t.build/Objects-normal/arm64/Coordinator.LinkFileList (in target 'Coordinator' from project 'Coordinator')
    cd /Users/admin/builder/spi-builder-workspace
    write-file /Users/admin/builder/spi-builder-workspace/.derivedData/Build/Intermediates.noindex/Coordinator.build/Debug-xros/Coordinator-t.build/Objects-normal/arm64/Coordinator.LinkFileList
WriteAuxiliaryFile /Users/admin/builder/spi-builder-workspace/.derivedData/Build/Intermediates.noindex/Coordinator.build/Debug-xros/Coordinator-t.build/Objects-normal/arm64/Coordinator-OutputFileMap.json (in target 'Coordinator' from project 'Coordinator')
    cd /Users/admin/builder/spi-builder-workspace
    write-file /Users/admin/builder/spi-builder-workspace/.derivedData/Build/Intermediates.noindex/Coordinator.build/Debug-xros/Coordinator-t.build/Objects-normal/arm64/Coordinator-OutputFileMap.json
WriteAuxiliaryFile /Users/admin/builder/spi-builder-workspace/.derivedData/Build/Intermediates.noindex/Coordinator.build/Debug-xros/Coordinator-t.build/Coordinator.modulemap (in target 'Coordinator' from project 'Coordinator')
    cd /Users/admin/builder/spi-builder-workspace
    write-file /Users/admin/builder/spi-builder-workspace/.derivedData/Build/Intermediates.noindex/Coordinator.build/Debug-xros/Coordinator-t.build/Coordinator.modulemap
WriteAuxiliaryFile /Users/admin/builder/spi-builder-workspace/.derivedData/Build/Intermediates.noindex/Coordinator.build/Debug-xros/Coordinator-t.build/Coordinator.DependencyStaticMetadataFileList (in target 'Coordinator' from project 'Coordinator')
    cd /Users/admin/builder/spi-builder-workspace
    write-file /Users/admin/builder/spi-builder-workspace/.derivedData/Build/Intermediates.noindex/Coordinator.build/Debug-xros/Coordinator-t.build/Coordinator.DependencyStaticMetadataFileList
WriteAuxiliaryFile /Users/admin/builder/spi-builder-workspace/.derivedData/Build/Intermediates.noindex/Coordinator.build/Debug-xros/Coordinator-t.build/Coordinator.DependencyMetadataFileList (in target 'Coordinator' from project 'Coordinator')
    cd /Users/admin/builder/spi-builder-workspace
    write-file /Users/admin/builder/spi-builder-workspace/.derivedData/Build/Intermediates.noindex/Coordinator.build/Debug-xros/Coordinator-t.build/Coordinator.DependencyMetadataFileList
MkDir /Users/admin/builder/spi-builder-workspace/.derivedData/Build/Products/Debug-xros/CoordinatorTests.xctest (in target 'CoordinatorTests-product' from project 'Coordinator')
    cd /Users/admin/builder/spi-builder-workspace
    /bin/mkdir -p /Users/admin/builder/spi-builder-workspace/.derivedData/Build/Products/Debug-xros/CoordinatorTests.xctest
Copy /Users/admin/builder/spi-builder-workspace/.derivedData/Build/Intermediates.noindex/GeneratedModuleMaps-xros/CoordinatorAPI.modulemap /Users/admin/builder/spi-builder-workspace/.derivedData/Build/Intermediates.noindex/Coordinator.build/Debug-xros/CoordinatorAPI-t.build/CoordinatorAPI.modulemap (in target 'CoordinatorAPI' from project 'Coordinator')
    cd /Users/admin/builder/spi-builder-workspace
    builtin-copy -exclude .DS_Store -exclude CVS -exclude .svn -exclude .git -exclude .hg -resolve-src-symlinks /Users/admin/builder/spi-builder-workspace/.derivedData/Build/Intermediates.noindex/Coordinator.build/Debug-xros/CoordinatorAPI-t.build/CoordinatorAPI.modulemap /Users/admin/builder/spi-builder-workspace/.derivedData/Build/Intermediates.noindex/GeneratedModuleMaps-xros
Copy /Users/admin/builder/spi-builder-workspace/.derivedData/Build/Intermediates.noindex/GeneratedModuleMaps-xros/Coordinator.modulemap /Users/admin/builder/spi-builder-workspace/.derivedData/Build/Intermediates.noindex/Coordinator.build/Debug-xros/Coordinator-t.build/Coordinator.modulemap (in target 'Coordinator' from project 'Coordinator')
    cd /Users/admin/builder/spi-builder-workspace
    builtin-copy -exclude .DS_Store -exclude CVS -exclude .svn -exclude .git -exclude .hg -resolve-src-symlinks /Users/admin/builder/spi-builder-workspace/.derivedData/Build/Intermediates.noindex/Coordinator.build/Debug-xros/Coordinator-t.build/Coordinator.modulemap /Users/admin/builder/spi-builder-workspace/.derivedData/Build/Intermediates.noindex/GeneratedModuleMaps-xros
SwiftDriver CoordinatorAPI normal arm64 com.apple.xcode.tools.swift.compiler (in target 'CoordinatorAPI' from project 'Coordinator')
    cd /Users/admin/builder/spi-builder-workspace/.swiftpm/xcode
    builtin-SwiftDriver -- /Applications/Xcode-27.0.0-Release.Candidate.app/Contents/Developer/Toolchains/XcodeDefault.xctoolchain/usr/bin/swiftc -parse-as-library -module-name CoordinatorAPI -Onone @/Users/admin/builder/spi-builder-workspace/.derivedData/Build/Intermediates.noindex/Coordinator.build/Debug-xros/CoordinatorAPI-t.build/Objects-normal/arm64/CoordinatorAPI.SwiftFileList -DSWIFT_PACKAGE -DDEBUG -DSWIFT_MODULE_RESOURCE_BUNDLE_UNAVAILABLE -DXcode -plugin-path /Applications/Xcode-27.0.0-Release.Candidate.app/Contents/Developer/Toolchains/XcodeDefault.xctoolchain/usr/lib/swift/host/plugins/testing -enable-experimental-feature DebugDescriptionMacro -sdk /Applications/Xcode-27.0.0-Release.Candidate.app/Contents/Developer/Platforms/XROS.platform/Developer/SDKs/XROS27.0.sdk -target arm64-apple-xros1.0 -g -module-cache-path /Users/admin/builder/spi-builder-workspace/.derivedData/ModuleCache.noindex -Xfrontend -serialize-debugging-options -profile-coverage-mapping -profile-generate -enable-testing -index-store-path /Users/admin/builder/spi-builder-workspace/.derivedData/Index.noindex/DataStore -Xcc -D_LIBCPP_HARDENING_MODE\=_LIBCPP_HARDENING_MODE_DEBUG -swift-version 5 -I /Users/admin/builder/spi-builder-workspace/.derivedData/Build/Products/Debug-xros -Isystem /Applications/Xcode-27.0.0-Release.Candidate.app/Contents/Developer/Platforms/XROS.platform/Developer/usr/lib -F /Users/admin/builder/spi-builder-workspace/.derivedData/Build/Products/Debug-xros -F /Applications/Xcode-27.0.0-Release.Candidate.app/Contents/Developer/Platforms/XROS.platform/Developer/Library/Frameworks -F /Applications/Xcode-27.0.0-Release.Candidate.app/Contents/Developer/Platforms/XROS.platform/Developer/SDKs/XROS27.0.sdk/Developer/Library/Frameworks -c -j10 -enable-batch-mode -incremental -Xcc -ivfsstatcache -Xcc /Users/admin/builder/spi-builder-workspace/.derivedData/SDKStatCaches.noindex/xros27.0-24M361-e829b21a6f8c9b70876ba0858053c044735bd543db762f57723cac368afd1ce4.sdkstatcache -output-file-map /Users/admin/builder/spi-builder-workspace/.derivedData/Build/Intermediates.noindex/Coordinator.build/Debug-xros/CoordinatorAPI-t.build/Objects-normal/arm64/CoordinatorAPI-OutputFileMap.json -save-temps -no-color-diagnostics -explicit-module-build -module-cache-path /Users/admin/builder/spi-builder-workspace/.derivedData/Build/Intermediates.noindex/SwiftExplicitPrecompiledModules -clang-scanner-module-cache-path /Users/admin/builder/spi-builder-workspace/.derivedData/ModuleCache.noindex -sdk-module-cache-path /Users/admin/builder/spi-builder-workspace/.derivedData/SDKExplicitPrecompiledModules -emit-dependencies -emit-module -emit-module-path /Users/admin/builder/spi-builder-workspace/.derivedData/Build/Intermediates.noindex/Coordinator.build/Debug-xros/CoordinatorAPI-t.build/Objects-normal/arm64/CoordinatorAPI.swiftmodule -serialize-diagnostics -dependency-scan-serialize-diagnostics-path /Users/admin/builder/spi-builder-workspace/.derivedData/Build/Intermediates.noindex/Coordinator.build/Debug-xros/CoordinatorAPI-t.build/Objects-normal/arm64/CoordinatorAPI-dependency-scan.dia -validate-clang-modules-once -clang-build-session-file /Users/admin/builder/spi-builder-workspace/.derivedData/ModuleCache.noindex/Session.modulevalidation -Xcc -fmodules-prune-interval\=86400 -Xcc -fmodules-prune-after\=345600 -emit-const-values -const-gather-protocols-list /Users/admin/builder/spi-builder-workspace/.derivedData/Build/Intermediates.noindex/Coordinator.build/Debug-xros/CoordinatorAPI-t.build/Objects-normal/arm64/CoordinatorAPI_const_extract_protocols.json -Xcc -I/Users/admin/builder/spi-builder-workspace/.derivedData/Build/Products/Debug-xros/include -Xcc -I/Users/admin/builder/spi-builder-workspace/.derivedData/Build/Intermediates.noindex/Coordinator.build/Debug-xros/CoordinatorAPI-t.build/DerivedSources-normal/arm64 -Xcc -I/Users/admin/builder/spi-builder-workspace/.derivedData/Build/Intermediates.noindex/Coordinator.build/Debug-xros/CoordinatorAPI-t.build/DerivedSources/arm64 -Xcc -I/Users/admin/builder/spi-builder-workspace/.derivedData/Build/Intermediates.noindex/Coordinator.build/Debug-xros/CoordinatorAPI-t.build/DerivedSources -Xcc -DSWIFT_PACKAGE -Xcc -DDEBUG\=1 -emit-objc-header -emit-objc-header-path /Users/admin/builder/spi-builder-workspace/.derivedData/Build/Intermediates.noindex/Coordinator.build/Debug-xros/CoordinatorAPI-t.build/Objects-normal/arm64/CoordinatorAPI-Swift.h -working-directory /Users/admin/builder/spi-builder-workspace/.swiftpm/xcode -experimental-emit-module-separately -disable-cmo
SwiftExplicitDependencyGeneratePcm arm64 /Users/admin/builder/spi-builder-workspace/.derivedData/SDKExplicitPrecompiledModules/_Builtin_float-6WKHNW5S40U2QGHXXGETUDIRA.pcm
SwiftExplicitDependencyGeneratePcm arm64 /Users/admin/builder/spi-builder-workspace/.derivedData/SDKExplicitPrecompiledModules/_Builtin_stdbool-5BU2ADS7JXQMYENKQHW9X8XOU.pcm
SwiftExplicitDependencyGeneratePcm arm64 /Users/admin/builder/spi-builder-workspace/.derivedData/SDKExplicitPrecompiledModules/DeveloperToolsSupport-46GOQP8J1QTHLYQSJW81T8UZ3.pcm
SwiftExplicitDependencyGeneratePcm arm64 /Users/admin/builder/spi-builder-workspace/.derivedData/SDKExplicitPrecompiledModules/SwiftShims-CI4H5RO9IYFFWQ2COB512Q2S9.pcm
SwiftExplicitDependencyGeneratePcm arm64 /Users/admin/builder/spi-builder-workspace/.derivedData/SDKExplicitPrecompiledModules/_SwiftConcurrencyShims-C8XHKSHX96D5YYALNM4W70Z0O.pcm
SwiftExplicitDependencyGeneratePcm arm64 /Users/admin/builder/spi-builder-workspace/.derivedData/SDKExplicitPrecompiledModules/_Builtin_stddef-5NQ9Z1GV07GBSRQGAQCGXGVRI.pcm
SwiftExplicitDependencyGeneratePcm arm64 /Users/admin/builder/spi-builder-workspace/.derivedData/SDKExplicitPrecompiledModules/ptrauth-1WBA714DZSVUL5JQDJ08CLKZ.pcm
SwiftExplicitDependencyGeneratePcm arm64 /Users/admin/builder/spi-builder-workspace/.derivedData/SDKExplicitPrecompiledModules/ptrcheck-BXA97MNLI4BB0HF5I8MJE403D.pcm
SwiftExplicitDependencyGeneratePcm arm64 /Users/admin/builder/spi-builder-workspace/.derivedData/SDKExplicitPrecompiledModules/_AvailabilityInternal-1Q8IQP6M38UWSGZ95UCEY2M44.pcm
SwiftExplicitDependencyGeneratePcm arm64 /Users/admin/builder/spi-builder-workspace/.derivedData/SDKExplicitPrecompiledModules/_Builtin_stdarg-CDA349K2K4US766844K8E0PVA.pcm
SwiftExplicitDependencyGeneratePcm arm64 /Users/admin/builder/spi-builder-workspace/.derivedData/SDKExplicitPrecompiledModules/ShaderGraph-AW1O397P711WTY8KSK8LZX9YA.pcm
SwiftExplicitDependencyGeneratePcm arm64 /Users/admin/builder/spi-builder-workspace/.derivedData/SDKExplicitPrecompiledModules/_DarwinFoundation1-5RGRVV2TZ6WC4WZW5IXF8NQ04.pcm
SwiftExplicitDependencyGeneratePcm arm64 /Users/admin/builder/spi-builder-workspace/.derivedData/SDKExplicitPrecompiledModules/_Builtin_limits-425JDMN5HPM3D0UEI8LEHP6NM.pcm
SwiftExplicitDependencyGeneratePcm arm64 /Users/admin/builder/spi-builder-workspace/.derivedData/SDKExplicitPrecompiledModules/_DarwinFoundation2-ENTECK156YEWITZRRBTOCE4KR.pcm
SwiftExplicitDependencyGeneratePcm arm64 /Users/admin/builder/spi-builder-workspace/.derivedData/SDKExplicitPrecompiledModules/_Builtin_stdint-8OR6T47OOYJA90ZBO3N1USDE.pcm
SwiftExplicitDependencyGeneratePcm arm64 /Users/admin/builder/spi-builder-workspace/.derivedData/SDKExplicitPrecompiledModules/sys_types-AYM0BHR77VKMWZCO2T0XGV2HF.pcm
SwiftExplicitDependencyGeneratePcm arm64 /Users/admin/builder/spi-builder-workspace/.derivedData/SDKExplicitPrecompiledModules/_Builtin_tgmath-BPYSMHWI520EQRL2HW519ZY7Z.pcm
SwiftExplicitDependencyGeneratePcm arm64 /Users/admin/builder/spi-builder-workspace/.derivedData/SDKExplicitPrecompiledModules/string_h-2GT67HHHHK5CF1V1S31LH0PU2.pcm
SwiftExplicitDependencyGeneratePcm arm64 /Users/admin/builder/spi-builder-workspace/.derivedData/SDKExplicitPrecompiledModules/_Builtin_intrinsics-BC5IJI3YI34RQ61ZNVDRDZ6RN.pcm
SwiftExplicitDependencyGeneratePcm arm64 /Users/admin/builder/spi-builder-workspace/.derivedData/SDKExplicitPrecompiledModules/_DarwinFoundation3-9ZHN6JKBS40BBA81RQMV8H0IC.pcm
SwiftExplicitDependencyGeneratePcm arm64 /Users/admin/builder/spi-builder-workspace/.derivedData/SDKExplicitPrecompiledModules/_Builtin_stdatomic-1VUZPM79PNCAHXVBERD53WRSF.pcm
SwiftExplicitDependencyGeneratePcm arm64 /Users/admin/builder/spi-builder-workspace/.derivedData/SDKExplicitPrecompiledModules/_Builtin_inttypes-11B64KJD36B3YOHBR1BBXBJY8.pcm
SwiftExplicitDependencyGeneratePcm arm64 /Users/admin/builder/spi-builder-workspace/.derivedData/SDKExplicitPrecompiledModules/Darwin-60P5LVNQO3ESRRM5DCJ05PFNK.pcm
SwiftExplicitDependencyGeneratePcm arm64 /Users/admin/builder/spi-builder-workspace/.derivedData/SDKExplicitPrecompiledModules/simd-9XXAB17Y6E4BBPQADD61NZ23.pcm
SwiftExplicitDependencyGeneratePcm arm64 /Users/admin/builder/spi-builder-workspace/.derivedData/SDKExplicitPrecompiledModules/ObjectiveC-26TIBFYCEJZVP216ZZAU1X8KN.pcm
SwiftExplicitDependencyGeneratePcm arm64 /Users/admin/builder/spi-builder-workspace/.derivedData/SDKExplicitPrecompiledModules/MachO-3XTHY7HWV6RF3KXKYQVHUBUXK.pcm
SwiftExplicitDependencyGeneratePcm arm64 /Users/admin/builder/spi-builder-workspace/.derivedData/SDKExplicitPrecompiledModules/os_object-692CJ8BG6RE5H04487EJJOVXW.pcm
SwiftExplicitDependencyGeneratePcm arm64 /Users/admin/builder/spi-builder-workspace/.derivedData/SDKExplicitPrecompiledModules/os_workgroup-4U1VXMWIZD80E7PRUQF2G7P9X.pcm
SwiftExplicitDependencyGeneratePcm arm64 /Users/admin/builder/spi-builder-workspace/.derivedData/SDKExplicitPrecompiledModules/Dispatch-CLT3466HKC22GCKAWSCNG0H7T.pcm
SwiftExplicitDependencyGeneratePcm arm64 /Users/admin/builder/spi-builder-workspace/.derivedData/SDKExplicitPrecompiledModules/Spatial-5E0I2846LO3ZE24CSVR2O57TI.pcm
SwiftExplicitDependencyGeneratePcm arm64 /Users/admin/builder/spi-builder-workspace/.derivedData/SDKExplicitPrecompiledModules/XPC-EP5EU7FNGP4VOA3EDM18P1KHO.pcm
SwiftExplicitDependencyGeneratePcm arm64 /Users/admin/builder/spi-builder-workspace/.derivedData/SDKExplicitPrecompiledModules/dnssd-CCUV1M8EULNEQJUXO7L0PJAL4.pcm
SwiftExplicitDependencyGeneratePcm arm64 /Users/admin/builder/spi-builder-workspace/.derivedData/SDKExplicitPrecompiledModules/CoreFoundation-AVLTZVCXBU2TO75JCN4AGU8XJ.pcm
SwiftExplicitDependencyGeneratePcm arm64 /Users/admin/builder/spi-builder-workspace/.derivedData/SDKExplicitPrecompiledModules/os-1004XEJ3IXOOAU0KL58SM3D0K.pcm
SwiftExplicitDependencyGeneratePcm arm64 /Users/admin/builder/spi-builder-workspace/.derivedData/SDKExplicitPrecompiledModules/Security-8TH2M8WJIQMET4SADWX0N8372.pcm
SwiftExplicitDependencyGeneratePcm arm64 /Users/admin/builder/spi-builder-workspace/.derivedData/SDKExplicitPrecompiledModules/CoreGraphics-BFUJ177R223UT2ZI327ZTZY91.pcm
SwiftExplicitDependencyGeneratePcm arm64 /Users/admin/builder/spi-builder-workspace/.derivedData/SDKExplicitPrecompiledModules/CoreAudioTypes-45UXYEQRN95KG6BF2CW0QIYK9.pcm
SwiftExplicitDependencyGeneratePcm arm64 /Users/admin/builder/spi-builder-workspace/.derivedData/SDKExplicitPrecompiledModules/CFNetwork-5MI70N1VLDQSWTX4COWLMSIRO.pcm
SwiftExplicitDependencyGeneratePcm arm64 /Users/admin/builder/spi-builder-workspace/.derivedData/SDKExplicitPrecompiledModules/CoreAudio-CXS3C78T5TQDGLEGXIBJ04WJ4.pcm
SwiftExplicitDependencyGeneratePcm arm64 /Users/admin/builder/spi-builder-workspace/.derivedData/SDKExplicitPrecompiledModules/Foundation-8GON1KVEKRN3NOQI8RETBRWJP.pcm
SwiftExplicitDependencyGeneratePcm arm64 /Users/admin/builder/spi-builder-workspace/.derivedData/SDKExplicitPrecompiledModules/ImageIO-5CC6COR9KJYI1UBL7CSHLU2OG.pcm
SwiftExplicitDependencyGeneratePcm arm64 /Users/admin/builder/spi-builder-workspace/.derivedData/SDKExplicitPrecompiledModules/CoreText-6F9TY5TEPCCZ1K2KYM4GMEGHD.pcm
SwiftExplicitDependencyGeneratePcm arm64 /Users/admin/builder/spi-builder-workspace/.derivedData/SDKExplicitPrecompiledModules/Symbols-8G2XC01RPQ5HYIZE6JNUT864I.pcm
SwiftExplicitDependencyGeneratePcm arm64 /Users/admin/builder/spi-builder-workspace/.derivedData/SDKExplicitPrecompiledModules/CoreMIDI-7L19IC4ZH9BPYLVTD8IIFWN9R.pcm
SwiftExplicitDependencyGeneratePcm arm64 /Users/admin/builder/spi-builder-workspace/.derivedData/SDKExplicitPrecompiledModules/CoreData-73N6Z547OZUEZ8ADGEC6XRHWN.pcm
SwiftExplicitDependencyGeneratePcm arm64 /Users/admin/builder/spi-builder-workspace/.derivedData/SDKExplicitPrecompiledModules/UIUtilities-AOVGLUWEAN6CG2UZFNESGSP6C.pcm
SwiftExplicitDependencyGeneratePcm arm64 /Users/admin/builder/spi-builder-workspace/.derivedData/SDKExplicitPrecompiledModules/IOSurface-5FE9U89GVFF9A7X7AGO2R8ENI.pcm
SwiftExplicitDependencyGeneratePcm arm64 /Users/admin/builder/spi-builder-workspace/.derivedData/SDKExplicitPrecompiledModules/DataDetection-BANTQ3WXXGKZJYC0LLB3MD9K0.pcm
SwiftExplicitDependencyGeneratePcm arm64 /Users/admin/builder/spi-builder-workspace/.derivedData/SDKExplicitPrecompiledModules/_LocationEssentials-8GQGFVARUE99D8VJX3TINY0VP.pcm
SwiftExplicitDependencyGeneratePcm arm64 /Users/admin/builder/spi-builder-workspace/.derivedData/SDKExplicitPrecompiledModules/CoreTransferable-8TBYAKHCX6UC8QQSS7BD8GQK5.pcm
SwiftExplicitDependencyGeneratePcm arm64 /Users/admin/builder/spi-builder-workspace/.derivedData/SDKExplicitPrecompiledModules/OSLog-BNGT87TS0GMBFF7TY70HHB69.pcm
SwiftExplicitDependencyGeneratePcm arm64 /Users/admin/builder/spi-builder-workspace/.derivedData/SDKExplicitPrecompiledModules/UserNotifications-8IIV1V1FPNAPA4LY1Y23LOM2N.pcm
SwiftExplicitDependencyGeneratePcm arm64 /Users/admin/builder/spi-builder-workspace/.derivedData/SDKExplicitPrecompiledModules/Network-EQPZZF3W6BWG89K0PY9NZO3T0.pcm
SwiftExplicitDependencyGeneratePcm arm64 /Users/admin/builder/spi-builder-workspace/.derivedData/SDKExplicitPrecompiledModules/FileProvider-C9I28SI56F2SEVH1BCWTKGODO.pcm
SwiftExplicitDependencyGeneratePcm arm64 /Users/admin/builder/spi-builder-workspace/.derivedData/SDKExplicitPrecompiledModules/LocalAuthentication-9MSPUJ85OBXBTOD7NJCT1GZ0O.pcm
SwiftExplicitDependencyGeneratePcm arm64 /Users/admin/builder/spi-builder-workspace/.derivedData/SDKExplicitPrecompiledModules/UniformTypeIdentifiers-E5KMWDZEKS4QW9RO1KBRDEXV6.pcm
SwiftExplicitDependencyGeneratePcm arm64 /Users/admin/builder/spi-builder-workspace/.derivedData/SDKExplicitPrecompiledModules/Accessibility-1DR4J4YDVDGAYQTZ0FKZ1PU09.pcm
SwiftExplicitDependencyGeneratePcm arm64 /Users/admin/builder/spi-builder-workspace/.derivedData/SDKExplicitPrecompiledModules/CoreLocation-1SN37095DAPVJ068LLP9TBDQX.pcm
SwiftExplicitDependencyGeneratePcm arm64 /Users/admin/builder/spi-builder-workspace/.derivedData/SDKExplicitPrecompiledModules/Metal-EKNUM9P3PRIBHZK1ZBD6BA2T7.pcm
SwiftExplicitDependencyGeneratePcm arm64 /Users/admin/builder/spi-builder-workspace/.derivedData/SDKExplicitPrecompiledModules/OpenGLES-56BKSYXNVAP91BYZRWAKQZKGI.pcm
SwiftExplicitDependencyGeneratePcm arm64 /Users/admin/builder/spi-builder-workspace/.derivedData/SDKExplicitPrecompiledModules/AudioToolbox-2K3S8EA590EB3GMH6D6784BWZ.pcm
SwiftExplicitDependencyGeneratePcm arm64 /Users/admin/builder/spi-builder-workspace/.derivedData/SDKExplicitPrecompiledModules/CoreMotion-10LV922UPGE28QX2SOIO7ALIZ.pcm
SwiftExplicitDependencyGeneratePcm arm64 /Users/admin/builder/spi-builder-workspace/.derivedData/SDKExplicitPrecompiledModules/AVRouting-55P8FRNK50AFZOMMB2LBBOX33.pcm
SwiftExplicitDependencyCompileModuleFromInterface arm64 /Users/admin/builder/spi-builder-workspace/.derivedData/SDKExplicitPrecompiledModules/ShaderGraph-URHKVVOFZL5Z.swiftmodule
SwiftExplicitDependencyGeneratePcm arm64 /Users/admin/builder/spi-builder-workspace/.derivedData/SDKExplicitPrecompiledModules/CoreVideo-E12HJSJSLO0YKWYBES11UKJ02.pcm
SwiftExplicitDependencyGeneratePcm arm64 /Users/admin/builder/spi-builder-workspace/.derivedData/SDKExplicitPrecompiledModules/ARKitFoundation-3N77COW7DLP77CM0PWZXSR9BD.pcm
SwiftExplicitDependencyGeneratePcm arm64 /Users/admin/builder/spi-builder-workspace/.derivedData/SDKExplicitPrecompiledModules/QuartzCore-12T8WVKUNCL1N7VXH87MM4YOB.pcm
SwiftExplicitDependencyGeneratePcm arm64 /Users/admin/builder/spi-builder-workspace/.derivedData/SDKExplicitPrecompiledModules/CoreMedia-D1IBHC28BRHWLNUG1Q75G5YN0.pcm
SwiftExplicitDependencyGeneratePcm arm64 /Users/admin/builder/spi-builder-workspace/.derivedData/SDKExplicitPrecompiledModules/CoreML-37QYERWC0RQN4IY4377UD0TY1.pcm
SwiftExplicitDependencyGeneratePcm arm64 /Users/admin/builder/spi-builder-workspace/.derivedData/SDKExplicitPrecompiledModules/CoreImage-8WF1P230U10QM666EQMNV7OF1.pcm
SwiftExplicitDependencyGeneratePcm arm64 /Users/admin/builder/spi-builder-workspace/.derivedData/SDKExplicitPrecompiledModules/SwiftUICore-6OBBMA39VFD4CB6SG2PE41FAP.pcm
SwiftExplicitDependencyGeneratePcm arm64 /Users/admin/builder/spi-builder-workspace/.derivedData/SDKExplicitPrecompiledModules/Vision-DVVG9MQGC3IMTVPTC1691MQ6Z.pcm
SwiftExplicitDependencyGeneratePcm arm64 /Users/admin/builder/spi-builder-workspace/.derivedData/SDKExplicitPrecompiledModules/MediaToolbox-1J5U29ERBPNPI1HKEJHXOP8EV.pcm
SwiftExplicitDependencyGeneratePcm arm64 /Users/admin/builder/spi-builder-workspace/.derivedData/SDKExplicitPrecompiledModules/AVFAudio-E8GATWFYYBEBB41O9N0LRRGYC.pcm
SwiftExplicitDependencyGeneratePcm arm64 /Users/admin/builder/spi-builder-workspace/.derivedData/SDKExplicitPrecompiledModules/VideoToolbox-7I4MDYIPJ4IWU1ZSL4JE3I7M6.pcm
SwiftExplicitDependencyGeneratePcm arm64 /Users/admin/builder/spi-builder-workspace/.derivedData/SDKExplicitPrecompiledModules/UIKit-2D2PMAAE45TMO6S28UCGCO5BR.pcm
SwiftExplicitDependencyGeneratePcm arm64 /Users/admin/builder/spi-builder-workspace/.derivedData/SDKExplicitPrecompiledModules/AVFoundation-DFCX8GQJWVA3CZBITWEHAZEFX.pcm
SwiftExplicitDependencyGeneratePcm arm64 /Users/admin/builder/spi-builder-workspace/.derivedData/SDKExplicitPrecompiledModules/ARKitCore-307YVPJLQNB66BTBIONHZNP86.pcm
SwiftExplicitDependencyGeneratePcm arm64 /Users/admin/builder/spi-builder-workspace/.derivedData/SDKExplicitPrecompiledModules/GameController-7QL0VMQHE24OWQFUR0UFT89DW.pcm
SwiftExplicitDependencyGeneratePcm arm64 /Users/admin/builder/spi-builder-workspace/.derivedData/SDKExplicitPrecompiledModules/SwiftUI-77PUPXISY3V3TUF5FJEHUQC86.pcm
SwiftExplicitDependencyGeneratePcm arm64 /Users/admin/builder/spi-builder-workspace/.derivedData/SDKExplicitPrecompiledModules/ARKit-27VDPOZ50FG2MJG7OFV6IFQYQ.pcm
SwiftEmitModule normal arm64 Emitting\ module\ for\ CoordinatorAPI (in target 'CoordinatorAPI' from project 'Coordinator')
SwiftCompile normal arm64 (in target 'CoordinatorAPI' from project 'Coordinator')
    cd /Users/admin/builder/spi-builder-workspace/.swiftpm/xcode

SwiftCompile normal arm64 Compiling\ UIViewController+TopViewController.swift /Users/admin/builder/spi-builder-workspace/Sources/CoordinatorAPI/Extensions/UIViewController+TopViewController.swift (in target 'CoordinatorAPI' from project 'Coordinator')
SwiftCompile normal arm64 /Users/admin/builder/spi-builder-workspace/Sources/CoordinatorAPI/Extensions/UIViewController+TopViewController.swift (in target 'CoordinatorAPI' from project 'Coordinator')
    cd /Users/admin/builder/spi-builder-workspace/.swiftpm/xcode
    builtin-SwiftPerFileCompile UIViewController+TopViewController.swift
SwiftCompile normal arm64 Compiling\ CoordinatorProtocol+Startable.swift /Users/admin/builder/spi-builder-workspace/Sources/CoordinatorAPI/Extensions/CoordinatorProtocol+Startable.swift (in target 'CoordinatorAPI' from project 'Coordinator')
SwiftCompile normal arm64 /Users/admin/builder/spi-builder-workspace/Sources/CoordinatorAPI/Extensions/CoordinatorProtocol+Startable.swift (in target 'CoordinatorAPI' from project 'Coordinator')
    cd /Users/admin/builder/spi-builder-workspace/.swiftpm/xcode
    builtin-SwiftPerFileCompile CoordinatorProtocol+Startable.swift
SwiftCompile normal arm64 Compiling\ Startable.swift /Users/admin/builder/spi-builder-workspace/Sources/CoordinatorAPI/Protocols/Startable.swift (in target 'CoordinatorAPI' from project 'Coordinator')
SwiftCompile normal arm64 /Users/admin/builder/spi-builder-workspace/Sources/CoordinatorAPI/Protocols/Startable.swift (in target 'CoordinatorAPI' from project 'Coordinator')
    cd /Users/admin/builder/spi-builder-workspace/.swiftpm/xcode
    builtin-SwiftPerFileCompile Startable.swift
SwiftCompile normal arm64 Compiling\ CoordinatorProtocol.swift /Users/admin/builder/spi-builder-workspace/Sources/CoordinatorAPI/Protocols/CoordinatorProtocol.swift (in target 'CoordinatorAPI' from project 'Coordinator')
SwiftCompile normal arm64 /Users/admin/builder/spi-builder-workspace/Sources/CoordinatorAPI/Protocols/CoordinatorProtocol.swift (in target 'CoordinatorAPI' from project 'Coordinator')
    cd /Users/admin/builder/spi-builder-workspace/.swiftpm/xcode
    builtin-SwiftPerFileCompile CoordinatorProtocol.swift
SwiftCompile normal arm64 Compiling\ RootViewControllerProtocol.swift /Users/admin/builder/spi-builder-workspace/Sources/CoordinatorAPI/Protocols/RootViewControllerProtocol.swift (in target 'CoordinatorAPI' from project 'Coordinator')
SwiftCompile normal arm64 /Users/admin/builder/spi-builder-workspace/Sources/CoordinatorAPI/Protocols/RootViewControllerProtocol.swift (in target 'CoordinatorAPI' from project 'Coordinator')
    cd /Users/admin/builder/spi-builder-workspace/.swiftpm/xcode
    builtin-SwiftPerFileCompile RootViewControllerProtocol.swift
SwiftCompile normal arm64 Compiling\ Dismissable.swift /Users/admin/builder/spi-builder-workspace/Sources/CoordinatorAPI/Protocols/Dismissable.swift (in target 'CoordinatorAPI' from project 'Coordinator')
SwiftCompile normal arm64 /Users/admin/builder/spi-builder-workspace/Sources/CoordinatorAPI/Protocols/Dismissable.swift (in target 'CoordinatorAPI' from project 'Coordinator')
    cd /Users/admin/builder/spi-builder-workspace/.swiftpm/xcode
    builtin-SwiftPerFileCompile Dismissable.swift
SwiftCompile normal arm64 Compiling\ CoordinatorProtocol+Sequence.swift /Users/admin/builder/spi-builder-workspace/Sources/CoordinatorAPI/Extensions/CoordinatorProtocol+Sequence.swift (in target 'CoordinatorAPI' from project 'Coordinator')
SwiftCompile normal arm64 /Users/admin/builder/spi-builder-workspace/Sources/CoordinatorAPI/Extensions/CoordinatorProtocol+Sequence.swift (in target 'CoordinatorAPI' from project 'Coordinator')
    cd /Users/admin/builder/spi-builder-workspace/.swiftpm/xcode
    builtin-SwiftPerFileCompile CoordinatorProtocol+Sequence.swift
SwiftDriverJobDiscovery normal arm64 Emitting module for CoordinatorAPI (in target 'CoordinatorAPI' from project 'Coordinator')
SwiftDriver\ Compilation\ Requirements CoordinatorAPI normal arm64 com.apple.xcode.tools.swift.compiler (in target 'CoordinatorAPI' from project 'Coordinator')
    cd /Users/admin/builder/spi-builder-workspace/.swiftpm/xcode
    builtin-Swift-Compilation-Requirements -- /Applications/Xcode-27.0.0-Release.Candidate.app/Contents/Developer/Toolchains/XcodeDefault.xctoolchain/usr/bin/swiftc -parse-as-library -module-name CoordinatorAPI -Onone @/Users/admin/builder/spi-builder-workspace/.derivedData/Build/Intermediates.noindex/Coordinator.build/Debug-xros/CoordinatorAPI-t.build/Objects-normal/arm64/CoordinatorAPI.SwiftFileList -DSWIFT_PACKAGE -DDEBUG -DSWIFT_MODULE_RESOURCE_BUNDLE_UNAVAILABLE -DXcode -plugin-path /Applications/Xcode-27.0.0-Release.Candidate.app/Contents/Developer/Toolchains/XcodeDefault.xctoolchain/usr/lib/swift/host/plugins/testing -enable-experimental-feature DebugDescriptionMacro -sdk /Applications/Xcode-27.0.0-Release.Candidate.app/Contents/Developer/Platforms/XROS.platform/Developer/SDKs/XROS27.0.sdk -target arm64-apple-xros1.0 -g -module-cache-path /Users/admin/builder/spi-builder-workspace/.derivedData/ModuleCache.noindex -Xfrontend -serialize-debugging-options -profile-coverage-mapping -profile-generate -enable-testing -index-store-path /Users/admin/builder/spi-builder-workspace/.derivedData/Index.noindex/DataStore -Xcc -D_LIBCPP_HARDENING_MODE\=_LIBCPP_HARDENING_MODE_DEBUG -swift-version 5 -I /Users/admin/builder/spi-builder-workspace/.derivedData/Build/Products/Debug-xros -Isystem /Applications/Xcode-27.0.0-Release.Candidate.app/Contents/Developer/Platforms/XROS.platform/Developer/usr/lib -F /Users/admin/builder/spi-builder-workspace/.derivedData/Build/Products/Debug-xros -F /Applications/Xcode-27.0.0-Release.Candidate.app/Contents/Developer/Platforms/XROS.platform/Developer/Library/Frameworks -F /Applications/Xcode-27.0.0-Release.Candidate.app/Contents/Developer/Platforms/XROS.platform/Developer/SDKs/XROS27.0.sdk/Developer/Library/Frameworks -c -j10 -enable-batch-mode -incremental -Xcc -ivfsstatcache -Xcc /Users/admin/builder/spi-builder-workspace/.derivedData/SDKStatCaches.noindex/xros27.0-24M361-e829b21a6f8c9b70876ba0858053c044735bd543db762f57723cac368afd1ce4.sdkstatcache -output-file-map /Users/admin/builder/spi-builder-workspace/.derivedData/Build/Intermediates.noindex/Coordinator.build/Debug-xros/CoordinatorAPI-t.build/Objects-normal/arm64/CoordinatorAPI-OutputFileMap.json -save-temps -no-color-diagnostics -explicit-module-build -module-cache-path /Users/admin/builder/spi-builder-workspace/.derivedData/Build/Intermediates.noindex/SwiftExplicitPrecompiledModules -clang-scanner-module-cache-path /Users/admin/builder/spi-builder-workspace/.derivedData/ModuleCache.noindex -sdk-module-cache-path /Users/admin/builder/spi-builder-workspace/.derivedData/SDKExplicitPrecompiledModules -emit-dependencies -emit-module -emit-module-path /Users/admin/builder/spi-builder-workspace/.derivedData/Build/Intermediates.noindex/Coordinator.build/Debug-xros/CoordinatorAPI-t.build/Objects-normal/arm64/CoordinatorAPI.swiftmodule -serialize-diagnostics -dependency-scan-serialize-diagnostics-path /Users/admin/builder/spi-builder-workspace/.derivedData/Build/Intermediates.noindex/Coordinator.build/Debug-xros/CoordinatorAPI-t.build/Objects-normal/arm64/CoordinatorAPI-dependency-scan.dia -validate-clang-modules-once -clang-build-session-file /Users/admin/builder/spi-builder-workspace/.derivedData/ModuleCache.noindex/Session.modulevalidation -Xcc -fmodules-prune-interval\=86400 -Xcc -fmodules-prune-after\=345600 -emit-const-values -const-gather-protocols-list /Users/admin/builder/spi-builder-workspace/.derivedData/Build/Intermediates.noindex/Coordinator.build/Debug-xros/CoordinatorAPI-t.build/Objects-normal/arm64/CoordinatorAPI_const_extract_protocols.json -Xcc -I/Users/admin/builder/spi-builder-workspace/.derivedData/Build/Products/Debug-xros/include -Xcc -I/Users/admin/builder/spi-builder-workspace/.derivedData/Build/Intermediates.noindex/Coordinator.build/Debug-xros/CoordinatorAPI-t.build/DerivedSources-normal/arm64 -Xcc -I/Users/admin/builder/spi-builder-workspace/.derivedData/Build/Intermediates.noindex/Coordinator.build/Debug-xros/CoordinatorAPI-t.build/DerivedSources/arm64 -Xcc -I/Users/admin/builder/spi-builder-workspace/.derivedData/Build/Intermediates.noindex/Coordinator.build/Debug-xros/CoordinatorAPI-t.build/DerivedSources -Xcc -DSWIFT_PACKAGE -Xcc -DDEBUG\=1 -emit-objc-header -emit-objc-header-path /Users/admin/builder/spi-builder-workspace/.derivedData/Build/Intermediates.noindex/Coordinator.build/Debug-xros/CoordinatorAPI-t.build/Objects-normal/arm64/CoordinatorAPI-Swift.h -working-directory /Users/admin/builder/spi-builder-workspace/.swiftpm/xcode -experimental-emit-module-separately -disable-cmo
SwiftMergeGeneratedHeaders /Users/admin/builder/spi-builder-workspace/.derivedData/Build/Intermediates.noindex/GeneratedModuleMaps-xros/CoordinatorAPI-Swift.h /Users/admin/builder/spi-builder-workspace/.derivedData/Build/Intermediates.noindex/Coordinator.build/Debug-xros/CoordinatorAPI-t.build/Objects-normal/arm64/CoordinatorAPI-Swift.h (in target 'CoordinatorAPI' from project 'Coordinator')
    cd /Users/admin/builder/spi-builder-workspace
    builtin-swiftHeaderTool -arch arm64 /Users/admin/builder/spi-builder-workspace/.derivedData/Build/Intermediates.noindex/Coordinator.build/Debug-xros/CoordinatorAPI-t.build/Objects-normal/arm64/CoordinatorAPI-Swift.h -o /Users/admin/builder/spi-builder-workspace/.derivedData/Build/Intermediates.noindex/GeneratedModuleMaps-xros/CoordinatorAPI-Swift.h
Copy /Users/admin/builder/spi-builder-workspace/.derivedData/Build/Products/Debug-xros/CoordinatorAPI.swiftmodule/arm64-apple-xros.swiftmodule /Users/admin/builder/spi-builder-workspace/.derivedData/Build/Intermediates.noindex/Coordinator.build/Debug-xros/CoordinatorAPI-t.build/Objects-normal/arm64/CoordinatorAPI.swiftmodule (in target 'CoordinatorAPI' from project 'Coordinator')
    cd /Users/admin/builder/spi-builder-workspace
    builtin-copy -exclude .DS_Store -exclude CVS -exclude .svn -exclude .git -exclude .hg -resolve-src-symlinks -rename /Users/admin/builder/spi-builder-workspace/.derivedData/Build/Intermediates.noindex/Coordinator.build/Debug-xros/CoordinatorAPI-t.build/Objects-normal/arm64/CoordinatorAPI.swiftmodule /Users/admin/builder/spi-builder-workspace/.derivedData/Build/Products/Debug-xros/CoordinatorAPI.swiftmodule/arm64-apple-xros.swiftmodule
Copy /Users/admin/builder/spi-builder-workspace/.derivedData/Build/Products/Debug-xros/CoordinatorAPI.swiftmodule/arm64-apple-xros.swiftdoc /Users/admin/builder/spi-builder-workspace/.derivedData/Build/Intermediates.noindex/Coordinator.build/Debug-xros/CoordinatorAPI-t.build/Objects-normal/arm64/CoordinatorAPI.swiftdoc (in target 'CoordinatorAPI' from project 'Coordinator')
    cd /Users/admin/builder/spi-builder-workspace
    builtin-copy -exclude .DS_Store -exclude CVS -exclude .svn -exclude .git -exclude .hg -resolve-src-symlinks -rename /Users/admin/builder/spi-builder-workspace/.derivedData/Build/Intermediates.noindex/Coordinator.build/Debug-xros/CoordinatorAPI-t.build/Objects-normal/arm64/CoordinatorAPI.swiftdoc /Users/admin/builder/spi-builder-workspace/.derivedData/Build/Products/Debug-xros/CoordinatorAPI.swiftmodule/arm64-apple-xros.swiftdoc
Copy /Users/admin/builder/spi-builder-workspace/.derivedData/Build/Products/Debug-xros/CoordinatorAPI.swiftmodule/arm64-apple-xros.abi.json /Users/admin/builder/spi-builder-workspace/.derivedData/Build/Intermediates.noindex/Coordinator.build/Debug-xros/CoordinatorAPI-t.build/Objects-normal/arm64/CoordinatorAPI.abi.json (in target 'CoordinatorAPI' from project 'Coordinator')
    cd /Users/admin/builder/spi-builder-workspace
    builtin-copy -exclude .DS_Store -exclude CVS -exclude .svn -exclude .git -exclude .hg -resolve-src-symlinks -rename /Users/admin/builder/spi-builder-workspace/.derivedData/Build/Intermediates.noindex/Coordinator.build/Debug-xros/CoordinatorAPI-t.build/Objects-normal/arm64/CoordinatorAPI.abi.json /Users/admin/builder/spi-builder-workspace/.derivedData/Build/Products/Debug-xros/CoordinatorAPI.swiftmodule/arm64-apple-xros.abi.json
Copy /Users/admin/builder/spi-builder-workspace/.derivedData/Build/Products/Debug-xros/CoordinatorAPI.swiftmodule/Project/arm64-apple-xros.swiftsourceinfo /Users/admin/builder/spi-builder-workspace/.derivedData/Build/Intermediates.noindex/Coordinator.build/Debug-xros/CoordinatorAPI-t.build/Objects-normal/arm64/CoordinatorAPI.swiftsourceinfo (in target 'CoordinatorAPI' from project 'Coordinator')
    cd /Users/admin/builder/spi-builder-workspace
    builtin-copy -exclude .DS_Store -exclude CVS -exclude .svn -exclude .git -exclude .hg -resolve-src-symlinks -rename /Users/admin/builder/spi-builder-workspace/.derivedData/Build/Intermediates.noindex/Coordinator.build/Debug-xros/CoordinatorAPI-t.build/Objects-normal/arm64/CoordinatorAPI.swiftsourceinfo /Users/admin/builder/spi-builder-workspace/.derivedData/Build/Products/Debug-xros/CoordinatorAPI.swiftmodule/Project/arm64-apple-xros.swiftsourceinfo
SwiftDriver Coordinator normal arm64 com.apple.xcode.tools.swift.compiler (in target 'Coordinator' from project 'Coordinator')
    cd /Users/admin/builder/spi-builder-workspace/.swiftpm/xcode
    builtin-SwiftDriver -- /Applications/Xcode-27.0.0-Release.Candidate.app/Contents/Developer/Toolchains/XcodeDefault.xctoolchain/usr/bin/swiftc -parse-as-library -module-name Coordinator -Onone @/Users/admin/builder/spi-builder-workspace/.derivedData/Build/Intermediates.noindex/Coordinator.build/Debug-xros/Coordinator-t.build/Objects-normal/arm64/Coordinator.SwiftFileList -DSWIFT_PACKAGE -DDEBUG -DSWIFT_MODULE_RESOURCE_BUNDLE_UNAVAILABLE -DXcode -plugin-path /Applications/Xcode-27.0.0-Release.Candidate.app/Contents/Developer/Toolchains/XcodeDefault.xctoolchain/usr/lib/swift/host/plugins/testing -enable-experimental-feature DebugDescriptionMacro -sdk /Applications/Xcode-27.0.0-Release.Candidate.app/Contents/Developer/Platforms/XROS.platform/Developer/SDKs/XROS27.0.sdk -target arm64-apple-xros1.0 -g -module-cache-path /Users/admin/builder/spi-builder-workspace/.derivedData/ModuleCache.noindex -Xfrontend -serialize-debugging-options -profile-coverage-mapping -profile-generate -enable-testing -index-store-path /Users/admin/builder/spi-builder-workspace/.derivedData/Index.noindex/DataStore -Xcc -D_LIBCPP_HARDENING_MODE\=_LIBCPP_HARDENING_MODE_DEBUG -swift-version 5 -I /Users/admin/builder/spi-builder-workspace/.derivedData/Build/Products/Debug-xros -Isystem /Applications/Xcode-27.0.0-Release.Candidate.app/Contents/Developer/Platforms/XROS.platform/Developer/usr/lib -F /Users/admin/builder/spi-builder-workspace/.derivedData/Build/Products/Debug-xros/PackageFrameworks -F /Users/admin/builder/spi-builder-workspace/.derivedData/Build/Products/Debug-xros -F /Applications/Xcode-27.0.0-Release.Candidate.app/Contents/Developer/Platforms/XROS.platform/Developer/Library/Frameworks -F /Applications/Xcode-27.0.0-Release.Candidate.app/Contents/Developer/Platforms/XROS.platform/Developer/SDKs/XROS27.0.sdk/Developer/Library/Frameworks -c -j10 -enable-batch-mode -incremental -Xcc -ivfsstatcache -Xcc /Users/admin/builder/spi-builder-workspace/.derivedData/SDKStatCaches.noindex/xros27.0-24M361-e829b21a6f8c9b70876ba0858053c044735bd543db762f57723cac368afd1ce4.sdkstatcache -output-file-map /Users/admin/builder/spi-builder-workspace/.derivedData/Build/Intermediates.noindex/Coordinator.build/Debug-xros/Coordinator-t.build/Objects-normal/arm64/Coordinator-OutputFileMap.json -save-temps -no-color-diagnostics -explicit-module-build -module-cache-path /Users/admin/builder/spi-builder-workspace/.derivedData/Build/Intermediates.noindex/SwiftExplicitPrecompiledModules -clang-scanner-module-cache-path /Users/admin/builder/spi-builder-workspace/.derivedData/ModuleCache.noindex -sdk-module-cache-path /Users/admin/builder/spi-builder-workspace/.derivedData/SDKExplicitPrecompiledModules -emit-dependencies -emit-module -emit-module-path /Users/admin/builder/spi-builder-workspace/.derivedData/Build/Intermediates.noindex/Coordinator.build/Debug-xros/Coordinator-t.build/Objects-normal/arm64/Coordinator.swiftmodule -serialize-diagnostics -dependency-scan-serialize-diagnostics-path /Users/admin/builder/spi-builder-workspace/.derivedData/Build/Intermediates.noindex/Coordinator.build/Debug-xros/Coordinator-t.build/Objects-normal/arm64/Coordinator-dependency-scan.dia -validate-clang-modules-once -clang-build-session-file /Users/admin/builder/spi-builder-workspace/.derivedData/ModuleCache.noindex/Session.modulevalidation -Xcc -fmodules-prune-interval\=86400 -Xcc -fmodules-prune-after\=345600 -emit-const-values -const-gather-protocols-list /Users/admin/builder/spi-builder-workspace/.derivedData/Build/Intermediates.noindex/Coordinator.build/Debug-xros/Coordinator-t.build/Objects-normal/arm64/Coordinator_const_extract_protocols.json -Xcc -I/Users/admin/builder/spi-builder-workspace/.derivedData/Build/Products/Debug-xros/include -Xcc -I/Users/admin/builder/spi-builder-workspace/.derivedData/Build/Intermediates.noindex/Coordinator.build/Debug-xros/Coordinator-t.build/DerivedSources-normal/arm64 -Xcc -I/Users/admin/builder/spi-builder-workspace/.derivedData/Build/Intermediates.noindex/Coordinator.build/Debug-xros/Coordinator-t.build/DerivedSources/arm64 -Xcc -I/Users/admin/builder/spi-builder-workspace/.derivedData/Build/Intermediates.noindex/Coordinator.build/Debug-xros/Coordinator-t.build/DerivedSources -Xcc -DSWIFT_PACKAGE -Xcc -DDEBUG\=1 -emit-objc-header -emit-objc-header-path /Users/admin/builder/spi-builder-workspace/.derivedData/Build/Intermediates.noindex/Coordinator.build/Debug-xros/Coordinator-t.build/Objects-normal/arm64/Coordinator-Swift.h -working-directory /Users/admin/builder/spi-builder-workspace/.swiftpm/xcode -experimental-emit-module-separately -disable-cmo
SwiftCompile normal arm64 Compiling\ Coordinator.swift /Users/admin/builder/spi-builder-workspace/Sources/Coordinator/Coordinator.swift (in target 'Coordinator' from project 'Coordinator')
SwiftCompile normal arm64 /Users/admin/builder/spi-builder-workspace/Sources/Coordinator/Coordinator.swift (in target 'Coordinator' from project 'Coordinator')
    cd /Users/admin/builder/spi-builder-workspace/.swiftpm/xcode
    builtin-SwiftPerFileCompile Coordinator.swift
SwiftEmitModule normal arm64 Emitting\ module\ for\ Coordinator (in target 'Coordinator' from project 'Coordinator')
SwiftCompile normal arm64 (in target 'Coordinator' from project 'Coordinator')
    cd /Users/admin/builder/spi-builder-workspace/.swiftpm/xcode

SwiftCompile normal arm64 Compiling\ DismissableViewController.swift /Users/admin/builder/spi-builder-workspace/Sources/Coordinator/Controllers/DismissableViewController.swift (in target 'Coordinator' from project 'Coordinator')
SwiftCompile normal arm64 /Users/admin/builder/spi-builder-workspace/Sources/Coordinator/Controllers/DismissableViewController.swift (in target 'Coordinator' from project 'Coordinator')
    cd /Users/admin/builder/spi-builder-workspace/.swiftpm/xcode
    builtin-SwiftPerFileCompile DismissableViewController.swift
SwiftCompile normal arm64 Compiling\ AdaptivePresentationControllerDelegate.swift /Users/admin/builder/spi-builder-workspace/Sources/Coordinator/Controllers/AdaptivePresentationControllerDelegate.swift (in target 'Coordinator' from project 'Coordinator')
SwiftCompile normal arm64 /Users/admin/builder/spi-builder-workspace/Sources/Coordinator/Controllers/AdaptivePresentationControllerDelegate.swift (in target 'Coordinator' from project 'Coordinator')
    cd /Users/admin/builder/spi-builder-workspace/.swiftpm/xcode
    builtin-SwiftPerFileCompile AdaptivePresentationControllerDelegate.swift
SwiftDriverJobDiscovery normal arm64 Emitting module for Coordinator (in target 'Coordinator' from project 'Coordinator')
SwiftDriver\ Compilation\ Requirements Coordinator normal arm64 com.apple.xcode.tools.swift.compiler (in target 'Coordinator' from project 'Coordinator')
    cd /Users/admin/builder/spi-builder-workspace/.swiftpm/xcode
    builtin-Swift-Compilation-Requirements -- /Applications/Xcode-27.0.0-Release.Candidate.app/Contents/Developer/Toolchains/XcodeDefault.xctoolchain/usr/bin/swiftc -parse-as-library -module-name Coordinator -Onone @/Users/admin/builder/spi-builder-workspace/.derivedData/Build/Intermediates.noindex/Coordinator.build/Debug-xros/Coordinator-t.build/Objects-normal/arm64/Coordinator.SwiftFileList -DSWIFT_PACKAGE -DDEBUG -DSWIFT_MODULE_RESOURCE_BUNDLE_UNAVAILABLE -DXcode -plugin-path /Applications/Xcode-27.0.0-Release.Candidate.app/Contents/Developer/Toolchains/XcodeDefault.xctoolchain/usr/lib/swift/host/plugins/testing -enable-experimental-feature DebugDescriptionMacro -sdk /Applications/Xcode-27.0.0-Release.Candidate.app/Contents/Developer/Platforms/XROS.platform/Developer/SDKs/XROS27.0.sdk -target arm64-apple-xros1.0 -g -module-cache-path /Users/admin/builder/spi-builder-workspace/.derivedData/ModuleCache.noindex -Xfrontend -serialize-debugging-options -profile-coverage-mapping -profile-generate -enable-testing -index-store-path /Users/admin/builder/spi-builder-workspace/.derivedData/Index.noindex/DataStore -Xcc -D_LIBCPP_HARDENING_MODE\=_LIBCPP_HARDENING_MODE_DEBUG -swift-version 5 -I /Users/admin/builder/spi-builder-workspace/.derivedData/Build/Products/Debug-xros -Isystem /Applications/Xcode-27.0.0-Release.Candidate.app/Contents/Developer/Platforms/XROS.platform/Developer/usr/lib -F /Users/admin/builder/spi-builder-workspace/.derivedData/Build/Products/Debug-xros/PackageFrameworks -F /Users/admin/builder/spi-builder-workspace/.derivedData/Build/Products/Debug-xros -F /Applications/Xcode-27.0.0-Release.Candidate.app/Contents/Developer/Platforms/XROS.platform/Developer/Library/Frameworks -F /Applications/Xcode-27.0.0-Release.Candidate.app/Contents/Developer/Platforms/XROS.platform/Developer/SDKs/XROS27.0.sdk/Developer/Library/Frameworks -c -j10 -enable-batch-mode -incremental -Xcc -ivfsstatcache -Xcc /Users/admin/builder/spi-builder-workspace/.derivedData/SDKStatCaches.noindex/xros27.0-24M361-e829b21a6f8c9b70876ba0858053c044735bd543db762f57723cac368afd1ce4.sdkstatcache -output-file-map /Users/admin/builder/spi-builder-workspace/.derivedData/Build/Intermediates.noindex/Coordinator.build/Debug-xros/Coordinator-t.build/Objects-normal/arm64/Coordinator-OutputFileMap.json -save-temps -no-color-diagnostics -explicit-module-build -module-cache-path /Users/admin/builder/spi-builder-workspace/.derivedData/Build/Intermediates.noindex/SwiftExplicitPrecompiledModules -clang-scanner-module-cache-path /Users/admin/builder/spi-builder-workspace/.derivedData/ModuleCache.noindex -sdk-module-cache-path /Users/admin/builder/spi-builder-workspace/.derivedData/SDKExplicitPrecompiledModules -emit-dependencies -emit-module -emit-module-path /Users/admin/builder/spi-builder-workspace/.derivedData/Build/Intermediates.noindex/Coordinator.build/Debug-xros/Coordinator-t.build/Objects-normal/arm64/Coordinator.swiftmodule -serialize-diagnostics -dependency-scan-serialize-diagnostics-path /Users/admin/builder/spi-builder-workspace/.derivedData/Build/Intermediates.noindex/Coordinator.build/Debug-xros/Coordinator-t.build/Objects-normal/arm64/Coordinator-dependency-scan.dia -validate-clang-modules-once -clang-build-session-file /Users/admin/builder/spi-builder-workspace/.derivedData/ModuleCache.noindex/Session.modulevalidation -Xcc -fmodules-prune-interval\=86400 -Xcc -fmodules-prune-after\=345600 -emit-const-values -const-gather-protocols-list /Users/admin/builder/spi-builder-workspace/.derivedData/Build/Intermediates.noindex/Coordinator.build/Debug-xros/Coordinator-t.build/Objects-normal/arm64/Coordinator_const_extract_protocols.json -Xcc -I/Users/admin/builder/spi-builder-workspace/.derivedData/Build/Products/Debug-xros/include -Xcc -I/Users/admin/builder/spi-builder-workspace/.derivedData/Build/Intermediates.noindex/Coordinator.build/Debug-xros/Coordinator-t.build/DerivedSources-normal/arm64 -Xcc -I/Users/admin/builder/spi-builder-workspace/.derivedData/Build/Intermediates.noindex/Coordinator.build/Debug-xros/Coordinator-t.build/DerivedSources/arm64 -Xcc -I/Users/admin/builder/spi-builder-workspace/.derivedData/Build/Intermediates.noindex/Coordinator.build/Debug-xros/Coordinator-t.build/DerivedSources -Xcc -DSWIFT_PACKAGE -Xcc -DDEBUG\=1 -emit-objc-header -emit-objc-header-path /Users/admin/builder/spi-builder-workspace/.derivedData/Build/Intermediates.noindex/Coordinator.build/Debug-xros/Coordinator-t.build/Objects-normal/arm64/Coordinator-Swift.h -working-directory /Users/admin/builder/spi-builder-workspace/.swiftpm/xcode -experimental-emit-module-separately -disable-cmo
SwiftDriverJobDiscovery normal arm64 Compiling Dismissable.swift (in target 'CoordinatorAPI' from project 'Coordinator')
SwiftCompile normal arm64 Compiling\ DismissableNavigationController.swift /Users/admin/builder/spi-builder-workspace/Sources/Coordinator/Controllers/DismissableNavigationController.swift (in target 'Coordinator' from project 'Coordinator')
SwiftCompile normal arm64 /Users/admin/builder/spi-builder-workspace/Sources/Coordinator/Controllers/DismissableNavigationController.swift (in target 'Coordinator' from project 'Coordinator')
    cd /Users/admin/builder/spi-builder-workspace/.swiftpm/xcode
    builtin-SwiftPerFileCompile DismissableNavigationController.swift
SwiftMergeGeneratedHeaders /Users/admin/builder/spi-builder-workspace/.derivedData/Build/Intermediates.noindex/GeneratedModuleMaps-xros/Coordinator-Swift.h /Users/admin/builder/spi-builder-workspace/.derivedData/Build/Intermediates.noindex/Coordinator.build/Debug-xros/Coordinator-t.build/Objects-normal/arm64/Coordinator-Swift.h (in target 'Coordinator' from project 'Coordinator')
    cd /Users/admin/builder/spi-builder-workspace
    builtin-swiftHeaderTool -arch arm64 /Users/admin/builder/spi-builder-workspace/.derivedData/Build/Intermediates.noindex/Coordinator.build/Debug-xros/Coordinator-t.build/Objects-normal/arm64/Coordinator-Swift.h -o /Users/admin/builder/spi-builder-workspace/.derivedData/Build/Intermediates.noindex/GeneratedModuleMaps-xros/Coordinator-Swift.h
SwiftDriverJobDiscovery normal arm64 Compiling CoordinatorProtocol+Sequence.swift (in target 'CoordinatorAPI' from project 'Coordinator')
Copy /Users/admin/builder/spi-builder-workspace/.derivedData/Build/Products/Debug-xros/Coordinator.swiftmodule/arm64-apple-xros.swiftmodule /Users/admin/builder/spi-builder-workspace/.derivedData/Build/Intermediates.noindex/Coordinator.build/Debug-xros/Coordinator-t.build/Objects-normal/arm64/Coordinator.swiftmodule (in target 'Coordinator' from project 'Coordinator')
    cd /Users/admin/builder/spi-builder-workspace
    builtin-copy -exclude .DS_Store -exclude CVS -exclude .svn -exclude .git -exclude .hg -resolve-src-symlinks -rename /Users/admin/builder/spi-builder-workspace/.derivedData/Build/Intermediates.noindex/Coordinator.build/Debug-xros/Coordinator-t.build/Objects-normal/arm64/Coordinator.swiftmodule /Users/admin/builder/spi-builder-workspace/.derivedData/Build/Products/Debug-xros/Coordinator.swiftmodule/arm64-apple-xros.swiftmodule
Copy /Users/admin/builder/spi-builder-workspace/.derivedData/Build/Products/Debug-xros/Coordinator.swiftmodule/arm64-apple-xros.swiftdoc /Users/admin/builder/spi-builder-workspace/.derivedData/Build/Intermediates.noindex/Coordinator.build/Debug-xros/Coordinator-t.build/Objects-normal/arm64/Coordinator.swiftdoc (in target 'Coordinator' from project 'Coordinator')
    cd /Users/admin/builder/spi-builder-workspace
    builtin-copy -exclude .DS_Store -exclude CVS -exclude .svn -exclude .git -exclude .hg -resolve-src-symlinks -rename /Users/admin/builder/spi-builder-workspace/.derivedData/Build/Intermediates.noindex/Coordinator.build/Debug-xros/Coordinator-t.build/Objects-normal/arm64/Coordinator.swiftdoc /Users/admin/builder/spi-builder-workspace/.derivedData/Build/Products/Debug-xros/Coordinator.swiftmodule/arm64-apple-xros.swiftdoc
Copy /Users/admin/builder/spi-builder-workspace/.derivedData/Build/Products/Debug-xros/Coordinator.swiftmodule/arm64-apple-xros.abi.json /Users/admin/builder/spi-builder-workspace/.derivedData/Build/Intermediates.noindex/Coordinator.build/Debug-xros/Coordinator-t.build/Objects-normal/arm64/Coordinator.abi.json (in target 'Coordinator' from project 'Coordinator')
    cd /Users/admin/builder/spi-builder-workspace
    builtin-copy -exclude .DS_Store -exclude CVS -exclude .svn -exclude .git -exclude .hg -resolve-src-symlinks -rename /Users/admin/builder/spi-builder-workspace/.derivedData/Build/Intermediates.noindex/Coordinator.build/Debug-xros/Coordinator-t.build/Objects-normal/arm64/Coordinator.abi.json /Users/admin/builder/spi-builder-workspace/.derivedData/Build/Products/Debug-xros/Coordinator.swiftmodule/arm64-apple-xros.abi.json
Copy /Users/admin/builder/spi-builder-workspace/.derivedData/Build/Products/Debug-xros/Coordinator.swiftmodule/Project/arm64-apple-xros.swiftsourceinfo /Users/admin/builder/spi-builder-workspace/.derivedData/Build/Intermediates.noindex/Coordinator.build/Debug-xros/Coordinator-t.build/Objects-normal/arm64/Coordinator.swiftsourceinfo (in target 'Coordinator' from project 'Coordinator')
    cd /Users/admin/builder/spi-builder-workspace
    builtin-copy -exclude .DS_Store -exclude CVS -exclude .svn -exclude .git -exclude .hg -resolve-src-symlinks -rename /Users/admin/builder/spi-builder-workspace/.derivedData/Build/Intermediates.noindex/Coordinator.build/Debug-xros/Coordinator-t.build/Objects-normal/arm64/Coordinator.swiftsourceinfo /Users/admin/builder/spi-builder-workspace/.derivedData/Build/Products/Debug-xros/Coordinator.swiftmodule/Project/arm64-apple-xros.swiftsourceinfo
SwiftCompile normal arm64 Compiling\ WeakObject.swift /Users/admin/builder/spi-builder-workspace/Sources/Coordinator/WeakObject.swift (in target 'Coordinator' from project 'Coordinator')
SwiftCompile normal arm64 /Users/admin/builder/spi-builder-workspace/Sources/Coordinator/WeakObject.swift (in target 'Coordinator' from project 'Coordinator')
    cd /Users/admin/builder/spi-builder-workspace/.swiftpm/xcode
    builtin-SwiftPerFileCompile WeakObject.swift
SwiftDriverJobDiscovery normal arm64 Compiling WeakObject.swift (in target 'Coordinator' from project 'Coordinator')
SwiftCompile normal arm64 Compiling\ CoordinatorSettings.swift /Users/admin/builder/spi-builder-workspace/Sources/Coordinator/CoordinatorSettings.swift (in target 'Coordinator' from project 'Coordinator')
SwiftCompile normal arm64 /Users/admin/builder/spi-builder-workspace/Sources/Coordinator/CoordinatorSettings.swift (in target 'Coordinator' from project 'Coordinator')
    cd /Users/admin/builder/spi-builder-workspace/.swiftpm/xcode
    builtin-SwiftPerFileCompile CoordinatorSettings.swift
SwiftDriverJobDiscovery normal arm64 Compiling CoordinatorSettings.swift (in target 'Coordinator' from project 'Coordinator')
SwiftDriver CoordinatorTests normal arm64 com.apple.xcode.tools.swift.compiler (in target 'CoordinatorTests-product' from project 'Coordinator')
    cd /Users/admin/builder/spi-builder-workspace/.swiftpm/xcode
    builtin-SwiftDriver -- /Applications/Xcode-27.0.0-Release.Candidate.app/Contents/Developer/Toolchains/XcodeDefault.xctoolchain/usr/bin/swiftc -parse-as-library -module-name CoordinatorTests -Onone @/Users/admin/builder/spi-builder-workspace/.derivedData/Build/Intermediates.noindex/Coordinator.build/Debug-xros/CoordinatorTests-p.build/Objects-normal/arm64/CoordinatorTests.SwiftFileList -DSWIFT_PACKAGE -DDEBUG -DXcode -plugin-path /Applications/Xcode-27.0.0-Release.Candidate.app/Contents/Developer/Toolchains/XcodeDefault.xctoolchain/usr/lib/swift/host/plugins/testing -enable-experimental-feature DebugDescriptionMacro -sdk /Applications/Xcode-27.0.0-Release.Candidate.app/Contents/Developer/Platforms/XROS.platform/Developer/SDKs/XROS27.0.sdk -target arm64-apple-xros1.0 -g -module-cache-path /Users/admin/builder/spi-builder-workspace/.derivedData/ModuleCache.noindex -Xfrontend -serialize-debugging-options -profile-coverage-mapping -profile-generate -enable-testing -index-store-path /Users/admin/builder/spi-builder-workspace/.derivedData/Index.noindex/DataStore -Xcc -D_LIBCPP_HARDENING_MODE\=_LIBCPP_HARDENING_MODE_DEBUG -swift-version 5 -I /Users/admin/builder/spi-builder-workspace/.derivedData/Build/Products/Debug-xros -Isystem /Applications/Xcode-27.0.0-Release.Candidate.app/Contents/Developer/Platforms/XROS.platform/Developer/usr/lib -F /Users/admin/builder/spi-builder-workspace/.derivedData/Build/Products/Debug-xros/PackageFrameworks -F /Users/admin/builder/spi-builder-workspace/.derivedData/Build/Products/Debug-xros -F /Applications/Xcode-27.0.0-Release.Candidate.app/Contents/Developer/Platforms/XROS.platform/Developer/Library/Frameworks -F /Applications/Xcode-27.0.0-Release.Candidate.app/Contents/Developer/Platforms/XROS.platform/Developer/SDKs/XROS27.0.sdk/Developer/Library/Frameworks -c -j10 -enable-batch-mode -incremental -Xcc -ivfsstatcache -Xcc /Users/admin/builder/spi-builder-workspace/.derivedData/SDKStatCaches.noindex/xros27.0-24M361-e829b21a6f8c9b70876ba0858053c044735bd543db762f57723cac368afd1ce4.sdkstatcache -output-file-map /Users/admin/builder/spi-builder-workspace/.derivedData/Build/Intermediates.noindex/Coordinator.build/Debug-xros/CoordinatorTests-p.build/Objects-normal/arm64/CoordinatorTests-OutputFileMap.json -save-temps -no-color-diagnostics -explicit-module-build -module-cache-path /Users/admin/builder/spi-builder-workspace/.derivedData/Build/Intermediates.noindex/SwiftExplicitPrecompiledModules -clang-scanner-module-cache-path /Users/admin/builder/spi-builder-workspace/.derivedData/ModuleCache.noindex -sdk-module-cache-path /Users/admin/builder/spi-builder-workspace/.derivedData/SDKExplicitPrecompiledModules -emit-dependencies -emit-module -emit-module-path /Users/admin/builder/spi-builder-workspace/.derivedData/Build/Intermediates.noindex/Coordinator.build/Debug-xros/CoordinatorTests-p.build/Objects-normal/arm64/CoordinatorTests.swiftmodule -serialize-diagnostics -dependency-scan-serialize-diagnostics-path /Users/admin/builder/spi-builder-workspace/.derivedData/Build/Intermediates.noindex/Coordinator.build/Debug-xros/CoordinatorTests-p.build/Objects-normal/arm64/CoordinatorTests-dependency-scan.dia -validate-clang-modules-once -clang-build-session-file /Users/admin/builder/spi-builder-workspace/.derivedData/ModuleCache.noindex/Session.modulevalidation -Xcc -fmodules-prune-interval\=86400 -Xcc -fmodules-prune-after\=345600 -emit-const-values -const-gather-protocols-list /Users/admin/builder/spi-builder-workspace/.derivedData/Build/Intermediates.noindex/Coordinator.build/Debug-xros/CoordinatorTests-p.build/Objects-normal/arm64/CoordinatorTests_const_extract_protocols.json -Xcc -I/Users/admin/builder/spi-builder-workspace/.derivedData/Build/Products/Debug-xros/include -Xcc -I/Users/admin/builder/spi-builder-workspace/.derivedData/Build/Intermediates.noindex/Coordinator.build/Debug-xros/CoordinatorTests-p.build/DerivedSources-normal/arm64 -Xcc -I/Users/admin/builder/spi-builder-workspace/.derivedData/Build/Intermediates.noindex/Coordinator.build/Debug-xros/CoordinatorTests-p.build/DerivedSources/arm64 -Xcc -I/Users/admin/builder/spi-builder-workspace/.derivedData/Build/Intermediates.noindex/Coordinator.build/Debug-xros/CoordinatorTests-p.build/DerivedSources -Xcc -DSWIFT_PACKAGE -Xcc -DDEBUG\=1 -working-directory /Users/admin/builder/spi-builder-workspace/.swiftpm/xcode -experimental-emit-module-separately -disable-cmo
SwiftExplicitDependencyGeneratePcm arm64 /Users/admin/builder/spi-builder-workspace/.derivedData/Build/Intermediates.noindex/SwiftExplicitPrecompiledModules/XCUIAutomation-H5WV6GKK3U1PX81ORPJTQUHR.pcm
SwiftExplicitDependencyGeneratePcm arm64 /Users/admin/builder/spi-builder-workspace/.derivedData/Build/Intermediates.noindex/SwiftExplicitPrecompiledModules/XCTest-8UXH2X7DOSRVJFCAILI3M8WH.pcm
SwiftExplicitDependencyCompileModuleFromInterface arm64 /Users/admin/builder/spi-builder-workspace/.derivedData/Build/Intermediates.noindex/SwiftExplicitPrecompiledModules/XCUIAutomation-1ULB2S2VXDY9G.swiftmodule
SwiftExplicitDependencyCompileModuleFromInterface arm64 /Users/admin/builder/spi-builder-workspace/.derivedData/Build/Intermediates.noindex/SwiftExplicitPrecompiledModules/XCTest-3R6MGK98ZOBMC.swiftmodule
SwiftEmitModule normal arm64 Emitting\ module\ for\ CoordinatorTests (in target 'CoordinatorTests-product' from project 'Coordinator')
SwiftCompile normal arm64 (in target 'CoordinatorTests-product' from project 'Coordinator')
    cd /Users/admin/builder/spi-builder-workspace/.swiftpm/xcode

SwiftCompile normal arm64 Compiling\ ContainerViewControllerCoordinatorMock.swift /Users/admin/builder/spi-builder-workspace/Tests/CoordinatorTests/Mocks/ContainerViewControllerCoordinatorMock.swift (in target 'CoordinatorTests-product' from project 'Coordinator')
SwiftCompile normal arm64 /Users/admin/builder/spi-builder-workspace/Tests/CoordinatorTests/Mocks/ContainerViewControllerCoordinatorMock.swift (in target 'CoordinatorTests-product' from project 'Coordinator')
    cd /Users/admin/builder/spi-builder-workspace/.swiftpm/xcode
    builtin-SwiftPerFileCompile ContainerViewControllerCoordinatorMock.swift
SwiftDriverJobDiscovery normal arm64 Emitting module for CoordinatorTests (in target 'CoordinatorTests-product' from project 'Coordinator')
SwiftDriver\ Compilation\ Requirements CoordinatorTests normal arm64 com.apple.xcode.tools.swift.compiler (in target 'CoordinatorTests-product' from project 'Coordinator')
    cd /Users/admin/builder/spi-builder-workspace/.swiftpm/xcode
    builtin-Swift-Compilation-Requirements -- /Applications/Xcode-27.0.0-Release.Candidate.app/Contents/Developer/Toolchains/XcodeDefault.xctoolchain/usr/bin/swiftc -parse-as-library -module-name CoordinatorTests -Onone @/Users/admin/builder/spi-builder-workspace/.derivedData/Build/Intermediates.noindex/Coordinator.build/Debug-xros/CoordinatorTests-p.build/Objects-normal/arm64/CoordinatorTests.SwiftFileList -DSWIFT_PACKAGE -DDEBUG -DXcode -plugin-path /Applications/Xcode-27.0.0-Release.Candidate.app/Contents/Developer/Toolchains/XcodeDefault.xctoolchain/usr/lib/swift/host/plugins/testing -enable-experimental-feature DebugDescriptionMacro -sdk /Applications/Xcode-27.0.0-Release.Candidate.app/Contents/Developer/Platforms/XROS.platform/Developer/SDKs/XROS27.0.sdk -target arm64-apple-xros1.0 -g -module-cache-path /Users/admin/builder/spi-builder-workspace/.derivedData/ModuleCache.noindex -Xfrontend -serialize-debugging-options -profile-coverage-mapping -profile-generate -enable-testing -index-store-path /Users/admin/builder/spi-builder-workspace/.derivedData/Index.noindex/DataStore -Xcc -D_LIBCPP_HARDENING_MODE\=_LIBCPP_HARDENING_MODE_DEBUG -swift-version 5 -I /Users/admin/builder/spi-builder-workspace/.derivedData/Build/Products/Debug-xros -Isystem /Applications/Xcode-27.0.0-Release.Candidate.app/Contents/Developer/Platforms/XROS.platform/Developer/usr/lib -F /Users/admin/builder/spi-builder-workspace/.derivedData/Build/Products/Debug-xros/PackageFrameworks -F /Users/admin/builder/spi-builder-workspace/.derivedData/Build/Products/Debug-xros -F /Applications/Xcode-27.0.0-Release.Candidate.app/Contents/Developer/Platforms/XROS.platform/Developer/Library/Frameworks -F /Applications/Xcode-27.0.0-Release.Candidate.app/Contents/Developer/Platforms/XROS.platform/Developer/SDKs/XROS27.0.sdk/Developer/Library/Frameworks -c -j10 -enable-batch-mode -incremental -Xcc -ivfsstatcache -Xcc /Users/admin/builder/spi-builder-workspace/.derivedData/SDKStatCaches.noindex/xros27.0-24M361-e829b21a6f8c9b70876ba0858053c044735bd543db762f57723cac368afd1ce4.sdkstatcache -output-file-map /Users/admin/builder/spi-builder-workspace/.derivedData/Build/Intermediates.noindex/Coordinator.build/Debug-xros/CoordinatorTests-p.build/Objects-normal/arm64/CoordinatorTests-OutputFileMap.json -save-temps -no-color-diagnostics -explicit-module-build -module-cache-path /Users/admin/builder/spi-builder-workspace/.derivedData/Build/Intermediates.noindex/SwiftExplicitPrecompiledModules -clang-scanner-module-cache-path /Users/admin/builder/spi-builder-workspace/.derivedData/ModuleCache.noindex -sdk-module-cache-path /Users/admin/builder/spi-builder-workspace/.derivedData/SDKExplicitPrecompiledModules -emit-dependencies -emit-module -emit-module-path /Users/admin/builder/spi-builder-workspace/.derivedData/Build/Intermediates.noindex/Coordinator.build/Debug-xros/CoordinatorTests-p.build/Objects-normal/arm64/CoordinatorTests.swiftmodule -serialize-diagnostics -dependency-scan-serialize-diagnostics-path /Users/admin/builder/spi-builder-workspace/.derivedData/Build/Intermediates.noindex/Coordinator.build/Debug-xros/CoordinatorTests-p.build/Objects-normal/arm64/CoordinatorTests-dependency-scan.dia -validate-clang-modules-once -clang-build-session-file /Users/admin/builder/spi-builder-workspace/.derivedData/ModuleCache.noindex/Session.modulevalidation -Xcc -fmodules-prune-interval\=86400 -Xcc -fmodules-prune-after\=345600 -emit-const-values -const-gather-protocols-list /Users/admin/builder/spi-builder-workspace/.derivedData/Build/Intermediates.noindex/Coordinator.build/Debug-xros/CoordinatorTests-p.build/Objects-normal/arm64/CoordinatorTests_const_extract_protocols.json -Xcc -I/Users/admin/builder/spi-builder-workspace/.derivedData/Build/Products/Debug-xros/include -Xcc -I/Users/admin/builder/spi-builder-workspace/.derivedData/Build/Intermediates.noindex/Coordinator.build/Debug-xros/CoordinatorTests-p.build/DerivedSources-normal/arm64 -Xcc -I/Users/admin/builder/spi-builder-workspace/.derivedData/Build/Intermediates.noindex/Coordinator.build/Debug-xros/CoordinatorTests-p.build/DerivedSources/arm64 -Xcc -I/Users/admin/builder/spi-builder-workspace/.derivedData/Build/Intermediates.noindex/Coordinator.build/Debug-xros/CoordinatorTests-p.build/DerivedSources -Xcc -DSWIFT_PACKAGE -Xcc -DDEBUG\=1 -working-directory /Users/admin/builder/spi-builder-workspace/.swiftpm/xcode -experimental-emit-module-separately -disable-cmo
SwiftDriverJobDiscovery normal arm64 Compiling DismissableViewController.swift (in target 'Coordinator' from project 'Coordinator')
SwiftCompile normal arm64 Compiling\ ViewControllerCoordinatorMock.swift /Users/admin/builder/spi-builder-workspace/Tests/CoordinatorTests/Mocks/ViewControllerCoordinatorMock.swift (in target 'CoordinatorTests-product' from project 'Coordinator')
SwiftCompile normal arm64 /Users/admin/builder/spi-builder-workspace/Tests/CoordinatorTests/Mocks/ViewControllerCoordinatorMock.swift (in target 'CoordinatorTests-product' from project 'Coordinator')
    cd /Users/admin/builder/spi-builder-workspace/.swiftpm/xcode
    builtin-SwiftPerFileCompile ViewControllerCoordinatorMock.swift
SwiftCompile normal arm64 Compiling\ WindowCoordinatorMock.swift /Users/admin/builder/spi-builder-workspace/Tests/CoordinatorTests/Mocks/WindowCoordinatorMock.swift (in target 'CoordinatorTests-product' from project 'Coordinator')
SwiftCompile normal arm64 /Users/admin/builder/spi-builder-workspace/Tests/CoordinatorTests/Mocks/WindowCoordinatorMock.swift (in target 'CoordinatorTests-product' from project 'Coordinator')
    cd /Users/admin/builder/spi-builder-workspace/.swiftpm/xcode
    builtin-SwiftPerFileCompile WindowCoordinatorMock.swift
SwiftDriverJobDiscovery normal arm64 Compiling AdaptivePresentationControllerDelegate.swift (in target 'Coordinator' from project 'Coordinator')
SwiftCompile normal arm64 Compiling\ CoordinatorTests.swift /Users/admin/builder/spi-builder-workspace/Tests/CoordinatorTests/CoordinatorTests.swift (in target 'CoordinatorTests-product' from project 'Coordinator')
/Users/admin/builder/spi-builder-workspace/Tests/CoordinatorTests/CoordinatorTests.swift:19:70: error: incorrect argument labels in call (have 'presenter:dependencies:', expected '_:presentedBy:parent:children:')
 17 |     func testInitWithChildrenThenChildCountIsSame() {
 18 |         // Given: Coordinator instance
 19 |         let child = Coordinator<Void, UIView, UINavigationController>(presenter: UIView(), dependencies: ())
    |                                                                      `- error: incorrect argument labels in call (have 'presenter:dependencies:', expected '_:presentedBy:parent:children:')
 20 |         let sut   = Coordinator<Void, UIView, UIWindow>(presenter: UIView(), dependencies: (), children: [child])
 21 |
/Users/admin/builder/spi-builder-workspace/Tests/CoordinatorTests/CoordinatorTests.swift:20:56: error: incorrect argument labels in call (have 'presenter:dependencies:children:', expected '_:presentedBy:parent:children:')
 18 |         // Given: Coordinator instance
 19 |         let child = Coordinator<Void, UIView, UINavigationController>(presenter: UIView(), dependencies: ())
 20 |         let sut   = Coordinator<Void, UIView, UIWindow>(presenter: UIView(), dependencies: (), children: [child])
    |                                                        `- error: incorrect argument labels in call (have 'presenter:dependencies:children:', expected '_:presentedBy:parent:children:')
 21 |
 22 |         // Then: Object is equal to itself
/Users/admin/builder/spi-builder-workspace/Tests/CoordinatorTests/CoordinatorTests.swift:29:56: error: incorrect argument labels in call (have 'presenter:dependencies:', expected '_:presentedBy:parent:children:')
 27 |     func testRemoveFromParentThenRemoveChildIsCalledOnParent() {
 28 |         // Given: Coordinator instance
 29 |         let child = Coordinator<Void, UIView, UIWindow>(presenter: UIView(), dependencies: ())
    |                                                        `- error: incorrect argument labels in call (have 'presenter:dependencies:', expected '_:presentedBy:parent:children:')
 30 |         let sut = CoordinatorProtocolMock(children: child)
 31 |
/Users/admin/builder/spi-builder-workspace/Tests/CoordinatorTests/CoordinatorTests.swift:43:68: error: incorrect argument labels in call (have 'presenter:dependencies:', expected '_:presentedBy:parent:children:')
 41 |     func testWhenAddCoordinatorToSetMultipleTimesAndCountIsOne() {
 42 |         // Given: Coordinator instance
 43 |         let sut = Coordinator<Void, UIView, UINavigationController>(presenter: UIView(), dependencies: ())
    |                                                                    `- error: incorrect argument labels in call (have 'presenter:dependencies:', expected '_:presentedBy:parent:children:')
 44 |
 45 |         // When: add coordinator to set
/Users/admin/builder/spi-builder-workspace/Tests/CoordinatorTests/CoordinatorTests.swift:57:68: error: incorrect argument labels in call (have 'presenter:dependencies:', expected '_:presentedBy:parent:children:')
 55 |     func testEqualityWithTheDifferentObjectsThenIsNotEqual() {
 56 |         // Given: two different Coordinator instances of the same type
 57 |         let lhs = Coordinator<Void, UIView, UINavigationController>(presenter: UIView(), dependencies: ())
    |                                                                    `- error: incorrect argument labels in call (have 'presenter:dependencies:', expected '_:presentedBy:parent:children:')
 58 |         let rhs = Coordinator<Void, UIView, UINavigationController>(presenter: UIView(), dependencies: ())
 59 |
/Users/admin/builder/spi-builder-workspace/Tests/CoordinatorTests/CoordinatorTests.swift:58:68: error: incorrect argument labels in call (have 'presenter:dependencies:', expected '_:presentedBy:parent:children:')
 56 |         // Given: two different Coordinator instances of the same type
 57 |         let lhs = Coordinator<Void, UIView, UINavigationController>(presenter: UIView(), dependencies: ())
 58 |         let rhs = Coordinator<Void, UIView, UINavigationController>(presenter: UIView(), dependencies: ())
    |                                                                    `- error: incorrect argument labels in call (have 'presenter:dependencies:', expected '_:presentedBy:parent:children:')
 59 |
 60 |         // Then: Objects are not equal
/Users/admin/builder/spi-builder-workspace/Tests/CoordinatorTests/CoordinatorTests.swift:66:76: error: incorrect argument labels in call (have 'presenter:dependencies:', expected '_:presentedBy:parent:children:')
 64 |     func testEqualityWithSameObjectThenIsEqual() {
 65 |         // Given: two different Coordinator instances of the same type
 66 |         let coordinator = Coordinator<Void, UIView, UINavigationController>(presenter: UIView(), dependencies: ())
    |                                                                            `- error: incorrect argument labels in call (have 'presenter:dependencies:', expected '_:presentedBy:parent:children:')
 67 |
 68 |         let lhs = coordinator
/Users/admin/builder/spi-builder-workspace/Tests/CoordinatorTests/CoordinatorTests.swift:79:70: error: incorrect argument labels in call (have 'presenter:dependencies:', expected '_:presentedBy:parent:children:')
 77 |     func testAddChildTwoTimesThenChildrenCountIsEqualToOne() {
 78 |         // Given: Coordinator instance and child coordinator
 79 |         let sut   = Coordinator<Void, UIView, UINavigationController>(presenter: UIView(), dependencies: ())
    |                                                                      `- error: incorrect argument labels in call (have 'presenter:dependencies:', expected '_:presentedBy:parent:children:')
 80 |         let child = Coordinator<Void, UIView, UIViewController>(presenter: UIView(), dependencies: ())
 81 |
/Users/admin/builder/spi-builder-workspace/Tests/CoordinatorTests/CoordinatorTests.swift:80:64: error: incorrect argument labels in call (have 'presenter:dependencies:', expected '_:presentedBy:parent:children:')
 78 |         // Given: Coordinator instance and child coordinator
 79 |         let sut   = Coordinator<Void, UIView, UINavigationController>(presenter: UIView(), dependencies: ())
 80 |         let child = Coordinator<Void, UIView, UIViewController>(presenter: UIView(), dependencies: ())
    |                                                                `- error: incorrect argument labels in call (have 'presenter:dependencies:', expected '_:presentedBy:parent:children:')
 81 |
 82 |         // When: adding coordinator as child two times
/Users/admin/builder/spi-builder-workspace/Tests/CoordinatorTests/CoordinatorTests.swift:93:64: error: incorrect argument labels in call (have 'presenter:dependencies:', expected '_:presentedBy:parent:children:')
 91 |     func testRemoveChildThenChildrenCountIsZero() {
 92 |         // Given: Coordinator instance and child coordinator
 93 |         let child = Coordinator<Void, UIView, UIViewController>(presenter: UIView(), dependencies: ())
    |                                                                `- error: incorrect argument labels in call (have 'presenter:dependencies:', expected '_:presentedBy:parent:children:')
 94 |
 95 |         let sut = Coordinator<Void, UIView, Void>(presenter: UIView(), dependencies: (), children: [child])
/Users/admin/builder/spi-builder-workspace/Tests/CoordinatorTests/CoordinatorTests.swift:95:50: error: incorrect argument labels in call (have 'presenter:dependencies:children:', expected '_:presentedBy:parent:children:')
 93 |         let child = Coordinator<Void, UIView, UIViewController>(presenter: UIView(), dependencies: ())
 94 |
 95 |         let sut = Coordinator<Void, UIView, Void>(presenter: UIView(), dependencies: (), children: [child])
    |                                                  `- error: incorrect argument labels in call (have 'presenter:dependencies:children:', expected '_:presentedBy:parent:children:')
 96 |         XCTAssertEqual(sut.children.count, 1)
 97 |
/Users/admin/builder/spi-builder-workspace/Tests/CoordinatorTests/CoordinatorTests.swift:108:70: error: incorrect argument labels in call (have 'presenter:dependencies:', expected '_:presentedBy:parent:children:')
106 |     func testRemoveChildThenChildrenCountIsOne() {
107 |         // Given: Coordinator instance with two child coordinators
108 |         let firstChild  = Coordinator<Void, UIView, UIViewController>(presenter: UIView(), dependencies: ())
    |                                                                      `- error: incorrect argument labels in call (have 'presenter:dependencies:', expected '_:presentedBy:parent:children:')
109 |         let secondChild = Coordinator<Void, UIView, UINavigationController>(presenter: UIView(), dependencies: ())
110 |
/Users/admin/builder/spi-builder-workspace/Tests/CoordinatorTests/CoordinatorTests.swift:109:76: error: incorrect argument labels in call (have 'presenter:dependencies:', expected '_:presentedBy:parent:children:')
107 |         // Given: Coordinator instance with two child coordinators
108 |         let firstChild  = Coordinator<Void, UIView, UIViewController>(presenter: UIView(), dependencies: ())
109 |         let secondChild = Coordinator<Void, UIView, UINavigationController>(presenter: UIView(), dependencies: ())
    |                                                                            `- error: incorrect argument labels in call (have 'presenter:dependencies:', expected '_:presentedBy:parent:children:')
110 |
111 |         let sut = Coordinator<Void, UIView, Void>(presenter: UIView(), dependencies: (), children: [firstChild, secondChild])
/Users/admin/builder/spi-builder-workspace/Tests/CoordinatorTests/CoordinatorTests.swift:111:50: error: incorrect argument labels in call (have 'presenter:dependencies:children:', expected '_:presentedBy:parent:children:')
109 |         let secondChild = Coordinator<Void, UIView, UINavigationController>(presenter: UIView(), dependencies: ())
110 |
111 |         let sut = Coordinator<Void, UIView, Void>(presenter: UIView(), dependencies: (), children: [firstChild, secondChild])
    |                                                  `- error: incorrect argument labels in call (have 'presenter:dependencies:children:', expected '_:presentedBy:parent:children:')
112 |         XCTAssertEqual(sut.children.count, 2)
113 |
/Users/admin/builder/spi-builder-workspace/Tests/CoordinatorTests/CoordinatorTests.swift:126:70: error: incorrect argument labels in call (have 'presenter:dependencies:', expected '_:presentedBy:parent:children:')
124 |     func testRemoveChildrenOwnedByAnotherCoordinatorThenChildrenAreNotRemoved() {
125 |         // Given: Coordinator instance with two child coordinators
126 |         let firstChild  = Coordinator<Void, UIView, UIViewController>(presenter: UIView(), dependencies: ())
    |                                                                      `- error: incorrect argument labels in call (have 'presenter:dependencies:', expected '_:presentedBy:parent:children:')
127 |         let secondChild = Coordinator<Void, UIView, UINavigationController>(presenter: UIView(), dependencies: ())
128 |
/Users/admin/builder/spi-builder-workspace/Tests/CoordinatorTests/CoordinatorTests.swift:127:76: error: incorrect argument labels in call (have 'presenter:dependencies:', expected '_:presentedBy:parent:children:')
125 |         // Given: Coordinator instance with two child coordinators
126 |         let firstChild  = Coordinator<Void, UIView, UIViewController>(presenter: UIView(), dependencies: ())
127 |         let secondChild = Coordinator<Void, UIView, UINavigationController>(presenter: UIView(), dependencies: ())
    |                                                                            `- error: incorrect argument labels in call (have 'presenter:dependencies:', expected '_:presentedBy:parent:children:')
128 |
129 |         let anotherCoordinator = Coordinator<Void, UIView, Void>(presenter: UIView(), dependencies: (), children: [firstChild, secondChild])
/Users/admin/builder/spi-builder-workspace/Tests/CoordinatorTests/CoordinatorTests.swift:129:65: error: incorrect argument labels in call (have 'presenter:dependencies:children:', expected '_:presentedBy:parent:children:')
127 |         let secondChild = Coordinator<Void, UIView, UINavigationController>(presenter: UIView(), dependencies: ())
128 |
129 |         let anotherCoordinator = Coordinator<Void, UIView, Void>(presenter: UIView(), dependencies: (), children: [firstChild, secondChild])
    |                                                                 `- error: incorrect argument labels in call (have 'presenter:dependencies:children:', expected '_:presentedBy:parent:children:')
130 |
131 |         let sut = Coordinator<Void, UIView, Void>(presenter: UIView(), dependencies: ())
/Users/admin/builder/spi-builder-workspace/Tests/CoordinatorTests/CoordinatorTests.swift:131:50: error: incorrect argument labels in call (have 'presenter:dependencies:', expected '_:presentedBy:parent:children:')
129 |         let anotherCoordinator = Coordinator<Void, UIView, Void>(presenter: UIView(), dependencies: (), children: [firstChild, secondChild])
130 |
131 |         let sut = Coordinator<Void, UIView, Void>(presenter: UIView(), dependencies: ())
    |                                                  `- error: incorrect argument labels in call (have 'presenter:dependencies:', expected '_:presentedBy:parent:children:')
132 |
133 |         // When: remove children
/Users/admin/builder/spi-builder-workspace/Tests/CoordinatorTests/CoordinatorTests.swift:145:70: error: incorrect argument labels in call (have 'presenter:dependencies:', expected '_:presentedBy:parent:children:')
143 |     func testRemoveAllChildrenThenChildrenCountIsZero() {
144 |         // Given: Coordinator instance with two child coordinators
145 |         let firstChild  = Coordinator<Void, UIView, UIViewController>(presenter: UIView(), dependencies: ())
    |                                                                      `- error: incorrect argument labels in call (have 'presenter:dependencies:', expected '_:presentedBy:parent:children:')
146 |         let secondChild = Coordinator<Void, UIView, UINavigationController>(presenter: UIView(), dependencies: ())
147 |
/Users/admin/builder/spi-builder-workspace/Tests/CoordinatorTests/CoordinatorTests.swift:146:76: error: incorrect argument labels in call (have 'presenter:dependencies:', expected '_:presentedBy:parent:children:')
144 |         // Given: Coordinator instance with two child coordinators
145 |         let firstChild  = Coordinator<Void, UIView, UIViewController>(presenter: UIView(), dependencies: ())
146 |         let secondChild = Coordinator<Void, UIView, UINavigationController>(presenter: UIView(), dependencies: ())
    |                                                                            `- error: incorrect argument labels in call (have 'presenter:dependencies:', expected '_:presentedBy:parent:children:')
147 |
148 |         let sut = Coordinator<Void, UIView, Void>(presenter: UIView(), dependencies: (), children: [firstChild, secondChild])
/Users/admin/builder/spi-builder-workspace/Tests/CoordinatorTests/CoordinatorTests.swift:148:50: error: incorrect argument labels in call (have 'presenter:dependencies:children:', expected '_:presentedBy:parent:children:')
146 |         let secondChild = Coordinator<Void, UIView, UINavigationController>(presenter: UIView(), dependencies: ())
147 |
148 |         let sut = Coordinator<Void, UIView, Void>(presenter: UIView(), dependencies: (), children: [firstChild, secondChild])
    |                                                  `- error: incorrect argument labels in call (have 'presenter:dependencies:children:', expected '_:presentedBy:parent:children:')
149 |         XCTAssertEqual(sut.children.count, 2)
150 |
Failed frontend command:
/Applications/Xcode-27.0.0-Release.Candidate.app/Contents/Developer/Toolchains/XcodeDefault.xctoolchain/usr/bin/swift-frontend -frontend -c -primary-file /Users/admin/builder/spi-builder-workspace/Tests/CoordinatorTests/CoordinatorTests.swift /Users/admin/builder/spi-builder-workspace/Tests/CoordinatorTests/Mocks/ContainerViewControllerCoordinatorMock.swift /Users/admin/builder/spi-builder-workspace/Tests/CoordinatorTests/Mocks/CoordinatorProtocolMock.swift /Users/admin/builder/spi-builder-workspace/Tests/CoordinatorTests/Mocks/NavigationControllerCoordinatorMock.swift /Users/admin/builder/spi-builder-workspace/Tests/CoordinatorTests/Mocks/ViewControllerCoordinatorMock.swift /Users/admin/builder/spi-builder-workspace/Tests/CoordinatorTests/Mocks/WindowCoordinatorMock.swift /Users/admin/builder/spi-builder-workspace/Tests/CoordinatorTests/SequenceCoordinatorProtocolTests.swift /Users/admin/builder/spi-builder-workspace/Tests/CoordinatorTests/StartableProtocolCoordinatorProtocolTests.swift -emit-dependencies-path /Users/admin/builder/spi-builder-workspace/.derivedData/Build/Intermediates.noindex/Coordinator.build/Debug-xros/CoordinatorTests-p.build/Objects-normal/arm64/CoordinatorTests.d -emit-const-values-path /Users/admin/builder/spi-builder-workspace/.derivedData/Build/Intermediates.noindex/Coordinator.build/Debug-xros/CoordinatorTests-p.build/Objects-normal/arm64/CoordinatorTests.swiftconstvalues -emit-reference-dependencies-path /Users/admin/builder/spi-builder-workspace/.derivedData/Build/Intermediates.noindex/Coordinator.build/Debug-xros/CoordinatorTests-p.build/Objects-normal/arm64/CoordinatorTests.swiftdeps -serialize-diagnostics-path /Users/admin/builder/spi-builder-workspace/.derivedData/Build/Intermediates.noindex/Coordinator.build/Debug-xros/CoordinatorTests-p.build/Objects-normal/arm64/CoordinatorTests.dia -target arm64-apple-xros1.0 -disable-cross-import-overlay-search -load-resolved-plugin /Applications/Xcode-27.0.0-Release.Candidate.app/Contents/Developer/Platforms/XROS.platform/Developer/usr/lib/swift/host/plugins/libFoundationMacros.dylib\#/Applications/Xcode-27.0.0-Release.Candidate.app/Contents/Developer/Platforms/XROS.platform/Developer/usr/bin/swift-plugin-server\#FoundationMacros -load-resolved-plugin /Applications/Xcode-27.0.0-Release.Candidate.app/Contents/Developer/Platforms/XROS.platform/Developer/usr/lib/swift/host/plugins/libObservationMacros.dylib\#/Applications/Xcode-27.0.0-Release.Candidate.app/Contents/Developer/Platforms/XROS.platform/Developer/usr/bin/swift-plugin-server\#ObservationMacros -load-resolved-plugin /Applications/Xcode-27.0.0-Release.Candidate.app/Contents/Developer/Platforms/XROS.platform/Developer/usr/lib/swift/host/plugins/libPreviewsMacros.dylib\#/Applications/Xcode-27.0.0-Release.Candidate.app/Contents/Developer/Platforms/XROS.platform/Developer/usr/bin/swift-plugin-server\#PreviewsMacros -load-resolved-plugin /Applications/Xcode-27.0.0-Release.Candidate.app/Contents/Developer/Platforms/XROS.platform/Developer/usr/lib/swift/host/plugins/libSwiftMacros.dylib\#/Applications/Xcode-27.0.0-Release.Candidate.app/Contents/Developer/Platforms/XROS.platform/Developer/usr/bin/swift-plugin-server\#SwiftMacros -load-resolved-plugin /Applications/Xcode-27.0.0-Release.Candidate.app/Contents/Developer/Platforms/XROS.platform/Developer/usr/lib/swift/host/plugins/libSwiftUIMacros.dylib\#/Applications/Xcode-27.0.0-Release.Candidate.app/Contents/Developer/Platforms/XROS.platform/Developer/usr/bin/swift-plugin-server\#SwiftUIMacros -disable-implicit-swift-modules -Xcc -fno-implicit-modules -Xcc -fno-implicit-module-maps -explicit-swift-module-map-file /Users/admin/builder/spi-builder-workspace/.derivedData/Build/Intermediates.noindex/Coordinator.build/Debug-xros/CoordinatorTests-p.build/Objects-normal/arm64/CoordinatorTests-dependencies-1.json -Xllvm -aarch64-use-tbi -enable-objc-interop -stack-check -sdk /Applications/Xcode-27.0.0-Release.Candidate.app/Contents/Developer/Platforms/XROS.platform/Developer/SDKs/XROS27.0.sdk -I /Users/admin/builder/spi-builder-workspace/.derivedData/Build/Products/Debug-xros -Isystem /Applications/Xcode-27.0.0-Release.Candidate.app/Contents/Developer/Platforms/XROS.platform/Developer/usr/lib -F /Users/admin/builder/spi-builder-workspace/.derivedData/Build/Products/Debug-xros/PackageFrameworks -F /Users/admin/builder/spi-builder-workspace/.derivedData/Build/Products/Debug-xros -F /Applications/Xcode-27.0.0-Release.Candidate.app/Contents/Developer/Platforms/XROS.platform/Developer/Library/Frameworks -F /Applications/Xcode-27.0.0-Release.Candidate.app/Contents/Developer/Platforms/XROS.platform/Developer/SDKs/XROS27.0.sdk/Developer/Library/Frameworks -module-cache-path /Users/admin/builder/spi-builder-workspace/.derivedData/Build/Intermediates.noindex/SwiftExplicitPrecompiledModules -no-color-diagnostics -Xcc -fno-color-diagnostics -enable-testing -g -debug-info-format\=dwarf -dwarf-version\=4 -profile-generate -profile-coverage-mapping -swift-version 5 -Onone -D SWIFT_PACKAGE -D DEBUG -D Xcode -serialize-debugging-options -enable-experimental-feature DebugDescriptionMacro -empty-abi-descriptor -validate-clang-modules-once -clang-build-session-file /Users/admin/builder/spi-builder-workspace/.derivedData/ModuleCache.noindex/Session.modulevalidation -Xcc -working-directory -Xcc /Users/admin/builder/spi-builder-workspace/.swiftpm/xcode -enable-anonymous-context-mangled-names -file-compilation-dir /Users/admin/builder/spi-builder-workspace/.swiftpm/xcode -Xcc -D_LIBCPP_HARDENING_MODE\=_LIBCPP_HARDENING_MODE_DEBUG -Xcc -ivfsstatcache -Xcc /Users/admin/builder/spi-builder-workspace/.derivedData/SDKStatCaches.noindex/xros27.0-24M361-e829b21a6f8c9b70876ba0858053c044735bd543db762f57723cac368afd1ce4.sdkstatcache -Xcc -fmodules-prune-interval\=86400 -Xcc -fmodules-prune-after\=345600 -Xcc -I/Users/admin/builder/spi-builder-workspace/.derivedData/Build/Products/Debug-xros/include -Xcc -I/Users/admin/builder/spi-builder-workspace/.derivedData/Build/Intermediates.noindex/Coordinator.build/Debug-xros/CoordinatorTests-p.build/DerivedSources-normal/arm64 -Xcc -I/Users/admin/builder/spi-builder-workspace/.derivedData/Build/Intermediates.noindex/Coordinator.build/Debug-xros/CoordinatorTests-p.build/DerivedSources/arm64 -Xcc -I/Users/admin/builder/spi-builder-workspace/.derivedData/Build/Intermediates.noindex/Coordinator.build/Debug-xros/CoordinatorTests-p.build/DerivedSources -Xcc -DSWIFT_PACKAGE -Xcc -DDEBUG\=1 -no-auto-bridging-header-chaining -module-name CoordinatorTests -const-gather-protocols-file /Users/admin/builder/spi-builder-workspace/.derivedData/Build/Intermediates.noindex/Coordinator.build/Debug-xros/CoordinatorTests-p.build/Objects-normal/arm64/CoordinatorTests_const_extract_protocols.json -disable-clang-spi -clang-target arm64-apple-xros27.0 -target-sdk-version 27.0 -target-sdk-name xros27.0 -in-process-plugin-server-path /Applications/Xcode-27.0.0-Release.Candidate.app/Contents/Developer/Toolchains/XcodeDefault.xctoolchain/usr/lib/swift/host/libSwiftInProcPluginServer.dylib -parse-as-library -o /Users/admin/builder/spi-builder-workspace/.derivedData/Build/Intermediates.noindex/Coordinator.build/Debug-xros/CoordinatorTests-p.build/Objects-normal/arm64/CoordinatorTests.o -debug-module-path /Users/admin/builder/spi-builder-workspace/.derivedData/Build/Intermediates.noindex/Coordinator.build/Debug-xros/CoordinatorTests-p.build/Objects-normal/arm64/CoordinatorTests.swiftmodule -index-unit-output-path /Coordinator.build/Debug-xros/CoordinatorTests-p.build/Objects-normal/arm64/CoordinatorTests.o -index-store-path /Users/admin/builder/spi-builder-workspace/.derivedData/Index.noindex/DataStore -index-system-modules
SwiftCompile normal arm64 /Users/admin/builder/spi-builder-workspace/Tests/CoordinatorTests/CoordinatorTests.swift (in target 'CoordinatorTests-product' from project 'Coordinator')
    cd /Users/admin/builder/spi-builder-workspace/.swiftpm/xcode
    builtin-SwiftPerFileCompile CoordinatorTests.swift
SwiftCompile normal arm64 Compiling\ CoordinatorProtocolMock.swift /Users/admin/builder/spi-builder-workspace/Tests/CoordinatorTests/Mocks/CoordinatorProtocolMock.swift (in target 'CoordinatorTests-product' from project 'Coordinator')
SwiftCompile normal arm64 /Users/admin/builder/spi-builder-workspace/Tests/CoordinatorTests/Mocks/CoordinatorProtocolMock.swift (in target 'CoordinatorTests-product' from project 'Coordinator')
    cd /Users/admin/builder/spi-builder-workspace/.swiftpm/xcode
    builtin-SwiftPerFileCompile CoordinatorProtocolMock.swift
SwiftDriverJobDiscovery normal arm64 Compiling DismissableNavigationController.swift (in target 'Coordinator' from project 'Coordinator')
SwiftDriverJobDiscovery normal arm64 Compiling UIViewController+TopViewController.swift (in target 'CoordinatorAPI' from project 'Coordinator')
SwiftCompile normal arm64 Compiling\ NavigationControllerCoordinatorMock.swift /Users/admin/builder/spi-builder-workspace/Tests/CoordinatorTests/Mocks/NavigationControllerCoordinatorMock.swift (in target 'CoordinatorTests-product' from project 'Coordinator')
SwiftCompile normal arm64 /Users/admin/builder/spi-builder-workspace/Tests/CoordinatorTests/Mocks/NavigationControllerCoordinatorMock.swift (in target 'CoordinatorTests-product' from project 'Coordinator')
    cd /Users/admin/builder/spi-builder-workspace/.swiftpm/xcode
    builtin-SwiftPerFileCompile NavigationControllerCoordinatorMock.swift
SwiftDriverJobDiscovery normal arm64 Compiling Startable.swift (in target 'CoordinatorAPI' from project 'Coordinator')
SwiftDriverJobDiscovery normal arm64 Compiling CoordinatorProtocol.swift (in target 'CoordinatorAPI' from project 'Coordinator')
Copy /Users/admin/builder/spi-builder-workspace/.derivedData/Build/Products/Debug-xros/CoordinatorTests.swiftmodule/arm64-apple-xros.swiftmodule /Users/admin/builder/spi-builder-workspace/.derivedData/Build/Intermediates.noindex/Coordinator.build/Debug-xros/CoordinatorTests-p.build/Objects-normal/arm64/CoordinatorTests.swiftmodule (in target 'CoordinatorTests-product' from project 'Coordinator')
    cd /Users/admin/builder/spi-builder-workspace
    builtin-copy -exclude .DS_Store -exclude CVS -exclude .svn -exclude .git -exclude .hg -resolve-src-symlinks -rename /Users/admin/builder/spi-builder-workspace/.derivedData/Build/Intermediates.noindex/Coordinator.build/Debug-xros/CoordinatorTests-p.build/Objects-normal/arm64/CoordinatorTests.swiftmodule /Users/admin/builder/spi-builder-workspace/.derivedData/Build/Products/Debug-xros/CoordinatorTests.swiftmodule/arm64-apple-xros.swiftmodule
Copy /Users/admin/builder/spi-builder-workspace/.derivedData/Build/Products/Debug-xros/CoordinatorTests.swiftmodule/arm64-apple-xros.swiftdoc /Users/admin/builder/spi-builder-workspace/.derivedData/Build/Intermediates.noindex/Coordinator.build/Debug-xros/CoordinatorTests-p.build/Objects-normal/arm64/CoordinatorTests.swiftdoc (in target 'CoordinatorTests-product' from project 'Coordinator')
    cd /Users/admin/builder/spi-builder-workspace
    builtin-copy -exclude .DS_Store -exclude CVS -exclude .svn -exclude .git -exclude .hg -resolve-src-symlinks -rename /Users/admin/builder/spi-builder-workspace/.derivedData/Build/Intermediates.noindex/Coordinator.build/Debug-xros/CoordinatorTests-p.build/Objects-normal/arm64/CoordinatorTests.swiftdoc /Users/admin/builder/spi-builder-workspace/.derivedData/Build/Products/Debug-xros/CoordinatorTests.swiftmodule/arm64-apple-xros.swiftdoc
SwiftDriverJobDiscovery normal arm64 Compiling CoordinatorProtocol+Startable.swift (in target 'CoordinatorAPI' from project 'Coordinator')
Copy /Users/admin/builder/spi-builder-workspace/.derivedData/Build/Products/Debug-xros/CoordinatorTests.swiftmodule/arm64-apple-xros.abi.json /Users/admin/builder/spi-builder-workspace/.derivedData/Build/Intermediates.noindex/Coordinator.build/Debug-xros/CoordinatorTests-p.build/Objects-normal/arm64/CoordinatorTests.abi.json (in target 'CoordinatorTests-product' from project 'Coordinator')
    cd /Users/admin/builder/spi-builder-workspace
    builtin-copy -exclude .DS_Store -exclude CVS -exclude .svn -exclude .git -exclude .hg -resolve-src-symlinks -rename /Users/admin/builder/spi-builder-workspace/.derivedData/Build/Intermediates.noindex/Coordinator.build/Debug-xros/CoordinatorTests-p.build/Objects-normal/arm64/CoordinatorTests.abi.json /Users/admin/builder/spi-builder-workspace/.derivedData/Build/Products/Debug-xros/CoordinatorTests.swiftmodule/arm64-apple-xros.abi.json
Copy /Users/admin/builder/spi-builder-workspace/.derivedData/Build/Products/Debug-xros/CoordinatorTests.swiftmodule/Project/arm64-apple-xros.swiftsourceinfo /Users/admin/builder/spi-builder-workspace/.derivedData/Build/Intermediates.noindex/Coordinator.build/Debug-xros/CoordinatorTests-p.build/Objects-normal/arm64/CoordinatorTests.swiftsourceinfo (in target 'CoordinatorTests-product' from project 'Coordinator')
    cd /Users/admin/builder/spi-builder-workspace
    builtin-copy -exclude .DS_Store -exclude CVS -exclude .svn -exclude .git -exclude .hg -resolve-src-symlinks -rename /Users/admin/builder/spi-builder-workspace/.derivedData/Build/Intermediates.noindex/Coordinator.build/Debug-xros/CoordinatorTests-p.build/Objects-normal/arm64/CoordinatorTests.swiftsourceinfo /Users/admin/builder/spi-builder-workspace/.derivedData/Build/Products/Debug-xros/CoordinatorTests.swiftmodule/Project/arm64-apple-xros.swiftsourceinfo
SwiftCompile normal arm64 Compiling\ SequenceCoordinatorProtocolTests.swift /Users/admin/builder/spi-builder-workspace/Tests/CoordinatorTests/SequenceCoordinatorProtocolTests.swift (in target 'CoordinatorTests-product' from project 'Coordinator')
/Users/admin/builder/spi-builder-workspace/Tests/CoordinatorTests/SequenceCoordinatorProtocolTests.swift:30:56: error: incorrect argument labels in call (have 'presenter:dependencies:', expected '_:presentedBy:parent:children:')
28 |     func testWhenFilterNavigationControllerCoordinatorMockThenCountIsOne() {
29 |         // Given: coordinator protocol mock with two children of different types
30 |         let firstChild  = ViewControllerCoordinatorMock(presenter: UIView(), dependencies: ())
   |                                                        `- error: incorrect argument labels in call (have 'presenter:dependencies:', expected '_:presentedBy:parent:children:')
31 |         let secondChild = NavigationControllerCoordinatorMock(presenter: UIView(), dependencies: ())
32 |
/Users/admin/builder/spi-builder-workspace/Tests/CoordinatorTests/SequenceCoordinatorProtocolTests.swift:31:62: error: incorrect argument labels in call (have 'presenter:dependencies:', expected '_:presentedBy:parent:children:')
29 |         // Given: coordinator protocol mock with two children of different types
30 |         let firstChild  = ViewControllerCoordinatorMock(presenter: UIView(), dependencies: ())
31 |         let secondChild = NavigationControllerCoordinatorMock(presenter: UIView(), dependencies: ())
   |                                                              `- error: incorrect argument labels in call (have 'presenter:dependencies:', expected '_:presentedBy:parent:children:')
32 |
33 |         let sut = CoordinatorProtocolMock(children: firstChild, secondChild)
/Users/admin/builder/spi-builder-workspace/Tests/CoordinatorTests/SequenceCoordinatorProtocolTests.swift:42:9: error: type 'Any' cannot conform to 'Equatable' [#ProtocolTypeNonConformance]
40 |         // Then: no children are left
41 |         XCTAssertEqual(sut.children.count, 2)
42 |         XCTAssertEqual(result, [secondChild])
   |         |- error: type 'Any' cannot conform to 'Equatable' [#ProtocolTypeNonConformance]
   |         |- note: only concrete types such as structs, enums and classes can conform to protocols
   |         `- note: requirement from conditional conformance of '[Any]' to 'Equatable'
43 |     }
44 |
/Users/admin/builder/spi-builder-workspace/Tests/CoordinatorTests/SequenceCoordinatorProtocolTests.swift:47:56: error: incorrect argument labels in call (have 'presenter:dependencies:', expected '_:presentedBy:parent:children:')
45 |     func testWhenLoopForEachNavigationControllerCoordinatorMockThenExecutionCountIsOne() {
46 |         // Given: coordinator protocol mock with two children of different types
47 |         let firstChild  = ViewControllerCoordinatorMock(presenter: UIView(), dependencies: ())
   |                                                        `- error: incorrect argument labels in call (have 'presenter:dependencies:', expected '_:presentedBy:parent:children:')
48 |         let secondChild = NavigationControllerCoordinatorMock(presenter: UIView(), dependencies: ())
49 |
/Users/admin/builder/spi-builder-workspace/Tests/CoordinatorTests/SequenceCoordinatorProtocolTests.swift:48:62: error: incorrect argument labels in call (have 'presenter:dependencies:', expected '_:presentedBy:parent:children:')
46 |         // Given: coordinator protocol mock with two children of different types
47 |         let firstChild  = ViewControllerCoordinatorMock(presenter: UIView(), dependencies: ())
48 |         let secondChild = NavigationControllerCoordinatorMock(presenter: UIView(), dependencies: ())
   |                                                              `- error: incorrect argument labels in call (have 'presenter:dependencies:', expected '_:presentedBy:parent:children:')
49 |
50 |         let sut = CoordinatorProtocolMock(children: firstChild, secondChild)
[#ProtocolTypeNonConformance]: <https://docs.swift.org/compiler/documentation/diagnostics/protocol-type-non-conformance>
Failed frontend command:
/Applications/Xcode-27.0.0-Release.Candidate.app/Contents/Developer/Toolchains/XcodeDefault.xctoolchain/usr/bin/swift-frontend -frontend -c /Users/admin/builder/spi-builder-workspace/Tests/CoordinatorTests/CoordinatorTests.swift /Users/admin/builder/spi-builder-workspace/Tests/CoordinatorTests/Mocks/ContainerViewControllerCoordinatorMock.swift /Users/admin/builder/spi-builder-workspace/Tests/CoordinatorTests/Mocks/CoordinatorProtocolMock.swift /Users/admin/builder/spi-builder-workspace/Tests/CoordinatorTests/Mocks/NavigationControllerCoordinatorMock.swift /Users/admin/builder/spi-builder-workspace/Tests/CoordinatorTests/Mocks/ViewControllerCoordinatorMock.swift /Users/admin/builder/spi-builder-workspace/Tests/CoordinatorTests/Mocks/WindowCoordinatorMock.swift -primary-file /Users/admin/builder/spi-builder-workspace/Tests/CoordinatorTests/SequenceCoordinatorProtocolTests.swift /Users/admin/builder/spi-builder-workspace/Tests/CoordinatorTests/StartableProtocolCoordinatorProtocolTests.swift -emit-dependencies-path /Users/admin/builder/spi-builder-workspace/.derivedData/Build/Intermediates.noindex/Coordinator.build/Debug-xros/CoordinatorTests-p.build/Objects-normal/arm64/SequenceCoordinatorProtocolTests.d -emit-const-values-path /Users/admin/builder/spi-builder-workspace/.derivedData/Build/Intermediates.noindex/Coordinator.build/Debug-xros/CoordinatorTests-p.build/Objects-normal/arm64/SequenceCoordinatorProtocolTests.swiftconstvalues -emit-reference-dependencies-path /Users/admin/builder/spi-builder-workspace/.derivedData/Build/Intermediates.noindex/Coordinator.build/Debug-xros/CoordinatorTests-p.build/Objects-normal/arm64/SequenceCoordinatorProtocolTests.swiftdeps -serialize-diagnostics-path /Users/admin/builder/spi-builder-workspace/.derivedData/Build/Intermediates.noindex/Coordinator.build/Debug-xros/CoordinatorTests-p.build/Objects-normal/arm64/SequenceCoordinatorProtocolTests.dia -target arm64-apple-xros1.0 -disable-cross-import-overlay-search -load-resolved-plugin /Applications/Xcode-27.0.0-Release.Candidate.app/Contents/Developer/Platforms/XROS.platform/Developer/usr/lib/swift/host/plugins/libFoundationMacros.dylib\#/Applications/Xcode-27.0.0-Release.Candidate.app/Contents/Developer/Platforms/XROS.platform/Developer/usr/bin/swift-plugin-server\#FoundationMacros -load-resolved-plugin /Applications/Xcode-27.0.0-Release.Candidate.app/Contents/Developer/Platforms/XROS.platform/Developer/usr/lib/swift/host/plugins/libObservationMacros.dylib\#/Applications/Xcode-27.0.0-Release.Candidate.app/Contents/Developer/Platforms/XROS.platform/Developer/usr/bin/swift-plugin-server\#ObservationMacros -load-resolved-plugin /Applications/Xcode-27.0.0-Release.Candidate.app/Contents/Developer/Platforms/XROS.platform/Developer/usr/lib/swift/host/plugins/libPreviewsMacros.dylib\#/Applications/Xcode-27.0.0-Release.Candidate.app/Contents/Developer/Platforms/XROS.platform/Developer/usr/bin/swift-plugin-server\#PreviewsMacros -load-resolved-plugin /Applications/Xcode-27.0.0-Release.Candidate.app/Contents/Developer/Platforms/XROS.platform/Developer/usr/lib/swift/host/plugins/libSwiftMacros.dylib\#/Applications/Xcode-27.0.0-Release.Candidate.app/Contents/Developer/Platforms/XROS.platform/Developer/usr/bin/swift-plugin-server\#SwiftMacros -load-resolved-plugin /Applications/Xcode-27.0.0-Release.Candidate.app/Contents/Developer/Platforms/XROS.platform/Developer/usr/lib/swift/host/plugins/libSwiftUIMacros.dylib\#/Applications/Xcode-27.0.0-Release.Candidate.app/Contents/Developer/Platforms/XROS.platform/Developer/usr/bin/swift-plugin-server\#SwiftUIMacros -disable-implicit-swift-modules -Xcc -fno-implicit-modules -Xcc -fno-implicit-module-maps -explicit-swift-module-map-file /Users/admin/builder/spi-builder-workspace/.derivedData/Build/Intermediates.noindex/Coordinator.build/Debug-xros/CoordinatorTests-p.build/Objects-normal/arm64/CoordinatorTests-dependencies-1.json -Xllvm -aarch64-use-tbi -enable-objc-interop -stack-check -sdk /Applications/Xcode-27.0.0-Release.Candidate.app/Contents/Developer/Platforms/XROS.platform/Developer/SDKs/XROS27.0.sdk -I /Users/admin/builder/spi-builder-workspace/.derivedData/Build/Products/Debug-xros -Isystem /Applications/Xcode-27.0.0-Release.Candidate.app/Contents/Developer/Platforms/XROS.platform/Developer/usr/lib -F /Users/admin/builder/spi-builder-workspace/.derivedData/Build/Products/Debug-xros/PackageFrameworks -F /Users/admin/builder/spi-builder-workspace/.derivedData/Build/Products/Debug-xros -F /Applications/Xcode-27.0.0-Release.Candidate.app/Contents/Developer/Platforms/XROS.platform/Developer/Library/Frameworks -F /Applications/Xcode-27.0.0-Release.Candidate.app/Contents/Developer/Platforms/XROS.platform/Developer/SDKs/XROS27.0.sdk/Developer/Library/Frameworks -module-cache-path /Users/admin/builder/spi-builder-workspace/.derivedData/Build/Intermediates.noindex/SwiftExplicitPrecompiledModules -no-color-diagnostics -Xcc -fno-color-diagnostics -enable-testing -g -debug-info-format\=dwarf -dwarf-version\=4 -profile-generate -profile-coverage-mapping -swift-version 5 -Onone -D SWIFT_PACKAGE -D DEBUG -D Xcode -serialize-debugging-options -enable-experimental-feature DebugDescriptionMacro -empty-abi-descriptor -validate-clang-modules-once -clang-build-session-file /Users/admin/builder/spi-builder-workspace/.derivedData/ModuleCache.noindex/Session.modulevalidation -Xcc -working-directory -Xcc /Users/admin/builder/spi-builder-workspace/.swiftpm/xcode -enable-anonymous-context-mangled-names -file-compilation-dir /Users/admin/builder/spi-builder-workspace/.swiftpm/xcode -Xcc -D_LIBCPP_HARDENING_MODE\=_LIBCPP_HARDENING_MODE_DEBUG -Xcc -ivfsstatcache -Xcc /Users/admin/builder/spi-builder-workspace/.derivedData/SDKStatCaches.noindex/xros27.0-24M361-e829b21a6f8c9b70876ba0858053c044735bd543db762f57723cac368afd1ce4.sdkstatcache -Xcc -fmodules-prune-interval\=86400 -Xcc -fmodules-prune-after\=345600 -Xcc -I/Users/admin/builder/spi-builder-workspace/.derivedData/Build/Products/Debug-xros/include -Xcc -I/Users/admin/builder/spi-builder-workspace/.derivedData/Build/Intermediates.noindex/Coordinator.build/Debug-xros/CoordinatorTests-p.build/DerivedSources-normal/arm64 -Xcc -I/Users/admin/builder/spi-builder-workspace/.derivedData/Build/Intermediates.noindex/Coordinator.build/Debug-xros/CoordinatorTests-p.build/DerivedSources/arm64 -Xcc -I/Users/admin/builder/spi-builder-workspace/.derivedData/Build/Intermediates.noindex/Coordinator.build/Debug-xros/CoordinatorTests-p.build/DerivedSources -Xcc -DSWIFT_PACKAGE -Xcc -DDEBUG\=1 -no-auto-bridging-header-chaining -module-name CoordinatorTests -const-gather-protocols-file /Users/admin/builder/spi-builder-workspace/.derivedData/Build/Intermediates.noindex/Coordinator.build/Debug-xros/CoordinatorTests-p.build/Objects-normal/arm64/CoordinatorTests_const_extract_protocols.json -disable-clang-spi -clang-target arm64-apple-xros27.0 -target-sdk-version 27.0 -target-sdk-name xros27.0 -in-process-plugin-server-path /Applications/Xcode-27.0.0-Release.Candidate.app/Contents/Developer/Toolchains/XcodeDefault.xctoolchain/usr/lib/swift/host/libSwiftInProcPluginServer.dylib -parse-as-library -o /Users/admin/builder/spi-builder-workspace/.derivedData/Build/Intermediates.noindex/Coordinator.build/Debug-xros/CoordinatorTests-p.build/Objects-normal/arm64/SequenceCoordinatorProtocolTests.o -debug-module-path /Users/admin/builder/spi-builder-workspace/.derivedData/Build/Intermediates.noindex/Coordinator.build/Debug-xros/CoordinatorTests-p.build/Objects-normal/arm64/CoordinatorTests.swiftmodule -index-unit-output-path /Coordinator.build/Debug-xros/CoordinatorTests-p.build/Objects-normal/arm64/SequenceCoordinatorProtocolTests.o -index-store-path /Users/admin/builder/spi-builder-workspace/.derivedData/Index.noindex/DataStore -index-system-modules
SwiftCompile normal arm64 /Users/admin/builder/spi-builder-workspace/Tests/CoordinatorTests/SequenceCoordinatorProtocolTests.swift (in target 'CoordinatorTests-product' from project 'Coordinator')
    cd /Users/admin/builder/spi-builder-workspace/.swiftpm/xcode
    builtin-SwiftPerFileCompile SequenceCoordinatorProtocolTests.swift
SwiftCompile normal arm64 Compiling\ StartableProtocolCoordinatorProtocolTests.swift /Users/admin/builder/spi-builder-workspace/Tests/CoordinatorTests/StartableProtocolCoordinatorProtocolTests.swift (in target 'CoordinatorTests-product' from project 'Coordinator')
/Users/admin/builder/spi-builder-workspace/Tests/CoordinatorTests/StartableProtocolCoordinatorProtocolTests.swift:28:48: error: incorrect argument labels in call (have 'presenter:dependencies:', expected '_:presentedBy:parent:children:')
 26 |     func testStartContainerViewControllerCoordinatorPresentingFromViewControllerCoordinatorThenIsPresented() {
 27 |         // Given: view controller coordinator
 28 |         let sut = ViewControllerCoordinatorMock(presenter: UIView(), dependencies: ())
    |                                                `- error: incorrect argument labels in call (have 'presenter:dependencies:', expected '_:presentedBy:parent:children:')
 29 |
 30 |         let window = UIWindow(frame: UIScreen.main.bounds)
/Users/admin/builder/spi-builder-workspace/Tests/CoordinatorTests/StartableProtocolCoordinatorProtocolTests.swift:30:38: error: 'UIScreen' is unavailable in visionOS
 28 |         let sut = ViewControllerCoordinatorMock(presenter: UIView(), dependencies: ())
 29 |
 30 |         let window = UIWindow(frame: UIScreen.main.bounds)
    |                                      `- error: 'UIScreen' is unavailable in visionOS
 31 |         window.rootViewController = sut.start()
 32 |         window.makeKeyAndVisible()
/Applications/Xcode-27.0.0-Release.Candidate.app/Contents/Developer/Platforms/XROS.platform/Developer/SDKs/XROS27.0.sdk/System/Library/Frameworks/UIKit.framework/Headers/UIScreen.h:54:12: note: 'UIScreen' has been explicitly marked unavailable here
 52 |
 53 | UIKIT_EXTERN API_AVAILABLE(ios(2.0)) API_UNAVAILABLE(visionos, watchos) NS_SWIFT_UI_ACTOR
 54 | @interface UIScreen : NSObject <UITraitEnvironment>
    |            `- note: 'UIScreen' has been explicitly marked unavailable here
 55 |
 56 | @property(class, nonatomic, readonly) NSArray<UIScreen *> *screens API_DEPRECATED("Use UIApplication.shared.openSessions to find open sessions with scenes from other screens", ios(3.2, 16.0), visionos(1.0, 1.0)) API_UNAVAILABLE(watchos); // all screens currently attached to the device
/Users/admin/builder/spi-builder-workspace/Tests/CoordinatorTests/StartableProtocolCoordinatorProtocolTests.swift:35:59: error: incorrect argument labels in call (have 'presenter:dependencies:', expected '_:presentedBy:parent:children:')
 33 |
 34 |         // When: starts presenting child
 35 |         let child = ContainerViewControllerCoordinatorMock(presenter: UIView(), dependencies: ())
    |                                                           `- error: incorrect argument labels in call (have 'presenter:dependencies:', expected '_:presentedBy:parent:children:')
 36 |         sut.start(presenting: child, animated: false)
 37 |
/Users/admin/builder/spi-builder-workspace/Tests/CoordinatorTests/StartableProtocolCoordinatorProtocolTests.swift:46:57: error: incorrect argument labels in call (have 'presenter:dependencies:', expected '_:presentedBy:parent:children:')
 44 |     func testStartViewControllerCoordinatorPushingInNavigationControllerFromContainerViewControllerCoordinatorThenIsPushed() {
 45 |         // Given: root view controller coordinator
 46 |         let sut = ContainerViewControllerCoordinatorMock(presenter: UIView(), dependencies: ())
    |                                                         `- error: incorrect argument labels in call (have 'presenter:dependencies:', expected '_:presentedBy:parent:children:')
 47 |
 48 |         let window = UIWindow(frame: UIScreen.main.bounds)
/Users/admin/builder/spi-builder-workspace/Tests/CoordinatorTests/StartableProtocolCoordinatorProtocolTests.swift:48:38: error: 'UIScreen' is unavailable in visionOS
 46 |         let sut = ContainerViewControllerCoordinatorMock(presenter: UIView(), dependencies: ())
 47 |
 48 |         let window = UIWindow(frame: UIScreen.main.bounds)
    |                                      `- error: 'UIScreen' is unavailable in visionOS
 49 |         window.rootViewController = sut.start()
 50 |         window.makeKeyAndVisible()
/Applications/Xcode-27.0.0-Release.Candidate.app/Contents/Developer/Platforms/XROS.platform/Developer/SDKs/XROS27.0.sdk/System/Library/Frameworks/UIKit.framework/Headers/UIScreen.h:54:12: note: 'UIScreen' has been explicitly marked unavailable here
 52 |
 53 | UIKIT_EXTERN API_AVAILABLE(ios(2.0)) API_UNAVAILABLE(visionos, watchos) NS_SWIFT_UI_ACTOR
 54 | @interface UIScreen : NSObject <UITraitEnvironment>
    |            `- note: 'UIScreen' has been explicitly marked unavailable here
 55 |
 56 | @property(class, nonatomic, readonly) NSArray<UIScreen *> *screens API_DEPRECATED("Use UIApplication.shared.openSessions to find open sessions with scenes from other screens", ios(3.2, 16.0), visionos(1.0, 1.0)) API_UNAVAILABLE(watchos); // all screens currently attached to the device
/Users/admin/builder/spi-builder-workspace/Tests/CoordinatorTests/StartableProtocolCoordinatorProtocolTests.swift:56:50: error: incorrect argument labels in call (have 'presenter:dependencies:', expected '_:presentedBy:parent:children:')
 54 |         sut.start().present(navigationController, animated: false)
 55 |
 56 |         let child = ViewControllerCoordinatorMock(presenter: UIView(), dependencies: ())
    |                                                  `- error: incorrect argument labels in call (have 'presenter:dependencies:', expected '_:presentedBy:parent:children:')
 57 |
 58 |         sut.start(pushing: child, in: navigationController, animated: false)
/Users/admin/builder/spi-builder-workspace/Tests/CoordinatorTests/StartableProtocolCoordinatorProtocolTests.swift:69:54: error: incorrect argument labels in call (have 'presenter:dependencies:', expected '_:presentedBy:parent:children:')
 67 |     func testStartViewControllerCoordinatorPushingFromNavigationControllerCoordinatorStartThenIsPushed() {
 68 |         // Given: navigation view controller coordinator
 69 |         let sut = NavigationControllerCoordinatorMock(presenter: UIView(), dependencies: ())
    |                                                      `- error: incorrect argument labels in call (have 'presenter:dependencies:', expected '_:presentedBy:parent:children:')
 70 |
 71 |         let window = UIWindow(frame: UIScreen.main.bounds)
/Users/admin/builder/spi-builder-workspace/Tests/CoordinatorTests/StartableProtocolCoordinatorProtocolTests.swift:71:38: error: 'UIScreen' is unavailable in visionOS
 69 |         let sut = NavigationControllerCoordinatorMock(presenter: UIView(), dependencies: ())
 70 |
 71 |         let window = UIWindow(frame: UIScreen.main.bounds)
    |                                      `- error: 'UIScreen' is unavailable in visionOS
 72 |         window.rootViewController = sut.start()
 73 |         window.makeKeyAndVisible()
/Applications/Xcode-27.0.0-Release.Candidate.app/Contents/Developer/Platforms/XROS.platform/Developer/SDKs/XROS27.0.sdk/System/Library/Frameworks/UIKit.framework/Headers/UIScreen.h:54:12: note: 'UIScreen' has been explicitly marked unavailable here
 52 |
 53 | UIKIT_EXTERN API_AVAILABLE(ios(2.0)) API_UNAVAILABLE(visionos, watchos) NS_SWIFT_UI_ACTOR
 54 | @interface UIScreen : NSObject <UITraitEnvironment>
    |            `- note: 'UIScreen' has been explicitly marked unavailable here
 55 |
 56 | @property(class, nonatomic, readonly) NSArray<UIScreen *> *screens API_DEPRECATED("Use UIApplication.shared.openSessions to find open sessions with scenes from other screens", ios(3.2, 16.0), visionos(1.0, 1.0)) API_UNAVAILABLE(watchos); // all screens currently attached to the device
/Users/admin/builder/spi-builder-workspace/Tests/CoordinatorTests/StartableProtocolCoordinatorProtocolTests.swift:76:50: error: incorrect argument labels in call (have 'presenter:dependencies:', expected '_:presentedBy:parent:children:')
 74 |
 75 |         // When: pushes child
 76 |         let child = ViewControllerCoordinatorMock(presenter: UIView(), dependencies: ())
    |                                                  `- error: incorrect argument labels in call (have 'presenter:dependencies:', expected '_:presentedBy:parent:children:')
 77 |
 78 |         sut.start(pushing: child, animated: false)
/Users/admin/builder/spi-builder-workspace/Tests/CoordinatorTests/StartableProtocolCoordinatorProtocolTests.swift:89:40: error: incorrect argument labels in call (have 'presenter:dependencies:children:', expected '_:presentedBy:parent:children:')
 87 |     func testStartContainerViewControllerCoordinatorInRootFromWindowCoordinatorStartThenIsRoot() {
 88 |         // Given: window coordinator with children
 89 |         let sut = WindowCoordinatorMock(
    |                                        `- error: incorrect argument labels in call (have 'presenter:dependencies:children:', expected '_:presentedBy:parent:children:')
 90 |             presenter: UIView(), dependencies: (),
 91 |             children: [
/Users/admin/builder/spi-builder-workspace/Tests/CoordinatorTests/StartableProtocolCoordinatorProtocolTests.swift:92:55: error: incorrect argument labels in call (have 'presenter:dependencies:', expected '_:presentedBy:parent:children:')
 90 |             presenter: UIView(), dependencies: (),
 91 |             children: [
 92 |                 ContainerViewControllerCoordinatorMock(presenter: UIView(), dependencies: ()),
    |                                                       `- error: incorrect argument labels in call (have 'presenter:dependencies:', expected '_:presentedBy:parent:children:')
 93 |                 ContainerViewControllerCoordinatorMock(presenter: UIView(), dependencies: ())
 94 |             ])
/Users/admin/builder/spi-builder-workspace/Tests/CoordinatorTests/StartableProtocolCoordinatorProtocolTests.swift:93:55: error: incorrect argument labels in call (have 'presenter:dependencies:', expected '_:presentedBy:parent:children:')
 91 |             children: [
 92 |                 ContainerViewControllerCoordinatorMock(presenter: UIView(), dependencies: ()),
 93 |                 ContainerViewControllerCoordinatorMock(presenter: UIView(), dependencies: ())
    |                                                       `- error: incorrect argument labels in call (have 'presenter:dependencies:', expected '_:presentedBy:parent:children:')
 94 |             ])
 95 |
/Users/admin/builder/spi-builder-workspace/Tests/CoordinatorTests/StartableProtocolCoordinatorProtocolTests.swift:97:59: error: incorrect argument labels in call (have 'presenter:dependencies:', expected '_:presentedBy:parent:children:')
 95 |
 96 |         // When: starts child as root
 97 |         let child = ContainerViewControllerCoordinatorMock(presenter: UIView(), dependencies: ())
    |                                                           `- error: incorrect argument labels in call (have 'presenter:dependencies:', expected '_:presentedBy:parent:children:')
 98 |         sut.start(root: child)
 99 |
/Users/admin/builder/spi-builder-workspace/Tests/CoordinatorTests/StartableProtocolCoordinatorProtocolTests.swift:108:40: error: incorrect argument labels in call (have 'presenter:dependencies:', expected '_:presentedBy:parent:children:')
106 |     func testStartContainerViewControllerCoordinatorPresentingFromRootFromWindowCoordinatorStartThenIsPushed() {
107 |         // Given: window coordinator
108 |         let sut = WindowCoordinatorMock(presenter: UIView(), dependencies: ())
    |                                        `- error: incorrect argument labels in call (have 'presenter:dependencies:', expected '_:presentedBy:parent:children:')
109 |         sut.start().rootViewController = UIViewController()
110 |
/Users/admin/builder/spi-builder-workspace/Tests/CoordinatorTests/StartableProtocolCoordinatorProtocolTests.swift:112:59: error: incorrect argument labels in call (have 'presenter:dependencies:', expected '_:presentedBy:parent:children:')
110 |
111 |         // When: starts pushing child
112 |         let child = ContainerViewControllerCoordinatorMock(presenter: UIView(), dependencies: ())
    |                                                           `- error: incorrect argument labels in call (have 'presenter:dependencies:', expected '_:presentedBy:parent:children:')
113 |         sut.start(presenting: child, animated: false)
114 |
Failed frontend command:
/Applications/Xcode-27.0.0-Release.Candidate.app/Contents/Developer/Toolchains/XcodeDefault.xctoolchain/usr/bin/swift-frontend -frontend -c /Users/admin/builder/spi-builder-workspace/Tests/CoordinatorTests/CoordinatorTests.swift /Users/admin/builder/spi-builder-workspace/Tests/CoordinatorTests/Mocks/ContainerViewControllerCoordinatorMock.swift /Users/admin/builder/spi-builder-workspace/Tests/CoordinatorTests/Mocks/CoordinatorProtocolMock.swift /Users/admin/builder/spi-builder-workspace/Tests/CoordinatorTests/Mocks/NavigationControllerCoordinatorMock.swift /Users/admin/builder/spi-builder-workspace/Tests/CoordinatorTests/Mocks/ViewControllerCoordinatorMock.swift /Users/admin/builder/spi-builder-workspace/Tests/CoordinatorTests/Mocks/WindowCoordinatorMock.swift /Users/admin/builder/spi-builder-workspace/Tests/CoordinatorTests/SequenceCoordinatorProtocolTests.swift -primary-file /Users/admin/builder/spi-builder-workspace/Tests/CoordinatorTests/StartableProtocolCoordinatorProtocolTests.swift -emit-dependencies-path /Users/admin/builder/spi-builder-workspace/.derivedData/Build/Intermediates.noindex/Coordinator.build/Debug-xros/CoordinatorTests-p.build/Objects-normal/arm64/StartableProtocolCoordinatorProtocolTests.d -emit-const-values-path /Users/admin/builder/spi-builder-workspace/.derivedData/Build/Intermediates.noindex/Coordinator.build/Debug-xros/CoordinatorTests-p.build/Objects-normal/arm64/StartableProtocolCoordinatorProtocolTests.swiftconstvalues -emit-reference-dependencies-path /Users/admin/builder/spi-builder-workspace/.derivedData/Build/Intermediates.noindex/Coordinator.build/Debug-xros/CoordinatorTests-p.build/Objects-normal/arm64/StartableProtocolCoordinatorProtocolTests.swiftdeps -serialize-diagnostics-path /Users/admin/builder/spi-builder-workspace/.derivedData/Build/Intermediates.noindex/Coordinator.build/Debug-xros/CoordinatorTests-p.build/Objects-normal/arm64/StartableProtocolCoordinatorProtocolTests.dia -target arm64-apple-xros1.0 -disable-cross-import-overlay-search -load-resolved-plugin /Applications/Xcode-27.0.0-Release.Candidate.app/Contents/Developer/Platforms/XROS.platform/Developer/usr/lib/swift/host/plugins/libFoundationMacros.dylib\#/Applications/Xcode-27.0.0-Release.Candidate.app/Contents/Developer/Platforms/XROS.platform/Developer/usr/bin/swift-plugin-server\#FoundationMacros -load-resolved-plugin /Applications/Xcode-27.0.0-Release.Candidate.app/Contents/Developer/Platforms/XROS.platform/Developer/usr/lib/swift/host/plugins/libObservationMacros.dylib\#/Applications/Xcode-27.0.0-Release.Candidate.app/Contents/Developer/Platforms/XROS.platform/Developer/usr/bin/swift-plugin-server\#ObservationMacros -load-resolved-plugin /Applications/Xcode-27.0.0-Release.Candidate.app/Contents/Developer/Platforms/XROS.platform/Developer/usr/lib/swift/host/plugins/libPreviewsMacros.dylib\#/Applications/Xcode-27.0.0-Release.Candidate.app/Contents/Developer/Platforms/XROS.platform/Developer/usr/bin/swift-plugin-server\#PreviewsMacros -load-resolved-plugin /Applications/Xcode-27.0.0-Release.Candidate.app/Contents/Developer/Platforms/XROS.platform/Developer/usr/lib/swift/host/plugins/libSwiftMacros.dylib\#/Applications/Xcode-27.0.0-Release.Candidate.app/Contents/Developer/Platforms/XROS.platform/Developer/usr/bin/swift-plugin-server\#SwiftMacros -load-resolved-plugin /Applications/Xcode-27.0.0-Release.Candidate.app/Contents/Developer/Platforms/XROS.platform/Developer/usr/lib/swift/host/plugins/libSwiftUIMacros.dylib\#/Applications/Xcode-27.0.0-Release.Candidate.app/Contents/Developer/Platforms/XROS.platform/Developer/usr/bin/swift-plugin-server\#SwiftUIMacros -disable-implicit-swift-modules -Xcc -fno-implicit-modules -Xcc -fno-implicit-module-maps -explicit-swift-module-map-file /Users/admin/builder/spi-builder-workspace/.derivedData/Build/Intermediates.noindex/Coordinator.build/Debug-xros/CoordinatorTests-p.build/Objects-normal/arm64/CoordinatorTests-dependencies-1.json -Xllvm -aarch64-use-tbi -enable-objc-interop -stack-check -sdk /Applications/Xcode-27.0.0-Release.Candidate.app/Contents/Developer/Platforms/XROS.platform/Developer/SDKs/XROS27.0.sdk -I /Users/admin/builder/spi-builder-workspace/.derivedData/Build/Products/Debug-xros -Isystem /Applications/Xcode-27.0.0-Release.Candidate.app/Contents/Developer/Platforms/XROS.platform/Developer/usr/lib -F /Users/admin/builder/spi-builder-workspace/.derivedData/Build/Products/Debug-xros/PackageFrameworks -F /Users/admin/builder/spi-builder-workspace/.derivedData/Build/Products/Debug-xros -F /Applications/Xcode-27.0.0-Release.Candidate.app/Contents/Developer/Platforms/XROS.platform/Developer/Library/Frameworks -F /Applications/Xcode-27.0.0-Release.Candidate.app/Contents/Developer/Platforms/XROS.platform/Developer/SDKs/XROS27.0.sdk/Developer/Library/Frameworks -module-cache-path /Users/admin/builder/spi-builder-workspace/.derivedData/Build/Intermediates.noindex/SwiftExplicitPrecompiledModules -no-color-diagnostics -Xcc -fno-color-diagnostics -enable-testing -g -debug-info-format\=dwarf -dwarf-version\=4 -profile-generate -profile-coverage-mapping -swift-version 5 -Onone -D SWIFT_PACKAGE -D DEBUG -D Xcode -serialize-debugging-options -enable-experimental-feature DebugDescriptionMacro -empty-abi-descriptor -validate-clang-modules-once -clang-build-session-file /Users/admin/builder/spi-builder-workspace/.derivedData/ModuleCache.noindex/Session.modulevalidation -Xcc -working-directory -Xcc /Users/admin/builder/spi-builder-workspace/.swiftpm/xcode -enable-anonymous-context-mangled-names -file-compilation-dir /Users/admin/builder/spi-builder-workspace/.swiftpm/xcode -Xcc -D_LIBCPP_HARDENING_MODE\=_LIBCPP_HARDENING_MODE_DEBUG -Xcc -ivfsstatcache -Xcc /Users/admin/builder/spi-builder-workspace/.derivedData/SDKStatCaches.noindex/xros27.0-24M361-e829b21a6f8c9b70876ba0858053c044735bd543db762f57723cac368afd1ce4.sdkstatcache -Xcc -fmodules-prune-interval\=86400 -Xcc -fmodules-prune-after\=345600 -Xcc -I/Users/admin/builder/spi-builder-workspace/.derivedData/Build/Products/Debug-xros/include -Xcc -I/Users/admin/builder/spi-builder-workspace/.derivedData/Build/Intermediates.noindex/Coordinator.build/Debug-xros/CoordinatorTests-p.build/DerivedSources-normal/arm64 -Xcc -I/Users/admin/builder/spi-builder-workspace/.derivedData/Build/Intermediates.noindex/Coordinator.build/Debug-xros/CoordinatorTests-p.build/DerivedSources/arm64 -Xcc -I/Users/admin/builder/spi-builder-workspace/.derivedData/Build/Intermediates.noindex/Coordinator.build/Debug-xros/CoordinatorTests-p.build/DerivedSources -Xcc -DSWIFT_PACKAGE -Xcc -DDEBUG\=1 -no-auto-bridging-header-chaining -module-name CoordinatorTests -const-gather-protocols-file /Users/admin/builder/spi-builder-workspace/.derivedData/Build/Intermediates.noindex/Coordinator.build/Debug-xros/CoordinatorTests-p.build/Objects-normal/arm64/CoordinatorTests_const_extract_protocols.json -disable-clang-spi -clang-target arm64-apple-xros27.0 -target-sdk-version 27.0 -target-sdk-name xros27.0 -in-process-plugin-server-path /Applications/Xcode-27.0.0-Release.Candidate.app/Contents/Developer/Toolchains/XcodeDefault.xctoolchain/usr/lib/swift/host/libSwiftInProcPluginServer.dylib -parse-as-library -o /Users/admin/builder/spi-builder-workspace/.derivedData/Build/Intermediates.noindex/Coordinator.build/Debug-xros/CoordinatorTests-p.build/Objects-normal/arm64/StartableProtocolCoordinatorProtocolTests.o -debug-module-path /Users/admin/builder/spi-builder-workspace/.derivedData/Build/Intermediates.noindex/Coordinator.build/Debug-xros/CoordinatorTests-p.build/Objects-normal/arm64/CoordinatorTests.swiftmodule -index-unit-output-path /Coordinator.build/Debug-xros/CoordinatorTests-p.build/Objects-normal/arm64/StartableProtocolCoordinatorProtocolTests.o -index-store-path /Users/admin/builder/spi-builder-workspace/.derivedData/Index.noindex/DataStore -index-system-modules
SwiftCompile normal arm64 /Users/admin/builder/spi-builder-workspace/Tests/CoordinatorTests/StartableProtocolCoordinatorProtocolTests.swift (in target 'CoordinatorTests-product' from project 'Coordinator')
    cd /Users/admin/builder/spi-builder-workspace/.swiftpm/xcode
    builtin-SwiftPerFileCompile StartableProtocolCoordinatorProtocolTests.swift
SwiftDriverJobDiscovery normal arm64 Compiling Coordinator.swift (in target 'Coordinator' from project 'Coordinator')
SwiftDriver\ Compilation Coordinator normal arm64 com.apple.xcode.tools.swift.compiler (in target 'Coordinator' from project 'Coordinator')
    cd /Users/admin/builder/spi-builder-workspace/.swiftpm/xcode
    builtin-Swift-Compilation -- /Applications/Xcode-27.0.0-Release.Candidate.app/Contents/Developer/Toolchains/XcodeDefault.xctoolchain/usr/bin/swiftc -parse-as-library -module-name Coordinator -Onone @/Users/admin/builder/spi-builder-workspace/.derivedData/Build/Intermediates.noindex/Coordinator.build/Debug-xros/Coordinator-t.build/Objects-normal/arm64/Coordinator.SwiftFileList -DSWIFT_PACKAGE -DDEBUG -DSWIFT_MODULE_RESOURCE_BUNDLE_UNAVAILABLE -DXcode -plugin-path /Applications/Xcode-27.0.0-Release.Candidate.app/Contents/Developer/Toolchains/XcodeDefault.xctoolchain/usr/lib/swift/host/plugins/testing -enable-experimental-feature DebugDescriptionMacro -sdk /Applications/Xcode-27.0.0-Release.Candidate.app/Contents/Developer/Platforms/XROS.platform/Developer/SDKs/XROS27.0.sdk -target arm64-apple-xros1.0 -g -module-cache-path /Users/admin/builder/spi-builder-workspace/.derivedData/ModuleCache.noindex -Xfrontend -serialize-debugging-options -profile-coverage-mapping -profile-generate -enable-testing -index-store-path /Users/admin/builder/spi-builder-workspace/.derivedData/Index.noindex/DataStore -Xcc -D_LIBCPP_HARDENING_MODE\=_LIBCPP_HARDENING_MODE_DEBUG -swift-version 5 -I /Users/admin/builder/spi-builder-workspace/.derivedData/Build/Products/Debug-xros -Isystem /Applications/Xcode-27.0.0-Release.Candidate.app/Contents/Developer/Platforms/XROS.platform/Developer/usr/lib -F /Users/admin/builder/spi-builder-workspace/.derivedData/Build/Products/Debug-xros/PackageFrameworks -F /Users/admin/builder/spi-builder-workspace/.derivedData/Build/Products/Debug-xros -F /Applications/Xcode-27.0.0-Release.Candidate.app/Contents/Developer/Platforms/XROS.platform/Developer/Library/Frameworks -F /Applications/Xcode-27.0.0-Release.Candidate.app/Contents/Developer/Platforms/XROS.platform/Developer/SDKs/XROS27.0.sdk/Developer/Library/Frameworks -c -j10 -enable-batch-mode -incremental -Xcc -ivfsstatcache -Xcc /Users/admin/builder/spi-builder-workspace/.derivedData/SDKStatCaches.noindex/xros27.0-24M361-e829b21a6f8c9b70876ba0858053c044735bd543db762f57723cac368afd1ce4.sdkstatcache -output-file-map /Users/admin/builder/spi-builder-workspace/.derivedData/Build/Intermediates.noindex/Coordinator.build/Debug-xros/Coordinator-t.build/Objects-normal/arm64/Coordinator-OutputFileMap.json -save-temps -no-color-diagnostics -explicit-module-build -module-cache-path /Users/admin/builder/spi-builder-workspace/.derivedData/Build/Intermediates.noindex/SwiftExplicitPrecompiledModules -clang-scanner-module-cache-path /Users/admin/builder/spi-builder-workspace/.derivedData/ModuleCache.noindex -sdk-module-cache-path /Users/admin/builder/spi-builder-workspace/.derivedData/SDKExplicitPrecompiledModules -emit-dependencies -emit-module -emit-module-path /Users/admin/builder/spi-builder-workspace/.derivedData/Build/Intermediates.noindex/Coordinator.build/Debug-xros/Coordinator-t.build/Objects-normal/arm64/Coordinator.swiftmodule -serialize-diagnostics -dependency-scan-serialize-diagnostics-path /Users/admin/builder/spi-builder-workspace/.derivedData/Build/Intermediates.noindex/Coordinator.build/Debug-xros/Coordinator-t.build/Objects-normal/arm64/Coordinator-dependency-scan.dia -validate-clang-modules-once -clang-build-session-file /Users/admin/builder/spi-builder-workspace/.derivedData/ModuleCache.noindex/Session.modulevalidation -Xcc -fmodules-prune-interval\=86400 -Xcc -fmodules-prune-after\=345600 -emit-const-values -const-gather-protocols-list /Users/admin/builder/spi-builder-workspace/.derivedData/Build/Intermediates.noindex/Coordinator.build/Debug-xros/Coordinator-t.build/Objects-normal/arm64/Coordinator_const_extract_protocols.json -Xcc -I/Users/admin/builder/spi-builder-workspace/.derivedData/Build/Products/Debug-xros/include -Xcc -I/Users/admin/builder/spi-builder-workspace/.derivedData/Build/Intermediates.noindex/Coordinator.build/Debug-xros/Coordinator-t.build/DerivedSources-normal/arm64 -Xcc -I/Users/admin/builder/spi-builder-workspace/.derivedData/Build/Intermediates.noindex/Coordinator.build/Debug-xros/Coordinator-t.build/DerivedSources/arm64 -Xcc -I/Users/admin/builder/spi-builder-workspace/.derivedData/Build/Intermediates.noindex/Coordinator.build/Debug-xros/Coordinator-t.build/DerivedSources -Xcc -DSWIFT_PACKAGE -Xcc -DDEBUG\=1 -emit-objc-header -emit-objc-header-path /Users/admin/builder/spi-builder-workspace/.derivedData/Build/Intermediates.noindex/Coordinator.build/Debug-xros/Coordinator-t.build/Objects-normal/arm64/Coordinator-Swift.h -working-directory /Users/admin/builder/spi-builder-workspace/.swiftpm/xcode -experimental-emit-module-separately -disable-cmo
SwiftDriverJobDiscovery normal arm64 Compiling ContainerViewControllerCoordinatorMock.swift (in target 'CoordinatorTests-product' from project 'Coordinator')
SwiftDriverJobDiscovery normal arm64 Compiling ViewControllerCoordinatorMock.swift (in target 'CoordinatorTests-product' from project 'Coordinator')
SwiftDriverJobDiscovery normal arm64 Compiling CoordinatorProtocolMock.swift (in target 'CoordinatorTests-product' from project 'Coordinator')
SwiftDriverJobDiscovery normal arm64 Compiling WindowCoordinatorMock.swift (in target 'CoordinatorTests-product' from project 'Coordinator')
SwiftDriverJobDiscovery normal arm64 Compiling NavigationControllerCoordinatorMock.swift (in target 'CoordinatorTests-product' from project 'Coordinator')
PruneExplicitPrecompiledModules /Users/admin/builder/spi-builder-workspace/.derivedData/Build/Intermediates.noindex/ExplicitPrecompiledModules
PruneExplicitPrecompiledModules /Users/admin/builder/spi-builder-workspace/.derivedData/Build/Intermediates.noindex/SwiftExplicitPrecompiledModules
PruneExplicitPrecompiledModules /Users/admin/builder/spi-builder-workspace/.derivedData/SDKExplicitPrecompiledModules
2026-09-19 01:25:38.587 xcodebuild[651:4228] [MT] IDERunDestination: Supported platforms for the buildables in the current scheme is empty.
2026-09-19 01:25:38.728 xcodebuild[651:4228] [MT] IDERunDestination: Supported platforms for the buildables in the current scheme is empty.
** BUILD FAILED **
The following build commands failed:
	SwiftCompile normal arm64 Compiling\ CoordinatorTests.swift /Users/admin/builder/spi-builder-workspace/Tests/CoordinatorTests/CoordinatorTests.swift (in target 'CoordinatorTests-product' from project 'Coordinator')
	SwiftCompile normal arm64 /Users/admin/builder/spi-builder-workspace/Tests/CoordinatorTests/CoordinatorTests.swift (in target 'CoordinatorTests-product' from project 'Coordinator')
	SwiftCompile normal arm64 Compiling\ SequenceCoordinatorProtocolTests.swift /Users/admin/builder/spi-builder-workspace/Tests/CoordinatorTests/SequenceCoordinatorProtocolTests.swift (in target 'CoordinatorTests-product' from project 'Coordinator')
	SwiftCompile normal arm64 /Users/admin/builder/spi-builder-workspace/Tests/CoordinatorTests/SequenceCoordinatorProtocolTests.swift (in target 'CoordinatorTests-product' from project 'Coordinator')
	SwiftCompile normal arm64 Compiling\ StartableProtocolCoordinatorProtocolTests.swift /Users/admin/builder/spi-builder-workspace/Tests/CoordinatorTests/StartableProtocolCoordinatorProtocolTests.swift (in target 'CoordinatorTests-product' from project 'Coordinator')
	SwiftCompile normal arm64 /Users/admin/builder/spi-builder-workspace/Tests/CoordinatorTests/StartableProtocolCoordinatorProtocolTests.swift (in target 'CoordinatorTests-product' from project 'Coordinator')
	Building workspace Coordinator with scheme Coordinator-Package
(7 failures)
Command line invocation:
    /Applications/Xcode-27.0.0-Release.Candidate.app/Contents/Developer/usr/bin/xcodebuild -IDEClonedSourcePackagesDirPathOverride=/Users/admin/builder/spi-builder-workspace/.dependencies -resolvePackageDependencies
Resolve Package Graph
Resolved source packages:
  Coordinator: /Users/admin/builder/spi-builder-workspace
resolved source packages: Coordinator
2026-09-19 01:25:51.026 xcodebuild[796:4936] [MT] IDERunDestination: Supported platforms for the buildables in the current scheme is empty.
2026-09-19 01:25:51.129 xcodebuild[796:4936] [MT] IDERunDestination: Supported platforms for the buildables in the current scheme is empty.
{
  "dependencies" : [
  ],
  "manifest_display_name" : "Coordinator",
  "name" : "Coordinator",
  "path" : "/Users/admin/builder/spi-builder-workspace",
  "platforms" : [
    {
      "name" : "ios",
      "version" : "11.0"
    }
  ],
  "products" : [
    {
      "name" : "Coordinator",
      "targets" : [
        "Coordinator"
      ],
      "type" : {
        "library" : [
          "automatic"
        ]
      }
    },
    {
      "name" : "CoordinatorAPI",
      "targets" : [
        "CoordinatorAPI"
      ],
      "type" : {
        "library" : [
          "automatic"
        ]
      }
    }
  ],
  "targets" : [
    {
      "c99name" : "CoordinatorTests",
      "module_type" : "SwiftTarget",
      "name" : "CoordinatorTests",
      "path" : "Tests/CoordinatorTests",
      "sources" : [
        "CoordinatorTests.swift",
        "Mocks/ContainerViewControllerCoordinatorMock.swift",
        "Mocks/CoordinatorProtocolMock.swift",
        "Mocks/NavigationControllerCoordinatorMock.swift",
        "Mocks/ViewControllerCoordinatorMock.swift",
        "Mocks/WindowCoordinatorMock.swift",
        "SequenceCoordinatorProtocolTests.swift",
        "StartableProtocolCoordinatorProtocolTests.swift"
      ],
      "target_dependencies" : [
        "CoordinatorAPI",
        "Coordinator"
      ],
      "type" : "test"
    },
    {
      "c99name" : "CoordinatorAPI",
      "module_type" : "SwiftTarget",
      "name" : "CoordinatorAPI",
      "path" : "Sources/CoordinatorAPI",
      "product_memberships" : [
        "Coordinator",
        "CoordinatorAPI"
      ],
      "sources" : [
        "Extensions/CoordinatorProtocol+Sequence.swift",
        "Extensions/CoordinatorProtocol+Startable.swift",
        "Extensions/UIViewController+TopViewController.swift",
        "Protocols/CoordinatorProtocol.swift",
        "Protocols/Dismissable.swift",
        "Protocols/RootViewControllerProtocol.swift",
        "Protocols/Startable.swift"
      ],
      "type" : "library"
    },
    {
      "c99name" : "Coordinator",
      "module_type" : "SwiftTarget",
      "name" : "Coordinator",
      "path" : "Sources/Coordinator",
      "product_memberships" : [
        "Coordinator"
      ],
      "sources" : [
        "Controllers/AdaptivePresentationControllerDelegate.swift",
        "Controllers/DismissableNavigationController.swift",
        "Controllers/DismissableViewController.swift",
        "Coordinator.swift",
        "CoordinatorSettings.swift",
        "WeakObject.swift"
      ],
      "target_dependencies" : [
        "CoordinatorAPI"
      ],
      "type" : "library"
    }
  ],
  "tools_version" : "5.3"
}
{
  "workspace" : {
    "name" : "Coordinator",
    "schemes" : [
      "Coordinator",
      "Coordinator-Package",
      "CoordinatorAPI"
    ]
  }
}
2026-09-19 01:25:52.220 xcodebuild[804:5008] [MT] IDERunDestination: Supported platforms for the buildables in the current scheme is empty.
2026-09-19 01:25:52.322 xcodebuild[804:5008] [MT] IDERunDestination: Supported platforms for the buildables in the current scheme is empty.
{
  "workspace" : {
    "name" : "Coordinator",
    "schemes" : [
      "Coordinator",
      "Coordinator-Package",
      "CoordinatorAPI"
    ]
  }
}
2026-09-19 01:25:53.155 xcodebuild[806:5039] [MT] IDERunDestination: Supported platforms for the buildables in the current scheme is empty.
2026-09-19 01:25:53.258 xcodebuild[806:5039] [MT] IDERunDestination: Supported platforms for the buildables in the current scheme is empty.
Running build ...
env DEVELOPER_DIR=/Applications/Xcode-27.0.0-Release.Candidate.app xcrun xcodebuild -IDEClonedSourcePackagesDirPathOverride=$PWD/.dependencies -skipMacroValidation -skipPackagePluginValidation -derivedDataPath $PWD/.derivedData build -scheme Coordinator-Package -destination generic/platform=xrOS
Command line invocation:
    /Applications/Xcode-27.0.0-Release.Candidate.app/Contents/Developer/usr/bin/xcodebuild -IDEClonedSourcePackagesDirPathOverride=/Users/admin/builder/spi-builder-workspace/.dependencies -skipMacroValidation -skipPackagePluginValidation -derivedDataPath /Users/admin/builder/spi-builder-workspace/.derivedData build -scheme Coordinator-Package -destination generic/platform=xrOS
Resolve Package Graph
Resolved source packages:
  Coordinator: /Users/admin/builder/spi-builder-workspace
ComputePackagePrebuildTargetDependencyGraph
Prepare packages
CreateBuildRequest
SendProjectDescription
CreateBuildOperation
ComputeTargetDependencyGraph
note: Building targets in dependency order
note: Target dependency graph (5 targets)
    Target 'CoordinatorTests-product' in project 'Coordinator'
        ➜ Explicit dependency on target 'CoordinatorAPI' in project 'Coordinator'
        ➜ Explicit dependency on target 'Coordinator' in project 'Coordinator'
    Target 'CoordinatorAPI-product' in project 'Coordinator'
        ➜ Explicit dependency on target 'CoordinatorAPI' in project 'Coordinator'
    Target 'Coordinator-product' in project 'Coordinator'
        ➜ Explicit dependency on target 'Coordinator' in project 'Coordinator'
        ➜ Explicit dependency on target 'CoordinatorAPI' in project 'Coordinator'
    Target 'Coordinator' in project 'Coordinator'
        ➜ Explicit dependency on target 'CoordinatorAPI' in project 'Coordinator'
    Target 'CoordinatorAPI' in project 'Coordinator' (no dependencies)
GatherProvisioningInputs
CreateBuildDescription
ClangStatCache /Applications/Xcode-27.0.0-Release.Candidate.app/Contents/Developer/Toolchains/XcodeDefault.xctoolchain/usr/bin/clang-stat-cache /Applications/Xcode-27.0.0-Release.Candidate.app/Contents/Developer/Platforms/XROS.platform/Developer/SDKs/XROS27.0.sdk /Users/admin/builder/spi-builder-workspace/.derivedData/SDKStatCaches.noindex/xros27.0-24M361-e829b21a6f8c9b70876ba0858053c044735bd543db762f57723cac368afd1ce4.sdkstatcache
    cd /Users/admin/builder/spi-builder-workspace/.swiftpm/xcode
    /Applications/Xcode-27.0.0-Release.Candidate.app/Contents/Developer/Toolchains/XcodeDefault.xctoolchain/usr/bin/clang-stat-cache /Applications/Xcode-27.0.0-Release.Candidate.app/Contents/Developer/Platforms/XROS.platform/Developer/SDKs/XROS27.0.sdk -o /Users/admin/builder/spi-builder-workspace/.derivedData/SDKStatCaches.noindex/xros27.0-24M361-e829b21a6f8c9b70876ba0858053c044735bd543db762f57723cac368afd1ce4.sdkstatcache
SwiftDriver CoordinatorAPI normal arm64 com.apple.xcode.tools.swift.compiler (in target 'CoordinatorAPI' from project 'Coordinator')
    cd /Users/admin/builder/spi-builder-workspace/.swiftpm/xcode
    builtin-SwiftDriver -- /Applications/Xcode-27.0.0-Release.Candidate.app/Contents/Developer/Toolchains/XcodeDefault.xctoolchain/usr/bin/swiftc -parse-as-library -module-name CoordinatorAPI -Onone @/Users/admin/builder/spi-builder-workspace/.derivedData/Build/Intermediates.noindex/Coordinator.build/Debug-xros/CoordinatorAPI-t.build/Objects-normal/arm64/CoordinatorAPI.SwiftFileList -DSWIFT_PACKAGE -DDEBUG -DSWIFT_MODULE_RESOURCE_BUNDLE_UNAVAILABLE -DXcode -plugin-path /Applications/Xcode-27.0.0-Release.Candidate.app/Contents/Developer/Toolchains/XcodeDefault.xctoolchain/usr/lib/swift/host/plugins/testing -enable-experimental-feature DebugDescriptionMacro -sdk /Applications/Xcode-27.0.0-Release.Candidate.app/Contents/Developer/Platforms/XROS.platform/Developer/SDKs/XROS27.0.sdk -target arm64-apple-xros1.0 -g -module-cache-path /Users/admin/builder/spi-builder-workspace/.derivedData/ModuleCache.noindex -Xfrontend -serialize-debugging-options -profile-coverage-mapping -profile-generate -enable-testing -index-store-path /Users/admin/builder/spi-builder-workspace/.derivedData/Index.noindex/DataStore -Xcc -D_LIBCPP_HARDENING_MODE\=_LIBCPP_HARDENING_MODE_DEBUG -swift-version 5 -I /Users/admin/builder/spi-builder-workspace/.derivedData/Build/Products/Debug-xros -Isystem /Applications/Xcode-27.0.0-Release.Candidate.app/Contents/Developer/Platforms/XROS.platform/Developer/usr/lib -F /Users/admin/builder/spi-builder-workspace/.derivedData/Build/Products/Debug-xros -F /Applications/Xcode-27.0.0-Release.Candidate.app/Contents/Developer/Platforms/XROS.platform/Developer/Library/Frameworks -F /Applications/Xcode-27.0.0-Release.Candidate.app/Contents/Developer/Platforms/XROS.platform/Developer/SDKs/XROS27.0.sdk/Developer/Library/Frameworks -c -j10 -enable-batch-mode -incremental -Xcc -ivfsstatcache -Xcc /Users/admin/builder/spi-builder-workspace/.derivedData/SDKStatCaches.noindex/xros27.0-24M361-e829b21a6f8c9b70876ba0858053c044735bd543db762f57723cac368afd1ce4.sdkstatcache -output-file-map /Users/admin/builder/spi-builder-workspace/.derivedData/Build/Intermediates.noindex/Coordinator.build/Debug-xros/CoordinatorAPI-t.build/Objects-normal/arm64/CoordinatorAPI-OutputFileMap.json -save-temps -no-color-diagnostics -explicit-module-build -module-cache-path /Users/admin/builder/spi-builder-workspace/.derivedData/Build/Intermediates.noindex/SwiftExplicitPrecompiledModules -clang-scanner-module-cache-path /Users/admin/builder/spi-builder-workspace/.derivedData/ModuleCache.noindex -sdk-module-cache-path /Users/admin/builder/spi-builder-workspace/.derivedData/SDKExplicitPrecompiledModules -emit-dependencies -emit-module -emit-module-path /Users/admin/builder/spi-builder-workspace/.derivedData/Build/Intermediates.noindex/Coordinator.build/Debug-xros/CoordinatorAPI-t.build/Objects-normal/arm64/CoordinatorAPI.swiftmodule -serialize-diagnostics -dependency-scan-serialize-diagnostics-path /Users/admin/builder/spi-builder-workspace/.derivedData/Build/Intermediates.noindex/Coordinator.build/Debug-xros/CoordinatorAPI-t.build/Objects-normal/arm64/CoordinatorAPI-dependency-scan.dia -validate-clang-modules-once -clang-build-session-file /Users/admin/builder/spi-builder-workspace/.derivedData/ModuleCache.noindex/Session.modulevalidation -Xcc -fmodules-prune-interval\=86400 -Xcc -fmodules-prune-after\=345600 -emit-const-values -const-gather-protocols-list /Users/admin/builder/spi-builder-workspace/.derivedData/Build/Intermediates.noindex/Coordinator.build/Debug-xros/CoordinatorAPI-t.build/Objects-normal/arm64/CoordinatorAPI_const_extract_protocols.json -Xcc -I/Users/admin/builder/spi-builder-workspace/.derivedData/Build/Products/Debug-xros/include -Xcc -I/Users/admin/builder/spi-builder-workspace/.derivedData/Build/Intermediates.noindex/Coordinator.build/Debug-xros/CoordinatorAPI-t.build/DerivedSources-normal/arm64 -Xcc -I/Users/admin/builder/spi-builder-workspace/.derivedData/Build/Intermediates.noindex/Coordinator.build/Debug-xros/CoordinatorAPI-t.build/DerivedSources/arm64 -Xcc -I/Users/admin/builder/spi-builder-workspace/.derivedData/Build/Intermediates.noindex/Coordinator.build/Debug-xros/CoordinatorAPI-t.build/DerivedSources -Xcc -DSWIFT_PACKAGE -Xcc -DDEBUG\=1 -emit-objc-header -emit-objc-header-path /Users/admin/builder/spi-builder-workspace/.derivedData/Build/Intermediates.noindex/Coordinator.build/Debug-xros/CoordinatorAPI-t.build/Objects-normal/arm64/CoordinatorAPI-Swift.h -working-directory /Users/admin/builder/spi-builder-workspace/.swiftpm/xcode -experimental-emit-module-separately -disable-cmo
SwiftDriver CoordinatorTests normal arm64 com.apple.xcode.tools.swift.compiler (in target 'CoordinatorTests-product' from project 'Coordinator')
    cd /Users/admin/builder/spi-builder-workspace/.swiftpm/xcode
    builtin-SwiftDriver -- /Applications/Xcode-27.0.0-Release.Candidate.app/Contents/Developer/Toolchains/XcodeDefault.xctoolchain/usr/bin/swiftc -parse-as-library -module-name CoordinatorTests -Onone @/Users/admin/builder/spi-builder-workspace/.derivedData/Build/Intermediates.noindex/Coordinator.build/Debug-xros/CoordinatorTests-p.build/Objects-normal/arm64/CoordinatorTests.SwiftFileList -DSWIFT_PACKAGE -DDEBUG -DXcode -plugin-path /Applications/Xcode-27.0.0-Release.Candidate.app/Contents/Developer/Toolchains/XcodeDefault.xctoolchain/usr/lib/swift/host/plugins/testing -enable-experimental-feature DebugDescriptionMacro -sdk /Applications/Xcode-27.0.0-Release.Candidate.app/Contents/Developer/Platforms/XROS.platform/Developer/SDKs/XROS27.0.sdk -target arm64-apple-xros1.0 -g -module-cache-path /Users/admin/builder/spi-builder-workspace/.derivedData/ModuleCache.noindex -Xfrontend -serialize-debugging-options -profile-coverage-mapping -profile-generate -enable-testing -index-store-path /Users/admin/builder/spi-builder-workspace/.derivedData/Index.noindex/DataStore -Xcc -D_LIBCPP_HARDENING_MODE\=_LIBCPP_HARDENING_MODE_DEBUG -swift-version 5 -I /Users/admin/builder/spi-builder-workspace/.derivedData/Build/Products/Debug-xros -Isystem /Applications/Xcode-27.0.0-Release.Candidate.app/Contents/Developer/Platforms/XROS.platform/Developer/usr/lib -F /Users/admin/builder/spi-builder-workspace/.derivedData/Build/Products/Debug-xros/PackageFrameworks -F /Users/admin/builder/spi-builder-workspace/.derivedData/Build/Products/Debug-xros -F /Applications/Xcode-27.0.0-Release.Candidate.app/Contents/Developer/Platforms/XROS.platform/Developer/Library/Frameworks -F /Applications/Xcode-27.0.0-Release.Candidate.app/Contents/Developer/Platforms/XROS.platform/Developer/SDKs/XROS27.0.sdk/Developer/Library/Frameworks -c -j10 -enable-batch-mode -incremental -Xcc -ivfsstatcache -Xcc /Users/admin/builder/spi-builder-workspace/.derivedData/SDKStatCaches.noindex/xros27.0-24M361-e829b21a6f8c9b70876ba0858053c044735bd543db762f57723cac368afd1ce4.sdkstatcache -output-file-map /Users/admin/builder/spi-builder-workspace/.derivedData/Build/Intermediates.noindex/Coordinator.build/Debug-xros/CoordinatorTests-p.build/Objects-normal/arm64/CoordinatorTests-OutputFileMap.json -save-temps -no-color-diagnostics -explicit-module-build -module-cache-path /Users/admin/builder/spi-builder-workspace/.derivedData/Build/Intermediates.noindex/SwiftExplicitPrecompiledModules -clang-scanner-module-cache-path /Users/admin/builder/spi-builder-workspace/.derivedData/ModuleCache.noindex -sdk-module-cache-path /Users/admin/builder/spi-builder-workspace/.derivedData/SDKExplicitPrecompiledModules -emit-dependencies -emit-module -emit-module-path /Users/admin/builder/spi-builder-workspace/.derivedData/Build/Intermediates.noindex/Coordinator.build/Debug-xros/CoordinatorTests-p.build/Objects-normal/arm64/CoordinatorTests.swiftmodule -serialize-diagnostics -dependency-scan-serialize-diagnostics-path /Users/admin/builder/spi-builder-workspace/.derivedData/Build/Intermediates.noindex/Coordinator.build/Debug-xros/CoordinatorTests-p.build/Objects-normal/arm64/CoordinatorTests-dependency-scan.dia -validate-clang-modules-once -clang-build-session-file /Users/admin/builder/spi-builder-workspace/.derivedData/ModuleCache.noindex/Session.modulevalidation -Xcc -fmodules-prune-interval\=86400 -Xcc -fmodules-prune-after\=345600 -emit-const-values -const-gather-protocols-list /Users/admin/builder/spi-builder-workspace/.derivedData/Build/Intermediates.noindex/Coordinator.build/Debug-xros/CoordinatorTests-p.build/Objects-normal/arm64/CoordinatorTests_const_extract_protocols.json -Xcc -I/Users/admin/builder/spi-builder-workspace/.derivedData/Build/Products/Debug-xros/include -Xcc -I/Users/admin/builder/spi-builder-workspace/.derivedData/Build/Intermediates.noindex/Coordinator.build/Debug-xros/CoordinatorTests-p.build/DerivedSources-normal/arm64 -Xcc -I/Users/admin/builder/spi-builder-workspace/.derivedData/Build/Intermediates.noindex/Coordinator.build/Debug-xros/CoordinatorTests-p.build/DerivedSources/arm64 -Xcc -I/Users/admin/builder/spi-builder-workspace/.derivedData/Build/Intermediates.noindex/Coordinator.build/Debug-xros/CoordinatorTests-p.build/DerivedSources -Xcc -DSWIFT_PACKAGE -Xcc -DDEBUG\=1 -working-directory /Users/admin/builder/spi-builder-workspace/.swiftpm/xcode -experimental-emit-module-separately -disable-cmo
SwiftEmitModule normal arm64 Emitting\ module\ for\ CoordinatorAPI (in target 'CoordinatorAPI' from project 'Coordinator')
SwiftCompile normal arm64 (in target 'CoordinatorAPI' from project 'Coordinator')
    cd /Users/admin/builder/spi-builder-workspace/.swiftpm/xcode

SwiftCompile normal arm64 Compiling\ RootViewControllerProtocol.swift /Users/admin/builder/spi-builder-workspace/Sources/CoordinatorAPI/Protocols/RootViewControllerProtocol.swift (in target 'CoordinatorAPI' from project 'Coordinator')
SwiftCompile normal arm64 /Users/admin/builder/spi-builder-workspace/Sources/CoordinatorAPI/Protocols/RootViewControllerProtocol.swift (in target 'CoordinatorAPI' from project 'Coordinator')
    cd /Users/admin/builder/spi-builder-workspace/.swiftpm/xcode
    builtin-SwiftPerFileCompile RootViewControllerProtocol.swift
SwiftCompile normal arm64 Compiling\ CoordinatorTests.swift /Users/admin/builder/spi-builder-workspace/Tests/CoordinatorTests/CoordinatorTests.swift (in target 'CoordinatorTests-product' from project 'Coordinator')
/Users/admin/builder/spi-builder-workspace/Tests/CoordinatorTests/CoordinatorTests.swift:19:70: error: incorrect argument labels in call (have 'presenter:dependencies:', expected '_:presentedBy:parent:children:')
 17 |     func testInitWithChildrenThenChildCountIsSame() {
 18 |         // Given: Coordinator instance
 19 |         let child = Coordinator<Void, UIView, UINavigationController>(presenter: UIView(), dependencies: ())
    |                                                                      `- error: incorrect argument labels in call (have 'presenter:dependencies:', expected '_:presentedBy:parent:children:')
 20 |         let sut   = Coordinator<Void, UIView, UIWindow>(presenter: UIView(), dependencies: (), children: [child])
 21 |
/Users/admin/builder/spi-builder-workspace/Tests/CoordinatorTests/CoordinatorTests.swift:20:56: error: incorrect argument labels in call (have 'presenter:dependencies:children:', expected '_:presentedBy:parent:children:')
 18 |         // Given: Coordinator instance
 19 |         let child = Coordinator<Void, UIView, UINavigationController>(presenter: UIView(), dependencies: ())
 20 |         let sut   = Coordinator<Void, UIView, UIWindow>(presenter: UIView(), dependencies: (), children: [child])
    |                                                        `- error: incorrect argument labels in call (have 'presenter:dependencies:children:', expected '_:presentedBy:parent:children:')
 21 |
 22 |         // Then: Object is equal to itself
/Users/admin/builder/spi-builder-workspace/Tests/CoordinatorTests/CoordinatorTests.swift:29:56: error: incorrect argument labels in call (have 'presenter:dependencies:', expected '_:presentedBy:parent:children:')
 27 |     func testRemoveFromParentThenRemoveChildIsCalledOnParent() {
 28 |         // Given: Coordinator instance
 29 |         let child = Coordinator<Void, UIView, UIWindow>(presenter: UIView(), dependencies: ())
    |                                                        `- error: incorrect argument labels in call (have 'presenter:dependencies:', expected '_:presentedBy:parent:children:')
 30 |         let sut = CoordinatorProtocolMock(children: child)
 31 |
/Users/admin/builder/spi-builder-workspace/Tests/CoordinatorTests/CoordinatorTests.swift:43:68: error: incorrect argument labels in call (have 'presenter:dependencies:', expected '_:presentedBy:parent:children:')
 41 |     func testWhenAddCoordinatorToSetMultipleTimesAndCountIsOne() {
 42 |         // Given: Coordinator instance
 43 |         let sut = Coordinator<Void, UIView, UINavigationController>(presenter: UIView(), dependencies: ())
    |                                                                    `- error: incorrect argument labels in call (have 'presenter:dependencies:', expected '_:presentedBy:parent:children:')
 44 |
 45 |         // When: add coordinator to set
/Users/admin/builder/spi-builder-workspace/Tests/CoordinatorTests/CoordinatorTests.swift:57:68: error: incorrect argument labels in call (have 'presenter:dependencies:', expected '_:presentedBy:parent:children:')
 55 |     func testEqualityWithTheDifferentObjectsThenIsNotEqual() {
 56 |         // Given: two different Coordinator instances of the same type
 57 |         let lhs = Coordinator<Void, UIView, UINavigationController>(presenter: UIView(), dependencies: ())
    |                                                                    `- error: incorrect argument labels in call (have 'presenter:dependencies:', expected '_:presentedBy:parent:children:')
 58 |         let rhs = Coordinator<Void, UIView, UINavigationController>(presenter: UIView(), dependencies: ())
 59 |
SwiftCompile normal arm64 /Users/admin/builder/spi-builder-workspace/Tests/CoordinatorTests/CoordinatorTests.swift (in target 'CoordinatorTests-product' from project 'Coordinator')
    cd /Users/admin/builder/spi-builder-workspace/.swiftpm/xcode
    builtin-SwiftPerFileCompile CoordinatorTests.swift
SwiftEmitModule normal arm64 Emitting\ module\ for\ CoordinatorTests (in target 'CoordinatorTests-product' from project 'Coordinator')
SwiftCompile normal arm64 (in target 'CoordinatorTests-product' from project 'Coordinator')
    cd /Users/admin/builder/spi-builder-workspace/.swiftpm/xcode

SwiftCompile normal arm64 Compiling\ SequenceCoordinatorProtocolTests.swift /Users/admin/builder/spi-builder-workspace/Tests/CoordinatorTests/SequenceCoordinatorProtocolTests.swift (in target 'CoordinatorTests-product' from project 'Coordinator')
/Users/admin/builder/spi-builder-workspace/Tests/CoordinatorTests/SequenceCoordinatorProtocolTests.swift:30:56: error: incorrect argument labels in call (have 'presenter:dependencies:', expected '_:presentedBy:parent:children:')
28 |     func testWhenFilterNavigationControllerCoordinatorMockThenCountIsOne() {
29 |         // Given: coordinator protocol mock with two children of different types
30 |         let firstChild  = ViewControllerCoordinatorMock(presenter: UIView(), dependencies: ())
   |                                                        `- error: incorrect argument labels in call (have 'presenter:dependencies:', expected '_:presentedBy:parent:children:')
31 |         let secondChild = NavigationControllerCoordinatorMock(presenter: UIView(), dependencies: ())
32 |
/Users/admin/builder/spi-builder-workspace/Tests/CoordinatorTests/SequenceCoordinatorProtocolTests.swift:31:62: error: incorrect argument labels in call (have 'presenter:dependencies:', expected '_:presentedBy:parent:children:')
29 |         // Given: coordinator protocol mock with two children of different types
30 |         let firstChild  = ViewControllerCoordinatorMock(presenter: UIView(), dependencies: ())
31 |         let secondChild = NavigationControllerCoordinatorMock(presenter: UIView(), dependencies: ())
   |                                                              `- error: incorrect argument labels in call (have 'presenter:dependencies:', expected '_:presentedBy:parent:children:')
32 |
33 |         let sut = CoordinatorProtocolMock(children: firstChild, secondChild)
/Users/admin/builder/spi-builder-workspace/Tests/CoordinatorTests/SequenceCoordinatorProtocolTests.swift:42:9: error: type 'Any' cannot conform to 'Equatable' [#ProtocolTypeNonConformance]
40 |         // Then: no children are left
41 |         XCTAssertEqual(sut.children.count, 2)
42 |         XCTAssertEqual(result, [secondChild])
   |         |- error: type 'Any' cannot conform to 'Equatable' [#ProtocolTypeNonConformance]
   |         |- note: only concrete types such as structs, enums and classes can conform to protocols
   |         `- note: requirement from conditional conformance of '[Any]' to 'Equatable'
43 |     }
44 |
/Users/admin/builder/spi-builder-workspace/Tests/CoordinatorTests/SequenceCoordinatorProtocolTests.swift:47:56: error: incorrect argument labels in call (have 'presenter:dependencies:', expected '_:presentedBy:parent:children:')
45 |     func testWhenLoopForEachNavigationControllerCoordinatorMockThenExecutionCountIsOne() {
46 |         // Given: coordinator protocol mock with two children of different types
47 |         let firstChild  = ViewControllerCoordinatorMock(presenter: UIView(), dependencies: ())
   |                                                        `- error: incorrect argument labels in call (have 'presenter:dependencies:', expected '_:presentedBy:parent:children:')
48 |         let secondChild = NavigationControllerCoordinatorMock(presenter: UIView(), dependencies: ())
49 |
/Users/admin/builder/spi-builder-workspace/Tests/CoordinatorTests/SequenceCoordinatorProtocolTests.swift:48:62: error: incorrect argument labels in call (have 'presenter:dependencies:', expected '_:presentedBy:parent:children:')
46 |         // Given: coordinator protocol mock with two children of different types
47 |         let firstChild  = ViewControllerCoordinatorMock(presenter: UIView(), dependencies: ())
48 |         let secondChild = NavigationControllerCoordinatorMock(presenter: UIView(), dependencies: ())
   |                                                              `- error: incorrect argument labels in call (have 'presenter:dependencies:', expected '_:presentedBy:parent:children:')
49 |
50 |         let sut = CoordinatorProtocolMock(children: firstChild, secondChild)
[#ProtocolTypeNonConformance]: <https://docs.swift.org/compiler/documentation/diagnostics/protocol-type-non-conformance>
Failed frontend command:
/Applications/Xcode-27.0.0-Release.Candidate.app/Contents/Developer/Toolchains/XcodeDefault.xctoolchain/usr/bin/swift-frontend -frontend -c /Users/admin/builder/spi-builder-workspace/Tests/CoordinatorTests/CoordinatorTests.swift /Users/admin/builder/spi-builder-workspace/Tests/CoordinatorTests/Mocks/ContainerViewControllerCoordinatorMock.swift /Users/admin/builder/spi-builder-workspace/Tests/CoordinatorTests/Mocks/CoordinatorProtocolMock.swift /Users/admin/builder/spi-builder-workspace/Tests/CoordinatorTests/Mocks/NavigationControllerCoordinatorMock.swift /Users/admin/builder/spi-builder-workspace/Tests/CoordinatorTests/Mocks/ViewControllerCoordinatorMock.swift /Users/admin/builder/spi-builder-workspace/Tests/CoordinatorTests/Mocks/WindowCoordinatorMock.swift -primary-file /Users/admin/builder/spi-builder-workspace/Tests/CoordinatorTests/SequenceCoordinatorProtocolTests.swift /Users/admin/builder/spi-builder-workspace/Tests/CoordinatorTests/StartableProtocolCoordinatorProtocolTests.swift -emit-dependencies-path /Users/admin/builder/spi-builder-workspace/.derivedData/Build/Intermediates.noindex/Coordinator.build/Debug-xros/CoordinatorTests-p.build/Objects-normal/arm64/SequenceCoordinatorProtocolTests.d -emit-const-values-path /Users/admin/builder/spi-builder-workspace/.derivedData/Build/Intermediates.noindex/Coordinator.build/Debug-xros/CoordinatorTests-p.build/Objects-normal/arm64/SequenceCoordinatorProtocolTests.swiftconstvalues -emit-reference-dependencies-path /Users/admin/builder/spi-builder-workspace/.derivedData/Build/Intermediates.noindex/Coordinator.build/Debug-xros/CoordinatorTests-p.build/Objects-normal/arm64/SequenceCoordinatorProtocolTests.swiftdeps -serialize-diagnostics-path /Users/admin/builder/spi-builder-workspace/.derivedData/Build/Intermediates.noindex/Coordinator.build/Debug-xros/CoordinatorTests-p.build/Objects-normal/arm64/SequenceCoordinatorProtocolTests.dia -target arm64-apple-xros1.0 -disable-cross-import-overlay-search -load-resolved-plugin /Applications/Xcode-27.0.0-Release.Candidate.app/Contents/Developer/Platforms/XROS.platform/Developer/usr/lib/swift/host/plugins/libFoundationMacros.dylib\#/Applications/Xcode-27.0.0-Release.Candidate.app/Contents/Developer/Platforms/XROS.platform/Developer/usr/bin/swift-plugin-server\#FoundationMacros -load-resolved-plugin /Applications/Xcode-27.0.0-Release.Candidate.app/Contents/Developer/Platforms/XROS.platform/Developer/usr/lib/swift/host/plugins/libObservationMacros.dylib\#/Applications/Xcode-27.0.0-Release.Candidate.app/Contents/Developer/Platforms/XROS.platform/Developer/usr/bin/swift-plugin-server\#ObservationMacros -load-resolved-plugin /Applications/Xcode-27.0.0-Release.Candidate.app/Contents/Developer/Platforms/XROS.platform/Developer/usr/lib/swift/host/plugins/libPreviewsMacros.dylib\#/Applications/Xcode-27.0.0-Release.Candidate.app/Contents/Developer/Platforms/XROS.platform/Developer/usr/bin/swift-plugin-server\#PreviewsMacros -load-resolved-plugin /Applications/Xcode-27.0.0-Release.Candidate.app/Contents/Developer/Platforms/XROS.platform/Developer/usr/lib/swift/host/plugins/libSwiftMacros.dylib\#/Applications/Xcode-27.0.0-Release.Candidate.app/Contents/Developer/Platforms/XROS.platform/Developer/usr/bin/swift-plugin-server\#SwiftMacros -load-resolved-plugin /Applications/Xcode-27.0.0-Release.Candidate.app/Contents/Developer/Platforms/XROS.platform/Developer/usr/lib/swift/host/plugins/libSwiftUIMacros.dylib\#/Applications/Xcode-27.0.0-Release.Candidate.app/Contents/Developer/Platforms/XROS.platform/Developer/usr/bin/swift-plugin-server\#SwiftUIMacros -disable-implicit-swift-modules -Xcc -fno-implicit-modules -Xcc -fno-implicit-module-maps -explicit-swift-module-map-file /Users/admin/builder/spi-builder-workspace/.derivedData/Build/Intermediates.noindex/Coordinator.build/Debug-xros/CoordinatorTests-p.build/Objects-normal/arm64/CoordinatorTests-dependencies-1.json -Xllvm -aarch64-use-tbi -enable-objc-interop -stack-check -sdk /Applications/Xcode-27.0.0-Release.Candidate.app/Contents/Developer/Platforms/XROS.platform/Developer/SDKs/XROS27.0.sdk -I /Users/admin/builder/spi-builder-workspace/.derivedData/Build/Products/Debug-xros -Isystem /Applications/Xcode-27.0.0-Release.Candidate.app/Contents/Developer/Platforms/XROS.platform/Developer/usr/lib -F /Users/admin/builder/spi-builder-workspace/.derivedData/Build/Products/Debug-xros/PackageFrameworks -F /Users/admin/builder/spi-builder-workspace/.derivedData/Build/Products/Debug-xros -F /Applications/Xcode-27.0.0-Release.Candidate.app/Contents/Developer/Platforms/XROS.platform/Developer/Library/Frameworks -F /Applications/Xcode-27.0.0-Release.Candidate.app/Contents/Developer/Platforms/XROS.platform/Developer/SDKs/XROS27.0.sdk/Developer/Library/Frameworks -module-cache-path /Users/admin/builder/spi-builder-workspace/.derivedData/Build/Intermediates.noindex/SwiftExplicitPrecompiledModules -no-color-diagnostics -Xcc -fno-color-diagnostics -enable-testing -g -debug-info-format\=dwarf -dwarf-version\=4 -profile-generate -profile-coverage-mapping -swift-version 5 -Onone -D SWIFT_PACKAGE -D DEBUG -D Xcode -serialize-debugging-options -enable-experimental-feature DebugDescriptionMacro -empty-abi-descriptor -validate-clang-modules-once -clang-build-session-file /Users/admin/builder/spi-builder-workspace/.derivedData/ModuleCache.noindex/Session.modulevalidation -Xcc -working-directory -Xcc /Users/admin/builder/spi-builder-workspace/.swiftpm/xcode -enable-anonymous-context-mangled-names -file-compilation-dir /Users/admin/builder/spi-builder-workspace/.swiftpm/xcode -Xcc -D_LIBCPP_HARDENING_MODE\=_LIBCPP_HARDENING_MODE_DEBUG -Xcc -ivfsstatcache -Xcc /Users/admin/builder/spi-builder-workspace/.derivedData/SDKStatCaches.noindex/xros27.0-24M361-e829b21a6f8c9b70876ba0858053c044735bd543db762f57723cac368afd1ce4.sdkstatcache -Xcc -fmodules-prune-interval\=86400 -Xcc -fmodules-prune-after\=345600 -Xcc -I/Users/admin/builder/spi-builder-workspace/.derivedData/Build/Products/Debug-xros/include -Xcc -I/Users/admin/builder/spi-builder-workspace/.derivedData/Build/Intermediates.noindex/Coordinator.build/Debug-xros/CoordinatorTests-p.build/DerivedSources-normal/arm64 -Xcc -I/Users/admin/builder/spi-builder-workspace/.derivedData/Build/Intermediates.noindex/Coordinator.build/Debug-xros/CoordinatorTests-p.build/DerivedSources/arm64 -Xcc -I/Users/admin/builder/spi-builder-workspace/.derivedData/Build/Intermediates.noindex/Coordinator.build/Debug-xros/CoordinatorTests-p.build/DerivedSources -Xcc -DSWIFT_PACKAGE -Xcc -DDEBUG\=1 -no-auto-bridging-header-chaining -module-name CoordinatorTests -const-gather-protocols-file /Users/admin/builder/spi-builder-workspace/.derivedData/Build/Intermediates.noindex/Coordinator.build/Debug-xros/CoordinatorTests-p.build/Objects-normal/arm64/CoordinatorTests_const_extract_protocols.json -disable-clang-spi -clang-target arm64-apple-xros27.0 -target-sdk-version 27.0 -target-sdk-name xros27.0 -in-process-plugin-server-path /Applications/Xcode-27.0.0-Release.Candidate.app/Contents/Developer/Toolchains/XcodeDefault.xctoolchain/usr/lib/swift/host/libSwiftInProcPluginServer.dylib -parse-as-library -o /Users/admin/builder/spi-builder-workspace/.derivedData/Build/Intermediates.noindex/Coordinator.build/Debug-xros/CoordinatorTests-p.build/Objects-normal/arm64/SequenceCoordinatorProtocolTests.o -debug-module-path /Users/admin/builder/spi-builder-workspace/.derivedData/Build/Intermediates.noindex/Coordinator.build/Debug-xros/CoordinatorTests-p.build/Objects-normal/arm64/CoordinatorTests.swiftmodule -index-unit-output-path /Coordinator.build/Debug-xros/CoordinatorTests-p.build/Objects-normal/arm64/SequenceCoordinatorProtocolTests.o -index-store-path /Users/admin/builder/spi-builder-workspace/.derivedData/Index.noindex/DataStore -index-system-modules
SwiftCompile normal arm64 /Users/admin/builder/spi-builder-workspace/Tests/CoordinatorTests/SequenceCoordinatorProtocolTests.swift (in target 'CoordinatorTests-product' from project 'Coordinator')
    cd /Users/admin/builder/spi-builder-workspace/.swiftpm/xcode
    builtin-SwiftPerFileCompile SequenceCoordinatorProtocolTests.swift
SwiftCompile normal arm64 Compiling\ StartableProtocolCoordinatorProtocolTests.swift /Users/admin/builder/spi-builder-workspace/Tests/CoordinatorTests/StartableProtocolCoordinatorProtocolTests.swift (in target 'CoordinatorTests-product' from project 'Coordinator')
/Users/admin/builder/spi-builder-workspace/Tests/CoordinatorTests/StartableProtocolCoordinatorProtocolTests.swift:28:48: error: incorrect argument labels in call (have 'presenter:dependencies:', expected '_:presentedBy:parent:children:')
 26 |     func testStartContainerViewControllerCoordinatorPresentingFromViewControllerCoordinatorThenIsPresented() {
 27 |         // Given: view controller coordinator
 28 |         let sut = ViewControllerCoordinatorMock(presenter: UIView(), dependencies: ())
    |                                                `- error: incorrect argument labels in call (have 'presenter:dependencies:', expected '_:presentedBy:parent:children:')
 29 |
 30 |         let window = UIWindow(frame: UIScreen.main.bounds)
/Users/admin/builder/spi-builder-workspace/Tests/CoordinatorTests/StartableProtocolCoordinatorProtocolTests.swift:30:38: error: 'UIScreen' is unavailable in visionOS
 28 |         let sut = ViewControllerCoordinatorMock(presenter: UIView(), dependencies: ())
 29 |
 30 |         let window = UIWindow(frame: UIScreen.main.bounds)
    |                                      `- error: 'UIScreen' is unavailable in visionOS
 31 |         window.rootViewController = sut.start()
 32 |         window.makeKeyAndVisible()
/Applications/Xcode-27.0.0-Release.Candidate.app/Contents/Developer/Platforms/XROS.platform/Developer/SDKs/XROS27.0.sdk/System/Library/Frameworks/UIKit.framework/Headers/UIScreen.h:54:12: note: 'UIScreen' has been explicitly marked unavailable here
 52 |
 53 | UIKIT_EXTERN API_AVAILABLE(ios(2.0)) API_UNAVAILABLE(visionos, watchos) NS_SWIFT_UI_ACTOR
 54 | @interface UIScreen : NSObject <UITraitEnvironment>
    |            `- note: 'UIScreen' has been explicitly marked unavailable here
 55 |
 56 | @property(class, nonatomic, readonly) NSArray<UIScreen *> *screens API_DEPRECATED("Use UIApplication.shared.openSessions to find open sessions with scenes from other screens", ios(3.2, 16.0), visionos(1.0, 1.0)) API_UNAVAILABLE(watchos); // all screens currently attached to the device
/Users/admin/builder/spi-builder-workspace/Tests/CoordinatorTests/StartableProtocolCoordinatorProtocolTests.swift:35:59: error: incorrect argument labels in call (have 'presenter:dependencies:', expected '_:presentedBy:parent:children:')
 33 |
 34 |         // When: starts presenting child
 35 |         let child = ContainerViewControllerCoordinatorMock(presenter: UIView(), dependencies: ())
    |                                                           `- error: incorrect argument labels in call (have 'presenter:dependencies:', expected '_:presentedBy:parent:children:')
 36 |         sut.start(presenting: child, animated: false)
 37 |
/Users/admin/builder/spi-builder-workspace/Tests/CoordinatorTests/StartableProtocolCoordinatorProtocolTests.swift:46:57: error: incorrect argument labels in call (have 'presenter:dependencies:', expected '_:presentedBy:parent:children:')
 44 |     func testStartViewControllerCoordinatorPushingInNavigationControllerFromContainerViewControllerCoordinatorThenIsPushed() {
 45 |         // Given: root view controller coordinator
 46 |         let sut = ContainerViewControllerCoordinatorMock(presenter: UIView(), dependencies: ())
    |                                                         `- error: incorrect argument labels in call (have 'presenter:dependencies:', expected '_:presentedBy:parent:children:')
 47 |
 48 |         let window = UIWindow(frame: UIScreen.main.bounds)
/Users/admin/builder/spi-builder-workspace/Tests/CoordinatorTests/StartableProtocolCoordinatorProtocolTests.swift:48:38: error: 'UIScreen' is unavailable in visionOS
 46 |         let sut = ContainerViewControllerCoordinatorMock(presenter: UIView(), dependencies: ())
 47 |
 48 |         let window = UIWindow(frame: UIScreen.main.bounds)
    |                                      `- error: 'UIScreen' is unavailable in visionOS
 49 |         window.rootViewController = sut.start()
 50 |         window.makeKeyAndVisible()
/Applications/Xcode-27.0.0-Release.Candidate.app/Contents/Developer/Platforms/XROS.platform/Developer/SDKs/XROS27.0.sdk/System/Library/Frameworks/UIKit.framework/Headers/UIScreen.h:54:12: note: 'UIScreen' has been explicitly marked unavailable here
 52 |
 53 | UIKIT_EXTERN API_AVAILABLE(ios(2.0)) API_UNAVAILABLE(visionos, watchos) NS_SWIFT_UI_ACTOR
 54 | @interface UIScreen : NSObject <UITraitEnvironment>
    |            `- note: 'UIScreen' has been explicitly marked unavailable here
 55 |
 56 | @property(class, nonatomic, readonly) NSArray<UIScreen *> *screens API_DEPRECATED("Use UIApplication.shared.openSessions to find open sessions with scenes from other screens", ios(3.2, 16.0), visionos(1.0, 1.0)) API_UNAVAILABLE(watchos); // all screens currently attached to the device
/Users/admin/builder/spi-builder-workspace/Tests/CoordinatorTests/StartableProtocolCoordinatorProtocolTests.swift:56:50: error: incorrect argument labels in call (have 'presenter:dependencies:', expected '_:presentedBy:parent:children:')
 54 |         sut.start().present(navigationController, animated: false)
 55 |
 56 |         let child = ViewControllerCoordinatorMock(presenter: UIView(), dependencies: ())
    |                                                  `- error: incorrect argument labels in call (have 'presenter:dependencies:', expected '_:presentedBy:parent:children:')
 57 |
 58 |         sut.start(pushing: child, in: navigationController, animated: false)
/Users/admin/builder/spi-builder-workspace/Tests/CoordinatorTests/StartableProtocolCoordinatorProtocolTests.swift:69:54: error: incorrect argument labels in call (have 'presenter:dependencies:', expected '_:presentedBy:parent:children:')
 67 |     func testStartViewControllerCoordinatorPushingFromNavigationControllerCoordinatorStartThenIsPushed() {
 68 |         // Given: navigation view controller coordinator
 69 |         let sut = NavigationControllerCoordinatorMock(presenter: UIView(), dependencies: ())
    |                                                      `- error: incorrect argument labels in call (have 'presenter:dependencies:', expected '_:presentedBy:parent:children:')
 70 |
 71 |         let window = UIWindow(frame: UIScreen.main.bounds)
/Users/admin/builder/spi-builder-workspace/Tests/CoordinatorTests/StartableProtocolCoordinatorProtocolTests.swift:71:38: error: 'UIScreen' is unavailable in visionOS
 69 |         let sut = NavigationControllerCoordinatorMock(presenter: UIView(), dependencies: ())
 70 |
 71 |         let window = UIWindow(frame: UIScreen.main.bounds)
    |                                      `- error: 'UIScreen' is unavailable in visionOS
 72 |         window.rootViewController = sut.start()
 73 |         window.makeKeyAndVisible()
/Applications/Xcode-27.0.0-Release.Candidate.app/Contents/Developer/Platforms/XROS.platform/Developer/SDKs/XROS27.0.sdk/System/Library/Frameworks/UIKit.framework/Headers/UIScreen.h:54:12: note: 'UIScreen' has been explicitly marked unavailable here
 52 |
 53 | UIKIT_EXTERN API_AVAILABLE(ios(2.0)) API_UNAVAILABLE(visionos, watchos) NS_SWIFT_UI_ACTOR
 54 | @interface UIScreen : NSObject <UITraitEnvironment>
    |            `- note: 'UIScreen' has been explicitly marked unavailable here
 55 |
 56 | @property(class, nonatomic, readonly) NSArray<UIScreen *> *screens API_DEPRECATED("Use UIApplication.shared.openSessions to find open sessions with scenes from other screens", ios(3.2, 16.0), visionos(1.0, 1.0)) API_UNAVAILABLE(watchos); // all screens currently attached to the device
SwiftCompile normal arm64 /Users/admin/builder/spi-builder-workspace/Tests/CoordinatorTests/StartableProtocolCoordinatorProtocolTests.swift (in target 'CoordinatorTests-product' from project 'Coordinator')
    cd /Users/admin/builder/spi-builder-workspace/.swiftpm/xcode
    builtin-SwiftPerFileCompile StartableProtocolCoordinatorProtocolTests.swift
PruneExplicitPrecompiledModules /Users/admin/builder/spi-builder-workspace/.derivedData/Build/Intermediates.noindex/SwiftExplicitPrecompiledModules
PruneExplicitPrecompiledModules /Users/admin/builder/spi-builder-workspace/.derivedData/SDKExplicitPrecompiledModules
PruneExplicitPrecompiledModules /Users/admin/builder/spi-builder-workspace/.derivedData/Build/Intermediates.noindex/ExplicitPrecompiledModules
2026-09-19 01:25:54.120 xcodebuild[807:5062] [MT] IDERunDestination: Supported platforms for the buildables in the current scheme is empty.
2026-09-19 01:25:54.223 xcodebuild[807:5062] [MT] IDERunDestination: Supported platforms for the buildables in the current scheme is empty.
** BUILD FAILED **
The following build commands failed:
	SwiftCompile normal arm64 Compiling\ SequenceCoordinatorProtocolTests.swift /Users/admin/builder/spi-builder-workspace/Tests/CoordinatorTests/SequenceCoordinatorProtocolTests.swift (in target 'CoordinatorTests-product' from project 'Coordinator')
	SwiftCompile normal arm64 /Users/admin/builder/spi-builder-workspace/Tests/CoordinatorTests/SequenceCoordinatorProtocolTests.swift (in target 'CoordinatorTests-product' from project 'Coordinator')
	Building workspace Coordinator with scheme Coordinator-Package
(3 failures)
BUILD FAILURE 6.4 visionOS