Build Information
Failed to build swift-macro-state-struct, reference main (f19ad3), with Swift 6.4 for watchOS using Xcode 27.0 on 23 Sep 2026 02:27:32 UTC.
Build Command
env DEVELOPER_DIR=/Applications/Xcode-27.0.0-Release.Candidate.app xcrun xcodebuild -IDEClonedSourcePackagesDirPathOverride=$PWD/.dependencies -skipMacroValidation -skipPackagePluginValidation -derivedDataPath $PWD/.derivedData build -scheme swift-macro-state-struct -destination generic/platform=watchOSBuild Log
========================================
RunAll
========================================
Builder version: 5.1.0
Interrupt handler set up.
========================================
Checkout
========================================
Clone URL: https://github.com/VergeGroup/swift-macro-state-struct.git
Reference: main
Initialized empty Git repository in /Users/admin/builder/spi-builder-workspace/.git/
From https://github.com/VergeGroup/swift-macro-state-struct
* branch main -> FETCH_HEAD
* [new branch] main -> origin/main
HEAD is now at f19ad30 Update swift-syntax version constraint to range 600.0.0..<603.0.0 (#43)
Cloned https://github.com/VergeGroup/swift-macro-state-struct.git
Revision (git rev-parse @):
f19ad3018ad718f9af725cbbc66a9d87f78d4780
SPI manifest file found: $PWD/.spi.yml
SUCCESS checkout https://github.com/VergeGroup/swift-macro-state-struct.git at main
========================================
Build
========================================
Selected platform: watchOS
Swift version: 6.4
Building package at path: $PWD
https://github.com/VergeGroup/swift-macro-state-struct.git
Command line invocation:
/Applications/Xcode-27.0.0-Release.Candidate.app/Contents/Developer/usr/bin/xcodebuild -IDEClonedSourcePackagesDirPathOverride=/Users/admin/builder/spi-builder-workspace/.dependencies -resolvePackageDependencies
Resolve Package Graph
Fetching from https://github.com/swiftlang/swift-syntax.git
Fetching from https://github.com/pointfreeco/swift-macro-testing.git
Fetching from https://github.com/pointfreeco/swift-snapshot-testing
Fetching from https://github.com/pointfreeco/swift-custom-dump
Fetching from https://github.com/pointfreeco/swift-issue-reporting
Creating working copy of package ‘swift-macro-testing’
Checking out 0.7.0 of package ‘swift-macro-testing’
Creating working copy of package ‘swift-custom-dump’
Checking out 1.7.3 of package ‘swift-custom-dump’
Creating working copy of package ‘swift-snapshot-testing’
Checking out 1.19.6 of package ‘swift-snapshot-testing’
Creating working copy of package ‘swift-syntax’
Checking out 602.0.0 of package ‘swift-syntax’
Creating working copy of package ‘swift-issue-reporting’
Checking out 2.1.1 of package ‘swift-issue-reporting’
Downloading package prebuilt https://download.swift.org/prebuilts/swift-syntax/602.0.0/swiftlang-6.4.0.34.1-macosx27.0-MacroSupport.zip
Resolve Package Graph
Resolve Package Graph
Resolved source packages:
swift-snapshot-testing: https://github.com/pointfreeco/swift-snapshot-testing @ 1.19.6
swift-custom-dump: https://github.com/pointfreeco/swift-custom-dump @ 1.7.3
swift-macro-testing: https://github.com/pointfreeco/swift-macro-testing.git @ 0.7.0
swift-issue-reporting: https://github.com/pointfreeco/swift-issue-reporting @ 2.1.1
swift-macro-state-struct: /Users/admin/builder/spi-builder-workspace
swift-syntax: https://github.com/swiftlang/swift-syntax.git @ 602.0.0
resolved source packages: swift-snapshot-testing, swift-custom-dump, swift-macro-testing, swift-issue-reporting, swift-macro-state-struct, swift-syntax
2026-09-22 22:26:34.049 xcodebuild[525:3000] [MT] IDERunDestination: Supported platforms for the buildables in the current scheme is empty.
{
"dependencies" : [
{
"identity" : "swift-syntax",
"requirement" : {
"range" : [
{
"lower_bound" : "600.0.0",
"upper_bound" : "603.0.0"
}
]
},
"type" : "sourceControl",
"url" : "https://github.com/swiftlang/swift-syntax.git"
},
{
"identity" : "swift-macro-testing",
"requirement" : {
"range" : [
{
"lower_bound" : "0.5.2",
"upper_bound" : "1.0.0"
}
]
},
"type" : "sourceControl",
"url" : "https://github.com/pointfreeco/swift-macro-testing.git"
}
],
"manifest_display_name" : "swift-macro-state-struct",
"name" : "swift-macro-state-struct",
"path" : "/Users/admin/builder/spi-builder-workspace",
"platforms" : [
{
"name" : "macos",
"version" : "13.0"
},
{
"name" : "ios",
"version" : "16.0"
},
{
"name" : "tvos",
"version" : "13.0"
},
{
"name" : "watchos",
"version" : "6.0"
},
{
"name" : "maccatalyst",
"version" : "13.0"
}
],
"products" : [
{
"name" : "StateStruct",
"targets" : [
"StateStruct"
],
"type" : {
"library" : [
"automatic"
]
}
},
{
"name" : "StateStructMacros",
"targets" : [
"StateStructMacros"
],
"type" : {
"macro" : null
}
}
],
"swift_languages_versions" : [
"6"
],
"targets" : [
{
"c99name" : "StateStructTests",
"module_type" : "SwiftTarget",
"name" : "StateStructTests",
"path" : "Tests/StateStructTests",
"sources" : [
"AccessorTests.swift",
"CopyOnWriteTests.swift",
"DidSetTests.swift",
"EquatableTests.swift",
"GraphTests.swift",
"HeavyStructCopyTests.swift",
"MyState.swift",
"PropertyWrappers.swift",
"TrackingExistential.swift",
"TrackingTests.swift",
"UpdatingTests.swift"
],
"target_dependencies" : [
"StateStruct"
],
"type" : "test"
},
{
"c99name" : "StateStructMacros",
"module_type" : "SwiftTarget",
"name" : "StateStructMacros",
"path" : "Sources/StateStructMacros",
"product_dependencies" : [
"SwiftSyntaxMacros",
"SwiftCompilerPlugin"
],
"product_memberships" : [
"StateStruct",
"StateStructMacros"
],
"sources" : [
"COWTrackingPropertyMacro.swift",
"KnownTypes.swift",
"Plugin.swift",
"PrimitiveTrackingPropertyMacro.swift",
"TrackingIgnoredMacro.swift",
"TrackingMacro.swift"
],
"type" : "macro"
},
{
"c99name" : "StateStructMacroTests",
"module_type" : "SwiftTarget",
"name" : "StateStructMacroTests",
"path" : "Tests/StateStructMacroTests",
"product_dependencies" : [
"MacroTesting",
"SwiftSyntaxMacrosTestSupport"
],
"sources" : [
"COWTrackingProperyMacroTests.swift",
"TrackingMacroTests.swift"
],
"target_dependencies" : [
"StateStructMacros"
],
"type" : "test"
},
{
"c99name" : "StateStruct",
"module_type" : "SwiftTarget",
"name" : "StateStruct",
"path" : "Sources/StateStruct",
"product_memberships" : [
"StateStruct"
],
"sources" : [
"Array+modify.swift",
"CopyOnWrite.swift",
"PropertyNode.swift",
"PropertyPath.swift",
"Referencing.swift",
"Source.swift",
"TrackingObject.swift",
"TrackingResult.swift",
"TrackingRuntime.swift",
"_TrackingContext.swift"
],
"target_dependencies" : [
"StateStructMacros"
],
"type" : "library"
}
],
"tools_version" : "6.0"
}
{
"workspace" : {
"name" : "swift-macro-state-struct",
"schemes" : [
"swift-macro-state-struct"
]
}
}
2026-09-22 22:27:08.489 xcodebuild[838:4894] [MT] IDERunDestination: Supported platforms for the buildables in the current scheme is empty.
Running build ...
env DEVELOPER_DIR=/Applications/Xcode-27.0.0-Release.Candidate.app xcrun xcodebuild -IDEClonedSourcePackagesDirPathOverride=$PWD/.dependencies -skipMacroValidation -skipPackagePluginValidation -derivedDataPath $PWD/.derivedData build -scheme swift-macro-state-struct -destination generic/platform=watchOS
Command line invocation:
/Applications/Xcode-27.0.0-Release.Candidate.app/Contents/Developer/usr/bin/xcodebuild -IDEClonedSourcePackagesDirPathOverride=/Users/admin/builder/spi-builder-workspace/.dependencies -skipMacroValidation -skipPackagePluginValidation -derivedDataPath /Users/admin/builder/spi-builder-workspace/.derivedData build -scheme swift-macro-state-struct -destination generic/platform=watchOS
Resolve Package Graph
Resolve Package Graph
Resolved source packages:
swift-syntax: https://github.com/swiftlang/swift-syntax.git @ 602.0.0
swift-snapshot-testing: https://github.com/pointfreeco/swift-snapshot-testing @ 1.19.6
swift-issue-reporting: https://github.com/pointfreeco/swift-issue-reporting @ 2.1.1
swift-macro-testing: https://github.com/pointfreeco/swift-macro-testing.git @ 0.7.0
swift-macro-state-struct: /Users/admin/builder/spi-builder-workspace
swift-custom-dump: https://github.com/pointfreeco/swift-custom-dump @ 1.7.3
ComputePackagePrebuildTargetDependencyGraph
Prepare packages
CreateBuildRequest
SendProjectDescription
CreateBuildOperation
ComputeTargetDependencyGraph
note: Building targets in dependency order
note: Target dependency graph (3 targets)
Target 'StateStruct-product' in project 'swift-macro-state-struct'
➜ Explicit dependency on target 'StateStruct' in project 'swift-macro-state-struct'
➜ Explicit dependency on target 'StateStructMacros' in project 'swift-macro-state-struct'
Target 'StateStruct' in project 'swift-macro-state-struct'
➜ Explicit dependency on target 'StateStructMacros' in project 'swift-macro-state-struct'
Target 'StateStructMacros' in project 'swift-macro-state-struct' (no dependencies)
GatherProvisioningInputs
CreateBuildDescription
ExecuteExternalTool /Applications/Xcode-27.0.0-Release.Candidate.app/Contents/Developer/Toolchains/XcodeDefault.xctoolchain/usr/bin/clang -v -E -dM -isysroot /Applications/Xcode-27.0.0-Release.Candidate.app/Contents/Developer/Platforms/MacOSX.platform/Developer/SDKs/MacOSX27.0.sdk -x c -c /dev/null
ExecuteExternalTool /Applications/Xcode-27.0.0-Release.Candidate.app/Contents/Developer/Toolchains/XcodeDefault.xctoolchain/usr/bin/swiftc --version
ExecuteExternalTool /Applications/Xcode-27.0.0-Release.Candidate.app/Contents/Developer/Toolchains/XcodeDefault.xctoolchain/usr/bin/clang -v -E -dM -isysroot /Applications/Xcode-27.0.0-Release.Candidate.app/Contents/Developer/Platforms/WatchOS.platform/Developer/SDKs/WatchOS27.0.sdk -x c -c /dev/null
ExecuteExternalTool /Applications/Xcode-27.0.0-Release.Candidate.app/Contents/Developer/Toolchains/XcodeDefault.xctoolchain/usr/bin/ld -version_details
ReadFileContents /Applications/Xcode-27.0.0-Release.Candidate.app/Contents/Developer/Toolchains/XcodeDefault.xctoolchain/usr/share/docc/features.json
Build description signature: 9024c95c9131782a5908d6870e74c2d1
Build description path: /Users/admin/builder/spi-builder-workspace/.derivedData/Build/Intermediates.noindex/XCBuildData/9024c95c9131782a5908d6870e74c2d1.xcbuilddata
CreateBuildDirectory /Users/admin/builder/spi-builder-workspace/.derivedData/SDKExplicitPrecompiledModules
cd /Users/admin/builder/spi-builder-workspace/.swiftpm/xcode
builtin-create-build-directory /Users/admin/builder/spi-builder-workspace/.derivedData/SDKExplicitPrecompiledModules
CreateBuildDirectory /Users/admin/builder/spi-builder-workspace/.derivedData/ModuleCache.noindex
cd /Users/admin/builder/spi-builder-workspace/.swiftpm/xcode
builtin-create-build-directory /Users/admin/builder/spi-builder-workspace/.derivedData/ModuleCache.noindex
CreateBuildDirectory /Users/admin/builder/spi-builder-workspace/.derivedData/CompilationCache.noindex
cd /Users/admin/builder/spi-builder-workspace/.swiftpm/xcode
builtin-create-build-directory /Users/admin/builder/spi-builder-workspace/.derivedData/CompilationCache.noindex
CreateBuildDirectory /Users/admin/builder/spi-builder-workspace/.derivedData/Build/Products
cd /Users/admin/builder/spi-builder-workspace/.swiftpm/xcode
builtin-create-build-directory /Users/admin/builder/spi-builder-workspace/.derivedData/Build/Products
CreateBuildDirectory /Users/admin/builder/spi-builder-workspace/.derivedData/Build/Intermediates.noindex
cd /Users/admin/builder/spi-builder-workspace/.swiftpm/xcode
builtin-create-build-directory /Users/admin/builder/spi-builder-workspace/.derivedData/Build/Intermediates.noindex
ClangStatCache /Applications/Xcode-27.0.0-Release.Candidate.app/Contents/Developer/Toolchains/XcodeDefault.xctoolchain/usr/bin/clang-stat-cache /Applications/Xcode-27.0.0-Release.Candidate.app/Contents/Developer/Platforms/MacOSX.platform/Developer/SDKs/MacOSX27.0.sdk /Users/admin/builder/spi-builder-workspace/.derivedData/SDKStatCaches.noindex/macosx27.0-26A425-e829b21a6f8c9b70876ba0858053c0446a22442a12e9d48fe1a705f55a1adfc4.sdkstatcache
cd /Users/admin/builder/spi-builder-workspace/.swiftpm/xcode
/Applications/Xcode-27.0.0-Release.Candidate.app/Contents/Developer/Toolchains/XcodeDefault.xctoolchain/usr/bin/clang-stat-cache /Applications/Xcode-27.0.0-Release.Candidate.app/Contents/Developer/Platforms/MacOSX.platform/Developer/SDKs/MacOSX27.0.sdk -o /Users/admin/builder/spi-builder-workspace/.derivedData/SDKStatCaches.noindex/macosx27.0-26A425-e829b21a6f8c9b70876ba0858053c0446a22442a12e9d48fe1a705f55a1adfc4.sdkstatcache
ClangStatCache /Applications/Xcode-27.0.0-Release.Candidate.app/Contents/Developer/Toolchains/XcodeDefault.xctoolchain/usr/bin/clang-stat-cache /Applications/Xcode-27.0.0-Release.Candidate.app/Contents/Developer/Platforms/WatchOS.platform/Developer/SDKs/WatchOS27.0.sdk /Users/admin/builder/spi-builder-workspace/.derivedData/SDKStatCaches.noindex/watchos27.0-24R360-e829b21a6f8c9b70876ba0858053c04477534ef55a1706bf4c1112bbb242f0a2.sdkstatcache
cd /Users/admin/builder/spi-builder-workspace/.swiftpm/xcode
/Applications/Xcode-27.0.0-Release.Candidate.app/Contents/Developer/Toolchains/XcodeDefault.xctoolchain/usr/bin/clang-stat-cache /Applications/Xcode-27.0.0-Release.Candidate.app/Contents/Developer/Platforms/WatchOS.platform/Developer/SDKs/WatchOS27.0.sdk -o /Users/admin/builder/spi-builder-workspace/.derivedData/SDKStatCaches.noindex/watchos27.0-24R360-e829b21a6f8c9b70876ba0858053c04477534ef55a1706bf4c1112bbb242f0a2.sdkstatcache
CreateBuildDirectory /Users/admin/builder/spi-builder-workspace/.derivedData/Build/Intermediates.noindex/SwiftExplicitPrecompiledModules
cd /Users/admin/builder/spi-builder-workspace/.swiftpm/xcode
builtin-create-build-directory /Users/admin/builder/spi-builder-workspace/.derivedData/Build/Intermediates.noindex/SwiftExplicitPrecompiledModules
CreateBuildDirectory /Users/admin/builder/spi-builder-workspace/.derivedData/Build/Intermediates.noindex/ExplicitPrecompiledModules
cd /Users/admin/builder/spi-builder-workspace/.swiftpm/xcode
builtin-create-build-directory /Users/admin/builder/spi-builder-workspace/.derivedData/Build/Intermediates.noindex/ExplicitPrecompiledModules
CreateBuildDirectory /Users/admin/builder/spi-builder-workspace/.derivedData/Build/Intermediates.noindex/PrecompiledHeaders
cd /Users/admin/builder/spi-builder-workspace/.swiftpm/xcode
builtin-create-build-directory /Users/admin/builder/spi-builder-workspace/.derivedData/Build/Intermediates.noindex/PrecompiledHeaders
CreateBuildDirectory /Users/admin/builder/spi-builder-workspace/.derivedData/Build/Intermediates.noindex/EagerLinkingTBDs/Debug
cd /Users/admin/builder/spi-builder-workspace/.swiftpm/xcode
builtin-create-build-directory /Users/admin/builder/spi-builder-workspace/.derivedData/Build/Intermediates.noindex/EagerLinkingTBDs/Debug
CreateBuildDirectory /Users/admin/builder/spi-builder-workspace/.derivedData/Build/Products/Debug
cd /Users/admin/builder/spi-builder-workspace/.swiftpm/xcode
builtin-create-build-directory /Users/admin/builder/spi-builder-workspace/.derivedData/Build/Products/Debug
CreateBuildDirectory /Users/admin/builder/spi-builder-workspace/.derivedData/Build/Products/Debug-watchos
cd /Users/admin/builder/spi-builder-workspace/.swiftpm/xcode
builtin-create-build-directory /Users/admin/builder/spi-builder-workspace/.derivedData/Build/Products/Debug-watchos
CreateBuildDirectory /Users/admin/builder/spi-builder-workspace/.derivedData/Build/Intermediates.noindex/EagerLinkingTBDs/Debug-watchos
cd /Users/admin/builder/spi-builder-workspace/.swiftpm/xcode
builtin-create-build-directory /Users/admin/builder/spi-builder-workspace/.derivedData/Build/Intermediates.noindex/EagerLinkingTBDs/Debug-watchos
CreateBuildDirectory /Users/admin/builder/spi-builder-workspace/.derivedData/Build/Products/Debug/PackageFrameworks
cd /Users/admin/builder/spi-builder-workspace/.swiftpm/xcode
builtin-create-build-directory /Users/admin/builder/spi-builder-workspace/.derivedData/Build/Products/Debug/PackageFrameworks
CreateBuildDirectory /Users/admin/builder/spi-builder-workspace/.derivedData/Build/Products/Debug-watchos/PackageFrameworks
cd /Users/admin/builder/spi-builder-workspace/.swiftpm/xcode
builtin-create-build-directory /Users/admin/builder/spi-builder-workspace/.derivedData/Build/Products/Debug-watchos/PackageFrameworks
WriteAuxiliaryFile /Users/admin/builder/spi-builder-workspace/.derivedData/Build/Intermediates.noindex/swift-macro-state-struct.build/Debug/StateStructMacros-t.build/StateStructMacros.DependencyStaticMetadataFileList (in target 'StateStructMacros' from project 'swift-macro-state-struct')
cd /Users/admin/builder/spi-builder-workspace
write-file /Users/admin/builder/spi-builder-workspace/.derivedData/Build/Intermediates.noindex/swift-macro-state-struct.build/Debug/StateStructMacros-t.build/StateStructMacros.DependencyStaticMetadataFileList
WriteAuxiliaryFile /Users/admin/builder/spi-builder-workspace/.derivedData/Build/Intermediates.noindex/swift-macro-state-struct.build/Debug/StateStructMacros-t.build/StateStructMacros.DependencyMetadataFileList (in target 'StateStructMacros' from project 'swift-macro-state-struct')
cd /Users/admin/builder/spi-builder-workspace
write-file /Users/admin/builder/spi-builder-workspace/.derivedData/Build/Intermediates.noindex/swift-macro-state-struct.build/Debug/StateStructMacros-t.build/StateStructMacros.DependencyMetadataFileList
WriteAuxiliaryFile /Users/admin/builder/spi-builder-workspace/.derivedData/Build/Intermediates.noindex/swift-macro-state-struct.build/Debug/StateStructMacros-t.build/Objects-normal/arm64/StateStructMacros.SwiftFileList (in target 'StateStructMacros' from project 'swift-macro-state-struct')
cd /Users/admin/builder/spi-builder-workspace
write-file /Users/admin/builder/spi-builder-workspace/.derivedData/Build/Intermediates.noindex/swift-macro-state-struct.build/Debug/StateStructMacros-t.build/Objects-normal/arm64/StateStructMacros.SwiftFileList
WriteAuxiliaryFile /Users/admin/builder/spi-builder-workspace/.derivedData/Build/Intermediates.noindex/swift-macro-state-struct.build/Debug/StateStructMacros-t.build/Objects-normal/arm64/StateStructMacros-OutputFileMap.json (in target 'StateStructMacros' from project 'swift-macro-state-struct')
cd /Users/admin/builder/spi-builder-workspace
write-file /Users/admin/builder/spi-builder-workspace/.derivedData/Build/Intermediates.noindex/swift-macro-state-struct.build/Debug/StateStructMacros-t.build/Objects-normal/arm64/StateStructMacros-OutputFileMap.json
WriteAuxiliaryFile /Users/admin/builder/spi-builder-workspace/.derivedData/Build/Intermediates.noindex/swift-macro-state-struct.build/Debug/StateStructMacros-t.build/Objects-normal/arm64/StateStructMacros.LinkFileList (in target 'StateStructMacros' from project 'swift-macro-state-struct')
cd /Users/admin/builder/spi-builder-workspace
write-file /Users/admin/builder/spi-builder-workspace/.derivedData/Build/Intermediates.noindex/swift-macro-state-struct.build/Debug/StateStructMacros-t.build/Objects-normal/arm64/StateStructMacros.LinkFileList
WriteAuxiliaryFile /Users/admin/builder/spi-builder-workspace/.derivedData/Build/Intermediates.noindex/swift-macro-state-struct.build/Debug/StateStructMacros-t.build/Objects-normal/arm64/StateStructMacros_const_extract_protocols.json (in target 'StateStructMacros' from project 'swift-macro-state-struct')
cd /Users/admin/builder/spi-builder-workspace
write-file /Users/admin/builder/spi-builder-workspace/.derivedData/Build/Intermediates.noindex/swift-macro-state-struct.build/Debug/StateStructMacros-t.build/Objects-normal/arm64/StateStructMacros_const_extract_protocols.json
WriteAuxiliaryFile /Users/admin/builder/spi-builder-workspace/.derivedData/Build/Intermediates.noindex/swift-macro-state-struct.build/Debug-watchos/StateStruct-t.build/StateStruct.modulemap (in target 'StateStruct' from project 'swift-macro-state-struct')
cd /Users/admin/builder/spi-builder-workspace
write-file /Users/admin/builder/spi-builder-workspace/.derivedData/Build/Intermediates.noindex/swift-macro-state-struct.build/Debug-watchos/StateStruct-t.build/StateStruct.modulemap
WriteAuxiliaryFile /Users/admin/builder/spi-builder-workspace/.derivedData/Build/Intermediates.noindex/swift-macro-state-struct.build/Debug-watchos/StateStruct-t.build/StateStruct.DependencyStaticMetadataFileList (in target 'StateStruct' from project 'swift-macro-state-struct')
cd /Users/admin/builder/spi-builder-workspace
write-file /Users/admin/builder/spi-builder-workspace/.derivedData/Build/Intermediates.noindex/swift-macro-state-struct.build/Debug-watchos/StateStruct-t.build/StateStruct.DependencyStaticMetadataFileList
WriteAuxiliaryFile /Users/admin/builder/spi-builder-workspace/.derivedData/Build/Intermediates.noindex/swift-macro-state-struct.build/Debug-watchos/StateStruct-t.build/StateStruct.DependencyMetadataFileList (in target 'StateStruct' from project 'swift-macro-state-struct')
cd /Users/admin/builder/spi-builder-workspace
write-file /Users/admin/builder/spi-builder-workspace/.derivedData/Build/Intermediates.noindex/swift-macro-state-struct.build/Debug-watchos/StateStruct-t.build/StateStruct.DependencyMetadataFileList
WriteAuxiliaryFile /Users/admin/builder/spi-builder-workspace/.derivedData/Build/Intermediates.noindex/swift-macro-state-struct.build/Debug-watchos/StateStruct-t.build/Objects-normal/arm64_32/StateStruct.SwiftConstValuesFileList (in target 'StateStruct' from project 'swift-macro-state-struct')
cd /Users/admin/builder/spi-builder-workspace
write-file /Users/admin/builder/spi-builder-workspace/.derivedData/Build/Intermediates.noindex/swift-macro-state-struct.build/Debug-watchos/StateStruct-t.build/Objects-normal/arm64_32/StateStruct.SwiftConstValuesFileList
WriteAuxiliaryFile /Users/admin/builder/spi-builder-workspace/.derivedData/Build/Intermediates.noindex/swift-macro-state-struct.build/Debug-watchos/StateStruct-t.build/Objects-normal/arm64_32/StateStruct_const_extract_protocols.json (in target 'StateStruct' from project 'swift-macro-state-struct')
cd /Users/admin/builder/spi-builder-workspace
write-file /Users/admin/builder/spi-builder-workspace/.derivedData/Build/Intermediates.noindex/swift-macro-state-struct.build/Debug-watchos/StateStruct-t.build/Objects-normal/arm64_32/StateStruct_const_extract_protocols.json
WriteAuxiliaryFile /Users/admin/builder/spi-builder-workspace/.derivedData/Build/Intermediates.noindex/swift-macro-state-struct.build/Debug-watchos/StateStruct-t.build/Objects-normal/arm64_32/StateStruct.SwiftFileList (in target 'StateStruct' from project 'swift-macro-state-struct')
cd /Users/admin/builder/spi-builder-workspace
write-file /Users/admin/builder/spi-builder-workspace/.derivedData/Build/Intermediates.noindex/swift-macro-state-struct.build/Debug-watchos/StateStruct-t.build/Objects-normal/arm64_32/StateStruct.SwiftFileList
WriteAuxiliaryFile /Users/admin/builder/spi-builder-workspace/.derivedData/Build/Intermediates.noindex/swift-macro-state-struct.build/Debug-watchos/StateStruct-t.build/Objects-normal/arm64_32/StateStruct.LinkFileList (in target 'StateStruct' from project 'swift-macro-state-struct')
cd /Users/admin/builder/spi-builder-workspace
write-file /Users/admin/builder/spi-builder-workspace/.derivedData/Build/Intermediates.noindex/swift-macro-state-struct.build/Debug-watchos/StateStruct-t.build/Objects-normal/arm64_32/StateStruct.LinkFileList
WriteAuxiliaryFile /Users/admin/builder/spi-builder-workspace/.derivedData/Build/Intermediates.noindex/swift-macro-state-struct.build/Debug-watchos/StateStruct-t.build/Objects-normal/arm64_32/StateStruct-OutputFileMap.json (in target 'StateStruct' from project 'swift-macro-state-struct')
cd /Users/admin/builder/spi-builder-workspace
write-file /Users/admin/builder/spi-builder-workspace/.derivedData/Build/Intermediates.noindex/swift-macro-state-struct.build/Debug-watchos/StateStruct-t.build/Objects-normal/arm64_32/StateStruct-OutputFileMap.json
WriteAuxiliaryFile /Users/admin/builder/spi-builder-workspace/.derivedData/Build/Intermediates.noindex/swift-macro-state-struct.build/Debug-watchos/StateStruct-t.build/Objects-normal/arm64/StateStruct_const_extract_protocols.json (in target 'StateStruct' from project 'swift-macro-state-struct')
cd /Users/admin/builder/spi-builder-workspace
write-file /Users/admin/builder/spi-builder-workspace/.derivedData/Build/Intermediates.noindex/swift-macro-state-struct.build/Debug-watchos/StateStruct-t.build/Objects-normal/arm64/StateStruct_const_extract_protocols.json
WriteAuxiliaryFile /Users/admin/builder/spi-builder-workspace/.derivedData/Build/Intermediates.noindex/swift-macro-state-struct.build/Debug-watchos/StateStruct-t.build/Objects-normal/arm64/StateStruct.SwiftFileList (in target 'StateStruct' from project 'swift-macro-state-struct')
cd /Users/admin/builder/spi-builder-workspace
write-file /Users/admin/builder/spi-builder-workspace/.derivedData/Build/Intermediates.noindex/swift-macro-state-struct.build/Debug-watchos/StateStruct-t.build/Objects-normal/arm64/StateStruct.SwiftFileList
WriteAuxiliaryFile /Users/admin/builder/spi-builder-workspace/.derivedData/Build/Intermediates.noindex/swift-macro-state-struct.build/Debug-watchos/StateStruct-t.build/Objects-normal/arm64/StateStruct.SwiftConstValuesFileList (in target 'StateStruct' from project 'swift-macro-state-struct')
cd /Users/admin/builder/spi-builder-workspace
write-file /Users/admin/builder/spi-builder-workspace/.derivedData/Build/Intermediates.noindex/swift-macro-state-struct.build/Debug-watchos/StateStruct-t.build/Objects-normal/arm64/StateStruct.SwiftConstValuesFileList
WriteAuxiliaryFile /Users/admin/builder/spi-builder-workspace/.derivedData/Build/Intermediates.noindex/swift-macro-state-struct.build/Debug-watchos/StateStruct-t.build/Objects-normal/arm64/StateStruct.LinkFileList (in target 'StateStruct' from project 'swift-macro-state-struct')
cd /Users/admin/builder/spi-builder-workspace
write-file /Users/admin/builder/spi-builder-workspace/.derivedData/Build/Intermediates.noindex/swift-macro-state-struct.build/Debug-watchos/StateStruct-t.build/Objects-normal/arm64/StateStruct.LinkFileList
WriteAuxiliaryFile /Users/admin/builder/spi-builder-workspace/.derivedData/Build/Intermediates.noindex/swift-macro-state-struct.build/Debug-watchos/StateStruct-t.build/Objects-normal/arm64/StateStruct-OutputFileMap.json (in target 'StateStruct' from project 'swift-macro-state-struct')
cd /Users/admin/builder/spi-builder-workspace
write-file /Users/admin/builder/spi-builder-workspace/.derivedData/Build/Intermediates.noindex/swift-macro-state-struct.build/Debug-watchos/StateStruct-t.build/Objects-normal/arm64/StateStruct-OutputFileMap.json
Copy /Users/admin/builder/spi-builder-workspace/.derivedData/Build/Intermediates.noindex/GeneratedModuleMaps-watchos/StateStruct.modulemap /Users/admin/builder/spi-builder-workspace/.derivedData/Build/Intermediates.noindex/swift-macro-state-struct.build/Debug-watchos/StateStruct-t.build/StateStruct.modulemap (in target 'StateStruct' from project 'swift-macro-state-struct')
cd /Users/admin/builder/spi-builder-workspace
builtin-copy -exclude .DS_Store -exclude CVS -exclude .svn -exclude .git -exclude .hg -resolve-src-symlinks /Users/admin/builder/spi-builder-workspace/.derivedData/Build/Intermediates.noindex/swift-macro-state-struct.build/Debug-watchos/StateStruct-t.build/StateStruct.modulemap /Users/admin/builder/spi-builder-workspace/.derivedData/Build/Intermediates.noindex/GeneratedModuleMaps-watchos
SwiftDriver StateStructMacros normal arm64 com.apple.xcode.tools.swift.compiler (in target 'StateStructMacros' from project 'swift-macro-state-struct')
cd /Users/admin/builder/spi-builder-workspace/.swiftpm/xcode
builtin-SwiftDriver -- /Applications/Xcode-27.0.0-Release.Candidate.app/Contents/Developer/Toolchains/XcodeDefault.xctoolchain/usr/bin/swiftc -parse-as-library -module-name StateStructMacros -Onone @/Users/admin/builder/spi-builder-workspace/.derivedData/Build/Intermediates.noindex/swift-macro-state-struct.build/Debug/StateStructMacros-t.build/Objects-normal/arm64/StateStructMacros.SwiftFileList -DSWIFT_PACKAGE -DDEBUG -DXcode -I /Users/admin/builder/spi-builder-workspace/.dependencies/prebuilts/swift-syntax/602.0.0/swiftlang-6.4.0.34.1-macosx27.0-MacroSupport/Modules -I /Users/admin/builder/spi-builder-workspace/.dependencies/checkouts/swift-syntax/Sources/_SwiftLibraryPluginProviderCShims/include -I /Users/admin/builder/spi-builder-workspace/.dependencies/checkouts/swift-syntax/Sources/_SwiftSyntaxCShims/include -plugin-path /Applications/Xcode-27.0.0-Release.Candidate.app/Contents/Developer/Toolchains/XcodeDefault.xctoolchain/usr/lib/swift/host/plugins/testing -enable-experimental-feature DebugDescriptionMacro -sdk /Applications/Xcode-27.0.0-Release.Candidate.app/Contents/Developer/Platforms/MacOSX.platform/Developer/SDKs/MacOSX27.0.sdk -target arm64-apple-macos13.0 -g -module-cache-path /Users/admin/builder/spi-builder-workspace/.derivedData/ModuleCache.noindex -Xfrontend -serialize-debugging-options -profile-coverage-mapping -profile-generate -enable-testing -index-store-path /Users/admin/builder/spi-builder-workspace/.derivedData/Index.noindex/DataStore -Xcc -D_LIBCPP_HARDENING_MODE\=_LIBCPP_HARDENING_MODE_DEBUG -swift-version 6 -I /Users/admin/builder/spi-builder-workspace/.derivedData/Build/Products/Debug -Isystem /Applications/Xcode-27.0.0-Release.Candidate.app/Contents/Developer/Platforms/MacOSX.platform/Developer/usr/lib -F /Users/admin/builder/spi-builder-workspace/.derivedData/Build/Products/Debug -F /Applications/Xcode-27.0.0-Release.Candidate.app/Contents/Developer/Platforms/MacOSX.platform/Developer/Library/Frameworks -c -j10 -enable-batch-mode -incremental -Xcc -ivfsstatcache -Xcc /Users/admin/builder/spi-builder-workspace/.derivedData/SDKStatCaches.noindex/macosx27.0-26A425-e829b21a6f8c9b70876ba0858053c0446a22442a12e9d48fe1a705f55a1adfc4.sdkstatcache -output-file-map /Users/admin/builder/spi-builder-workspace/.derivedData/Build/Intermediates.noindex/swift-macro-state-struct.build/Debug/StateStructMacros-t.build/Objects-normal/arm64/StateStructMacros-OutputFileMap.json -save-temps -no-color-diagnostics -explicit-module-build -module-cache-path /Users/admin/builder/spi-builder-workspace/.derivedData/Build/Intermediates.noindex/SwiftExplicitPrecompiledModules -clang-scanner-module-cache-path /Users/admin/builder/spi-builder-workspace/.derivedData/ModuleCache.noindex -sdk-module-cache-path /Users/admin/builder/spi-builder-workspace/.derivedData/SDKExplicitPrecompiledModules -emit-dependencies -emit-module -emit-module-path /Users/admin/builder/spi-builder-workspace/.derivedData/Build/Intermediates.noindex/swift-macro-state-struct.build/Debug/StateStructMacros-t.build/Objects-normal/arm64/StateStructMacros.swiftmodule -serialize-diagnostics -dependency-scan-serialize-diagnostics-path /Users/admin/builder/spi-builder-workspace/.derivedData/Build/Intermediates.noindex/swift-macro-state-struct.build/Debug/StateStructMacros-t.build/Objects-normal/arm64/StateStructMacros-dependency-scan.dia -validate-clang-modules-once -clang-build-session-file /Users/admin/builder/spi-builder-workspace/.derivedData/ModuleCache.noindex/Session.modulevalidation -Xcc -fmodules-prune-interval\=86400 -Xcc -fmodules-prune-after\=345600 -package-name spi_builder_workspace -emit-const-values -const-gather-protocols-list /Users/admin/builder/spi-builder-workspace/.derivedData/Build/Intermediates.noindex/swift-macro-state-struct.build/Debug/StateStructMacros-t.build/Objects-normal/arm64/StateStructMacros_const_extract_protocols.json -Xcc -I/Users/admin/builder/spi-builder-workspace/.derivedData/Build/Products/Debug/include -Xcc -I/Users/admin/builder/spi-builder-workspace/.derivedData/Build/Intermediates.noindex/swift-macro-state-struct.build/Debug/StateStructMacros-t.build/DerivedSources-normal/arm64 -Xcc -I/Users/admin/builder/spi-builder-workspace/.derivedData/Build/Intermediates.noindex/swift-macro-state-struct.build/Debug/StateStructMacros-t.build/DerivedSources/arm64 -Xcc -I/Users/admin/builder/spi-builder-workspace/.derivedData/Build/Intermediates.noindex/swift-macro-state-struct.build/Debug/StateStructMacros-t.build/DerivedSources -Xcc -DSWIFT_PACKAGE -Xcc -DDEBUG\=1 -working-directory /Users/admin/builder/spi-builder-workspace/.swiftpm/xcode -experimental-emit-module-separately -disable-cmo
SwiftExplicitDependencyGeneratePcm arm64 /Users/admin/builder/spi-builder-workspace/.derivedData/SDKExplicitPrecompiledModules/_Builtin_stddef-BRQYWAPA5F9I3AGC7LZEIAIGS.pcm
SwiftExplicitDependencyGeneratePcm arm64 /Users/admin/builder/spi-builder-workspace/.derivedData/SDKExplicitPrecompiledModules/_Builtin_stdbool-8V6HC39D8H2ZKW3GSD1KJ09A9.pcm
SwiftExplicitDependencyGeneratePcm arm64 /Users/admin/builder/spi-builder-workspace/.derivedData/SDKExplicitPrecompiledModules/SwiftShims-8117TUG7HSOLBQL517OWAROM7.pcm
SwiftExplicitDependencyGeneratePcm arm64 /Users/admin/builder/spi-builder-workspace/.derivedData/SDKExplicitPrecompiledModules/_Builtin_float-EXGUO4XEWWSRONNTP4II1R3BM.pcm
SwiftExplicitDependencyGeneratePcm arm64 /Users/admin/builder/spi-builder-workspace/.derivedData/SDKExplicitPrecompiledModules/ptrcheck-7F7OST5MV9OHXZMCIL2H6FYAO.pcm
SwiftExplicitDependencyGeneratePcm arm64 /Users/admin/builder/spi-builder-workspace/.derivedData/SDKExplicitPrecompiledModules/_SwiftConcurrencyShims-11TYQJH3GW4GGN6M952RT44S2.pcm
SwiftExplicitDependencyGeneratePcm arm64 /Users/admin/builder/spi-builder-workspace/.derivedData/SDKExplicitPrecompiledModules/ptrauth-7VGYQCV549PIPP0FHI45MYEXG.pcm
SwiftExplicitDependencyGeneratePcm arm64 /Users/admin/builder/spi-builder-workspace/.derivedData/SDKExplicitPrecompiledModules/_Builtin_stdarg-DVP6W0QP66W8E74TX0GQAIEFM.pcm
SwiftExplicitDependencyGeneratePcm arm64 /Users/admin/builder/spi-builder-workspace/.derivedData/SDKExplicitPrecompiledModules/_AvailabilityInternal-5OQ8S18SKM02L42PKV6U5ZAWA.pcm
SwiftExplicitDependencyGeneratePcm arm64 /Users/admin/builder/spi-builder-workspace/.derivedData/SDKExplicitPrecompiledModules/_DarwinFoundation1-CEB668520FVMM3FPLUP3ZX3DP.pcm
SwiftExplicitDependencyGeneratePcm arm64 /Users/admin/builder/spi-builder-workspace/.derivedData/SDKExplicitPrecompiledModules/_DarwinFoundation2-8A4UVIA5QLD0UNZXBQYRW6KN7.pcm
SwiftExplicitDependencyGeneratePcm arm64 /Users/admin/builder/spi-builder-workspace/.derivedData/SDKExplicitPrecompiledModules/_Builtin_limits-HXF6WMF65IXTY4LB9YQRPDVS.pcm
SwiftExplicitDependencyGeneratePcm arm64 /Users/admin/builder/spi-builder-workspace/.derivedData/SDKExplicitPrecompiledModules/_Builtin_stdint-1OD4P9W70NM45YK5V1IH8JOXR.pcm
SwiftExplicitDependencyGeneratePcm arm64 /Users/admin/builder/spi-builder-workspace/.derivedData/SDKExplicitPrecompiledModules/sys_types-8B5WBGNKQGP8VGVHGXXFAVHM4.pcm
SwiftExplicitDependencyGeneratePcm arm64 /Users/admin/builder/spi-builder-workspace/.derivedData/SDKExplicitPrecompiledModules/string_h-6TIYHCG4O23ZFSK467Q1J0323.pcm
SwiftExplicitDependencyGeneratePcm arm64 /Users/admin/builder/spi-builder-workspace/.derivedData/SDKExplicitPrecompiledModules/_Builtin_stdatomic-1R9WVHFT4FALJXANBPLNOQ734.pcm
SwiftExplicitDependencyGeneratePcm arm64 /Users/admin/builder/spi-builder-workspace/.derivedData/SDKExplicitPrecompiledModules/libDER-9VW90WXB13JUMGRN6F5ZRJXU0.pcm
SwiftExplicitDependencyGeneratePcm arm64 /Users/admin/builder/spi-builder-workspace/.derivedData/SDKExplicitPrecompiledModules/_DarwinFoundation3-DNXKXFFQ8MRLRO9KQN10R21I0.pcm
SwiftExplicitDependencyGeneratePcm arm64 /Users/admin/builder/spi-builder-workspace/.derivedData/Build/Intermediates.noindex/SwiftExplicitPrecompiledModules/_SwiftSyntaxCShims-DGKN5B59Y829682EF9W6OBFOV.pcm
SwiftExplicitDependencyGeneratePcm arm64 /Users/admin/builder/spi-builder-workspace/.derivedData/SDKExplicitPrecompiledModules/_Builtin_inttypes-489CMR9E9YGXYB1ZU4Y2FSN2V.pcm
SwiftExplicitDependencyGeneratePcm arm64 /Users/admin/builder/spi-builder-workspace/.derivedData/SDKExplicitPrecompiledModules/Darwin-4SSYTF9FPWUAJVNBQDXTH3HIS.pcm
SwiftExplicitDependencyGeneratePcm arm64 /Users/admin/builder/spi-builder-workspace/.derivedData/SDKExplicitPrecompiledModules/libkern-DC5VSWS0W4A07Q7BUF7Q8VYMV.pcm
SwiftExplicitDependencyGeneratePcm arm64 /Users/admin/builder/spi-builder-workspace/.derivedData/SDKExplicitPrecompiledModules/MachO-4D0HJWYC59S7APTHBHDUKR7KJ.pcm
SwiftExplicitDependencyGeneratePcm arm64 /Users/admin/builder/spi-builder-workspace/.derivedData/SDKExplicitPrecompiledModules/launch-EFXL3YL04KHGWJLOU1XU768V7.pcm
SwiftExplicitDependencyGeneratePcm arm64 /Users/admin/builder/spi-builder-workspace/.derivedData/SDKExplicitPrecompiledModules/ObjectiveC-5UUM8AH9LJRERY99K1GUBURMO.pcm
SwiftExplicitDependencyGeneratePcm arm64 /Users/admin/builder/spi-builder-workspace/.derivedData/SDKExplicitPrecompiledModules/os_object-BTDIN6QZYDLDQ14FCV3ILP969.pcm
SwiftExplicitDependencyGeneratePcm arm64 /Users/admin/builder/spi-builder-workspace/.derivedData/SDKExplicitPrecompiledModules/os_workgroup-5KW4GI1VTT4BL3CP7IBC3MXQT.pcm
SwiftExplicitDependencyGeneratePcm arm64 /Users/admin/builder/spi-builder-workspace/.derivedData/SDKExplicitPrecompiledModules/Dispatch-6G7SC7DNRDQILDZM7AA5CBO9R.pcm
SwiftExplicitDependencyGeneratePcm arm64 /Users/admin/builder/spi-builder-workspace/.derivedData/SDKExplicitPrecompiledModules/CoreFoundation-DM89H54DP422N6SIFFXP5XPSQ.pcm
SwiftExplicitDependencyGeneratePcm arm64 /Users/admin/builder/spi-builder-workspace/.derivedData/SDKExplicitPrecompiledModules/XPC-BCOQO9UGC7BBHCJY0IGQSWASH.pcm
SwiftExplicitDependencyGeneratePcm arm64 /Users/admin/builder/spi-builder-workspace/.derivedData/SDKExplicitPrecompiledModules/os-C7U69HZXFHL69YJDFLWT0U3FZ.pcm
SwiftExplicitDependencyGeneratePcm arm64 /Users/admin/builder/spi-builder-workspace/.derivedData/SDKExplicitPrecompiledModules/CFNetwork-1WQZZ3LJFUKBFXPPIBIBOWVLB.pcm
SwiftExplicitDependencyGeneratePcm arm64 /Users/admin/builder/spi-builder-workspace/.derivedData/SDKExplicitPrecompiledModules/Security-9SU97HPC9MZ0C0LR3CKCOZQAP.pcm
SwiftExplicitDependencyGeneratePcm arm64 /Users/admin/builder/spi-builder-workspace/.derivedData/SDKExplicitPrecompiledModules/IOKit-CEDFRGTVIVCLLLHYJXGM0PFVL.pcm
SwiftExplicitDependencyGeneratePcm arm64 /Users/admin/builder/spi-builder-workspace/.derivedData/SDKExplicitPrecompiledModules/DiskArbitration-32YV8CK2DX7VR3YJCQJ2LRQBO.pcm
SwiftExplicitDependencyGeneratePcm arm64 /Users/admin/builder/spi-builder-workspace/.derivedData/SDKExplicitPrecompiledModules/CoreServices-C4V7JAU987T6ELRKRI0FAGTZQ.pcm
SwiftExplicitDependencyGeneratePcm arm64 /Users/admin/builder/spi-builder-workspace/.derivedData/SDKExplicitPrecompiledModules/Foundation-3KHMOXHUOEX7MI4E04DWEG25Z.pcm
SwiftEmitModule normal arm64 Emitting\ module\ for\ StateStructMacros (in target 'StateStructMacros' from project 'swift-macro-state-struct')
SwiftCompile normal arm64 (in target 'StateStructMacros' from project 'swift-macro-state-struct')
cd /Users/admin/builder/spi-builder-workspace/.swiftpm/xcode
/Users/admin/builder/spi-builder-workspace/Sources/StateStructMacros/TrackingMacro.swift:19:1: warning: deprecated default implementation is used to satisfy static method 'expansion(of:providingMembersOf:conformingTo:in:)' required by protocol 'MemberMacro': `MemberMacro` conformance should implement the `expansion` function that takes a `conformingTo` parameter [#DeprecatedDeclaration]
17 | }
18 |
19 | extension TrackingMacro: MemberMacro {
| `- warning: deprecated default implementation is used to satisfy static method 'expansion(of:providingMembersOf:conformingTo:in:)' required by protocol 'MemberMacro': `MemberMacro` conformance should implement the `expansion` function that takes a `conformingTo` parameter [#DeprecatedDeclaration]
20 | public static func expansion(
21 | of node: AttributeSyntax,
SwiftSyntaxMacros.MemberMacro.expansion:3:22: note: 'expansion(of:providingMembersOf:conformingTo:in:)' declared here
1 | protocol MemberMacro {
2 | @available(*, deprecated, message: "`MemberMacro` conformance should implement the `expansion` function that takes a `conformingTo` parameter")
3 | public static func expansion(of node: SwiftSyntax.AttributeSyntax, providingMembersOf declaration: some SwiftSyntax.DeclGroupSyntax, conformingTo protocols: [SwiftSyntax.TypeSyntax], in context: some SwiftSyntaxMacros.MacroExpansionContext) throws -> [SwiftSyntax.DeclSyntax]}
| `- note: 'expansion(of:providingMembersOf:conformingTo:in:)' declared here
4 |
SwiftSyntaxMacros.MemberMacro.expansion:2:13: note: requirement 'expansion(of:providingMembersOf:conformingTo:in:)' declared here
1 | protocol MemberMacro {
2 | static func expansion(of node: SwiftSyntax.AttributeSyntax, providingMembersOf declaration: some SwiftSyntax.DeclGroupSyntax, conformingTo protocols: [SwiftSyntax.TypeSyntax], in context: some SwiftSyntaxMacros.MacroExpansionContext) throws -> [SwiftSyntax.DeclSyntax]}
| `- note: requirement 'expansion(of:providingMembersOf:conformingTo:in:)' declared here
3 |
[#DeprecatedDeclaration]: <https://docs.swift.org/compiler/documentation/diagnostics/deprecated-declaration>
SwiftCompile normal arm64 Compiling\ KnownTypes.swift /Users/admin/builder/spi-builder-workspace/Sources/StateStructMacros/KnownTypes.swift (in target 'StateStructMacros' from project 'swift-macro-state-struct')
SwiftCompile normal arm64 /Users/admin/builder/spi-builder-workspace/Sources/StateStructMacros/KnownTypes.swift (in target 'StateStructMacros' from project 'swift-macro-state-struct')
cd /Users/admin/builder/spi-builder-workspace/.swiftpm/xcode
builtin-SwiftPerFileCompile KnownTypes.swift
SwiftCompile normal arm64 Compiling\ TrackingMacro.swift /Users/admin/builder/spi-builder-workspace/Sources/StateStructMacros/TrackingMacro.swift (in target 'StateStructMacros' from project 'swift-macro-state-struct')
/Users/admin/builder/spi-builder-workspace/Sources/StateStructMacros/TrackingMacro.swift:19:1: warning: deprecated default implementation is used to satisfy static method 'expansion(of:providingMembersOf:conformingTo:in:)' required by protocol 'MemberMacro': `MemberMacro` conformance should implement the `expansion` function that takes a `conformingTo` parameter [#DeprecatedDeclaration]
17 | }
18 |
19 | extension TrackingMacro: MemberMacro {
| `- warning: deprecated default implementation is used to satisfy static method 'expansion(of:providingMembersOf:conformingTo:in:)' required by protocol 'MemberMacro': `MemberMacro` conformance should implement the `expansion` function that takes a `conformingTo` parameter [#DeprecatedDeclaration]
20 | public static func expansion(
21 | of node: AttributeSyntax,
SwiftSyntaxMacros.MemberMacro.expansion:3:22: note: 'expansion(of:providingMembersOf:conformingTo:in:)' declared here
1 | protocol MemberMacro {
2 | @available(*, deprecated, message: "`MemberMacro` conformance should implement the `expansion` function that takes a `conformingTo` parameter")
3 | public static func expansion(of node: SwiftSyntax.AttributeSyntax, providingMembersOf declaration: some SwiftSyntax.DeclGroupSyntax, conformingTo protocols: [SwiftSyntax.TypeSyntax], in context: some SwiftSyntaxMacros.MacroExpansionContext) throws -> [SwiftSyntax.DeclSyntax]}
| `- note: 'expansion(of:providingMembersOf:conformingTo:in:)' declared here
4 |
SwiftSyntaxMacros.MemberMacro.expansion:2:13: note: requirement 'expansion(of:providingMembersOf:conformingTo:in:)' declared here
1 | protocol MemberMacro {
2 | static func expansion(of node: SwiftSyntax.AttributeSyntax, providingMembersOf declaration: some SwiftSyntax.DeclGroupSyntax, conformingTo protocols: [SwiftSyntax.TypeSyntax], in context: some SwiftSyntaxMacros.MacroExpansionContext) throws -> [SwiftSyntax.DeclSyntax]}
| `- note: requirement 'expansion(of:providingMembersOf:conformingTo:in:)' declared here
3 |
/Users/admin/builder/spi-builder-workspace/Sources/StateStructMacros/TrackingMacro.swift:45:15: warning: value 'structDecl' was defined but never used; consider replacing with boolean test [#NoUsage]
43 | ) throws -> [ExtensionDeclSyntax] {
44 |
45 | guard let structDecl = declaration.as(StructDeclSyntax.self) else {
| `- warning: value 'structDecl' was defined but never used; consider replacing with boolean test [#NoUsage]
46 | fatalError()
47 | }
[#DeprecatedDeclaration]: <https://docs.swift.org/compiler/documentation/diagnostics/deprecated-declaration>
[#NoUsage]: <https://docs.swift.org/compiler/documentation/diagnostics/no-usage>
SwiftCompile normal arm64 /Users/admin/builder/spi-builder-workspace/Sources/StateStructMacros/TrackingMacro.swift (in target 'StateStructMacros' from project 'swift-macro-state-struct')
cd /Users/admin/builder/spi-builder-workspace/.swiftpm/xcode
builtin-SwiftPerFileCompile TrackingMacro.swift
SwiftCompile normal arm64 Compiling\ COWTrackingPropertyMacro.swift /Users/admin/builder/spi-builder-workspace/Sources/StateStructMacros/COWTrackingPropertyMacro.swift (in target 'StateStructMacros' from project 'swift-macro-state-struct')
SwiftCompile normal arm64 /Users/admin/builder/spi-builder-workspace/Sources/StateStructMacros/COWTrackingPropertyMacro.swift (in target 'StateStructMacros' from project 'swift-macro-state-struct')
cd /Users/admin/builder/spi-builder-workspace/.swiftpm/xcode
builtin-SwiftPerFileCompile COWTrackingPropertyMacro.swift
SwiftCompile normal arm64 Compiling\ Plugin.swift /Users/admin/builder/spi-builder-workspace/Sources/StateStructMacros/Plugin.swift (in target 'StateStructMacros' from project 'swift-macro-state-struct')
SwiftCompile normal arm64 /Users/admin/builder/spi-builder-workspace/Sources/StateStructMacros/Plugin.swift (in target 'StateStructMacros' from project 'swift-macro-state-struct')
cd /Users/admin/builder/spi-builder-workspace/.swiftpm/xcode
builtin-SwiftPerFileCompile Plugin.swift
SwiftCompile normal arm64 Compiling\ PrimitiveTrackingPropertyMacro.swift /Users/admin/builder/spi-builder-workspace/Sources/StateStructMacros/PrimitiveTrackingPropertyMacro.swift (in target 'StateStructMacros' from project 'swift-macro-state-struct')
SwiftCompile normal arm64 /Users/admin/builder/spi-builder-workspace/Sources/StateStructMacros/PrimitiveTrackingPropertyMacro.swift (in target 'StateStructMacros' from project 'swift-macro-state-struct')
cd /Users/admin/builder/spi-builder-workspace/.swiftpm/xcode
builtin-SwiftPerFileCompile PrimitiveTrackingPropertyMacro.swift
SwiftCompile normal arm64 Compiling\ TrackingIgnoredMacro.swift /Users/admin/builder/spi-builder-workspace/Sources/StateStructMacros/TrackingIgnoredMacro.swift (in target 'StateStructMacros' from project 'swift-macro-state-struct')
SwiftCompile normal arm64 /Users/admin/builder/spi-builder-workspace/Sources/StateStructMacros/TrackingIgnoredMacro.swift (in target 'StateStructMacros' from project 'swift-macro-state-struct')
cd /Users/admin/builder/spi-builder-workspace/.swiftpm/xcode
builtin-SwiftPerFileCompile TrackingIgnoredMacro.swift
SwiftDriverJobDiscovery normal arm64 Emitting module for StateStructMacros (in target 'StateStructMacros' from project 'swift-macro-state-struct')
SwiftDriver\ Compilation\ Requirements StateStructMacros normal arm64 com.apple.xcode.tools.swift.compiler (in target 'StateStructMacros' from project 'swift-macro-state-struct')
cd /Users/admin/builder/spi-builder-workspace/.swiftpm/xcode
builtin-Swift-Compilation-Requirements -- /Applications/Xcode-27.0.0-Release.Candidate.app/Contents/Developer/Toolchains/XcodeDefault.xctoolchain/usr/bin/swiftc -parse-as-library -module-name StateStructMacros -Onone @/Users/admin/builder/spi-builder-workspace/.derivedData/Build/Intermediates.noindex/swift-macro-state-struct.build/Debug/StateStructMacros-t.build/Objects-normal/arm64/StateStructMacros.SwiftFileList -DSWIFT_PACKAGE -DDEBUG -DXcode -I /Users/admin/builder/spi-builder-workspace/.dependencies/prebuilts/swift-syntax/602.0.0/swiftlang-6.4.0.34.1-macosx27.0-MacroSupport/Modules -I /Users/admin/builder/spi-builder-workspace/.dependencies/checkouts/swift-syntax/Sources/_SwiftLibraryPluginProviderCShims/include -I /Users/admin/builder/spi-builder-workspace/.dependencies/checkouts/swift-syntax/Sources/_SwiftSyntaxCShims/include -plugin-path /Applications/Xcode-27.0.0-Release.Candidate.app/Contents/Developer/Toolchains/XcodeDefault.xctoolchain/usr/lib/swift/host/plugins/testing -enable-experimental-feature DebugDescriptionMacro -sdk /Applications/Xcode-27.0.0-Release.Candidate.app/Contents/Developer/Platforms/MacOSX.platform/Developer/SDKs/MacOSX27.0.sdk -target arm64-apple-macos13.0 -g -module-cache-path /Users/admin/builder/spi-builder-workspace/.derivedData/ModuleCache.noindex -Xfrontend -serialize-debugging-options -profile-coverage-mapping -profile-generate -enable-testing -index-store-path /Users/admin/builder/spi-builder-workspace/.derivedData/Index.noindex/DataStore -Xcc -D_LIBCPP_HARDENING_MODE\=_LIBCPP_HARDENING_MODE_DEBUG -swift-version 6 -I /Users/admin/builder/spi-builder-workspace/.derivedData/Build/Products/Debug -Isystem /Applications/Xcode-27.0.0-Release.Candidate.app/Contents/Developer/Platforms/MacOSX.platform/Developer/usr/lib -F /Users/admin/builder/spi-builder-workspace/.derivedData/Build/Products/Debug -F /Applications/Xcode-27.0.0-Release.Candidate.app/Contents/Developer/Platforms/MacOSX.platform/Developer/Library/Frameworks -c -j10 -enable-batch-mode -incremental -Xcc -ivfsstatcache -Xcc /Users/admin/builder/spi-builder-workspace/.derivedData/SDKStatCaches.noindex/macosx27.0-26A425-e829b21a6f8c9b70876ba0858053c0446a22442a12e9d48fe1a705f55a1adfc4.sdkstatcache -output-file-map /Users/admin/builder/spi-builder-workspace/.derivedData/Build/Intermediates.noindex/swift-macro-state-struct.build/Debug/StateStructMacros-t.build/Objects-normal/arm64/StateStructMacros-OutputFileMap.json -save-temps -no-color-diagnostics -explicit-module-build -module-cache-path /Users/admin/builder/spi-builder-workspace/.derivedData/Build/Intermediates.noindex/SwiftExplicitPrecompiledModules -clang-scanner-module-cache-path /Users/admin/builder/spi-builder-workspace/.derivedData/ModuleCache.noindex -sdk-module-cache-path /Users/admin/builder/spi-builder-workspace/.derivedData/SDKExplicitPrecompiledModules -emit-dependencies -emit-module -emit-module-path /Users/admin/builder/spi-builder-workspace/.derivedData/Build/Intermediates.noindex/swift-macro-state-struct.build/Debug/StateStructMacros-t.build/Objects-normal/arm64/StateStructMacros.swiftmodule -serialize-diagnostics -dependency-scan-serialize-diagnostics-path /Users/admin/builder/spi-builder-workspace/.derivedData/Build/Intermediates.noindex/swift-macro-state-struct.build/Debug/StateStructMacros-t.build/Objects-normal/arm64/StateStructMacros-dependency-scan.dia -validate-clang-modules-once -clang-build-session-file /Users/admin/builder/spi-builder-workspace/.derivedData/ModuleCache.noindex/Session.modulevalidation -Xcc -fmodules-prune-interval\=86400 -Xcc -fmodules-prune-after\=345600 -package-name spi_builder_workspace -emit-const-values -const-gather-protocols-list /Users/admin/builder/spi-builder-workspace/.derivedData/Build/Intermediates.noindex/swift-macro-state-struct.build/Debug/StateStructMacros-t.build/Objects-normal/arm64/StateStructMacros_const_extract_protocols.json -Xcc -I/Users/admin/builder/spi-builder-workspace/.derivedData/Build/Products/Debug/include -Xcc -I/Users/admin/builder/spi-builder-workspace/.derivedData/Build/Intermediates.noindex/swift-macro-state-struct.build/Debug/StateStructMacros-t.build/DerivedSources-normal/arm64 -Xcc -I/Users/admin/builder/spi-builder-workspace/.derivedData/Build/Intermediates.noindex/swift-macro-state-struct.build/Debug/StateStructMacros-t.build/DerivedSources/arm64 -Xcc -I/Users/admin/builder/spi-builder-workspace/.derivedData/Build/Intermediates.noindex/swift-macro-state-struct.build/Debug/StateStructMacros-t.build/DerivedSources -Xcc -DSWIFT_PACKAGE -Xcc -DDEBUG\=1 -working-directory /Users/admin/builder/spi-builder-workspace/.swiftpm/xcode -experimental-emit-module-separately -disable-cmo
SwiftDriverJobDiscovery normal arm64 Compiling TrackingIgnoredMacro.swift (in target 'StateStructMacros' from project 'swift-macro-state-struct')
SwiftDriverJobDiscovery normal arm64 Compiling Plugin.swift (in target 'StateStructMacros' from project 'swift-macro-state-struct')
SwiftDriverJobDiscovery normal arm64 Compiling PrimitiveTrackingPropertyMacro.swift (in target 'StateStructMacros' from project 'swift-macro-state-struct')
SwiftDriverJobDiscovery normal arm64 Compiling TrackingMacro.swift (in target 'StateStructMacros' from project 'swift-macro-state-struct')
SwiftDriverJobDiscovery normal arm64 Compiling COWTrackingPropertyMacro.swift (in target 'StateStructMacros' from project 'swift-macro-state-struct')
SwiftDriverJobDiscovery normal arm64 Compiling KnownTypes.swift (in target 'StateStructMacros' from project 'swift-macro-state-struct')
SwiftDriver\ Compilation StateStructMacros normal arm64 com.apple.xcode.tools.swift.compiler (in target 'StateStructMacros' from project 'swift-macro-state-struct')
cd /Users/admin/builder/spi-builder-workspace/.swiftpm/xcode
builtin-Swift-Compilation -- /Applications/Xcode-27.0.0-Release.Candidate.app/Contents/Developer/Toolchains/XcodeDefault.xctoolchain/usr/bin/swiftc -parse-as-library -module-name StateStructMacros -Onone @/Users/admin/builder/spi-builder-workspace/.derivedData/Build/Intermediates.noindex/swift-macro-state-struct.build/Debug/StateStructMacros-t.build/Objects-normal/arm64/StateStructMacros.SwiftFileList -DSWIFT_PACKAGE -DDEBUG -DXcode -I /Users/admin/builder/spi-builder-workspace/.dependencies/prebuilts/swift-syntax/602.0.0/swiftlang-6.4.0.34.1-macosx27.0-MacroSupport/Modules -I /Users/admin/builder/spi-builder-workspace/.dependencies/checkouts/swift-syntax/Sources/_SwiftLibraryPluginProviderCShims/include -I /Users/admin/builder/spi-builder-workspace/.dependencies/checkouts/swift-syntax/Sources/_SwiftSyntaxCShims/include -plugin-path /Applications/Xcode-27.0.0-Release.Candidate.app/Contents/Developer/Toolchains/XcodeDefault.xctoolchain/usr/lib/swift/host/plugins/testing -enable-experimental-feature DebugDescriptionMacro -sdk /Applications/Xcode-27.0.0-Release.Candidate.app/Contents/Developer/Platforms/MacOSX.platform/Developer/SDKs/MacOSX27.0.sdk -target arm64-apple-macos13.0 -g -module-cache-path /Users/admin/builder/spi-builder-workspace/.derivedData/ModuleCache.noindex -Xfrontend -serialize-debugging-options -profile-coverage-mapping -profile-generate -enable-testing -index-store-path /Users/admin/builder/spi-builder-workspace/.derivedData/Index.noindex/DataStore -Xcc -D_LIBCPP_HARDENING_MODE\=_LIBCPP_HARDENING_MODE_DEBUG -swift-version 6 -I /Users/admin/builder/spi-builder-workspace/.derivedData/Build/Products/Debug -Isystem /Applications/Xcode-27.0.0-Release.Candidate.app/Contents/Developer/Platforms/MacOSX.platform/Developer/usr/lib -F /Users/admin/builder/spi-builder-workspace/.derivedData/Build/Products/Debug -F /Applications/Xcode-27.0.0-Release.Candidate.app/Contents/Developer/Platforms/MacOSX.platform/Developer/Library/Frameworks -c -j10 -enable-batch-mode -incremental -Xcc -ivfsstatcache -Xcc /Users/admin/builder/spi-builder-workspace/.derivedData/SDKStatCaches.noindex/macosx27.0-26A425-e829b21a6f8c9b70876ba0858053c0446a22442a12e9d48fe1a705f55a1adfc4.sdkstatcache -output-file-map /Users/admin/builder/spi-builder-workspace/.derivedData/Build/Intermediates.noindex/swift-macro-state-struct.build/Debug/StateStructMacros-t.build/Objects-normal/arm64/StateStructMacros-OutputFileMap.json -save-temps -no-color-diagnostics -explicit-module-build -module-cache-path /Users/admin/builder/spi-builder-workspace/.derivedData/Build/Intermediates.noindex/SwiftExplicitPrecompiledModules -clang-scanner-module-cache-path /Users/admin/builder/spi-builder-workspace/.derivedData/ModuleCache.noindex -sdk-module-cache-path /Users/admin/builder/spi-builder-workspace/.derivedData/SDKExplicitPrecompiledModules -emit-dependencies -emit-module -emit-module-path /Users/admin/builder/spi-builder-workspace/.derivedData/Build/Intermediates.noindex/swift-macro-state-struct.build/Debug/StateStructMacros-t.build/Objects-normal/arm64/StateStructMacros.swiftmodule -serialize-diagnostics -dependency-scan-serialize-diagnostics-path /Users/admin/builder/spi-builder-workspace/.derivedData/Build/Intermediates.noindex/swift-macro-state-struct.build/Debug/StateStructMacros-t.build/Objects-normal/arm64/StateStructMacros-dependency-scan.dia -validate-clang-modules-once -clang-build-session-file /Users/admin/builder/spi-builder-workspace/.derivedData/ModuleCache.noindex/Session.modulevalidation -Xcc -fmodules-prune-interval\=86400 -Xcc -fmodules-prune-after\=345600 -package-name spi_builder_workspace -emit-const-values -const-gather-protocols-list /Users/admin/builder/spi-builder-workspace/.derivedData/Build/Intermediates.noindex/swift-macro-state-struct.build/Debug/StateStructMacros-t.build/Objects-normal/arm64/StateStructMacros_const_extract_protocols.json -Xcc -I/Users/admin/builder/spi-builder-workspace/.derivedData/Build/Products/Debug/include -Xcc -I/Users/admin/builder/spi-builder-workspace/.derivedData/Build/Intermediates.noindex/swift-macro-state-struct.build/Debug/StateStructMacros-t.build/DerivedSources-normal/arm64 -Xcc -I/Users/admin/builder/spi-builder-workspace/.derivedData/Build/Intermediates.noindex/swift-macro-state-struct.build/Debug/StateStructMacros-t.build/DerivedSources/arm64 -Xcc -I/Users/admin/builder/spi-builder-workspace/.derivedData/Build/Intermediates.noindex/swift-macro-state-struct.build/Debug/StateStructMacros-t.build/DerivedSources -Xcc -DSWIFT_PACKAGE -Xcc -DDEBUG\=1 -working-directory /Users/admin/builder/spi-builder-workspace/.swiftpm/xcode -experimental-emit-module-separately -disable-cmo
Ld /Users/admin/builder/spi-builder-workspace/.derivedData/Build/Products/Debug/StateStructMacros normal (in target 'StateStructMacros' from project 'swift-macro-state-struct')
cd /Users/admin/builder/spi-builder-workspace
/Applications/Xcode-27.0.0-Release.Candidate.app/Contents/Developer/Toolchains/XcodeDefault.xctoolchain/usr/bin/swiftc -Xlinker -reproducible -target arm64-apple-macos13.0 -emit-executable -sdk /Applications/Xcode-27.0.0-Release.Candidate.app/Contents/Developer/Platforms/MacOSX.platform/Developer/SDKs/MacOSX27.0.sdk -Xlinker -no_warn_duplicate_libraries -L/Users/admin/builder/spi-builder-workspace/.derivedData/Build/Intermediates.noindex/EagerLinkingTBDs/Debug -L/Users/admin/builder/spi-builder-workspace/.derivedData/Build/Products/Debug -L/Users/admin/builder/spi-builder-workspace/.dependencies/prebuilts/swift-syntax/602.0.0/swiftlang-6.4.0.34.1-macosx27.0-MacroSupport/lib -L/Applications/Xcode-27.0.0-Release.Candidate.app/Contents/Developer/Platforms/MacOSX.platform/Developer/usr/lib -F/Users/admin/builder/spi-builder-workspace/.derivedData/Build/Intermediates.noindex/EagerLinkingTBDs/Debug -F/Users/admin/builder/spi-builder-workspace/.derivedData/Build/Products/Debug -Fsystem /Applications/Xcode-27.0.0-Release.Candidate.app/Contents/Developer/Platforms/MacOSX.platform/Developer/Library/Frameworks @/Users/admin/builder/spi-builder-workspace/.derivedData/Build/Intermediates.noindex/swift-macro-state-struct.build/Debug/StateStructMacros-t.build/Objects-normal/arm64/StateStructMacros.LinkFileList -Xlinker -rpath -Xlinker /usr/lib/swift -Xlinker -object_path_lto -Xlinker /Users/admin/builder/spi-builder-workspace/.derivedData/Build/Intermediates.noindex/swift-macro-state-struct.build/Debug/StateStructMacros-t.build/Objects-normal/arm64/StateStructMacros_lto.o -Xclang-linker -rdynamic -Xlinker -no_deduplicate -Xlinker -debug_variant -Xlinker -dependency_info -Xlinker /Users/admin/builder/spi-builder-workspace/.derivedData/Build/Intermediates.noindex/swift-macro-state-struct.build/Debug/StateStructMacros-t.build/Objects-normal/arm64/StateStructMacros_dependency_info.dat -link-objc-runtime -profile-generate -L/Applications/Xcode-27.0.0-Release.Candidate.app/Contents/Developer/Toolchains/XcodeDefault.xctoolchain/usr/lib/swift/macosx -L/usr/lib/swift -Xlinker -add_ast_path -Xlinker /Users/admin/builder/spi-builder-workspace/.derivedData/Build/Intermediates.noindex/swift-macro-state-struct.build/Debug/StateStructMacros-t.build/Objects-normal/arm64/StateStructMacros.swiftmodule -lMacroSupport -o /Users/admin/builder/spi-builder-workspace/.derivedData/Build/Products/Debug/StateStructMacros -no-stdlib-rpath
RegisterExecutionPolicyException /Users/admin/builder/spi-builder-workspace/.derivedData/Build/Products/Debug/StateStructMacros (in target 'StateStructMacros' from project 'swift-macro-state-struct')
cd /Users/admin/builder/spi-builder-workspace
builtin-RegisterExecutionPolicyException /Users/admin/builder/spi-builder-workspace/.derivedData/Build/Products/Debug/StateStructMacros
SwiftDriver StateStruct normal arm64_32 com.apple.xcode.tools.swift.compiler (in target 'StateStruct' from project 'swift-macro-state-struct')
cd /Users/admin/builder/spi-builder-workspace/.swiftpm/xcode
builtin-SwiftDriver -- /Applications/Xcode-27.0.0-Release.Candidate.app/Contents/Developer/Toolchains/XcodeDefault.xctoolchain/usr/bin/swiftc -parse-as-library -module-name StateStruct -Onone @/Users/admin/builder/spi-builder-workspace/.derivedData/Build/Intermediates.noindex/swift-macro-state-struct.build/Debug-watchos/StateStruct-t.build/Objects-normal/arm64_32/StateStruct.SwiftFileList -DSWIFT_PACKAGE -DDEBUG -DSWIFT_MODULE_RESOURCE_BUNDLE_UNAVAILABLE -DXcode -plugin-path /Applications/Xcode-27.0.0-Release.Candidate.app/Contents/Developer/Toolchains/XcodeDefault.xctoolchain/usr/lib/swift/host/plugins/testing -enable-experimental-feature DebugDescriptionMacro -sdk /Applications/Xcode-27.0.0-Release.Candidate.app/Contents/Developer/Platforms/WatchOS.platform/Developer/SDKs/WatchOS27.0.sdk -target arm64_32-apple-watchos9.0 -g -module-cache-path /Users/admin/builder/spi-builder-workspace/.derivedData/ModuleCache.noindex -Xfrontend -serialize-debugging-options -profile-coverage-mapping -profile-generate -enable-testing -index-store-path /Users/admin/builder/spi-builder-workspace/.derivedData/Index.noindex/DataStore -Xcc -D_LIBCPP_HARDENING_MODE\=_LIBCPP_HARDENING_MODE_DEBUG -swift-version 6 -I /Users/admin/builder/spi-builder-workspace/.derivedData/Build/Products/Debug-watchos -Isystem /Applications/Xcode-27.0.0-Release.Candidate.app/Contents/Developer/Platforms/WatchOS.platform/Developer/usr/lib -F /Users/admin/builder/spi-builder-workspace/.derivedData/Build/Products/Debug-watchos -F /Applications/Xcode-27.0.0-Release.Candidate.app/Contents/Developer/Platforms/WatchOS.platform/Developer/Library/Frameworks -F /Applications/Xcode-27.0.0-Release.Candidate.app/Contents/Developer/Platforms/WatchOS.platform/Developer/SDKs/WatchOS27.0.sdk/Developer/Library/Frameworks -Xfrontend -load-plugin-executable -Xfrontend /Users/admin/builder/spi-builder-workspace/.derivedData/Build/Products/Debug/StateStructMacros\#StateStructMacros -c -j10 -enable-batch-mode -incremental -Xcc -ivfsstatcache -Xcc /Users/admin/builder/spi-builder-workspace/.derivedData/SDKStatCaches.noindex/watchos27.0-24R360-e829b21a6f8c9b70876ba0858053c04477534ef55a1706bf4c1112bbb242f0a2.sdkstatcache -output-file-map /Users/admin/builder/spi-builder-workspace/.derivedData/Build/Intermediates.noindex/swift-macro-state-struct.build/Debug-watchos/StateStruct-t.build/Objects-normal/arm64_32/StateStruct-OutputFileMap.json -save-temps -no-color-diagnostics -explicit-module-build -module-cache-path /Users/admin/builder/spi-builder-workspace/.derivedData/Build/Intermediates.noindex/SwiftExplicitPrecompiledModules -clang-scanner-module-cache-path /Users/admin/builder/spi-builder-workspace/.derivedData/ModuleCache.noindex -sdk-module-cache-path /Users/admin/builder/spi-builder-workspace/.derivedData/SDKExplicitPrecompiledModules -emit-dependencies -emit-module -emit-module-path /Users/admin/builder/spi-builder-workspace/.derivedData/Build/Intermediates.noindex/swift-macro-state-struct.build/Debug-watchos/StateStruct-t.build/Objects-normal/arm64_32/StateStruct.swiftmodule -serialize-diagnostics -dependency-scan-serialize-diagnostics-path /Users/admin/builder/spi-builder-workspace/.derivedData/Build/Intermediates.noindex/swift-macro-state-struct.build/Debug-watchos/StateStruct-t.build/Objects-normal/arm64_32/StateStruct-dependency-scan.dia -validate-clang-modules-once -clang-build-session-file /Users/admin/builder/spi-builder-workspace/.derivedData/ModuleCache.noindex/Session.modulevalidation -Xcc -fmodules-prune-interval\=86400 -Xcc -fmodules-prune-after\=345600 -package-name spi_builder_workspace -emit-const-values -const-gather-protocols-list /Users/admin/builder/spi-builder-workspace/.derivedData/Build/Intermediates.noindex/swift-macro-state-struct.build/Debug-watchos/StateStruct-t.build/Objects-normal/arm64_32/StateStruct_const_extract_protocols.json -Xcc -I/Users/admin/builder/spi-builder-workspace/.derivedData/Build/Products/Debug-watchos/include -Xcc -I/Users/admin/builder/spi-builder-workspace/.derivedData/Build/Intermediates.noindex/swift-macro-state-struct.build/Debug-watchos/StateStruct-t.build/DerivedSources-normal/arm64_32 -Xcc -I/Users/admin/builder/spi-builder-workspace/.derivedData/Build/Intermediates.noindex/swift-macro-state-struct.build/Debug-watchos/StateStruct-t.build/DerivedSources/arm64_32 -Xcc -I/Users/admin/builder/spi-builder-workspace/.derivedData/Build/Intermediates.noindex/swift-macro-state-struct.build/Debug-watchos/StateStruct-t.build/DerivedSources -Xcc -DSWIFT_PACKAGE -Xcc -DDEBUG\=1 -emit-objc-header -emit-objc-header-path /Users/admin/builder/spi-builder-workspace/.derivedData/Build/Intermediates.noindex/swift-macro-state-struct.build/Debug-watchos/StateStruct-t.build/Objects-normal/arm64_32/StateStruct-Swift.h -working-directory /Users/admin/builder/spi-builder-workspace/.swiftpm/xcode -experimental-emit-module-separately -disable-cmo
SwiftDriver StateStruct normal arm64 com.apple.xcode.tools.swift.compiler (in target 'StateStruct' from project 'swift-macro-state-struct')
cd /Users/admin/builder/spi-builder-workspace/.swiftpm/xcode
builtin-SwiftDriver -- /Applications/Xcode-27.0.0-Release.Candidate.app/Contents/Developer/Toolchains/XcodeDefault.xctoolchain/usr/bin/swiftc -parse-as-library -module-name StateStruct -Onone @/Users/admin/builder/spi-builder-workspace/.derivedData/Build/Intermediates.noindex/swift-macro-state-struct.build/Debug-watchos/StateStruct-t.build/Objects-normal/arm64/StateStruct.SwiftFileList -DSWIFT_PACKAGE -DDEBUG -DSWIFT_MODULE_RESOURCE_BUNDLE_UNAVAILABLE -DXcode -plugin-path /Applications/Xcode-27.0.0-Release.Candidate.app/Contents/Developer/Toolchains/XcodeDefault.xctoolchain/usr/lib/swift/host/plugins/testing -enable-experimental-feature DebugDescriptionMacro -sdk /Applications/Xcode-27.0.0-Release.Candidate.app/Contents/Developer/Platforms/WatchOS.platform/Developer/SDKs/WatchOS27.0.sdk -target arm64-apple-watchos9.0 -g -module-cache-path /Users/admin/builder/spi-builder-workspace/.derivedData/ModuleCache.noindex -Xfrontend -serialize-debugging-options -profile-coverage-mapping -profile-generate -enable-testing -index-store-path /Users/admin/builder/spi-builder-workspace/.derivedData/Index.noindex/DataStore -Xcc -D_LIBCPP_HARDENING_MODE\=_LIBCPP_HARDENING_MODE_DEBUG -swift-version 6 -I /Users/admin/builder/spi-builder-workspace/.derivedData/Build/Products/Debug-watchos -Isystem /Applications/Xcode-27.0.0-Release.Candidate.app/Contents/Developer/Platforms/WatchOS.platform/Developer/usr/lib -F /Users/admin/builder/spi-builder-workspace/.derivedData/Build/Products/Debug-watchos -F /Applications/Xcode-27.0.0-Release.Candidate.app/Contents/Developer/Platforms/WatchOS.platform/Developer/Library/Frameworks -F /Applications/Xcode-27.0.0-Release.Candidate.app/Contents/Developer/Platforms/WatchOS.platform/Developer/SDKs/WatchOS27.0.sdk/Developer/Library/Frameworks -Xfrontend -load-plugin-executable -Xfrontend /Users/admin/builder/spi-builder-workspace/.derivedData/Build/Products/Debug/StateStructMacros\#StateStructMacros -c -j10 -enable-batch-mode -incremental -Xcc -ivfsstatcache -Xcc /Users/admin/builder/spi-builder-workspace/.derivedData/SDKStatCaches.noindex/watchos27.0-24R360-e829b21a6f8c9b70876ba0858053c04477534ef55a1706bf4c1112bbb242f0a2.sdkstatcache -output-file-map /Users/admin/builder/spi-builder-workspace/.derivedData/Build/Intermediates.noindex/swift-macro-state-struct.build/Debug-watchos/StateStruct-t.build/Objects-normal/arm64/StateStruct-OutputFileMap.json -save-temps -no-color-diagnostics -explicit-module-build -module-cache-path /Users/admin/builder/spi-builder-workspace/.derivedData/Build/Intermediates.noindex/SwiftExplicitPrecompiledModules -clang-scanner-module-cache-path /Users/admin/builder/spi-builder-workspace/.derivedData/ModuleCache.noindex -sdk-module-cache-path /Users/admin/builder/spi-builder-workspace/.derivedData/SDKExplicitPrecompiledModules -emit-dependencies -emit-module -emit-module-path /Users/admin/builder/spi-builder-workspace/.derivedData/Build/Intermediates.noindex/swift-macro-state-struct.build/Debug-watchos/StateStruct-t.build/Objects-normal/arm64/StateStruct.swiftmodule -serialize-diagnostics -dependency-scan-serialize-diagnostics-path /Users/admin/builder/spi-builder-workspace/.derivedData/Build/Intermediates.noindex/swift-macro-state-struct.build/Debug-watchos/StateStruct-t.build/Objects-normal/arm64/StateStruct-dependency-scan.dia -validate-clang-modules-once -clang-build-session-file /Users/admin/builder/spi-builder-workspace/.derivedData/ModuleCache.noindex/Session.modulevalidation -Xcc -fmodules-prune-interval\=86400 -Xcc -fmodules-prune-after\=345600 -package-name spi_builder_workspace -emit-const-values -const-gather-protocols-list /Users/admin/builder/spi-builder-workspace/.derivedData/Build/Intermediates.noindex/swift-macro-state-struct.build/Debug-watchos/StateStruct-t.build/Objects-normal/arm64/StateStruct_const_extract_protocols.json -Xcc -I/Users/admin/builder/spi-builder-workspace/.derivedData/Build/Products/Debug-watchos/include -Xcc -I/Users/admin/builder/spi-builder-workspace/.derivedData/Build/Intermediates.noindex/swift-macro-state-struct.build/Debug-watchos/StateStruct-t.build/DerivedSources-normal/arm64 -Xcc -I/Users/admin/builder/spi-builder-workspace/.derivedData/Build/Intermediates.noindex/swift-macro-state-struct.build/Debug-watchos/StateStruct-t.build/DerivedSources/arm64 -Xcc -I/Users/admin/builder/spi-builder-workspace/.derivedData/Build/Intermediates.noindex/swift-macro-state-struct.build/Debug-watchos/StateStruct-t.build/DerivedSources -Xcc -DSWIFT_PACKAGE -Xcc -DDEBUG\=1 -emit-objc-header -emit-objc-header-path /Users/admin/builder/spi-builder-workspace/.derivedData/Build/Intermediates.noindex/swift-macro-state-struct.build/Debug-watchos/StateStruct-t.build/Objects-normal/arm64/StateStruct-Swift.h -working-directory /Users/admin/builder/spi-builder-workspace/.swiftpm/xcode -experimental-emit-module-separately -disable-cmo
SwiftExplicitDependencyGeneratePcm arm64_32 /Users/admin/builder/spi-builder-workspace/.derivedData/SDKExplicitPrecompiledModules/SwiftShims-D9VBB138U50XYYGW2C2V21N3L.pcm
SwiftExplicitDependencyGeneratePcm arm64_32 /Users/admin/builder/spi-builder-workspace/.derivedData/SDKExplicitPrecompiledModules/_AvailabilityInternal-22ZP1ILSQW16KHXZS5GBZHOCS.pcm
SwiftExplicitDependencyGeneratePcm arm64_32 /Users/admin/builder/spi-builder-workspace/.derivedData/SDKExplicitPrecompiledModules/_Builtin_float-372PLGDQ1U3B6Z5EA5DJMDORJ.pcm
SwiftExplicitDependencyGeneratePcm arm64_32 /Users/admin/builder/spi-builder-workspace/.derivedData/SDKExplicitPrecompiledModules/ptrauth-EW7YZZ7LEZE1QZF2T8148IPSA.pcm
SwiftExplicitDependencyGeneratePcm arm64_32 /Users/admin/builder/spi-builder-workspace/.derivedData/SDKExplicitPrecompiledModules/_Builtin_stdbool-84ZA1VDW90AGWZ2LF5KOCM8DZ.pcm
SwiftExplicitDependencyGeneratePcm arm64_32 /Users/admin/builder/spi-builder-workspace/.derivedData/SDKExplicitPrecompiledModules/_Builtin_stdarg-EYJP6DFYQL9GJLH1TJ84A8MHV.pcm
SwiftExplicitDependencyGeneratePcm arm64_32 /Users/admin/builder/spi-builder-workspace/.derivedData/SDKExplicitPrecompiledModules/ptrcheck-EAZ3I917ZFA9H6ZCL6PGLG4TR.pcm
SwiftExplicitDependencyGeneratePcm arm64_32 /Users/admin/builder/spi-builder-workspace/.derivedData/SDKExplicitPrecompiledModules/_SwiftConcurrencyShims-58G4ISYSYDV3AT1DDGEE0QCUF.pcm
SwiftExplicitDependencyGeneratePcm arm64_32 /Users/admin/builder/spi-builder-workspace/.derivedData/SDKExplicitPrecompiledModules/_Builtin_stddef-2F9BFIPBQ5EWNSK5G7G7V4EKL.pcm
SwiftExplicitDependencyGeneratePcm arm64 /Users/admin/builder/spi-builder-workspace/.derivedData/SDKExplicitPrecompiledModules/SwiftShims-AJ4AZYHQNC33R5RLN7AGEIOMP.pcm
SwiftExplicitDependencyGeneratePcm arm64 /Users/admin/builder/spi-builder-workspace/.derivedData/SDKExplicitPrecompiledModules/ptrauth-C7VQASAJ967Q4Q6SRD4I3CFWZ.pcm
SwiftExplicitDependencyGeneratePcm arm64 /Users/admin/builder/spi-builder-workspace/.derivedData/SDKExplicitPrecompiledModules/_Builtin_stdarg-3X4KLXUYEI0UGBILP4X7D0CYW.pcm
SwiftExplicitDependencyGeneratePcm arm64 /Users/admin/builder/spi-builder-workspace/.derivedData/SDKExplicitPrecompiledModules/_Builtin_stddef-5OH846KKUPSJJT7GCX9XU1TKG.pcm
SwiftExplicitDependencyGeneratePcm arm64 /Users/admin/builder/spi-builder-workspace/.derivedData/SDKExplicitPrecompiledModules/ptrcheck-8K07997SIHO7YGY7UQ3LOQ3TJ.pcm
SwiftExplicitDependencyGeneratePcm arm64 /Users/admin/builder/spi-builder-workspace/.derivedData/SDKExplicitPrecompiledModules/_SwiftConcurrencyShims-CTPSFSTDCBVSSQFHL6I305U72.pcm
SwiftExplicitDependencyGeneratePcm arm64 /Users/admin/builder/spi-builder-workspace/.derivedData/SDKExplicitPrecompiledModules/_Builtin_float-E4M4A8689VXF1T7P7BV56IKBT.pcm
SwiftExplicitDependencyGeneratePcm arm64 /Users/admin/builder/spi-builder-workspace/.derivedData/SDKExplicitPrecompiledModules/_AvailabilityInternal-42EVAC8Q6P1ZT6G3A168N97G4.pcm
SwiftExplicitDependencyGeneratePcm arm64 /Users/admin/builder/spi-builder-workspace/.derivedData/SDKExplicitPrecompiledModules/_Builtin_stdbool-B692L2PMR118794VVYBG37897.pcm
SwiftExplicitDependencyGeneratePcm arm64_32 /Users/admin/builder/spi-builder-workspace/.derivedData/SDKExplicitPrecompiledModules/_DarwinFoundation1-5SNIO0SFHX9KJZTLQGIPAPXUZ.pcm
SwiftExplicitDependencyGeneratePcm arm64 /Users/admin/builder/spi-builder-workspace/.derivedData/SDKExplicitPrecompiledModules/_DarwinFoundation1-7YQ9TVI7XTOGQU9OADRXP33D1.pcm
SwiftExplicitDependencyGeneratePcm arm64_32 /Users/admin/builder/spi-builder-workspace/.derivedData/SDKExplicitPrecompiledModules/_DarwinFoundation2-FP2Q8F1Q2HR151SBYKTU6Q8B.pcm
SwiftExplicitDependencyGeneratePcm arm64_32 /Users/admin/builder/spi-builder-workspace/.derivedData/SDKExplicitPrecompiledModules/_Builtin_limits-AQMEC9CLG0FZQN6TLGDQ6WF78.pcm
SwiftExplicitDependencyGeneratePcm arm64 /Users/admin/builder/spi-builder-workspace/.derivedData/SDKExplicitPrecompiledModules/_Builtin_limits-75TRA1C7IHYOFCG3KJXQVTHJ4.pcm
SwiftExplicitDependencyGeneratePcm arm64 /Users/admin/builder/spi-builder-workspace/.derivedData/SDKExplicitPrecompiledModules/_DarwinFoundation2-CUPL4FH2SA95GMALQP4M6O8UA.pcm
SwiftExplicitDependencyGeneratePcm arm64_32 /Users/admin/builder/spi-builder-workspace/.derivedData/SDKExplicitPrecompiledModules/_Builtin_stdint-6IWJLTRH2WB6RCG4THPA65RDS.pcm
SwiftExplicitDependencyGeneratePcm arm64_32 /Users/admin/builder/spi-builder-workspace/.derivedData/SDKExplicitPrecompiledModules/string_h-8QY7P4ZQXQAF14WVDITTM4R70.pcm
SwiftExplicitDependencyGeneratePcm arm64_32 /Users/admin/builder/spi-builder-workspace/.derivedData/SDKExplicitPrecompiledModules/sys_types-65NN51P1G7GN2GUAUPC53JJ7N.pcm
SwiftExplicitDependencyGeneratePcm arm64 /Users/admin/builder/spi-builder-workspace/.derivedData/SDKExplicitPrecompiledModules/sys_types-9KPVYINL86WUSHF45TU8PWZZ1.pcm
SwiftExplicitDependencyGeneratePcm arm64 /Users/admin/builder/spi-builder-workspace/.derivedData/SDKExplicitPrecompiledModules/string_h-4N9Z22C0HUO8GV7GFPCLZRZA2.pcm
SwiftExplicitDependencyGeneratePcm arm64 /Users/admin/builder/spi-builder-workspace/.derivedData/SDKExplicitPrecompiledModules/_Builtin_stdint-6TUACK4YPMARFT56PLIO388SJ.pcm
SwiftExplicitDependencyGeneratePcm arm64_32 /Users/admin/builder/spi-builder-workspace/.derivedData/SDKExplicitPrecompiledModules/_DarwinFoundation3-3YOBOPIW2MF1LRNQH7JBUBY4G.pcm
SwiftExplicitDependencyGeneratePcm arm64_32 /Users/admin/builder/spi-builder-workspace/.derivedData/SDKExplicitPrecompiledModules/_Builtin_stdatomic-D2FE5M7JS5NQA5JDADVERWJM4.pcm
SwiftExplicitDependencyGeneratePcm arm64 /Users/admin/builder/spi-builder-workspace/.derivedData/SDKExplicitPrecompiledModules/_Builtin_stdatomic-25T9UW3XDYID74302F31PX0RP.pcm
SwiftExplicitDependencyGeneratePcm arm64 /Users/admin/builder/spi-builder-workspace/.derivedData/SDKExplicitPrecompiledModules/_DarwinFoundation3-EJXZKD8LN9EYM9OWP9VLJ49PK.pcm
SwiftExplicitDependencyGeneratePcm arm64_32 /Users/admin/builder/spi-builder-workspace/.derivedData/SDKExplicitPrecompiledModules/_Builtin_inttypes-BPZJ68HW1IMYWSHROAZ0IMUJP.pcm
SwiftExplicitDependencyGeneratePcm arm64_32 /Users/admin/builder/spi-builder-workspace/.derivedData/SDKExplicitPrecompiledModules/Darwin-10D35ZJWCWG7LJAF579U7I5V7.pcm
SwiftExplicitDependencyGeneratePcm arm64 /Users/admin/builder/spi-builder-workspace/.derivedData/SDKExplicitPrecompiledModules/_Builtin_inttypes-86YTNV5YADPJXFMJ82N3R4GWQ.pcm
SwiftExplicitDependencyGeneratePcm arm64 /Users/admin/builder/spi-builder-workspace/.derivedData/SDKExplicitPrecompiledModules/Darwin-CSB8C43KELVSFIQVR0803IZPN.pcm
SwiftExplicitDependencyGeneratePcm arm64_32 /Users/admin/builder/spi-builder-workspace/.derivedData/SDKExplicitPrecompiledModules/MachO-F47JQRYVH1SLPOQSJD8RK9MSX.pcm
SwiftExplicitDependencyGeneratePcm arm64_32 /Users/admin/builder/spi-builder-workspace/.derivedData/SDKExplicitPrecompiledModules/ObjectiveC-71AGZNHLBMR2QK817EJNUN54E.pcm
SwiftExplicitDependencyGeneratePcm arm64 /Users/admin/builder/spi-builder-workspace/.derivedData/SDKExplicitPrecompiledModules/MachO-4RYXFVY68ZDEUZYFMVL57WEKU.pcm
SwiftExplicitDependencyGeneratePcm arm64 /Users/admin/builder/spi-builder-workspace/.derivedData/SDKExplicitPrecompiledModules/ObjectiveC-22CZPC4WYQC9G8T393WT2KKLW.pcm
SwiftExplicitDependencyGeneratePcm arm64_32 /Users/admin/builder/spi-builder-workspace/.derivedData/SDKExplicitPrecompiledModules/os_object-CTXVQBCWDOH6JHUXIFDUOWFRL.pcm
SwiftExplicitDependencyGeneratePcm arm64 /Users/admin/builder/spi-builder-workspace/.derivedData/SDKExplicitPrecompiledModules/os_object-6KYGGZ4DPVZ3BBAZ6QICZN8LI.pcm
SwiftExplicitDependencyGeneratePcm arm64_32 /Users/admin/builder/spi-builder-workspace/.derivedData/SDKExplicitPrecompiledModules/os_workgroup-9L9R05BT5LTFRZ2NM68BZTVV2.pcm
SwiftExplicitDependencyGeneratePcm arm64 /Users/admin/builder/spi-builder-workspace/.derivedData/SDKExplicitPrecompiledModules/os_workgroup-AHE7ULDQBKER38CYPIKDTZF4M.pcm
SwiftExplicitDependencyGeneratePcm arm64_32 /Users/admin/builder/spi-builder-workspace/.derivedData/SDKExplicitPrecompiledModules/Dispatch-CGIMI9KQKHNRQHR2IECIPRG14.pcm
SwiftExplicitDependencyGeneratePcm arm64 /Users/admin/builder/spi-builder-workspace/.derivedData/SDKExplicitPrecompiledModules/Dispatch-39VR0G01IUJ09PQKMFGOHXZ4L.pcm
SwiftExplicitDependencyGeneratePcm arm64_32 /Users/admin/builder/spi-builder-workspace/.derivedData/SDKExplicitPrecompiledModules/XPC-7SLKI45KYLKXH9QET2WYS3UZ4.pcm
SwiftExplicitDependencyGeneratePcm arm64_32 /Users/admin/builder/spi-builder-workspace/.derivedData/SDKExplicitPrecompiledModules/CoreFoundation-76B9WJP9MDYT33HZQVSNNZQZD.pcm
SwiftExplicitDependencyGeneratePcm arm64 /Users/admin/builder/spi-builder-workspace/.derivedData/SDKExplicitPrecompiledModules/CoreFoundation-59XKO8YNRGGYNC5U5LK8B4EM.pcm
SwiftExplicitDependencyGeneratePcm arm64 /Users/admin/builder/spi-builder-workspace/.derivedData/SDKExplicitPrecompiledModules/XPC-650JAZBTM6I0OMHYO6CKM0CWJ.pcm
SwiftExplicitDependencyGeneratePcm arm64_32 /Users/admin/builder/spi-builder-workspace/.derivedData/SDKExplicitPrecompiledModules/os-D9NWGT7PQGY2OD43XMA2KGLJK.pcm
SwiftExplicitDependencyGeneratePcm arm64_32 /Users/admin/builder/spi-builder-workspace/.derivedData/SDKExplicitPrecompiledModules/Security-1W411BS4UH2UNMNII2341429S.pcm
SwiftExplicitDependencyGeneratePcm arm64 /Users/admin/builder/spi-builder-workspace/.derivedData/SDKExplicitPrecompiledModules/os-6BCTB8I5DCBBKFJ0Y0G4WQDDJ.pcm
SwiftExplicitDependencyGeneratePcm arm64 /Users/admin/builder/spi-builder-workspace/.derivedData/SDKExplicitPrecompiledModules/Security-69WNGEAVQP55EDBQHP3BLE8QU.pcm
SwiftExplicitDependencyGeneratePcm arm64_32 /Users/admin/builder/spi-builder-workspace/.derivedData/SDKExplicitPrecompiledModules/Foundation-AIQ30TCDC2B0LBUU6FPQZ0HWI.pcm
SwiftExplicitDependencyGeneratePcm arm64 /Users/admin/builder/spi-builder-workspace/.derivedData/SDKExplicitPrecompiledModules/Foundation-B3IXODHI7VO4VRX2RWRXLVJZT.pcm
SwiftCompile normal arm64_32 Compiling\ Referencing.swift /Users/admin/builder/spi-builder-workspace/Sources/StateStruct/Referencing.swift (in target 'StateStruct' from project 'swift-macro-state-struct')
SwiftCompile normal arm64_32 /Users/admin/builder/spi-builder-workspace/Sources/StateStruct/Referencing.swift (in target 'StateStruct' from project 'swift-macro-state-struct')
cd /Users/admin/builder/spi-builder-workspace/.swiftpm/xcode
builtin-SwiftPerFileCompile Referencing.swift
SwiftEmitModule normal arm64_32 Emitting\ module\ for\ StateStruct (in target 'StateStruct' from project 'swift-macro-state-struct')
/Users/admin/builder/spi-builder-workspace/Sources/StateStruct/Source.swift:162:6: error: 'Observable()' is only available in watchOS 10.0 or newer
160 |
161 | @available(macOS 14.0, iOS 17.0, tvOS 15.0, watchOS 8.0, *)
162 | @Observable
| `- error: 'Observable()' is only available in watchOS 10.0 or newer
163 | class Hoge {
164 |
macro expansion @Observable:1:2: error: 'ObservationTracked()' is only available in watchOS 10.0 or newer
`- /Users/admin/builder/spi-builder-workspace/Sources/StateStruct/Source.swift:167:7: note: expanded code originates here
160 |
161 | @available(macOS 14.0, iOS 17.0, tvOS 15.0, watchOS 8.0, *)
162 | @Observable
| `- note: in expansion of macro 'Observable' on property 'stored_2' here
163 | class Hoge {
164 |
165 | let stored: Int
166 |
167 | var stored_2: Int
+--- macro expansion @Observable -----------------------------------
|1 | @ObservationTracked
| | `- error: 'ObservationTracked()' is only available in watchOS 10.0 or newer
+-------------------------------------------------------------------
168 |
169 | var stored_3: Int?
macro expansion @Observable:1:2: error: 'ObservationTracked()' is only available in watchOS 10.0 or newer
`- /Users/admin/builder/spi-builder-workspace/Sources/StateStruct/Source.swift:169:7: note: expanded code originates here
160 |
161 | @available(macOS 14.0, iOS 17.0, tvOS 15.0, watchOS 8.0, *)
162 | @Observable
| `- note: in expansion of macro 'Observable' on property 'stored_3' here
163 | class Hoge {
164 |
:
167 | var stored_2: Int
168 |
169 | var stored_3: Int?
+--- macro expansion @Observable -----------------------------------
|1 | @ObservationTracked
| | `- error: 'ObservationTracked()' is only available in watchOS 10.0 or newer
+-------------------------------------------------------------------
170 |
171 | weak var weak_stored: Hoge?
macro expansion @Observable:1:2: error: 'ObservationTracked()' is only available in watchOS 10.0 or newer
`- /Users/admin/builder/spi-builder-workspace/Sources/StateStruct/Source.swift:171:7: note: expanded code originates here
160 |
161 | @available(macOS 14.0, iOS 17.0, tvOS 15.0, watchOS 8.0, *)
162 | @Observable
| `- note: in expansion of macro 'Observable' on property 'weak_stored' here
163 | class Hoge {
164 |
:
169 | var stored_3: Int?
170 |
171 | weak var weak_stored: Hoge?
+--- macro expansion @Observable -----------------------------------
|1 | @ObservationTracked
| | `- error: 'ObservationTracked()' is only available in watchOS 10.0 or newer
+-------------------------------------------------------------------
172 |
173 | var stored_4: Int = 10 {
macro expansion @Observable:1:2: error: 'ObservationTracked()' is only available in watchOS 10.0 or newer
`- /Users/admin/builder/spi-builder-workspace/Sources/StateStruct/Source.swift:173:7: note: expanded code originates here
160 |
161 | @available(macOS 14.0, iOS 17.0, tvOS 15.0, watchOS 8.0, *)
162 | @Observable
| `- note: in expansion of macro 'Observable' on property 'stored_4' here
163 | class Hoge {
164 |
:
171 | weak var weak_stored: Hoge?
172 |
173 | var stored_4: Int = 10 {
+--- macro expansion @Observable -----------------------------------
|1 | @ObservationTracked
| | `- error: 'ObservationTracked()' is only available in watchOS 10.0 or newer
+-------------------------------------------------------------------
174 | didSet {
175 | print("stored_4 did set")
macro expansion @Observable:1:2: error: 'ObservationTracked()' is only available in watchOS 10.0 or newer
`- /Users/admin/builder/spi-builder-workspace/Sources/StateStruct/Source.swift:179:7: note: expanded code originates here
160 |
161 | @available(macOS 14.0, iOS 17.0, tvOS 15.0, watchOS 8.0, *)
162 | @Observable
| `- note: in expansion of macro 'Observable' on property 'name' here
163 | class Hoge {
164 |
:
177 | }
178 |
179 | var name = ""
+--- macro expansion @Observable -----------------------------------
|1 | @ObservationTracked
| | `- error: 'ObservationTracked()' is only available in watchOS 10.0 or newer
+-------------------------------------------------------------------
180 |
181 | init(stored: Int) {
macro expansion @Observable:1:2: error: 'ObservationIgnored()' is only available in watchOS 10.0 or newer
`- /Users/admin/builder/spi-builder-workspace/Sources/StateStruct/Source.swift:185:5: note: expanded code originates here
160 |
161 | @available(macOS 14.0, iOS 17.0, tvOS 15.0, watchOS 8.0, *)
162 | @Observable
| `- note: in expansion of macro 'Observable' on class 'Hoge' here
163 | class Hoge {
164 |
:
183 | self.stored_2 = stored
184 | }
185 | }
+--- macro expansion @Observable -----------------------------------
| 1 | @ObservationIgnored private let _$observationRegistrar = Observation.ObservationRegistrar()
| | `- error: 'ObservationIgnored()' is only available in watchOS 10.0 or newer
| 2 |
| 3 | internal nonisolated func access<$s11StateStruct4Hoge10ObservablefMm_6MemberfMu_>(
+-------------------------------------------------------------------
186 | #endif
187 |
macro expansion @ObservationTracked:1:2: error: 'ObservationIgnored()' is only available in watchOS 10.0 or newer
`- /Users/admin/builder/spi-builder-workspace/Sources/StateStruct/Source.swift:167:24: note: expanded code originates here
165 | let stored: Int
166 |
167 | var stored_2: Int
+--- macro expansion @ObservationTracked ---------------------------
|1 | @ObservationIgnored
| | `- error: 'ObservationIgnored()' is only available in watchOS 10.0 or newer
|2 | private var _stored_2: Int
+-------------------------------------------------------------------
168 |
169 | var stored_3: Int?
macro expansion @ObservationTracked:1:2: error: 'ObservationIgnored()' is only available in watchOS 10.0 or newer
`- /Users/admin/builder/spi-builder-workspace/Sources/StateStruct/Source.swift:169:25: note: expanded code originates here
167 | var stored_2: Int
168 |
169 | var stored_3: Int?
+--- macro expansion @ObservationTracked ---------------------------
|1 | @ObservationIgnored
| | `- error: 'ObservationIgnored()' is only available in watchOS 10.0 or newer
|2 | private var _stored_3: Int?
+-------------------------------------------------------------------
170 |
171 | weak var weak_stored: Hoge?
macro expansion @ObservationTracked:1:2: error: 'ObservationIgnored()' is only available in watchOS 10.0 or newer
`- /Users/admin/builder/spi-builder-workspace/Sources/StateStruct/Source.swift:171:34: note: expanded code originates here
169 | var stored_3: Int?
170 |
171 | weak var weak_stored: Hoge?
+--- macro expansion @ObservationTracked ---------------------------
|1 | @ObservationIgnored
| | `- error: 'ObservationIgnored()' is only available in watchOS 10.0 or newer
|2 | private
|3 |
+-------------------------------------------------------------------
172 |
173 | var stored_4: Int = 10 {
macro expansion @ObservationTracked:1:2: error: 'ObservationIgnored()' is only available in watchOS 10.0 or newer
`- /Users/admin/builder/spi-builder-workspace/Sources/StateStruct/Source.swift:177:8: note: expanded code originates here
175 | print("stored_4 did set")
176 | }
177 | }
+--- macro expansion @ObservationTracked ---------------------------
|1 | @ObservationIgnored
| | `- error: 'ObservationIgnored()' is only available in watchOS 10.0 or newer
|2 | private var _stored_4: Int = 10 {
|3 |
+-------------------------------------------------------------------
178 |
179 | var name = ""
macro expansion @ObservationTracked:1:2: error: 'ObservationIgnored()' is only available in watchOS 10.0 or newer
`- /Users/admin/builder/spi-builder-workspace/Sources/StateStruct/Source.swift:179:20: note: expanded code originates here
177 | }
178 |
179 | var name = ""
+--- macro expansion @ObservationTracked ---------------------------
|1 | @ObservationIgnored
| | `- error: 'ObservationIgnored()' is only available in watchOS 10.0 or newer
|2 | private var _name = ""
+-------------------------------------------------------------------
180 |
181 | init(stored: Int) {
macro expansion @Observable:1:70: error: 'ObservationRegistrar' is only available in watchOS 10.0 or newer
`- /Users/admin/builder/spi-builder-workspace/Sources/StateStruct/Source.swift:185:5: note: expanded code originates here
160 |
161 | @available(macOS 14.0, iOS 17.0, tvOS 15.0, watchOS 8.0, *)
162 | @Observable
| `- note: in expansion of macro 'Observable' on class 'Hoge' here
163 | class Hoge {
164 |
:
183 | self.stored_2 = stored
184 | }
185 | }
+--- macro expansion @Observable -----------------------------------
| 1 | @ObservationIgnored private let _$observationRegistrar = Observation.ObservationRegistrar()
| | `- error: 'ObservationRegistrar' is only available in watchOS 10.0 or newer
| 2 |
| 3 | internal nonisolated func access<$s11StateStruct4Hoge10ObservablefMm_6MemberfMu_>(
+-------------------------------------------------------------------
186 | #endif
187 |
/Users/admin/builder/spi-builder-workspace/Sources/StateStruct/Source.swift:162:6: error: 'Observable()' is only available in watchOS 10.0 or newer
160 |
161 | @available(macOS 14.0, iOS 17.0, tvOS 15.0, watchOS 8.0, *)
162 | @Observable
| `- error: 'Observable()' is only available in watchOS 10.0 or newer
163 | class Hoge {
164 |
Failed frontend command:
SwiftCompile normal arm64_32 (in target 'StateStruct' from project 'swift-macro-state-struct')
cd /Users/admin/builder/spi-builder-workspace/.swiftpm/xcode
/Applications/Xcode-27.0.0-Release.Candidate.app/Contents/Developer/Toolchains/XcodeDefault.xctoolchain/usr/bin/swift-frontend -frontend -emit-module -experimental-skip-non-inlinable-function-bodies-without-types /Users/admin/builder/spi-builder-workspace/Sources/StateStruct/Array+modify.swift /Users/admin/builder/spi-builder-workspace/Sources/StateStruct/CopyOnWrite.swift /Users/admin/builder/spi-builder-workspace/Sources/StateStruct/PropertyNode.swift /Users/admin/builder/spi-builder-workspace/Sources/StateStruct/PropertyPath.swift /Users/admin/builder/spi-builder-workspace/Sources/StateStruct/Referencing.swift /Users/admin/builder/spi-builder-workspace/Sources/StateStruct/Source.swift /Users/admin/builder/spi-builder-workspace/Sources/StateStruct/TrackingObject.swift /Users/admin/builder/spi-builder-workspace/Sources/StateStruct/TrackingResult.swift /Users/admin/builder/spi-builder-workspace/Sources/StateStruct/TrackingRuntime.swift /Users/admin/builder/spi-builder-workspace/Sources/StateStruct/_TrackingContext.swift -target arm64_32-apple-watchos9.0 -module-can-import-version Observation 6.4.0.31 0 -disable-cross-import-overlay-search -load-resolved-plugin /Applications/Xcode-27.0.0-Release.Candidate.app/Contents/Developer/Platforms/WatchOS.platform/Developer/usr/lib/swift/host/plugins/libFoundationMacros.dylib\#/Applications/Xcode-27.0.0-Release.Candidate.app/Contents/Developer/Platforms/WatchOS.platform/Developer/usr/bin/swift-plugin-server\#FoundationMacros -load-resolved-plugin /Applications/Xcode-27.0.0-Release.Candidate.app/Contents/Developer/Platforms/WatchOS.platform/Developer/usr/lib/swift/host/plugins/libObservationMacros.dylib\#/Applications/Xcode-27.0.0-Release.Candidate.app/Contents/Developer/Platforms/WatchOS.platform/Developer/usr/bin/swift-plugin-server\#ObservationMacros -load-resolved-plugin \#/Users/admin/builder/spi-builder-workspace/.derivedData/Build/Products/Debug/StateStructMacros\#StateStructMacros -load-resolved-plugin /Applications/Xcode-27.0.0-Release.Candidate.app/Contents/Developer/Platforms/WatchOS.platform/Developer/usr/lib/swift/host/plugins/libSwiftMacros.dylib\#/Applications/Xcode-27.0.0-Release.Candidate.app/Contents/Developer/Platforms/WatchOS.platform/Developer/usr/bin/swift-plugin-server\#SwiftMacros -disable-implicit-swift-modules -Xcc -fno-implicit-modules -Xcc -fno-implicit-module-maps -explicit-swift-module-map-file /Users/admin/builder/spi-builder-workspace/.derivedData/Build/Intermediates.noindex/swift-macro-state-struct.build/Debug-watchos/StateStruct-t.build/Objects-normal/arm64_32/StateStruct-dependencies-1.json -enable-objc-interop -sdk /Applications/Xcode-27.0.0-Release.Candidate.app/Contents/Developer/Platforms/WatchOS.platform/Developer/SDKs/WatchOS27.0.sdk -I /Users/admin/builder/spi-builder-workspace/.derivedData/Build/Products/Debug-watchos -Isystem /Applications/Xcode-27.0.0-Release.Candidate.app/Contents/Developer/Platforms/WatchOS.platform/Developer/usr/lib -F /Users/admin/builder/spi-builder-workspace/.derivedData/Build/Products/Debug-watchos -F /Applications/Xcode-27.0.0-Release.Candidate.app/Contents/Developer/Platforms/WatchOS.platform/Developer/Library/Frameworks -F /Applications/Xcode-27.0.0-Release.Candidate.app/Contents/Developer/Platforms/WatchOS.platform/Developer/SDKs/WatchOS27.0.sdk/Developer/Library/Frameworks -module-cache-path /Users/admin/builder/spi-builder-workspace/.derivedData/Build/Intermediates.noindex/SwiftExplicitPrecompiledModules -no-color-diagnostics -Xcc -fno-color-diagnostics -enable-testing -g -debug-info-format\=dwarf -dwarf-version\=4 -profile-generate -profile-coverage-mapping -swift-version 6 -Onone -D SWIFT_PACKAGE -D DEBUG -D SWIFT_MODULE_RESOURCE_BUNDLE_UNAVAILABLE -D Xcode -serialize-debugging-options -load-plugin-executable /Users/admin/builder/spi-builder-workspace/.derivedData/Build/Products/Debug/StateStructMacros\#StateStructMacros -enable-experimental-feature DebugDescriptionMacro -empty-abi-descriptor -validate-clang-modules-once -clang-build-session-file /Users/admin/builder/spi-builder-workspace/.derivedData/ModuleCache.noindex/Session.modulevalidation -Xcc -working-directory -Xcc /Users/admin/builder/spi-builder-workspace/.swiftpm/xcode -enable-anonymous-context-mangled-names -file-compilation-dir /Users/admin/builder/spi-builder-workspace/.swiftpm/xcode -Xcc -D_LIBCPP_HARDENING_MODE\=_LIBCPP_HARDENING_MODE_DEBUG -Xcc -ivfsstatcache -Xcc /Users/admin/builder/spi-builder-workspace/.derivedData/SDKStatCaches.noindex/watchos27.0-24R360-e829b21a6f8c9b70876ba0858053c04477534ef55a1706bf4c1112bbb242f0a2.sdkstatcache -Xcc -fmodules-prune-interval\=86400 -Xcc -fmodules-prune-after\=345600 -Xcc -I/Users/admin/builder/spi-builder-workspace/.derivedData/Build/Products/Debug-watchos/include -Xcc -I/Users/admin/builder/spi-builder-workspace/.derivedData/Build/Intermediates.noindex/swift-macro-state-struct.build/Debug-watchos/StateStruct-t.build/DerivedSources-normal/arm64_32 -Xcc -I/Users/admin/builder/spi-builder-workspace/.derivedData/Build/Intermediates.noindex/swift-macro-state-struct.build/Debug-watchos/StateStruct-t.build/DerivedSources/arm64_32 -Xcc -I/Users/admin/builder/spi-builder-workspace/.derivedData/Build/Intermediates.noindex/swift-macro-state-struct.build/Debug-watchos/StateStruct-t.build/DerivedSources -Xcc -DSWIFT_PACKAGE -Xcc -DDEBUG\=1 -no-auto-bridging-header-chaining -module-name StateStruct -package-name spi_builder_workspace -const-gather-protocols-file /Users/admin/builder/spi-builder-workspace/.derivedData/Build/Intermediates.noindex/swift-macro-state-struct.build/Debug-watchos/StateStruct-t.build/Objects-normal/arm64_32/StateStruct_const_extract_protocols.json -disable-clang-spi -clang-target arm64_32-apple-watchos27.0 -target-sdk-version 27.0 -target-sdk-name watchos27.0 -in-process-plugin-server-path /Applications/Xcode-27.0.0-Release.Candidate.app/Contents/Developer/Toolchains/XcodeDefault.xctoolchain/usr/lib/swift/host/libSwiftInProcPluginServer.dylib -emit-module-doc-path /Users/admin/builder/spi-builder-workspace/.derivedData/Build/Intermediates.noindex/swift-macro-state-struct.build/Debug-watchos/StateStruct-t.build/Objects-normal/arm64_32/StateStruct.swiftdoc -emit-module-source-info-path /Users/admin/builder/spi-builder-workspace/.derivedData/Build/Intermediates.noindex/swift-macro-state-struct.build/Debug-watchos/StateStruct-t.build/Objects-normal/arm64_32/StateStruct.swiftsourceinfo -emit-objc-header-path /Users/admin/builder/spi-builder-workspace/.derivedData/Build/Intermediates.noindex/swift-macro-state-struct.build/Debug-watchos/StateStruct-t.build/Objects-normal/arm64_32/StateStruct-Swift.h -serialize-diagnostics-path /Users/admin/builder/spi-builder-workspace/.derivedData/Build/Intermediates.noindex/swift-macro-state-struct.build/Debug-watchos/StateStruct-t.build/Objects-normal/arm64_32/StateStruct-primary-emit-module.dia -emit-dependencies-path /Users/admin/builder/spi-builder-workspace/.derivedData/Build/Intermediates.noindex/swift-macro-state-struct.build/Debug-watchos/StateStruct-t.build/Objects-normal/arm64_32/StateStruct-primary-emit-module.d -parse-as-library -o /Users/admin/builder/spi-builder-workspace/.derivedData/Build/Intermediates.noindex/swift-macro-state-struct.build/Debug-watchos/StateStruct-t.build/Objects-normal/arm64_32/StateStruct.swiftmodule -emit-abi-descriptor-path /Users/admin/builder/spi-builder-workspace/.derivedData/Build/Intermediates.noindex/swift-macro-state-struct.build/Debug-watchos/StateStruct-t.build/Objects-normal/arm64_32/StateStruct.abi.json
SwiftCompile normal arm64_32 Compiling\ TrackingResult.swift /Users/admin/builder/spi-builder-workspace/Sources/StateStruct/TrackingResult.swift (in target 'StateStruct' from project 'swift-macro-state-struct')
SwiftCompile normal arm64_32 /Users/admin/builder/spi-builder-workspace/Sources/StateStruct/TrackingResult.swift (in target 'StateStruct' from project 'swift-macro-state-struct')
cd /Users/admin/builder/spi-builder-workspace/.swiftpm/xcode
builtin-SwiftPerFileCompile TrackingResult.swift
SwiftCompile normal arm64_32 Compiling\ _TrackingContext.swift /Users/admin/builder/spi-builder-workspace/Sources/StateStruct/_TrackingContext.swift (in target 'StateStruct' from project 'swift-macro-state-struct')
SwiftCompile normal arm64_32 /Users/admin/builder/spi-builder-workspace/Sources/StateStruct/_TrackingContext.swift (in target 'StateStruct' from project 'swift-macro-state-struct')
cd /Users/admin/builder/spi-builder-workspace/.swiftpm/xcode
builtin-SwiftPerFileCompile _TrackingContext.swift
SwiftCompile normal arm64_32 Compiling\ CopyOnWrite.swift /Users/admin/builder/spi-builder-workspace/Sources/StateStruct/CopyOnWrite.swift (in target 'StateStruct' from project 'swift-macro-state-struct')
SwiftCompile normal arm64_32 /Users/admin/builder/spi-builder-workspace/Sources/StateStruct/CopyOnWrite.swift (in target 'StateStruct' from project 'swift-macro-state-struct')
cd /Users/admin/builder/spi-builder-workspace/.swiftpm/xcode
builtin-SwiftPerFileCompile CopyOnWrite.swift
SwiftCompile normal arm64_32 Compiling\ Array+modify.swift /Users/admin/builder/spi-builder-workspace/Sources/StateStruct/Array+modify.swift (in target 'StateStruct' from project 'swift-macro-state-struct')
SwiftCompile normal arm64_32 /Users/admin/builder/spi-builder-workspace/Sources/StateStruct/Array+modify.swift (in target 'StateStruct' from project 'swift-macro-state-struct')
cd /Users/admin/builder/spi-builder-workspace/.swiftpm/xcode
builtin-SwiftPerFileCompile Array+modify.swift
SwiftCompile normal arm64_32 Compiling\ PropertyNode.swift /Users/admin/builder/spi-builder-workspace/Sources/StateStruct/PropertyNode.swift (in target 'StateStruct' from project 'swift-macro-state-struct')
SwiftCompile normal arm64_32 /Users/admin/builder/spi-builder-workspace/Sources/StateStruct/PropertyNode.swift (in target 'StateStruct' from project 'swift-macro-state-struct')
cd /Users/admin/builder/spi-builder-workspace/.swiftpm/xcode
builtin-SwiftPerFileCompile PropertyNode.swift
SwiftCompile normal arm64_32 Compiling\ PropertyPath.swift /Users/admin/builder/spi-builder-workspace/Sources/StateStruct/PropertyPath.swift (in target 'StateStruct' from project 'swift-macro-state-struct')
SwiftCompile normal arm64_32 /Users/admin/builder/spi-builder-workspace/Sources/StateStruct/PropertyPath.swift (in target 'StateStruct' from project 'swift-macro-state-struct')
cd /Users/admin/builder/spi-builder-workspace/.swiftpm/xcode
builtin-SwiftPerFileCompile PropertyPath.swift
SwiftCompile normal arm64_32 Compiling\ TrackingObject.swift /Users/admin/builder/spi-builder-workspace/Sources/StateStruct/TrackingObject.swift (in target 'StateStruct' from project 'swift-macro-state-struct')
SwiftCompile normal arm64_32 /Users/admin/builder/spi-builder-workspace/Sources/StateStruct/TrackingObject.swift (in target 'StateStruct' from project 'swift-macro-state-struct')
cd /Users/admin/builder/spi-builder-workspace/.swiftpm/xcode
builtin-SwiftPerFileCompile TrackingObject.swift
SwiftCompile normal arm64_32 Compiling\ TrackingRuntime.swift /Users/admin/builder/spi-builder-workspace/Sources/StateStruct/TrackingRuntime.swift (in target 'StateStruct' from project 'swift-macro-state-struct')
SwiftCompile normal arm64_32 /Users/admin/builder/spi-builder-workspace/Sources/StateStruct/TrackingRuntime.swift (in target 'StateStruct' from project 'swift-macro-state-struct')
cd /Users/admin/builder/spi-builder-workspace/.swiftpm/xcode
builtin-SwiftPerFileCompile TrackingRuntime.swift
SwiftEmitModule normal arm64 Emitting\ module\ for\ StateStruct (in target 'StateStruct' from project 'swift-macro-state-struct')
SwiftCompile normal arm64 (in target 'StateStruct' from project 'swift-macro-state-struct')
cd /Users/admin/builder/spi-builder-workspace/.swiftpm/xcode
SwiftDriverJobDiscovery normal arm64_32 Compiling Array+modify.swift (in target 'StateStruct' from project 'swift-macro-state-struct')
SwiftCompile normal arm64 Compiling\ TrackingObject.swift /Users/admin/builder/spi-builder-workspace/Sources/StateStruct/TrackingObject.swift (in target 'StateStruct' from project 'swift-macro-state-struct')
SwiftCompile normal arm64 /Users/admin/builder/spi-builder-workspace/Sources/StateStruct/TrackingObject.swift (in target 'StateStruct' from project 'swift-macro-state-struct')
cd /Users/admin/builder/spi-builder-workspace/.swiftpm/xcode
builtin-SwiftPerFileCompile TrackingObject.swift
SwiftDriverJobDiscovery normal arm64_32 Compiling PropertyPath.swift (in target 'StateStruct' from project 'swift-macro-state-struct')
SwiftCompile normal arm64 Compiling\ TrackingRuntime.swift /Users/admin/builder/spi-builder-workspace/Sources/StateStruct/TrackingRuntime.swift (in target 'StateStruct' from project 'swift-macro-state-struct')
SwiftCompile normal arm64 /Users/admin/builder/spi-builder-workspace/Sources/StateStruct/TrackingRuntime.swift (in target 'StateStruct' from project 'swift-macro-state-struct')
cd /Users/admin/builder/spi-builder-workspace/.swiftpm/xcode
builtin-SwiftPerFileCompile TrackingRuntime.swift
SwiftDriverJobDiscovery normal arm64_32 Compiling Referencing.swift (in target 'StateStruct' from project 'swift-macro-state-struct')
SwiftCompile normal arm64 Compiling\ CopyOnWrite.swift /Users/admin/builder/spi-builder-workspace/Sources/StateStruct/CopyOnWrite.swift (in target 'StateStruct' from project 'swift-macro-state-struct')
SwiftCompile normal arm64 /Users/admin/builder/spi-builder-workspace/Sources/StateStruct/CopyOnWrite.swift (in target 'StateStruct' from project 'swift-macro-state-struct')
cd /Users/admin/builder/spi-builder-workspace/.swiftpm/xcode
builtin-SwiftPerFileCompile CopyOnWrite.swift
SwiftDriverJobDiscovery normal arm64_32 Compiling CopyOnWrite.swift (in target 'StateStruct' from project 'swift-macro-state-struct')
SwiftCompile normal arm64 Compiling\ _TrackingContext.swift /Users/admin/builder/spi-builder-workspace/Sources/StateStruct/_TrackingContext.swift (in target 'StateStruct' from project 'swift-macro-state-struct')
SwiftCompile normal arm64 /Users/admin/builder/spi-builder-workspace/Sources/StateStruct/_TrackingContext.swift (in target 'StateStruct' from project 'swift-macro-state-struct')
cd /Users/admin/builder/spi-builder-workspace/.swiftpm/xcode
builtin-SwiftPerFileCompile _TrackingContext.swift
SwiftDriverJobDiscovery normal arm64_32 Compiling TrackingResult.swift (in target 'StateStruct' from project 'swift-macro-state-struct')
SwiftCompile normal arm64 Compiling\ PropertyPath.swift /Users/admin/builder/spi-builder-workspace/Sources/StateStruct/PropertyPath.swift (in target 'StateStruct' from project 'swift-macro-state-struct')
SwiftCompile normal arm64 /Users/admin/builder/spi-builder-workspace/Sources/StateStruct/PropertyPath.swift (in target 'StateStruct' from project 'swift-macro-state-struct')
cd /Users/admin/builder/spi-builder-workspace/.swiftpm/xcode
builtin-SwiftPerFileCompile PropertyPath.swift
PruneExplicitPrecompiledModules /Users/admin/builder/spi-builder-workspace/.derivedData/Build/Intermediates.noindex/SwiftExplicitPrecompiledModules
PruneExplicitPrecompiledModules /Users/admin/builder/spi-builder-workspace/.derivedData/SDKExplicitPrecompiledModules
PruneExplicitPrecompiledModules /Users/admin/builder/spi-builder-workspace/.derivedData/Build/Intermediates.noindex/ExplicitPrecompiledModules
2026-09-22 22:27:13.561 xcodebuild[840:4960] [MT] IDERunDestination: Supported platforms for the buildables in the current scheme is empty.
** BUILD FAILED **
The following build commands failed:
SwiftCompile normal arm64_32 (in target 'StateStruct' from project 'swift-macro-state-struct')
SwiftEmitModule normal arm64_32 Emitting\ module\ for\ StateStruct (in target 'StateStruct' from project 'swift-macro-state-struct')
Building workspace swift-macro-state-struct with scheme swift-macro-state-struct
(3 failures)
Command line invocation:
/Applications/Xcode-27.0.0-Release.Candidate.app/Contents/Developer/usr/bin/xcodebuild -IDEClonedSourcePackagesDirPathOverride=/Users/admin/builder/spi-builder-workspace/.dependencies -resolvePackageDependencies
Resolve Package Graph
Resolved source packages:
swift-macro-state-struct: /Users/admin/builder/spi-builder-workspace
swift-syntax: https://github.com/swiftlang/swift-syntax.git @ 602.0.0
swift-snapshot-testing: https://github.com/pointfreeco/swift-snapshot-testing @ 1.19.6
swift-custom-dump: https://github.com/pointfreeco/swift-custom-dump @ 1.7.3
swift-issue-reporting: https://github.com/pointfreeco/swift-issue-reporting @ 2.1.1
swift-macro-testing: https://github.com/pointfreeco/swift-macro-testing.git @ 0.7.0
resolved source packages: swift-macro-state-struct, swift-syntax, swift-snapshot-testing, swift-custom-dump, swift-issue-reporting, swift-macro-testing
2026-09-22 22:27:26.619 xcodebuild[1057:5798] [MT] IDERunDestination: Supported platforms for the buildables in the current scheme is empty.
{
"dependencies" : [
{
"identity" : "swift-syntax",
"requirement" : {
"range" : [
{
"lower_bound" : "600.0.0",
"upper_bound" : "603.0.0"
}
]
},
"type" : "sourceControl",
"url" : "https://github.com/swiftlang/swift-syntax.git"
},
{
"identity" : "swift-macro-testing",
"requirement" : {
"range" : [
{
"lower_bound" : "0.5.2",
"upper_bound" : "1.0.0"
}
]
},
"type" : "sourceControl",
"url" : "https://github.com/pointfreeco/swift-macro-testing.git"
}
],
"manifest_display_name" : "swift-macro-state-struct",
"name" : "swift-macro-state-struct",
"path" : "/Users/admin/builder/spi-builder-workspace",
"platforms" : [
{
"name" : "macos",
"version" : "13.0"
},
{
"name" : "ios",
"version" : "16.0"
},
{
"name" : "tvos",
"version" : "13.0"
},
{
"name" : "watchos",
"version" : "6.0"
},
{
"name" : "maccatalyst",
"version" : "13.0"
}
],
"products" : [
{
"name" : "StateStruct",
"targets" : [
"StateStruct"
],
"type" : {
"library" : [
"automatic"
]
}
},
{
"name" : "StateStructMacros",
"targets" : [
"StateStructMacros"
],
"type" : {
"macro" : null
}
}
],
"swift_languages_versions" : [
"6"
],
"targets" : [
{
"c99name" : "StateStructTests",
"module_type" : "SwiftTarget",
"name" : "StateStructTests",
"path" : "Tests/StateStructTests",
"sources" : [
"AccessorTests.swift",
"CopyOnWriteTests.swift",
"DidSetTests.swift",
"EquatableTests.swift",
"GraphTests.swift",
"HeavyStructCopyTests.swift",
"MyState.swift",
"PropertyWrappers.swift",
"TrackingExistential.swift",
"TrackingTests.swift",
"UpdatingTests.swift"
],
"target_dependencies" : [
"StateStruct"
],
"type" : "test"
},
{
"c99name" : "StateStructMacros",
"module_type" : "SwiftTarget",
"name" : "StateStructMacros",
"path" : "Sources/StateStructMacros",
"product_dependencies" : [
"SwiftSyntaxMacros",
"SwiftCompilerPlugin"
],
"product_memberships" : [
"StateStruct",
"StateStructMacros"
],
"sources" : [
"COWTrackingPropertyMacro.swift",
"KnownTypes.swift",
"Plugin.swift",
"PrimitiveTrackingPropertyMacro.swift",
"TrackingIgnoredMacro.swift",
"TrackingMacro.swift"
],
"type" : "macro"
},
{
"c99name" : "StateStructMacroTests",
"module_type" : "SwiftTarget",
"name" : "StateStructMacroTests",
"path" : "Tests/StateStructMacroTests",
"product_dependencies" : [
"MacroTesting",
"SwiftSyntaxMacrosTestSupport"
],
"sources" : [
"COWTrackingProperyMacroTests.swift",
"TrackingMacroTests.swift"
],
"target_dependencies" : [
"StateStructMacros"
],
"type" : "test"
},
{
"c99name" : "StateStruct",
"module_type" : "SwiftTarget",
"name" : "StateStruct",
"path" : "Sources/StateStruct",
"product_memberships" : [
"StateStruct"
],
"sources" : [
"Array+modify.swift",
"CopyOnWrite.swift",
"PropertyNode.swift",
"PropertyPath.swift",
"Referencing.swift",
"Source.swift",
"TrackingObject.swift",
"TrackingResult.swift",
"TrackingRuntime.swift",
"_TrackingContext.swift"
],
"target_dependencies" : [
"StateStructMacros"
],
"type" : "library"
}
],
"tools_version" : "6.0"
}
{
"workspace" : {
"name" : "swift-macro-state-struct",
"schemes" : [
"swift-macro-state-struct"
]
}
}
2026-09-22 22:27:28.725 xcodebuild[1066:5873] [MT] IDERunDestination: Supported platforms for the buildables in the current scheme is empty.
Running build ...
env DEVELOPER_DIR=/Applications/Xcode-27.0.0-Release.Candidate.app xcrun xcodebuild -IDEClonedSourcePackagesDirPathOverride=$PWD/.dependencies -skipMacroValidation -skipPackagePluginValidation -derivedDataPath $PWD/.derivedData build -scheme swift-macro-state-struct -destination generic/platform=watchOS
Command line invocation:
/Applications/Xcode-27.0.0-Release.Candidate.app/Contents/Developer/usr/bin/xcodebuild -IDEClonedSourcePackagesDirPathOverride=/Users/admin/builder/spi-builder-workspace/.dependencies -skipMacroValidation -skipPackagePluginValidation -derivedDataPath /Users/admin/builder/spi-builder-workspace/.derivedData build -scheme swift-macro-state-struct -destination generic/platform=watchOS
Resolve Package Graph
Resolved source packages:
swift-issue-reporting: https://github.com/pointfreeco/swift-issue-reporting @ 2.1.1
swift-syntax: https://github.com/swiftlang/swift-syntax.git @ 602.0.0
swift-macro-state-struct: /Users/admin/builder/spi-builder-workspace
swift-snapshot-testing: https://github.com/pointfreeco/swift-snapshot-testing @ 1.19.6
swift-custom-dump: https://github.com/pointfreeco/swift-custom-dump @ 1.7.3
swift-macro-testing: https://github.com/pointfreeco/swift-macro-testing.git @ 0.7.0
ComputePackagePrebuildTargetDependencyGraph
Prepare packages
CreateBuildRequest
SendProjectDescription
CreateBuildOperation
ComputeTargetDependencyGraph
note: Building targets in dependency order
note: Target dependency graph (3 targets)
Target 'StateStruct-product' in project 'swift-macro-state-struct'
➜ Explicit dependency on target 'StateStruct' in project 'swift-macro-state-struct'
➜ Explicit dependency on target 'StateStructMacros' in project 'swift-macro-state-struct'
Target 'StateStruct' in project 'swift-macro-state-struct'
➜ Explicit dependency on target 'StateStructMacros' in project 'swift-macro-state-struct'
Target 'StateStructMacros' in project 'swift-macro-state-struct' (no dependencies)
GatherProvisioningInputs
CreateBuildDescription
ClangStatCache /Applications/Xcode-27.0.0-Release.Candidate.app/Contents/Developer/Toolchains/XcodeDefault.xctoolchain/usr/bin/clang-stat-cache /Applications/Xcode-27.0.0-Release.Candidate.app/Contents/Developer/Platforms/WatchOS.platform/Developer/SDKs/WatchOS27.0.sdk /Users/admin/builder/spi-builder-workspace/.derivedData/SDKStatCaches.noindex/watchos27.0-24R360-e829b21a6f8c9b70876ba0858053c04477534ef55a1706bf4c1112bbb242f0a2.sdkstatcache
cd /Users/admin/builder/spi-builder-workspace/.swiftpm/xcode
/Applications/Xcode-27.0.0-Release.Candidate.app/Contents/Developer/Toolchains/XcodeDefault.xctoolchain/usr/bin/clang-stat-cache /Applications/Xcode-27.0.0-Release.Candidate.app/Contents/Developer/Platforms/WatchOS.platform/Developer/SDKs/WatchOS27.0.sdk -o /Users/admin/builder/spi-builder-workspace/.derivedData/SDKStatCaches.noindex/watchos27.0-24R360-e829b21a6f8c9b70876ba0858053c04477534ef55a1706bf4c1112bbb242f0a2.sdkstatcache
ClangStatCache /Applications/Xcode-27.0.0-Release.Candidate.app/Contents/Developer/Toolchains/XcodeDefault.xctoolchain/usr/bin/clang-stat-cache /Applications/Xcode-27.0.0-Release.Candidate.app/Contents/Developer/Platforms/MacOSX.platform/Developer/SDKs/MacOSX27.0.sdk /Users/admin/builder/spi-builder-workspace/.derivedData/SDKStatCaches.noindex/macosx27.0-26A425-e829b21a6f8c9b70876ba0858053c0446a22442a12e9d48fe1a705f55a1adfc4.sdkstatcache
cd /Users/admin/builder/spi-builder-workspace/.swiftpm/xcode
/Applications/Xcode-27.0.0-Release.Candidate.app/Contents/Developer/Toolchains/XcodeDefault.xctoolchain/usr/bin/clang-stat-cache /Applications/Xcode-27.0.0-Release.Candidate.app/Contents/Developer/Platforms/MacOSX.platform/Developer/SDKs/MacOSX27.0.sdk -o /Users/admin/builder/spi-builder-workspace/.derivedData/SDKStatCaches.noindex/macosx27.0-26A425-e829b21a6f8c9b70876ba0858053c0446a22442a12e9d48fe1a705f55a1adfc4.sdkstatcache
SwiftDriver StateStruct normal arm64_32 com.apple.xcode.tools.swift.compiler (in target 'StateStruct' from project 'swift-macro-state-struct')
cd /Users/admin/builder/spi-builder-workspace/.swiftpm/xcode
builtin-SwiftDriver -- /Applications/Xcode-27.0.0-Release.Candidate.app/Contents/Developer/Toolchains/XcodeDefault.xctoolchain/usr/bin/swiftc -parse-as-library -module-name StateStruct -Onone @/Users/admin/builder/spi-builder-workspace/.derivedData/Build/Intermediates.noindex/swift-macro-state-struct.build/Debug-watchos/StateStruct-t.build/Objects-normal/arm64_32/StateStruct.SwiftFileList -DSWIFT_PACKAGE -DDEBUG -DSWIFT_MODULE_RESOURCE_BUNDLE_UNAVAILABLE -DXcode -plugin-path /Applications/Xcode-27.0.0-Release.Candidate.app/Contents/Developer/Toolchains/XcodeDefault.xctoolchain/usr/lib/swift/host/plugins/testing -enable-experimental-feature DebugDescriptionMacro -sdk /Applications/Xcode-27.0.0-Release.Candidate.app/Contents/Developer/Platforms/WatchOS.platform/Developer/SDKs/WatchOS27.0.sdk -target arm64_32-apple-watchos9.0 -g -module-cache-path /Users/admin/builder/spi-builder-workspace/.derivedData/ModuleCache.noindex -Xfrontend -serialize-debugging-options -profile-coverage-mapping -profile-generate -enable-testing -index-store-path /Users/admin/builder/spi-builder-workspace/.derivedData/Index.noindex/DataStore -Xcc -D_LIBCPP_HARDENING_MODE\=_LIBCPP_HARDENING_MODE_DEBUG -swift-version 6 -I /Users/admin/builder/spi-builder-workspace/.derivedData/Build/Products/Debug-watchos -Isystem /Applications/Xcode-27.0.0-Release.Candidate.app/Contents/Developer/Platforms/WatchOS.platform/Developer/usr/lib -F /Users/admin/builder/spi-builder-workspace/.derivedData/Build/Products/Debug-watchos -F /Applications/Xcode-27.0.0-Release.Candidate.app/Contents/Developer/Platforms/WatchOS.platform/Developer/Library/Frameworks -F /Applications/Xcode-27.0.0-Release.Candidate.app/Contents/Developer/Platforms/WatchOS.platform/Developer/SDKs/WatchOS27.0.sdk/Developer/Library/Frameworks -Xfrontend -load-plugin-executable -Xfrontend /Users/admin/builder/spi-builder-workspace/.derivedData/Build/Products/Debug/StateStructMacros\#StateStructMacros -c -j10 -enable-batch-mode -incremental -Xcc -ivfsstatcache -Xcc /Users/admin/builder/spi-builder-workspace/.derivedData/SDKStatCaches.noindex/watchos27.0-24R360-e829b21a6f8c9b70876ba0858053c04477534ef55a1706bf4c1112bbb242f0a2.sdkstatcache -output-file-map /Users/admin/builder/spi-builder-workspace/.derivedData/Build/Intermediates.noindex/swift-macro-state-struct.build/Debug-watchos/StateStruct-t.build/Objects-normal/arm64_32/StateStruct-OutputFileMap.json -save-temps -no-color-diagnostics -explicit-module-build -module-cache-path /Users/admin/builder/spi-builder-workspace/.derivedData/Build/Intermediates.noindex/SwiftExplicitPrecompiledModules -clang-scanner-module-cache-path /Users/admin/builder/spi-builder-workspace/.derivedData/ModuleCache.noindex -sdk-module-cache-path /Users/admin/builder/spi-builder-workspace/.derivedData/SDKExplicitPrecompiledModules -emit-dependencies -emit-module -emit-module-path /Users/admin/builder/spi-builder-workspace/.derivedData/Build/Intermediates.noindex/swift-macro-state-struct.build/Debug-watchos/StateStruct-t.build/Objects-normal/arm64_32/StateStruct.swiftmodule -serialize-diagnostics -dependency-scan-serialize-diagnostics-path /Users/admin/builder/spi-builder-workspace/.derivedData/Build/Intermediates.noindex/swift-macro-state-struct.build/Debug-watchos/StateStruct-t.build/Objects-normal/arm64_32/StateStruct-dependency-scan.dia -validate-clang-modules-once -clang-build-session-file /Users/admin/builder/spi-builder-workspace/.derivedData/ModuleCache.noindex/Session.modulevalidation -Xcc -fmodules-prune-interval\=86400 -Xcc -fmodules-prune-after\=345600 -package-name spi_builder_workspace -emit-const-values -const-gather-protocols-list /Users/admin/builder/spi-builder-workspace/.derivedData/Build/Intermediates.noindex/swift-macro-state-struct.build/Debug-watchos/StateStruct-t.build/Objects-normal/arm64_32/StateStruct_const_extract_protocols.json -Xcc -I/Users/admin/builder/spi-builder-workspace/.derivedData/Build/Products/Debug-watchos/include -Xcc -I/Users/admin/builder/spi-builder-workspace/.derivedData/Build/Intermediates.noindex/swift-macro-state-struct.build/Debug-watchos/StateStruct-t.build/DerivedSources-normal/arm64_32 -Xcc -I/Users/admin/builder/spi-builder-workspace/.derivedData/Build/Intermediates.noindex/swift-macro-state-struct.build/Debug-watchos/StateStruct-t.build/DerivedSources/arm64_32 -Xcc -I/Users/admin/builder/spi-builder-workspace/.derivedData/Build/Intermediates.noindex/swift-macro-state-struct.build/Debug-watchos/StateStruct-t.build/DerivedSources -Xcc -DSWIFT_PACKAGE -Xcc -DDEBUG\=1 -emit-objc-header -emit-objc-header-path /Users/admin/builder/spi-builder-workspace/.derivedData/Build/Intermediates.noindex/swift-macro-state-struct.build/Debug-watchos/StateStruct-t.build/Objects-normal/arm64_32/StateStruct-Swift.h -working-directory /Users/admin/builder/spi-builder-workspace/.swiftpm/xcode -experimental-emit-module-separately -disable-cmo
SwiftDriver StateStruct normal arm64 com.apple.xcode.tools.swift.compiler (in target 'StateStruct' from project 'swift-macro-state-struct')
cd /Users/admin/builder/spi-builder-workspace/.swiftpm/xcode
builtin-SwiftDriver -- /Applications/Xcode-27.0.0-Release.Candidate.app/Contents/Developer/Toolchains/XcodeDefault.xctoolchain/usr/bin/swiftc -parse-as-library -module-name StateStruct -Onone @/Users/admin/builder/spi-builder-workspace/.derivedData/Build/Intermediates.noindex/swift-macro-state-struct.build/Debug-watchos/StateStruct-t.build/Objects-normal/arm64/StateStruct.SwiftFileList -DSWIFT_PACKAGE -DDEBUG -DSWIFT_MODULE_RESOURCE_BUNDLE_UNAVAILABLE -DXcode -plugin-path /Applications/Xcode-27.0.0-Release.Candidate.app/Contents/Developer/Toolchains/XcodeDefault.xctoolchain/usr/lib/swift/host/plugins/testing -enable-experimental-feature DebugDescriptionMacro -sdk /Applications/Xcode-27.0.0-Release.Candidate.app/Contents/Developer/Platforms/WatchOS.platform/Developer/SDKs/WatchOS27.0.sdk -target arm64-apple-watchos9.0 -g -module-cache-path /Users/admin/builder/spi-builder-workspace/.derivedData/ModuleCache.noindex -Xfrontend -serialize-debugging-options -profile-coverage-mapping -profile-generate -enable-testing -index-store-path /Users/admin/builder/spi-builder-workspace/.derivedData/Index.noindex/DataStore -Xcc -D_LIBCPP_HARDENING_MODE\=_LIBCPP_HARDENING_MODE_DEBUG -swift-version 6 -I /Users/admin/builder/spi-builder-workspace/.derivedData/Build/Products/Debug-watchos -Isystem /Applications/Xcode-27.0.0-Release.Candidate.app/Contents/Developer/Platforms/WatchOS.platform/Developer/usr/lib -F /Users/admin/builder/spi-builder-workspace/.derivedData/Build/Products/Debug-watchos -F /Applications/Xcode-27.0.0-Release.Candidate.app/Contents/Developer/Platforms/WatchOS.platform/Developer/Library/Frameworks -F /Applications/Xcode-27.0.0-Release.Candidate.app/Contents/Developer/Platforms/WatchOS.platform/Developer/SDKs/WatchOS27.0.sdk/Developer/Library/Frameworks -Xfrontend -load-plugin-executable -Xfrontend /Users/admin/builder/spi-builder-workspace/.derivedData/Build/Products/Debug/StateStructMacros\#StateStructMacros -c -j10 -enable-batch-mode -incremental -Xcc -ivfsstatcache -Xcc /Users/admin/builder/spi-builder-workspace/.derivedData/SDKStatCaches.noindex/watchos27.0-24R360-e829b21a6f8c9b70876ba0858053c04477534ef55a1706bf4c1112bbb242f0a2.sdkstatcache -output-file-map /Users/admin/builder/spi-builder-workspace/.derivedData/Build/Intermediates.noindex/swift-macro-state-struct.build/Debug-watchos/StateStruct-t.build/Objects-normal/arm64/StateStruct-OutputFileMap.json -save-temps -no-color-diagnostics -explicit-module-build -module-cache-path /Users/admin/builder/spi-builder-workspace/.derivedData/Build/Intermediates.noindex/SwiftExplicitPrecompiledModules -clang-scanner-module-cache-path /Users/admin/builder/spi-builder-workspace/.derivedData/ModuleCache.noindex -sdk-module-cache-path /Users/admin/builder/spi-builder-workspace/.derivedData/SDKExplicitPrecompiledModules -emit-dependencies -emit-module -emit-module-path /Users/admin/builder/spi-builder-workspace/.derivedData/Build/Intermediates.noindex/swift-macro-state-struct.build/Debug-watchos/StateStruct-t.build/Objects-normal/arm64/StateStruct.swiftmodule -serialize-diagnostics -dependency-scan-serialize-diagnostics-path /Users/admin/builder/spi-builder-workspace/.derivedData/Build/Intermediates.noindex/swift-macro-state-struct.build/Debug-watchos/StateStruct-t.build/Objects-normal/arm64/StateStruct-dependency-scan.dia -validate-clang-modules-once -clang-build-session-file /Users/admin/builder/spi-builder-workspace/.derivedData/ModuleCache.noindex/Session.modulevalidation -Xcc -fmodules-prune-interval\=86400 -Xcc -fmodules-prune-after\=345600 -package-name spi_builder_workspace -emit-const-values -const-gather-protocols-list /Users/admin/builder/spi-builder-workspace/.derivedData/Build/Intermediates.noindex/swift-macro-state-struct.build/Debug-watchos/StateStruct-t.build/Objects-normal/arm64/StateStruct_const_extract_protocols.json -Xcc -I/Users/admin/builder/spi-builder-workspace/.derivedData/Build/Products/Debug-watchos/include -Xcc -I/Users/admin/builder/spi-builder-workspace/.derivedData/Build/Intermediates.noindex/swift-macro-state-struct.build/Debug-watchos/StateStruct-t.build/DerivedSources-normal/arm64 -Xcc -I/Users/admin/builder/spi-builder-workspace/.derivedData/Build/Intermediates.noindex/swift-macro-state-struct.build/Debug-watchos/StateStruct-t.build/DerivedSources/arm64 -Xcc -I/Users/admin/builder/spi-builder-workspace/.derivedData/Build/Intermediates.noindex/swift-macro-state-struct.build/Debug-watchos/StateStruct-t.build/DerivedSources -Xcc -DSWIFT_PACKAGE -Xcc -DDEBUG\=1 -emit-objc-header -emit-objc-header-path /Users/admin/builder/spi-builder-workspace/.derivedData/Build/Intermediates.noindex/swift-macro-state-struct.build/Debug-watchos/StateStruct-t.build/Objects-normal/arm64/StateStruct-Swift.h -working-directory /Users/admin/builder/spi-builder-workspace/.swiftpm/xcode -experimental-emit-module-separately -disable-cmo
SwiftEmitModule normal arm64_32 Emitting\ module\ for\ StateStruct (in target 'StateStruct' from project 'swift-macro-state-struct')
/Users/admin/builder/spi-builder-workspace/Sources/StateStruct/Source.swift:162:6: error: 'Observable()' is only available in watchOS 10.0 or newer
160 |
161 | @available(macOS 14.0, iOS 17.0, tvOS 15.0, watchOS 8.0, *)
162 | @Observable
| `- error: 'Observable()' is only available in watchOS 10.0 or newer
163 | class Hoge {
164 |
macro expansion @Observable:1:2: error: 'ObservationTracked()' is only available in watchOS 10.0 or newer
`- /Users/admin/builder/spi-builder-workspace/Sources/StateStruct/Source.swift:167:7: note: expanded code originates here
160 |
161 | @available(macOS 14.0, iOS 17.0, tvOS 15.0, watchOS 8.0, *)
162 | @Observable
| `- note: in expansion of macro 'Observable' on property 'stored_2' here
163 | class Hoge {
164 |
165 | let stored: Int
166 |
167 | var stored_2: Int
+--- macro expansion @Observable -----------------------------------
|1 | @ObservationTracked
| | `- error: 'ObservationTracked()' is only available in watchOS 10.0 or newer
+-------------------------------------------------------------------
168 |
169 | var stored_3: Int?
macro expansion @Observable:1:2: error: 'ObservationTracked()' is only available in watchOS 10.0 or newer
`- /Users/admin/builder/spi-builder-workspace/Sources/StateStruct/Source.swift:169:7: note: expanded code originates here
160 |
161 | @available(macOS 14.0, iOS 17.0, tvOS 15.0, watchOS 8.0, *)
162 | @Observable
| `- note: in expansion of macro 'Observable' on property 'stored_3' here
163 | class Hoge {
164 |
:
167 | var stored_2: Int
168 |
169 | var stored_3: Int?
+--- macro expansion @Observable -----------------------------------
|1 | @ObservationTracked
| | `- error: 'ObservationTracked()' is only available in watchOS 10.0 or newer
+-------------------------------------------------------------------
170 |
171 | weak var weak_stored: Hoge?
macro expansion @Observable:1:2: error: 'ObservationTracked()' is only available in watchOS 10.0 or newer
`- /Users/admin/builder/spi-builder-workspace/Sources/StateStruct/Source.swift:171:7: note: expanded code originates here
160 |
161 | @available(macOS 14.0, iOS 17.0, tvOS 15.0, watchOS 8.0, *)
162 | @Observable
| `- note: in expansion of macro 'Observable' on property 'weak_stored' here
163 | class Hoge {
164 |
:
169 | var stored_3: Int?
170 |
171 | weak var weak_stored: Hoge?
+--- macro expansion @Observable -----------------------------------
|1 | @ObservationTracked
| | `- error: 'ObservationTracked()' is only available in watchOS 10.0 or newer
+-------------------------------------------------------------------
172 |
173 | var stored_4: Int = 10 {
macro expansion @Observable:1:2: error: 'ObservationTracked()' is only available in watchOS 10.0 or newer
`- /Users/admin/builder/spi-builder-workspace/Sources/StateStruct/Source.swift:173:7: note: expanded code originates here
160 |
161 | @available(macOS 14.0, iOS 17.0, tvOS 15.0, watchOS 8.0, *)
162 | @Observable
| `- note: in expansion of macro 'Observable' on property 'stored_4' here
163 | class Hoge {
164 |
:
171 | weak var weak_stored: Hoge?
172 |
173 | var stored_4: Int = 10 {
+--- macro expansion @Observable -----------------------------------
|1 | @ObservationTracked
| | `- error: 'ObservationTracked()' is only available in watchOS 10.0 or newer
+-------------------------------------------------------------------
174 | didSet {
175 | print("stored_4 did set")
macro expansion @Observable:1:2: error: 'ObservationTracked()' is only available in watchOS 10.0 or newer
`- /Users/admin/builder/spi-builder-workspace/Sources/StateStruct/Source.swift:179:7: note: expanded code originates here
160 |
161 | @available(macOS 14.0, iOS 17.0, tvOS 15.0, watchOS 8.0, *)
162 | @Observable
| `- note: in expansion of macro 'Observable' on property 'name' here
163 | class Hoge {
164 |
:
177 | }
178 |
179 | var name = ""
+--- macro expansion @Observable -----------------------------------
|1 | @ObservationTracked
| | `- error: 'ObservationTracked()' is only available in watchOS 10.0 or newer
+-------------------------------------------------------------------
180 |
181 | init(stored: Int) {
macro expansion @Observable:1:2: error: 'ObservationIgnored()' is only available in watchOS 10.0 or newer
`- /Users/admin/builder/spi-builder-workspace/Sources/StateStruct/Source.swift:185:5: note: expanded code originates here
160 |
161 | @available(macOS 14.0, iOS 17.0, tvOS 15.0, watchOS 8.0, *)
162 | @Observable
| `- note: in expansion of macro 'Observable' on class 'Hoge' here
163 | class Hoge {
164 |
:
183 | self.stored_2 = stored
184 | }
185 | }
+--- macro expansion @Observable -----------------------------------
| 1 | @ObservationIgnored private let _$observationRegistrar = Observation.ObservationRegistrar()
| | `- error: 'ObservationIgnored()' is only available in watchOS 10.0 or newer
| 2 |
| 3 | internal nonisolated func access<$s11StateStruct4Hoge10ObservablefMm_6MemberfMu_>(
+-------------------------------------------------------------------
186 | #endif
187 |
macro expansion @ObservationTracked:1:2: error: 'ObservationIgnored()' is only available in watchOS 10.0 or newer
`- /Users/admin/builder/spi-builder-workspace/Sources/StateStruct/Source.swift:167:24: note: expanded code originates here
165 | let stored: Int
166 |
167 | var stored_2: Int
+--- macro expansion @ObservationTracked ---------------------------
|1 | @ObservationIgnored
| | `- error: 'ObservationIgnored()' is only available in watchOS 10.0 or newer
|2 | private var _stored_2: Int
+-------------------------------------------------------------------
168 |
169 | var stored_3: Int?
macro expansion @ObservationTracked:1:2: error: 'ObservationIgnored()' is only available in watchOS 10.0 or newer
`- /Users/admin/builder/spi-builder-workspace/Sources/StateStruct/Source.swift:169:25: note: expanded code originates here
167 | var stored_2: Int
168 |
169 | var stored_3: Int?
+--- macro expansion @ObservationTracked ---------------------------
|1 | @ObservationIgnored
| | `- error: 'ObservationIgnored()' is only available in watchOS 10.0 or newer
|2 | private var _stored_3: Int?
+-------------------------------------------------------------------
170 |
171 | weak var weak_stored: Hoge?
macro expansion @ObservationTracked:1:2: error: 'ObservationIgnored()' is only available in watchOS 10.0 or newer
`- /Users/admin/builder/spi-builder-workspace/Sources/StateStruct/Source.swift:171:34: note: expanded code originates here
169 | var stored_3: Int?
170 |
171 | weak var weak_stored: Hoge?
+--- macro expansion @ObservationTracked ---------------------------
|1 | @ObservationIgnored
| | `- error: 'ObservationIgnored()' is only available in watchOS 10.0 or newer
|2 | private
|3 |
+-------------------------------------------------------------------
172 |
173 | var stored_4: Int = 10 {
macro expansion @ObservationTracked:1:2: error: 'ObservationIgnored()' is only available in watchOS 10.0 or newer
`- /Users/admin/builder/spi-builder-workspace/Sources/StateStruct/Source.swift:177:8: note: expanded code originates here
175 | print("stored_4 did set")
176 | }
177 | }
+--- macro expansion @ObservationTracked ---------------------------
|1 | @ObservationIgnored
| | `- error: 'ObservationIgnored()' is only available in watchOS 10.0 or newer
|2 | private var _stored_4: Int = 10 {
|3 |
+-------------------------------------------------------------------
178 |
179 | var name = ""
macro expansion @ObservationTracked:1:2: error: 'ObservationIgnored()' is only available in watchOS 10.0 or newer
`- /Users/admin/builder/spi-builder-workspace/Sources/StateStruct/Source.swift:179:20: note: expanded code originates here
177 | }
178 |
179 | var name = ""
+--- macro expansion @ObservationTracked ---------------------------
|1 | @ObservationIgnored
| | `- error: 'ObservationIgnored()' is only available in watchOS 10.0 or newer
|2 | private var _name = ""
+-------------------------------------------------------------------
180 |
181 | init(stored: Int) {
macro expansion @Observable:1:70: error: 'ObservationRegistrar' is only available in watchOS 10.0 or newer
`- /Users/admin/builder/spi-builder-workspace/Sources/StateStruct/Source.swift:185:5: note: expanded code originates here
160 |
161 | @available(macOS 14.0, iOS 17.0, tvOS 15.0, watchOS 8.0, *)
162 | @Observable
| `- note: in expansion of macro 'Observable' on class 'Hoge' here
163 | class Hoge {
164 |
:
183 | self.stored_2 = stored
184 | }
185 | }
+--- macro expansion @Observable -----------------------------------
| 1 | @ObservationIgnored private let _$observationRegistrar = Observation.ObservationRegistrar()
| | `- error: 'ObservationRegistrar' is only available in watchOS 10.0 or newer
| 2 |
| 3 | internal nonisolated func access<$s11StateStruct4Hoge10ObservablefMm_6MemberfMu_>(
+-------------------------------------------------------------------
186 | #endif
187 |
/Users/admin/builder/spi-builder-workspace/Sources/StateStruct/Source.swift:162:6: error: 'Observable()' is only available in watchOS 10.0 or newer
160 |
161 | @available(macOS 14.0, iOS 17.0, tvOS 15.0, watchOS 8.0, *)
162 | @Observable
| `- error: 'Observable()' is only available in watchOS 10.0 or newer
163 | class Hoge {
164 |
Failed frontend command:
SwiftCompile normal arm64_32 (in target 'StateStruct' from project 'swift-macro-state-struct')
cd /Users/admin/builder/spi-builder-workspace/.swiftpm/xcode
/Applications/Xcode-27.0.0-Release.Candidate.app/Contents/Developer/Toolchains/XcodeDefault.xctoolchain/usr/bin/swift-frontend -frontend -emit-module -experimental-skip-non-inlinable-function-bodies-without-types /Users/admin/builder/spi-builder-workspace/Sources/StateStruct/Array+modify.swift /Users/admin/builder/spi-builder-workspace/Sources/StateStruct/CopyOnWrite.swift /Users/admin/builder/spi-builder-workspace/Sources/StateStruct/PropertyNode.swift /Users/admin/builder/spi-builder-workspace/Sources/StateStruct/PropertyPath.swift /Users/admin/builder/spi-builder-workspace/Sources/StateStruct/Referencing.swift /Users/admin/builder/spi-builder-workspace/Sources/StateStruct/Source.swift /Users/admin/builder/spi-builder-workspace/Sources/StateStruct/TrackingObject.swift /Users/admin/builder/spi-builder-workspace/Sources/StateStruct/TrackingResult.swift /Users/admin/builder/spi-builder-workspace/Sources/StateStruct/TrackingRuntime.swift /Users/admin/builder/spi-builder-workspace/Sources/StateStruct/_TrackingContext.swift -target arm64_32-apple-watchos9.0 -module-can-import-version Observation 6.4.0.31 0 -disable-cross-import-overlay-search -load-resolved-plugin /Applications/Xcode-27.0.0-Release.Candidate.app/Contents/Developer/Platforms/WatchOS.platform/Developer/usr/lib/swift/host/plugins/libFoundationMacros.dylib\#/Applications/Xcode-27.0.0-Release.Candidate.app/Contents/Developer/Platforms/WatchOS.platform/Developer/usr/bin/swift-plugin-server\#FoundationMacros -load-resolved-plugin /Applications/Xcode-27.0.0-Release.Candidate.app/Contents/Developer/Platforms/WatchOS.platform/Developer/usr/lib/swift/host/plugins/libObservationMacros.dylib\#/Applications/Xcode-27.0.0-Release.Candidate.app/Contents/Developer/Platforms/WatchOS.platform/Developer/usr/bin/swift-plugin-server\#ObservationMacros -load-resolved-plugin \#/Users/admin/builder/spi-builder-workspace/.derivedData/Build/Products/Debug/StateStructMacros\#StateStructMacros -load-resolved-plugin /Applications/Xcode-27.0.0-Release.Candidate.app/Contents/Developer/Platforms/WatchOS.platform/Developer/usr/lib/swift/host/plugins/libSwiftMacros.dylib\#/Applications/Xcode-27.0.0-Release.Candidate.app/Contents/Developer/Platforms/WatchOS.platform/Developer/usr/bin/swift-plugin-server\#SwiftMacros -disable-implicit-swift-modules -Xcc -fno-implicit-modules -Xcc -fno-implicit-module-maps -explicit-swift-module-map-file /Users/admin/builder/spi-builder-workspace/.derivedData/Build/Intermediates.noindex/swift-macro-state-struct.build/Debug-watchos/StateStruct-t.build/Objects-normal/arm64_32/StateStruct-dependencies-2.json -enable-objc-interop -sdk /Applications/Xcode-27.0.0-Release.Candidate.app/Contents/Developer/Platforms/WatchOS.platform/Developer/SDKs/WatchOS27.0.sdk -I /Users/admin/builder/spi-builder-workspace/.derivedData/Build/Products/Debug-watchos -Isystem /Applications/Xcode-27.0.0-Release.Candidate.app/Contents/Developer/Platforms/WatchOS.platform/Developer/usr/lib -F /Users/admin/builder/spi-builder-workspace/.derivedData/Build/Products/Debug-watchos -F /Applications/Xcode-27.0.0-Release.Candidate.app/Contents/Developer/Platforms/WatchOS.platform/Developer/Library/Frameworks -F /Applications/Xcode-27.0.0-Release.Candidate.app/Contents/Developer/Platforms/WatchOS.platform/Developer/SDKs/WatchOS27.0.sdk/Developer/Library/Frameworks -module-cache-path /Users/admin/builder/spi-builder-workspace/.derivedData/Build/Intermediates.noindex/SwiftExplicitPrecompiledModules -no-color-diagnostics -Xcc -fno-color-diagnostics -enable-testing -g -debug-info-format\=dwarf -dwarf-version\=4 -profile-generate -profile-coverage-mapping -swift-version 6 -Onone -D SWIFT_PACKAGE -D DEBUG -D SWIFT_MODULE_RESOURCE_BUNDLE_UNAVAILABLE -D Xcode -serialize-debugging-options -load-plugin-executable /Users/admin/builder/spi-builder-workspace/.derivedData/Build/Products/Debug/StateStructMacros\#StateStructMacros -enable-experimental-feature DebugDescriptionMacro -empty-abi-descriptor -validate-clang-modules-once -clang-build-session-file /Users/admin/builder/spi-builder-workspace/.derivedData/ModuleCache.noindex/Session.modulevalidation -Xcc -working-directory -Xcc /Users/admin/builder/spi-builder-workspace/.swiftpm/xcode -enable-anonymous-context-mangled-names -file-compilation-dir /Users/admin/builder/spi-builder-workspace/.swiftpm/xcode -Xcc -D_LIBCPP_HARDENING_MODE\=_LIBCPP_HARDENING_MODE_DEBUG -Xcc -ivfsstatcache -Xcc /Users/admin/builder/spi-builder-workspace/.derivedData/SDKStatCaches.noindex/watchos27.0-24R360-e829b21a6f8c9b70876ba0858053c04477534ef55a1706bf4c1112bbb242f0a2.sdkstatcache -Xcc -fmodules-prune-interval\=86400 -Xcc -fmodules-prune-after\=345600 -Xcc -I/Users/admin/builder/spi-builder-workspace/.derivedData/Build/Products/Debug-watchos/include -Xcc -I/Users/admin/builder/spi-builder-workspace/.derivedData/Build/Intermediates.noindex/swift-macro-state-struct.build/Debug-watchos/StateStruct-t.build/DerivedSources-normal/arm64_32 -Xcc -I/Users/admin/builder/spi-builder-workspace/.derivedData/Build/Intermediates.noindex/swift-macro-state-struct.build/Debug-watchos/StateStruct-t.build/DerivedSources/arm64_32 -Xcc -I/Users/admin/builder/spi-builder-workspace/.derivedData/Build/Intermediates.noindex/swift-macro-state-struct.build/Debug-watchos/StateStruct-t.build/DerivedSources -Xcc -DSWIFT_PACKAGE -Xcc -DDEBUG\=1 -no-auto-bridging-header-chaining -module-name StateStruct -package-name spi_builder_workspace -const-gather-protocols-file /Users/admin/builder/spi-builder-workspace/.derivedData/Build/Intermediates.noindex/swift-macro-state-struct.build/Debug-watchos/StateStruct-t.build/Objects-normal/arm64_32/StateStruct_const_extract_protocols.json -disable-clang-spi -clang-target arm64_32-apple-watchos27.0 -target-sdk-version 27.0 -target-sdk-name watchos27.0 -in-process-plugin-server-path /Applications/Xcode-27.0.0-Release.Candidate.app/Contents/Developer/Toolchains/XcodeDefault.xctoolchain/usr/lib/swift/host/libSwiftInProcPluginServer.dylib -emit-module-doc-path /Users/admin/builder/spi-builder-workspace/.derivedData/Build/Intermediates.noindex/swift-macro-state-struct.build/Debug-watchos/StateStruct-t.build/Objects-normal/arm64_32/StateStruct.swiftdoc -emit-module-source-info-path /Users/admin/builder/spi-builder-workspace/.derivedData/Build/Intermediates.noindex/swift-macro-state-struct.build/Debug-watchos/StateStruct-t.build/Objects-normal/arm64_32/StateStruct.swiftsourceinfo -emit-objc-header-path /Users/admin/builder/spi-builder-workspace/.derivedData/Build/Intermediates.noindex/swift-macro-state-struct.build/Debug-watchos/StateStruct-t.build/Objects-normal/arm64_32/StateStruct-Swift.h -serialize-diagnostics-path /Users/admin/builder/spi-builder-workspace/.derivedData/Build/Intermediates.noindex/swift-macro-state-struct.build/Debug-watchos/StateStruct-t.build/Objects-normal/arm64_32/StateStruct-primary-emit-module.dia -emit-dependencies-path /Users/admin/builder/spi-builder-workspace/.derivedData/Build/Intermediates.noindex/swift-macro-state-struct.build/Debug-watchos/StateStruct-t.build/Objects-normal/arm64_32/StateStruct-primary-emit-module.d -parse-as-library -o /Users/admin/builder/spi-builder-workspace/.derivedData/Build/Intermediates.noindex/swift-macro-state-struct.build/Debug-watchos/StateStruct-t.build/Objects-normal/arm64_32/StateStruct.swiftmodule -emit-abi-descriptor-path /Users/admin/builder/spi-builder-workspace/.derivedData/Build/Intermediates.noindex/swift-macro-state-struct.build/Debug-watchos/StateStruct-t.build/Objects-normal/arm64_32/StateStruct.abi.json
SwiftCompile normal arm64_32 Compiling\ TrackingObject.swift /Users/admin/builder/spi-builder-workspace/Sources/StateStruct/TrackingObject.swift (in target 'StateStruct' from project 'swift-macro-state-struct')
SwiftCompile normal arm64_32 /Users/admin/builder/spi-builder-workspace/Sources/StateStruct/TrackingObject.swift (in target 'StateStruct' from project 'swift-macro-state-struct')
cd /Users/admin/builder/spi-builder-workspace/.swiftpm/xcode
builtin-SwiftPerFileCompile TrackingObject.swift
SwiftCompile normal arm64_32 Compiling\ Source.swift /Users/admin/builder/spi-builder-workspace/Sources/StateStruct/Source.swift (in target 'StateStruct' from project 'swift-macro-state-struct')
SwiftCompile normal arm64_32 /Users/admin/builder/spi-builder-workspace/Sources/StateStruct/Source.swift (in target 'StateStruct' from project 'swift-macro-state-struct')
cd /Users/admin/builder/spi-builder-workspace/.swiftpm/xcode
builtin-SwiftPerFileCompile Source.swift
/Users/admin/builder/spi-builder-workspace/Sources/StateStruct/Source.swift:162:6: error: 'Observable()' is only available in watchOS 10.0 or newer
160 |
161 | @available(macOS 14.0, iOS 17.0, tvOS 15.0, watchOS 8.0, *)
162 | @Observable
| `- error: 'Observable()' is only available in watchOS 10.0 or newer
163 | class Hoge {
164 |
macro expansion @Observable:1:2: error: 'ObservationTracked()' is only available in watchOS 10.0 or newer
`- /Users/admin/builder/spi-builder-workspace/Sources/StateStruct/Source.swift:167:7: note: expanded code originates here
160 |
161 | @available(macOS 14.0, iOS 17.0, tvOS 15.0, watchOS 8.0, *)
162 | @Observable
| `- note: in expansion of macro 'Observable' on property 'stored_2' here
163 | class Hoge {
164 |
165 | let stored: Int
166 |
167 | var stored_2: Int
+--- macro expansion @Observable -----------------------------------
|1 | @ObservationTracked
| | `- error: 'ObservationTracked()' is only available in watchOS 10.0 or newer
+-------------------------------------------------------------------
168 |
169 | var stored_3: Int?
macro expansion @Observable:1:2: error: 'ObservationTracked()' is only available in watchOS 10.0 or newer
`- /Users/admin/builder/spi-builder-workspace/Sources/StateStruct/Source.swift:169:7: note: expanded code originates here
160 |
161 | @available(macOS 14.0, iOS 17.0, tvOS 15.0, watchOS 8.0, *)
162 | @Observable
| `- note: in expansion of macro 'Observable' on property 'stored_3' here
163 | class Hoge {
164 |
:
167 | var stored_2: Int
168 |
169 | var stored_3: Int?
+--- macro expansion @Observable -----------------------------------
|1 | @ObservationTracked
| | `- error: 'ObservationTracked()' is only available in watchOS 10.0 or newer
+-------------------------------------------------------------------
170 |
171 | weak var weak_stored: Hoge?
macro expansion @Observable:1:2: error: 'ObservationTracked()' is only available in watchOS 10.0 or newer
`- /Users/admin/builder/spi-builder-workspace/Sources/StateStruct/Source.swift:171:7: note: expanded code originates here
160 |
161 | @available(macOS 14.0, iOS 17.0, tvOS 15.0, watchOS 8.0, *)
162 | @Observable
| `- note: in expansion of macro 'Observable' on property 'weak_stored' here
163 | class Hoge {
164 |
:
169 | var stored_3: Int?
170 |
171 | weak var weak_stored: Hoge?
+--- macro expansion @Observable -----------------------------------
|1 | @ObservationTracked
| | `- error: 'ObservationTracked()' is only available in watchOS 10.0 or newer
+-------------------------------------------------------------------
172 |
173 | var stored_4: Int = 10 {
macro expansion @Observable:1:2: error: 'ObservationTracked()' is only available in watchOS 10.0 or newer
`- /Users/admin/builder/spi-builder-workspace/Sources/StateStruct/Source.swift:173:7: note: expanded code originates here
160 |
161 | @available(macOS 14.0, iOS 17.0, tvOS 15.0, watchOS 8.0, *)
162 | @Observable
| `- note: in expansion of macro 'Observable' on property 'stored_4' here
163 | class Hoge {
164 |
:
171 | weak var weak_stored: Hoge?
172 |
173 | var stored_4: Int = 10 {
+--- macro expansion @Observable -----------------------------------
|1 | @ObservationTracked
| | `- error: 'ObservationTracked()' is only available in watchOS 10.0 or newer
+-------------------------------------------------------------------
174 | didSet {
175 | print("stored_4 did set")
macro expansion @Observable:1:2: error: 'ObservationTracked()' is only available in watchOS 10.0 or newer
`- /Users/admin/builder/spi-builder-workspace/Sources/StateStruct/Source.swift:179:7: note: expanded code originates here
160 |
161 | @available(macOS 14.0, iOS 17.0, tvOS 15.0, watchOS 8.0, *)
162 | @Observable
| `- note: in expansion of macro 'Observable' on property 'name' here
163 | class Hoge {
164 |
:
177 | }
178 |
179 | var name = ""
+--- macro expansion @Observable -----------------------------------
|1 | @ObservationTracked
| | `- error: 'ObservationTracked()' is only available in watchOS 10.0 or newer
+-------------------------------------------------------------------
180 |
181 | init(stored: Int) {
macro expansion @Observable:1:2: error: 'ObservationIgnored()' is only available in watchOS 10.0 or newer
`- /Users/admin/builder/spi-builder-workspace/Sources/StateStruct/Source.swift:185:5: note: expanded code originates here
160 |
161 | @available(macOS 14.0, iOS 17.0, tvOS 15.0, watchOS 8.0, *)
162 | @Observable
| `- note: in expansion of macro 'Observable' on class 'Hoge' here
163 | class Hoge {
164 |
:
183 | self.stored_2 = stored
184 | }
185 | }
+--- macro expansion @Observable -----------------------------------
| 1 | @ObservationIgnored private let _$observationRegistrar = Observation.ObservationRegistrar()
| | `- error: 'ObservationIgnored()' is only available in watchOS 10.0 or newer
| 2 |
| 3 | internal nonisolated func access<$s11StateStruct4Hoge10ObservablefMm_6MemberfMu_>(
+-------------------------------------------------------------------
186 | #endif
187 |
macro expansion @ObservationTracked:1:2: error: 'ObservationIgnored()' is only available in watchOS 10.0 or newer
`- /Users/admin/builder/spi-builder-workspace/Sources/StateStruct/Source.swift:167:24: note: expanded code originates here
165 | let stored: Int
166 |
167 | var stored_2: Int
+--- macro expansion @ObservationTracked ---------------------------
|1 | @ObservationIgnored
| | `- error: 'ObservationIgnored()' is only available in watchOS 10.0 or newer
|2 | private var _stored_2: Int
+-------------------------------------------------------------------
168 |
169 | var stored_3: Int?
macro expansion @ObservationTracked:1:2: error: 'ObservationIgnored()' is only available in watchOS 10.0 or newer
`- /Users/admin/builder/spi-builder-workspace/Sources/StateStruct/Source.swift:169:25: note: expanded code originates here
167 | var stored_2: Int
168 |
169 | var stored_3: Int?
+--- macro expansion @ObservationTracked ---------------------------
|1 | @ObservationIgnored
| | `- error: 'ObservationIgnored()' is only available in watchOS 10.0 or newer
|2 | private var _stored_3: Int?
+-------------------------------------------------------------------
170 |
171 | weak var weak_stored: Hoge?
macro expansion @ObservationTracked:1:2: error: 'ObservationIgnored()' is only available in watchOS 10.0 or newer
`- /Users/admin/builder/spi-builder-workspace/Sources/StateStruct/Source.swift:171:34: note: expanded code originates here
169 | var stored_3: Int?
170 |
171 | weak var weak_stored: Hoge?
+--- macro expansion @ObservationTracked ---------------------------
|1 | @ObservationIgnored
| | `- error: 'ObservationIgnored()' is only available in watchOS 10.0 or newer
|2 | private
|3 |
+-------------------------------------------------------------------
172 |
173 | var stored_4: Int = 10 {
macro expansion @ObservationTracked:1:2: error: 'ObservationIgnored()' is only available in watchOS 10.0 or newer
`- /Users/admin/builder/spi-builder-workspace/Sources/StateStruct/Source.swift:177:8: note: expanded code originates here
175 | print("stored_4 did set")
176 | }
177 | }
+--- macro expansion @ObservationTracked ---------------------------
|1 | @ObservationIgnored
| | `- error: 'ObservationIgnored()' is only available in watchOS 10.0 or newer
|2 | private var _stored_4: Int = 10 {
|3 |
+-------------------------------------------------------------------
178 |
179 | var name = ""
macro expansion @ObservationTracked:1:2: error: 'ObservationIgnored()' is only available in watchOS 10.0 or newer
`- /Users/admin/builder/spi-builder-workspace/Sources/StateStruct/Source.swift:179:20: note: expanded code originates here
177 | }
178 |
179 | var name = ""
+--- macro expansion @ObservationTracked ---------------------------
|1 | @ObservationIgnored
| | `- error: 'ObservationIgnored()' is only available in watchOS 10.0 or newer
|2 | private var _name = ""
+-------------------------------------------------------------------
180 |
181 | init(stored: Int) {
macro expansion @Observable:1:70: error: 'ObservationRegistrar' is only available in watchOS 10.0 or newer
`- /Users/admin/builder/spi-builder-workspace/Sources/StateStruct/Source.swift:185:5: note: expanded code originates here
160 |
161 | @available(macOS 14.0, iOS 17.0, tvOS 15.0, watchOS 8.0, *)
162 | @Observable
| `- note: in expansion of macro 'Observable' on class 'Hoge' here
163 | class Hoge {
164 |
:
183 | self.stored_2 = stored
184 | }
185 | }
+--- macro expansion @Observable -----------------------------------
| 1 | @ObservationIgnored private let _$observationRegistrar = Observation.ObservationRegistrar()
| | `- error: 'ObservationRegistrar' is only available in watchOS 10.0 or newer
| 2 |
| 3 | internal nonisolated func access<$s11StateStruct4Hoge10ObservablefMm_6MemberfMu_>(
+-------------------------------------------------------------------
186 | #endif
187 |
SwiftCompile normal arm64 Compiling\ PropertyPath.swift /Users/admin/builder/spi-builder-workspace/Sources/StateStruct/PropertyPath.swift (in target 'StateStruct' from project 'swift-macro-state-struct')
SwiftCompile normal arm64 /Users/admin/builder/spi-builder-workspace/Sources/StateStruct/PropertyPath.swift (in target 'StateStruct' from project 'swift-macro-state-struct')
cd /Users/admin/builder/spi-builder-workspace/.swiftpm/xcode
builtin-SwiftPerFileCompile PropertyPath.swift
SwiftEmitModule normal arm64 Emitting\ module\ for\ StateStruct (in target 'StateStruct' from project 'swift-macro-state-struct')
/Users/admin/builder/spi-builder-workspace/Sources/StateStruct/Source.swift:162:6: error: 'Observable()' is only available in watchOS 10.0 or newer
160 |
161 | @available(macOS 14.0, iOS 17.0, tvOS 15.0, watchOS 8.0, *)
162 | @Observable
| `- error: 'Observable()' is only available in watchOS 10.0 or newer
163 | class Hoge {
164 |
macro expansion @Observable:1:2: error: 'ObservationTracked()' is only available in watchOS 10.0 or newer
`- /Users/admin/builder/spi-builder-workspace/Sources/StateStruct/Source.swift:167:7: note: expanded code originates here
160 |
161 | @available(macOS 14.0, iOS 17.0, tvOS 15.0, watchOS 8.0, *)
162 | @Observable
| `- note: in expansion of macro 'Observable' on property 'stored_2' here
163 | class Hoge {
164 |
165 | let stored: Int
166 |
167 | var stored_2: Int
+--- macro expansion @Observable -----------------------------------
|1 | @ObservationTracked
| | `- error: 'ObservationTracked()' is only available in watchOS 10.0 or newer
+-------------------------------------------------------------------
168 |
169 | var stored_3: Int?
macro expansion @Observable:1:2: error: 'ObservationTracked()' is only available in watchOS 10.0 or newer
`- /Users/admin/builder/spi-builder-workspace/Sources/StateStruct/Source.swift:169:7: note: expanded code originates here
160 |
161 | @available(macOS 14.0, iOS 17.0, tvOS 15.0, watchOS 8.0, *)
162 | @Observable
| `- note: in expansion of macro 'Observable' on property 'stored_3' here
163 | class Hoge {
164 |
:
167 | var stored_2: Int
168 |
169 | var stored_3: Int?
+--- macro expansion @Observable -----------------------------------
|1 | @ObservationTracked
| | `- error: 'ObservationTracked()' is only available in watchOS 10.0 or newer
+-------------------------------------------------------------------
170 |
171 | weak var weak_stored: Hoge?
macro expansion @Observable:1:2: error: 'ObservationTracked()' is only available in watchOS 10.0 or newer
`- /Users/admin/builder/spi-builder-workspace/Sources/StateStruct/Source.swift:171:7: note: expanded code originates here
160 |
161 | @available(macOS 14.0, iOS 17.0, tvOS 15.0, watchOS 8.0, *)
162 | @Observable
| `- note: in expansion of macro 'Observable' on property 'weak_stored' here
163 | class Hoge {
164 |
:
169 | var stored_3: Int?
170 |
171 | weak var weak_stored: Hoge?
+--- macro expansion @Observable -----------------------------------
|1 | @ObservationTracked
| | `- error: 'ObservationTracked()' is only available in watchOS 10.0 or newer
+-------------------------------------------------------------------
172 |
173 | var stored_4: Int = 10 {
macro expansion @Observable:1:2: error: 'ObservationTracked()' is only available in watchOS 10.0 or newer
`- /Users/admin/builder/spi-builder-workspace/Sources/StateStruct/Source.swift:173:7: note: expanded code originates here
160 |
161 | @available(macOS 14.0, iOS 17.0, tvOS 15.0, watchOS 8.0, *)
162 | @Observable
| `- note: in expansion of macro 'Observable' on property 'stored_4' here
163 | class Hoge {
164 |
:
171 | weak var weak_stored: Hoge?
172 |
173 | var stored_4: Int = 10 {
+--- macro expansion @Observable -----------------------------------
|1 | @ObservationTracked
| | `- error: 'ObservationTracked()' is only available in watchOS 10.0 or newer
+-------------------------------------------------------------------
174 | didSet {
175 | print("stored_4 did set")
macro expansion @Observable:1:2: error: 'ObservationTracked()' is only available in watchOS 10.0 or newer
`- /Users/admin/builder/spi-builder-workspace/Sources/StateStruct/Source.swift:179:7: note: expanded code originates here
160 |
161 | @available(macOS 14.0, iOS 17.0, tvOS 15.0, watchOS 8.0, *)
162 | @Observable
| `- note: in expansion of macro 'Observable' on property 'name' here
163 | class Hoge {
164 |
:
177 | }
178 |
179 | var name = ""
+--- macro expansion @Observable -----------------------------------
|1 | @ObservationTracked
| | `- error: 'ObservationTracked()' is only available in watchOS 10.0 or newer
+-------------------------------------------------------------------
180 |
181 | init(stored: Int) {
macro expansion @Observable:1:2: error: 'ObservationIgnored()' is only available in watchOS 10.0 or newer
`- /Users/admin/builder/spi-builder-workspace/Sources/StateStruct/Source.swift:185:5: note: expanded code originates here
160 |
161 | @available(macOS 14.0, iOS 17.0, tvOS 15.0, watchOS 8.0, *)
162 | @Observable
| `- note: in expansion of macro 'Observable' on class 'Hoge' here
163 | class Hoge {
164 |
:
183 | self.stored_2 = stored
184 | }
185 | }
+--- macro expansion @Observable -----------------------------------
| 1 | @ObservationIgnored private let _$observationRegistrar = Observation.ObservationRegistrar()
| | `- error: 'ObservationIgnored()' is only available in watchOS 10.0 or newer
| 2 |
| 3 | internal nonisolated func access<$s11StateStruct4Hoge10ObservablefMm_6MemberfMu_>(
+-------------------------------------------------------------------
186 | #endif
187 |
macro expansion @ObservationTracked:1:2: error: 'ObservationIgnored()' is only available in watchOS 10.0 or newer
`- /Users/admin/builder/spi-builder-workspace/Sources/StateStruct/Source.swift:167:24: note: expanded code originates here
165 | let stored: Int
166 |
167 | var stored_2: Int
+--- macro expansion @ObservationTracked ---------------------------
|1 | @ObservationIgnored
| | `- error: 'ObservationIgnored()' is only available in watchOS 10.0 or newer
|2 | private var _stored_2: Int
+-------------------------------------------------------------------
168 |
169 | var stored_3: Int?
macro expansion @ObservationTracked:1:2: error: 'ObservationIgnored()' is only available in watchOS 10.0 or newer
`- /Users/admin/builder/spi-builder-workspace/Sources/StateStruct/Source.swift:169:25: note: expanded code originates here
167 | var stored_2: Int
168 |
169 | var stored_3: Int?
+--- macro expansion @ObservationTracked ---------------------------
|1 | @ObservationIgnored
| | `- error: 'ObservationIgnored()' is only available in watchOS 10.0 or newer
|2 | private var _stored_3: Int?
+-------------------------------------------------------------------
170 |
171 | weak var weak_stored: Hoge?
macro expansion @ObservationTracked:1:2: error: 'ObservationIgnored()' is only available in watchOS 10.0 or newer
`- /Users/admin/builder/spi-builder-workspace/Sources/StateStruct/Source.swift:171:34: note: expanded code originates here
169 | var stored_3: Int?
170 |
171 | weak var weak_stored: Hoge?
+--- macro expansion @ObservationTracked ---------------------------
|1 | @ObservationIgnored
| | `- error: 'ObservationIgnored()' is only available in watchOS 10.0 or newer
|2 | private
|3 |
+-------------------------------------------------------------------
172 |
173 | var stored_4: Int = 10 {
macro expansion @ObservationTracked:1:2: error: 'ObservationIgnored()' is only available in watchOS 10.0 or newer
`- /Users/admin/builder/spi-builder-workspace/Sources/StateStruct/Source.swift:177:8: note: expanded code originates here
175 | print("stored_4 did set")
176 | }
177 | }
+--- macro expansion @ObservationTracked ---------------------------
|1 | @ObservationIgnored
| | `- error: 'ObservationIgnored()' is only available in watchOS 10.0 or newer
|2 | private var _stored_4: Int = 10 {
|3 |
+-------------------------------------------------------------------
178 |
179 | var name = ""
macro expansion @ObservationTracked:1:2: error: 'ObservationIgnored()' is only available in watchOS 10.0 or newer
`- /Users/admin/builder/spi-builder-workspace/Sources/StateStruct/Source.swift:179:20: note: expanded code originates here
177 | }
178 |
179 | var name = ""
+--- macro expansion @ObservationTracked ---------------------------
|1 | @ObservationIgnored
| | `- error: 'ObservationIgnored()' is only available in watchOS 10.0 or newer
|2 | private var _name = ""
+-------------------------------------------------------------------
180 |
181 | init(stored: Int) {
macro expansion @Observable:1:70: error: 'ObservationRegistrar' is only available in watchOS 10.0 or newer
`- /Users/admin/builder/spi-builder-workspace/Sources/StateStruct/Source.swift:185:5: note: expanded code originates here
160 |
161 | @available(macOS 14.0, iOS 17.0, tvOS 15.0, watchOS 8.0, *)
162 | @Observable
| `- note: in expansion of macro 'Observable' on class 'Hoge' here
163 | class Hoge {
164 |
:
183 | self.stored_2 = stored
184 | }
185 | }
+--- macro expansion @Observable -----------------------------------
| 1 | @ObservationIgnored private let _$observationRegistrar = Observation.ObservationRegistrar()
| | `- error: 'ObservationRegistrar' is only available in watchOS 10.0 or newer
| 2 |
| 3 | internal nonisolated func access<$s11StateStruct4Hoge10ObservablefMm_6MemberfMu_>(
+-------------------------------------------------------------------
186 | #endif
187 |
/Users/admin/builder/spi-builder-workspace/Sources/StateStruct/Source.swift:162:6: error: 'Observable()' is only available in watchOS 10.0 or newer
160 |
161 | @available(macOS 14.0, iOS 17.0, tvOS 15.0, watchOS 8.0, *)
162 | @Observable
| `- error: 'Observable()' is only available in watchOS 10.0 or newer
163 | class Hoge {
164 |
Failed frontend command:
/Applications/Xcode-27.0.0-Release.Candidate.app/Contents/Developer/Toolchains/XcodeDefault.xctoolchain/usr/bin/swift-frontend -frontend -emit-module -experimental-skip-non-inlinable-function-bodies-without-types /Users/admin/builder/spi-builder-workspace/Sources/StateStruct/Array+modify.swift /Users/admin/builder/spi-builder-workspace/Sources/StateStruct/CopyOnWrite.swift /Users/admin/builder/spi-builder-workspace/Sources/StateStruct/PropertyNode.swift /Users/admin/builder/spi-builder-workspace/Sources/StateStruct/PropertyPath.swift /Users/admin/builder/spi-builder-workspace/Sources/StateStruct/Referencing.swift /Users/admin/builder/spi-builder-workspace/Sources/StateStruct/Source.swift /Users/admin/builder/spi-builder-workspace/Sources/StateStruct/TrackingObject.swift /Users/admin/builder/spi-builder-workspace/Sources/StateStruct/TrackingResult.swift /Users/admin/builder/spi-builder-workspace/Sources/StateStruct/TrackingRuntime.swift /Users/admin/builder/spi-builder-workspace/Sources/StateStruct/_TrackingContext.swift -target arm64-apple-watchos9.0 -module-can-import-version Observation 6.4.0.31 0 -disable-cross-import-overlay-search -load-resolved-plugin /Applications/Xcode-27.0.0-Release.Candidate.app/Contents/Developer/Platforms/WatchOS.platform/Developer/usr/lib/swift/host/plugins/libFoundationMacros.dylib\#/Applications/Xcode-27.0.0-Release.Candidate.app/Contents/Developer/Platforms/WatchOS.platform/Developer/usr/bin/swift-plugin-server\#FoundationMacros -load-resolved-plugin /Applications/Xcode-27.0.0-Release.Candidate.app/Contents/Developer/Platforms/WatchOS.platform/Developer/usr/lib/swift/host/plugins/libObservationMacros.dylib\#/Applications/Xcode-27.0.0-Release.Candidate.app/Contents/Developer/Platforms/WatchOS.platform/Developer/usr/bin/swift-plugin-server\#ObservationMacros -load-resolved-plugin \#/Users/admin/builder/spi-builder-workspace/.derivedData/Build/Products/Debug/StateStructMacros\#StateStructMacros -load-resolved-plugin /Applications/Xcode-27.0.0-Release.Candidate.app/Contents/Developer/Platforms/WatchOS.platform/Developer/usr/lib/swift/host/plugins/libSwiftMacros.dylib\#/Applications/Xcode-27.0.0-Release.Candidate.app/Contents/Developer/Platforms/WatchOS.platform/Developer/usr/bin/swift-plugin-server\#SwiftMacros -disable-implicit-swift-modules -Xcc -fno-implicit-modules -Xcc -fno-implicit-module-maps -explicit-swift-module-map-file /Users/admin/builder/spi-builder-workspace/.derivedData/Build/Intermediates.noindex/swift-macro-state-struct.build/Debug-watchos/StateStruct-t.build/Objects-normal/arm64/StateStruct-dependencies-1.json -Xllvm -aarch64-use-tbi -enable-objc-interop -stack-check -sdk /Applications/Xcode-27.0.0-Release.Candidate.app/Contents/Developer/Platforms/WatchOS.platform/Developer/SDKs/WatchOS27.0.sdk -I /Users/admin/builder/spi-builder-workspace/.derivedData/Build/Products/Debug-watchos -Isystem /Applications/Xcode-27.0.0-Release.Candidate.app/Contents/Developer/Platforms/WatchOS.platform/Developer/usr/lib -F /Users/admin/builder/spi-builder-workspace/.derivedData/Build/Products/Debug-watchos -F /Applications/Xcode-27.0.0-Release.Candidate.app/Contents/Developer/Platforms/WatchOS.platform/Developer/Library/Frameworks -F /Applications/Xcode-27.0.0-Release.Candidate.app/Contents/Developer/Platforms/WatchOS.platform/Developer/SDKs/WatchOS27.0.sdk/Developer/Library/Frameworks -module-cache-path /Users/admin/builder/spi-builder-workspace/.derivedData/Build/Intermediates.noindex/SwiftExplicitPrecompiledModules -no-color-diagnostics -Xcc -fno-color-diagnostics -enable-testing -g -debug-info-format\=dwarf -dwarf-version\=4 -profile-generate -profile-coverage-mapping -swift-version 6 -Onone -D SWIFT_PACKAGE -D DEBUG -D SWIFT_MODULE_RESOURCE_BUNDLE_UNAVAILABLE -D Xcode -serialize-debugging-options -load-plugin-executable /Users/admin/builder/spi-builder-workspace/.derivedData/Build/Products/Debug/StateStructMacros\#StateStructMacros -enable-experimental-feature DebugDescriptionMacro -empty-abi-descriptor -validate-clang-modules-once -clang-build-session-file /Users/admin/builder/spi-builder-workspace/.derivedData/ModuleCache.noindex/Session.modulevalidation -Xcc -working-directory -Xcc /Users/admin/builder/spi-builder-workspace/.swiftpm/xcode -enable-anonymous-context-mangled-names -file-compilation-dir /Users/admin/builder/spi-builder-workspace/.swiftpm/xcode -Xcc -D_LIBCPP_HARDENING_MODE\=_LIBCPP_HARDENING_MODE_DEBUG -Xcc -ivfsstatcache -Xcc /Users/admin/builder/spi-builder-workspace/.derivedData/SDKStatCaches.noindex/watchos27.0-24R360-e829b21a6f8c9b70876ba0858053c04477534ef55a1706bf4c1112bbb242f0a2.sdkstatcache -Xcc -fmodules-prune-interval\=86400 -Xcc -fmodules-prune-after\=345600 -Xcc -I/Users/admin/builder/spi-builder-workspace/.derivedData/Build/Products/Debug-watchos/include -Xcc -I/Users/admin/builder/spi-builder-workspace/.derivedData/Build/Intermediates.noindex/swift-macro-state-struct.build/Debug-watchos/StateStruct-t.build/DerivedSources-normal/arm64 -Xcc -I/Users/admin/builder/spi-builder-workspace/.derivedData/Build/Intermediates.noindex/swift-macro-state-struct.build/Debug-watchos/StateStruct-t.build/DerivedSources/arm64 -Xcc -I/Users/admin/builder/spi-builder-workspace/.derivedData/Build/Intermediates.noindex/swift-macro-state-struct.build/Debug-watchos/StateStruct-t.build/DerivedSources -Xcc -DSWIFT_PACKAGE -Xcc -DDEBUG\=1 -no-auto-bridging-header-chaining -module-name StateStruct -package-name spi_builder_workspace -const-gather-protocols-file /Users/admin/builder/spi-builder-workspace/.derivedData/Build/Intermediates.noindex/swift-macro-state-struct.build/Debug-watchos/StateStruct-t.build/Objects-normal/arm64/StateStruct_const_extract_protocols.json -disable-clang-spi -clang-target arm64-apple-watchos27.0 -target-sdk-version 27.0 -target-sdk-name watchos27.0 -in-process-plugin-server-path /Applications/Xcode-27.0.0-Release.Candidate.app/Contents/Developer/Toolchains/XcodeDefault.xctoolchain/usr/lib/swift/host/libSwiftInProcPluginServer.dylib -emit-module-doc-path /Users/admin/builder/spi-builder-workspace/.derivedData/Build/Intermediates.noindex/swift-macro-state-struct.build/Debug-watchos/StateStruct-t.build/Objects-normal/arm64/StateStruct.swiftdoc -emit-module-source-info-path /Users/admin/builder/spi-builder-workspace/.derivedData/Build/Intermediates.noindex/swift-macro-state-struct.build/Debug-watchos/StateStruct-t.build/Objects-normal/arm64/StateStruct.swiftsourceinfo -emit-objc-header-path /Users/admin/builder/spi-builder-workspace/.derivedData/Build/Intermediates.noindex/swift-macro-state-struct.build/Debug-watchos/StateStruct-t.build/Objects-normal/arm64/StateStruct-Swift.h -serialize-diagnostics-path /Users/admin/builder/spi-builder-workspace/.derivedData/Build/Intermediates.noindex/swift-macro-state-struct.build/Debug-watchos/StateStruct-t.build/Objects-normal/arm64/StateStruct-primary-emit-module.dia -emit-dependencies-path /Users/admin/builder/spi-builder-workspace/.derivedData/Build/Intermediates.noindex/swift-macro-state-struct.build/Debug-watchos/StateStruct-t.build/Objects-normal/arm64/StateStruct-primary-emit-module.d -parse-as-library -o /Users/admin/builder/spi-builder-workspace/.derivedData/Build/Intermediates.noindex/swift-macro-state-struct.build/Debug-watchos/StateStruct-t.build/Objects-normal/arm64/StateStruct.swiftmodule -emit-abi-descriptor-path /Users/admin/builder/spi-builder-workspace/.derivedData/Build/Intermediates.noindex/swift-macro-state-struct.build/Debug-watchos/StateStruct-t.build/Objects-normal/arm64/StateStruct.abi.json
SwiftCompile normal arm64 (in target 'StateStruct' from project 'swift-macro-state-struct')
cd /Users/admin/builder/spi-builder-workspace/.swiftpm/xcode
SwiftCompile normal arm64 Compiling\ _TrackingContext.swift /Users/admin/builder/spi-builder-workspace/Sources/StateStruct/_TrackingContext.swift (in target 'StateStruct' from project 'swift-macro-state-struct')
SwiftCompile normal arm64 /Users/admin/builder/spi-builder-workspace/Sources/StateStruct/_TrackingContext.swift (in target 'StateStruct' from project 'swift-macro-state-struct')
cd /Users/admin/builder/spi-builder-workspace/.swiftpm/xcode
builtin-SwiftPerFileCompile _TrackingContext.swift
SwiftCompile normal arm64 Compiling\ Source.swift /Users/admin/builder/spi-builder-workspace/Sources/StateStruct/Source.swift (in target 'StateStruct' from project 'swift-macro-state-struct')
SwiftCompile normal arm64 /Users/admin/builder/spi-builder-workspace/Sources/StateStruct/Source.swift (in target 'StateStruct' from project 'swift-macro-state-struct')
cd /Users/admin/builder/spi-builder-workspace/.swiftpm/xcode
builtin-SwiftPerFileCompile Source.swift
/Users/admin/builder/spi-builder-workspace/Sources/StateStruct/Source.swift:162:6: error: 'Observable()' is only available in watchOS 10.0 or newer
160 |
161 | @available(macOS 14.0, iOS 17.0, tvOS 15.0, watchOS 8.0, *)
162 | @Observable
| `- error: 'Observable()' is only available in watchOS 10.0 or newer
163 | class Hoge {
164 |
macro expansion @Observable:1:2: error: 'ObservationTracked()' is only available in watchOS 10.0 or newer
`- /Users/admin/builder/spi-builder-workspace/Sources/StateStruct/Source.swift:167:7: note: expanded code originates here
160 |
161 | @available(macOS 14.0, iOS 17.0, tvOS 15.0, watchOS 8.0, *)
162 | @Observable
| `- note: in expansion of macro 'Observable' on property 'stored_2' here
163 | class Hoge {
164 |
165 | let stored: Int
166 |
167 | var stored_2: Int
+--- macro expansion @Observable -----------------------------------
|1 | @ObservationTracked
| | `- error: 'ObservationTracked()' is only available in watchOS 10.0 or newer
+-------------------------------------------------------------------
168 |
169 | var stored_3: Int?
macro expansion @Observable:1:2: error: 'ObservationTracked()' is only available in watchOS 10.0 or newer
`- /Users/admin/builder/spi-builder-workspace/Sources/StateStruct/Source.swift:169:7: note: expanded code originates here
160 |
161 | @available(macOS 14.0, iOS 17.0, tvOS 15.0, watchOS 8.0, *)
162 | @Observable
| `- note: in expansion of macro 'Observable' on property 'stored_3' here
163 | class Hoge {
164 |
:
167 | var stored_2: Int
168 |
169 | var stored_3: Int?
+--- macro expansion @Observable -----------------------------------
|1 | @ObservationTracked
| | `- error: 'ObservationTracked()' is only available in watchOS 10.0 or newer
+-------------------------------------------------------------------
170 |
171 | weak var weak_stored: Hoge?
macro expansion @Observable:1:2: error: 'ObservationTracked()' is only available in watchOS 10.0 or newer
`- /Users/admin/builder/spi-builder-workspace/Sources/StateStruct/Source.swift:171:7: note: expanded code originates here
160 |
161 | @available(macOS 14.0, iOS 17.0, tvOS 15.0, watchOS 8.0, *)
162 | @Observable
| `- note: in expansion of macro 'Observable' on property 'weak_stored' here
163 | class Hoge {
164 |
:
169 | var stored_3: Int?
170 |
171 | weak var weak_stored: Hoge?
+--- macro expansion @Observable -----------------------------------
|1 | @ObservationTracked
| | `- error: 'ObservationTracked()' is only available in watchOS 10.0 or newer
+-------------------------------------------------------------------
172 |
173 | var stored_4: Int = 10 {
macro expansion @Observable:1:2: error: 'ObservationTracked()' is only available in watchOS 10.0 or newer
`- /Users/admin/builder/spi-builder-workspace/Sources/StateStruct/Source.swift:173:7: note: expanded code originates here
160 |
161 | @available(macOS 14.0, iOS 17.0, tvOS 15.0, watchOS 8.0, *)
162 | @Observable
| `- note: in expansion of macro 'Observable' on property 'stored_4' here
163 | class Hoge {
164 |
:
171 | weak var weak_stored: Hoge?
172 |
173 | var stored_4: Int = 10 {
+--- macro expansion @Observable -----------------------------------
|1 | @ObservationTracked
| | `- error: 'ObservationTracked()' is only available in watchOS 10.0 or newer
+-------------------------------------------------------------------
174 | didSet {
175 | print("stored_4 did set")
macro expansion @Observable:1:2: error: 'ObservationTracked()' is only available in watchOS 10.0 or newer
`- /Users/admin/builder/spi-builder-workspace/Sources/StateStruct/Source.swift:179:7: note: expanded code originates here
160 |
161 | @available(macOS 14.0, iOS 17.0, tvOS 15.0, watchOS 8.0, *)
162 | @Observable
| `- note: in expansion of macro 'Observable' on property 'name' here
163 | class Hoge {
164 |
:
177 | }
178 |
179 | var name = ""
+--- macro expansion @Observable -----------------------------------
|1 | @ObservationTracked
| | `- error: 'ObservationTracked()' is only available in watchOS 10.0 or newer
+-------------------------------------------------------------------
180 |
181 | init(stored: Int) {
macro expansion @Observable:1:2: error: 'ObservationIgnored()' is only available in watchOS 10.0 or newer
`- /Users/admin/builder/spi-builder-workspace/Sources/StateStruct/Source.swift:185:5: note: expanded code originates here
160 |
161 | @available(macOS 14.0, iOS 17.0, tvOS 15.0, watchOS 8.0, *)
162 | @Observable
| `- note: in expansion of macro 'Observable' on class 'Hoge' here
163 | class Hoge {
164 |
:
183 | self.stored_2 = stored
184 | }
185 | }
+--- macro expansion @Observable -----------------------------------
| 1 | @ObservationIgnored private let _$observationRegistrar = Observation.ObservationRegistrar()
| | `- error: 'ObservationIgnored()' is only available in watchOS 10.0 or newer
| 2 |
| 3 | internal nonisolated func access<$s11StateStruct4Hoge10ObservablefMm_6MemberfMu_>(
+-------------------------------------------------------------------
186 | #endif
187 |
macro expansion @ObservationTracked:1:2: error: 'ObservationIgnored()' is only available in watchOS 10.0 or newer
`- /Users/admin/builder/spi-builder-workspace/Sources/StateStruct/Source.swift:167:24: note: expanded code originates here
165 | let stored: Int
166 |
167 | var stored_2: Int
+--- macro expansion @ObservationTracked ---------------------------
|1 | @ObservationIgnored
| | `- error: 'ObservationIgnored()' is only available in watchOS 10.0 or newer
|2 | private var _stored_2: Int
+-------------------------------------------------------------------
168 |
169 | var stored_3: Int?
macro expansion @ObservationTracked:1:2: error: 'ObservationIgnored()' is only available in watchOS 10.0 or newer
`- /Users/admin/builder/spi-builder-workspace/Sources/StateStruct/Source.swift:169:25: note: expanded code originates here
167 | var stored_2: Int
168 |
169 | var stored_3: Int?
+--- macro expansion @ObservationTracked ---------------------------
|1 | @ObservationIgnored
| | `- error: 'ObservationIgnored()' is only available in watchOS 10.0 or newer
|2 | private var _stored_3: Int?
+-------------------------------------------------------------------
170 |
171 | weak var weak_stored: Hoge?
macro expansion @ObservationTracked:1:2: error: 'ObservationIgnored()' is only available in watchOS 10.0 or newer
`- /Users/admin/builder/spi-builder-workspace/Sources/StateStruct/Source.swift:171:34: note: expanded code originates here
169 | var stored_3: Int?
170 |
171 | weak var weak_stored: Hoge?
+--- macro expansion @ObservationTracked ---------------------------
|1 | @ObservationIgnored
| | `- error: 'ObservationIgnored()' is only available in watchOS 10.0 or newer
|2 | private
|3 |
+-------------------------------------------------------------------
172 |
173 | var stored_4: Int = 10 {
macro expansion @ObservationTracked:1:2: error: 'ObservationIgnored()' is only available in watchOS 10.0 or newer
`- /Users/admin/builder/spi-builder-workspace/Sources/StateStruct/Source.swift:177:8: note: expanded code originates here
175 | print("stored_4 did set")
176 | }
177 | }
+--- macro expansion @ObservationTracked ---------------------------
|1 | @ObservationIgnored
| | `- error: 'ObservationIgnored()' is only available in watchOS 10.0 or newer
|2 | private var _stored_4: Int = 10 {
|3 |
+-------------------------------------------------------------------
178 |
179 | var name = ""
macro expansion @ObservationTracked:1:2: error: 'ObservationIgnored()' is only available in watchOS 10.0 or newer
`- /Users/admin/builder/spi-builder-workspace/Sources/StateStruct/Source.swift:179:20: note: expanded code originates here
177 | }
178 |
179 | var name = ""
+--- macro expansion @ObservationTracked ---------------------------
|1 | @ObservationIgnored
| | `- error: 'ObservationIgnored()' is only available in watchOS 10.0 or newer
|2 | private var _name = ""
+-------------------------------------------------------------------
180 |
181 | init(stored: Int) {
macro expansion @Observable:1:70: error: 'ObservationRegistrar' is only available in watchOS 10.0 or newer
`- /Users/admin/builder/spi-builder-workspace/Sources/StateStruct/Source.swift:185:5: note: expanded code originates here
160 |
161 | @available(macOS 14.0, iOS 17.0, tvOS 15.0, watchOS 8.0, *)
162 | @Observable
| `- note: in expansion of macro 'Observable' on class 'Hoge' here
163 | class Hoge {
164 |
:
183 | self.stored_2 = stored
184 | }
185 | }
+--- macro expansion @Observable -----------------------------------
| 1 | @ObservationIgnored private let _$observationRegistrar = Observation.ObservationRegistrar()
| | `- error: 'ObservationRegistrar' is only available in watchOS 10.0 or newer
| 2 |
| 3 | internal nonisolated func access<$s11StateStruct4Hoge10ObservablefMm_6MemberfMu_>(
+-------------------------------------------------------------------
186 | #endif
187 |
SwiftCompile normal arm64 Compiling\ CopyOnWrite.swift /Users/admin/builder/spi-builder-workspace/Sources/StateStruct/CopyOnWrite.swift (in target 'StateStruct' from project 'swift-macro-state-struct')
SwiftCompile normal arm64 /Users/admin/builder/spi-builder-workspace/Sources/StateStruct/CopyOnWrite.swift (in target 'StateStruct' from project 'swift-macro-state-struct')
cd /Users/admin/builder/spi-builder-workspace/.swiftpm/xcode
builtin-SwiftPerFileCompile CopyOnWrite.swift
SwiftCompile normal arm64 Compiling\ Referencing.swift /Users/admin/builder/spi-builder-workspace/Sources/StateStruct/Referencing.swift (in target 'StateStruct' from project 'swift-macro-state-struct')
SwiftCompile normal arm64 /Users/admin/builder/spi-builder-workspace/Sources/StateStruct/Referencing.swift (in target 'StateStruct' from project 'swift-macro-state-struct')
cd /Users/admin/builder/spi-builder-workspace/.swiftpm/xcode
builtin-SwiftPerFileCompile Referencing.swift
SwiftCompile normal arm64 Compiling\ TrackingRuntime.swift /Users/admin/builder/spi-builder-workspace/Sources/StateStruct/TrackingRuntime.swift (in target 'StateStruct' from project 'swift-macro-state-struct')
SwiftCompile normal arm64 /Users/admin/builder/spi-builder-workspace/Sources/StateStruct/TrackingRuntime.swift (in target 'StateStruct' from project 'swift-macro-state-struct')
cd /Users/admin/builder/spi-builder-workspace/.swiftpm/xcode
builtin-SwiftPerFileCompile TrackingRuntime.swift
SwiftCompile normal arm64_32 Compiling\ TrackingRuntime.swift /Users/admin/builder/spi-builder-workspace/Sources/StateStruct/TrackingRuntime.swift (in target 'StateStruct' from project 'swift-macro-state-struct')
SwiftCompile normal arm64_32 /Users/admin/builder/spi-builder-workspace/Sources/StateStruct/TrackingRuntime.swift (in target 'StateStruct' from project 'swift-macro-state-struct')
cd /Users/admin/builder/spi-builder-workspace/.swiftpm/xcode
builtin-SwiftPerFileCompile TrackingRuntime.swift
PruneExplicitPrecompiledModules /Users/admin/builder/spi-builder-workspace/.derivedData/Build/Intermediates.noindex/SwiftExplicitPrecompiledModules
PruneExplicitPrecompiledModules /Users/admin/builder/spi-builder-workspace/.derivedData/Build/Intermediates.noindex/ExplicitPrecompiledModules
PruneExplicitPrecompiledModules /Users/admin/builder/spi-builder-workspace/.derivedData/SDKExplicitPrecompiledModules
2026-09-22 22:27:30.542 xcodebuild[1068:5904] [MT] IDERunDestination: Supported platforms for the buildables in the current scheme is empty.
** BUILD FAILED **
The following build commands failed:
SwiftCompile normal arm64_32 (in target 'StateStruct' from project 'swift-macro-state-struct')
SwiftEmitModule normal arm64_32 Emitting\ module\ for\ StateStruct (in target 'StateStruct' from project 'swift-macro-state-struct')
SwiftEmitModule normal arm64 Emitting\ module\ for\ StateStruct (in target 'StateStruct' from project 'swift-macro-state-struct')
SwiftCompile normal arm64 (in target 'StateStruct' from project 'swift-macro-state-struct')
Building workspace swift-macro-state-struct with scheme swift-macro-state-struct
(5 failures)
BUILD FAILURE 6.4 watchOS