The Swift Package Index logo.Swift Package Index

Build Information

Failed to build swift-dependencies-macro, reference main (9bc899), with Swift 6.4 for Wasm on 23 Sep 2026 12:10:03 UTC.

Build Command

bash -c docker run --pull=always --rm -v "checkouts-54344843-0":/host -w "$PWD" -e JAVA_HOME="/root/.sdkman/candidates/java/current" -e SPI_BUILD="1" -e SPI_PROCESSING="1" registry.gitlab.com/saguaro1/spi-images:wasm-6.4-latest swift build --swift-sdk swift-6.4.x-DEVELOPMENT-SNAPSHOT-2026-09-04-a_wasm 2>&1

Build Log

========================================
RunAll
========================================
Builder version: 5.1.0
Interrupt handler set up.
========================================
Checkout
========================================
Clone URL: https://github.com/Ryu0118/swift-dependencies-macro.git
Reference: main
Initialized empty Git repository in /host/spi-builder-workspace/.git/
hint: Using 'master' as the name for the initial branch. This default branch name
hint: is subject to change. To configure the initial branch name to use in all
hint: of your new repositories, which will suppress this warning, call:
hint:
hint: 	git config --global init.defaultBranch <name>
hint:
hint: Names commonly chosen instead of 'master' are 'main', 'trunk' and
hint: 'development'. The just-created branch can be renamed via this command:
hint:
hint: 	git branch -m <name>
From https://github.com/Ryu0118/swift-dependencies-macro
 * branch            main       -> FETCH_HEAD
 * [new branch]      main       -> origin/main
HEAD is now at 9bc8992 Merge pull request #5 from Ryu0118/Ryu0118-patch-1
Cloned https://github.com/Ryu0118/swift-dependencies-macro.git
Revision (git rev-parse @):
9bc899259e6164f3434577af5d374fb29fa30ade
SUCCESS checkout https://github.com/Ryu0118/swift-dependencies-macro.git at main
========================================
Build
========================================
Selected platform:         wasm
Swift version:             6.4
Building package at path:  $PWD
https://github.com/Ryu0118/swift-dependencies-macro.git
Running build ...
bash -c docker run --pull=always --rm -v "checkouts-54344843-0":/host -w "$PWD" -e JAVA_HOME="/root/.sdkman/candidates/java/current" -e SPI_BUILD="1" -e SPI_PROCESSING="1" registry.gitlab.com/saguaro1/spi-images:wasm-6.4-latest swift build --swift-sdk swift-6.4.x-DEVELOPMENT-SNAPSHOT-2026-09-04-a_wasm 2>&1
wasm-6.4-latest: Pulling from saguaro1/spi-images
Digest: sha256:4328fdb43c680d205c1d6761b1e3267aa38277eefdda9ddfb17b6a0f1a77857a
Status: Image is up to date for registry.gitlab.com/saguaro1/spi-images:wasm-6.4-latest
Fetching https://github.com/pointfreeco/swift-macro-testing.git
Fetching https://github.com/apple/swift-syntax.git
Fetching https://github.com/pointfreeco/swift-dependencies
[1/7591] Fetching swift-dependencies
[229/8593] Fetching swift-dependencies, swift-macro-testing
Fetched https://github.com/pointfreeco/swift-dependencies (0.56s)
[1/80014] Fetching swift-syntax
Fetched https://github.com/pointfreeco/swift-macro-testing.git (3.11s)
Fetched https://github.com/apple/swift-syntax.git (3.13s)
Computing version for https://github.com/apple/swift-syntax.git
Computed https://github.com/apple/swift-syntax.git at 600.0.1 (4.29s)
Computing version for https://github.com/pointfreeco/swift-macro-testing.git
Computed https://github.com/pointfreeco/swift-macro-testing.git at 0.7.0 (0.17s)
Fetching https://github.com/pointfreeco/swift-snapshot-testing
[1/16477] Fetching swift-snapshot-testing
Fetched https://github.com/pointfreeco/swift-snapshot-testing (2.67s)
Computing version for https://github.com/pointfreeco/swift-snapshot-testing
Computed https://github.com/pointfreeco/swift-snapshot-testing at 1.19.6 (2.84s)
Fetching https://github.com/pointfreeco/swift-custom-dump
[1/5666] Fetching swift-custom-dump
Fetched https://github.com/pointfreeco/swift-custom-dump (0.79s)
Computing version for https://github.com/pointfreeco/swift-custom-dump
Computed https://github.com/pointfreeco/swift-custom-dump at 1.7.3 (0.97s)
Fetching https://github.com/pointfreeco/swift-issue-reporting
[1/6161] Fetching swift-issue-reporting
Fetched https://github.com/pointfreeco/swift-issue-reporting (0.74s)
Computing version for https://github.com/pointfreeco/swift-issue-reporting
Computed https://github.com/pointfreeco/swift-issue-reporting at 2.1.1 (1.82s)
Computing version for https://github.com/pointfreeco/swift-dependencies
Computed https://github.com/pointfreeco/swift-dependencies at 1.17.1 (0.20s)
Fetching https://github.com/pointfreeco/swift-concurrency-extras
Fetching https://github.com/pointfreeco/swift-clocks
Fetching https://github.com/pointfreeco/combine-schedulers
[1/2686] Fetching combine-schedulers
[539/4132] Fetching combine-schedulers, swift-clocks
[2832/5190] Fetching combine-schedulers, swift-clocks, swift-concurrency-extras
Fetched https://github.com/pointfreeco/swift-clocks (0.65s)
Fetched https://github.com/pointfreeco/swift-concurrency-extras (0.65s)
Fetched https://github.com/pointfreeco/combine-schedulers (0.65s)
Computing version for https://github.com/pointfreeco/swift-clocks
Computed https://github.com/pointfreeco/swift-clocks at 1.1.1 (0.84s)
Computing version for https://github.com/pointfreeco/combine-schedulers
Computed https://github.com/pointfreeco/combine-schedulers at 1.2.2 (0.19s)
Fetching https://github.com/OpenCombine/OpenCombine.git
[1/8295] Fetching opencombine
Fetched https://github.com/OpenCombine/OpenCombine.git (0.70s)
Computing version for https://github.com/OpenCombine/OpenCombine.git
Computed https://github.com/OpenCombine/OpenCombine.git at 0.14.0 (0.93s)
Computing version for https://github.com/pointfreeco/swift-concurrency-extras
Computed https://github.com/pointfreeco/swift-concurrency-extras at 1.4.1 (0.17s)
Creating working copy for https://github.com/pointfreeco/swift-concurrency-extras
Working copy of https://github.com/pointfreeco/swift-concurrency-extras resolved at 1.4.1
Creating working copy for https://github.com/pointfreeco/swift-dependencies
Working copy of https://github.com/pointfreeco/swift-dependencies resolved at 1.17.1
Creating working copy for https://github.com/pointfreeco/swift-macro-testing.git
Working copy of https://github.com/pointfreeco/swift-macro-testing.git resolved at 0.7.0
Creating working copy for https://github.com/apple/swift-syntax.git
Working copy of https://github.com/apple/swift-syntax.git resolved at 600.0.1
Creating working copy for https://github.com/pointfreeco/swift-clocks
Working copy of https://github.com/pointfreeco/swift-clocks resolved at 1.1.1
Creating working copy for https://github.com/pointfreeco/swift-issue-reporting
Working copy of https://github.com/pointfreeco/swift-issue-reporting resolved at 2.1.1
Creating working copy for https://github.com/pointfreeco/swift-snapshot-testing
Working copy of https://github.com/pointfreeco/swift-snapshot-testing resolved at 1.19.6
Creating working copy for https://github.com/pointfreeco/swift-custom-dump
Working copy of https://github.com/pointfreeco/swift-custom-dump resolved at 1.7.3
Creating working copy for https://github.com/OpenCombine/OpenCombine.git
Working copy of https://github.com/OpenCombine/OpenCombine.git resolved at 0.14.0
Creating working copy for https://github.com/pointfreeco/combine-schedulers
Working copy of https://github.com/pointfreeco/combine-schedulers resolved at 1.2.2
warning: 'swift-dependencies': Conflicting identity for swift-syntax: dependency 'github.com/swiftlang/swift-syntax' and dependency 'github.com/apple/swift-syntax' both point to the same package identity 'swift-syntax'. The dependencies are introduced through the following chains: (A) /host/spi-builder-workspace->github.com/pointfreeco/swift-macro-testing->github.com/swiftlang/swift-syntax (B) /host/spi-builder-workspace->github.com/apple/swift-syntax. If there are multiple chains that lead to the same dependency, only the first chain is shown here. To see all chains use debug output option. To resolve the conflict, coordinate with the maintainer of the package that introduces the conflicting dependency. This will be escalated to an error in future versions of SwiftPM.
warning: 'swift-macro-testing': Conflicting identity for swift-syntax: dependency 'github.com/swiftlang/swift-syntax' and dependency 'github.com/apple/swift-syntax' both point to the same package identity 'swift-syntax'. The dependencies are introduced through the following chains: (A) /host/spi-builder-workspace->github.com/pointfreeco/swift-macro-testing->github.com/swiftlang/swift-syntax (B) /host/spi-builder-workspace->github.com/apple/swift-syntax. If there are multiple chains that lead to the same dependency, only the first chain is shown here. To see all chains use debug output option. To resolve the conflict, coordinate with the maintainer of the package that introduces the conflicting dependency. This will be escalated to an error in future versions of SwiftPM.
warning: 'swift-snapshot-testing': Conflicting identity for swift-syntax: dependency 'github.com/swiftlang/swift-syntax' and dependency 'github.com/apple/swift-syntax' both point to the same package identity 'swift-syntax'. The dependencies are introduced through the following chains: (A) /host/spi-builder-workspace->github.com/pointfreeco/swift-dependencies->github.com/swiftlang/swift-syntax (B) /host/spi-builder-workspace->github.com/apple/swift-syntax. If there are multiple chains that lead to the same dependency, only the first chain is shown here. To see all chains use debug output option. To resolve the conflict, coordinate with the maintainer of the package that introduces the conflicting dependency. This will be escalated to an error in future versions of SwiftPM.
warning: 'swift-dependencies': Conflicting identity for swift-syntax: dependency 'github.com/swiftlang/swift-syntax' and dependency 'github.com/apple/swift-syntax' both point to the same package identity 'swift-syntax'. The dependencies are introduced through the following chains: (A) /host/spi-builder-workspace->github.com/pointfreeco/swift-dependencies->github.com/swiftlang/swift-syntax (B) /host/spi-builder-workspace->github.com/apple/swift-syntax. If there are multiple chains that lead to the same dependency, only the first chain is shown here. To see all chains use debug output option. To resolve the conflict, coordinate with the maintainer of the package that introduces the conflicting dependency. This will be escalated to an error in future versions of SwiftPM.
warning: 'swift-macro-testing': Conflicting identity for swift-syntax: dependency 'github.com/swiftlang/swift-syntax' and dependency 'github.com/apple/swift-syntax' both point to the same package identity 'swift-syntax'. The dependencies are introduced through the following chains: (A) /host/spi-builder-workspace->github.com/pointfreeco/swift-macro-testing->github.com/swiftlang/swift-syntax (B) /host/spi-builder-workspace->github.com/apple/swift-syntax. If there are multiple chains that lead to the same dependency, only the first chain is shown here. To see all chains use debug output option. To resolve the conflict, coordinate with the maintainer of the package that introduces the conflicting dependency. This will be escalated to an error in future versions of SwiftPM.
warning: 'swift-snapshot-testing': Conflicting identity for swift-syntax: dependency 'github.com/swiftlang/swift-syntax' and dependency 'github.com/apple/swift-syntax' both point to the same package identity 'swift-syntax'. The dependencies are introduced through the following chains: (A) /host/spi-builder-workspace->github.com/pointfreeco/swift-macro-testing->github.com/swiftlang/swift-syntax (B) /host/spi-builder-workspace->github.com/apple/swift-syntax. If there are multiple chains that lead to the same dependency, only the first chain is shown here. To see all chains use debug output option. To resolve the conflict, coordinate with the maintainer of the package that introduces the conflicting dependency. This will be escalated to an error in future versions of SwiftPM.
Building for debugging...
[Computing dependencies]
[Pre-planning 1 / 743]
[Planning deferred tasks]
[151 / 326] IssueReporting
[168 / 326] SwiftSyntax509
[169 / 326] IssueReporting
[180 / 326] SwiftSyntax
[186 / 328] IssueReporting-product
[187 / 329] IssueReporting
[192 / 329] ConcurrencyExtras
[193 / 329] ConcurrencyExtras
[194 / 329] IssueReporting
[204 / 333] Clocks
[214 / 360] SwiftSyntax
error: SwiftCompile normal wasm32 failed with a nonzero exit code. Command line:     cd /host

/root/.swiftpm/swift-sdks/swift-6.4.x-DEVELOPMENT-SNAPSHOT-2026-09-04-a_wasm.artifactbundle/swift-6.4.x-DEVELOPMENT-SNAPSHOT-2026-09-04-a_wasm/wasm32-unknown-wasip1/swift.xctoolchain/usr/lib/swift_static/CoreFoundation/CoreFoundation.h:28:10: note: while building module 'wasi_emulated_signal' imported from /root/.swiftpm/swift-sdks/swift-6.4.x-DEVELOPMENT-SNAPSHOT-2026-09-04-a_wasm.artifactbundle/swift-6.4.x-DEVELOPMENT-SNAPSHOT-2026-09-04-a_wasm/wasm32-unknown-wasip1/swift.xctoolchain/usr/lib/swift_static/CoreFoundation/CoreFoundation.h:28:
 26 | #include <setjmp.h>
 27 | #endif
 28 | #include <signal.h>
    |          `- note: while building module 'wasi_emulated_signal' imported from /root/.swiftpm/swift-sdks/swift-6.4.x-DEVELOPMENT-SNAPSHOT-2026-09-04-a_wasm.artifactbundle/swift-6.4.x-DEVELOPMENT-SNAPSHOT-2026-09-04-a_wasm/wasm32-unknown-wasip1/swift.xctoolchain/usr/lib/swift_static/CoreFoundation/CoreFoundation.h:28:
 29 | #include <stddef.h>
 30 | #include <stdio.h>
<module-includes>:1:10: note: in file included from <module-includes>:1:
1 | #include "signal.h"
  |          `- note: in file included from <module-includes>:1:
2 |
/root/.swiftpm/swift-sdks/swift-6.4.x-DEVELOPMENT-SNAPSHOT-2026-09-04-a_wasm.artifactbundle/swift-6.4.x-DEVELOPMENT-SNAPSHOT-2026-09-04-a_wasm/wasm32-unknown-wasip1/WASI.sdk/include/wasm32-wasip1/signal.h:2:2: error: "wasm lacks signal support; to enable minimal signal emulation, compile with -D_WASI_EMULATED_SIGNAL and link with -lwasi-emulated-signal"
  1 | #ifndef _WASI_EMULATED_SIGNAL
  2 | #error "wasm lacks signal support; to enable minimal signal emulation, \
    |  `- error: "wasm lacks signal support; to enable minimal signal emulation, compile with -D_WASI_EMULATED_SIGNAL and link with -lwasi-emulated-signal"
  3 | compile with -D_WASI_EMULATED_SIGNAL and link with -lwasi-emulated-signal"
  4 | #else
<module-includes>:1:10: note: in file included from <module-includes>:1:
1 | #include "CoreFoundation.h"
  |          `- note: in file included from <module-includes>:1:
2 |
/root/.swiftpm/swift-sdks/swift-6.4.x-DEVELOPMENT-SNAPSHOT-2026-09-04-a_wasm.artifactbundle/swift-6.4.x-DEVELOPMENT-SNAPSHOT-2026-09-04-a_wasm/wasm32-unknown-wasip1/swift.xctoolchain/usr/lib/swift_static/CoreFoundation/CoreFoundation.h:28:10: error: could not build module 'wasi_emulated_signal'
 26 | #include <setjmp.h>
 27 | #endif
 28 | #include <signal.h>
    |          `- error: could not build module 'wasi_emulated_signal'
 29 | #include <stddef.h>
 30 | #include <stdio.h>
/root/.swiftpm/swift-sdks/swift-6.4.x-DEVELOPMENT-SNAPSHOT-2026-09-04-a_wasm.artifactbundle/swift-6.4.x-DEVELOPMENT-SNAPSHOT-2026-09-04-a_wasm/wasm32-unknown-wasip1/swift.xctoolchain/usr/lib/swift_static/CoreFoundation/ForSwiftFoundationOnly.h:86:10: note: while building module 'wasi_emulated_mman' imported from /root/.swiftpm/swift-sdks/swift-6.4.x-DEVELOPMENT-SNAPSHOT-2026-09-04-a_wasm.artifactbundle/swift-6.4.x-DEVELOPMENT-SNAPSHOT-2026-09-04-a_wasm/wasm32-unknown-wasip1/swift.xctoolchain/usr/lib/swift_static/CoreFoundation/ForSwiftFoundationOnly.h:86:
 84 | #undef _WASI_EMULATED_MMAN
 85 | #define _WASI_EMULATED_MMAN
 86 | #include <sys/mman.h>
    |          `- note: while building module 'wasi_emulated_mman' imported from /root/.swiftpm/swift-sdks/swift-6.4.x-DEVELOPMENT-SNAPSHOT-2026-09-04-a_wasm.artifactbundle/swift-6.4.x-DEVELOPMENT-SNAPSHOT-2026-09-04-a_wasm/wasm32-unknown-wasip1/swift.xctoolchain/usr/lib/swift_static/CoreFoundation/ForSwiftFoundationOnly.h:86:
 87 | #elif TARGET_OS_LINUX
 88 | #include <errno.h>
<module-includes>:1:10: note: in file included from <module-includes>:1:
1 | #include "sys/mman.h"
  |          `- note: in file included from <module-includes>:1:
2 |
/root/.swiftpm/swift-sdks/swift-6.4.x-DEVELOPMENT-SNAPSHOT-2026-09-04-a_wasm.artifactbundle/swift-6.4.x-DEVELOPMENT-SNAPSHOT-2026-09-04-a_wasm/wasm32-unknown-wasip1/WASI.sdk/include/wasm32-wasip1/sys/mman.h:2:2: error: "WASI lacks a true mmap; to enable minimal mmap emulation, compile with -D_WASI_EMULATED_MMAN and link with -lwasi-emulated-mman"
  1 | #ifndef _WASI_EMULATED_MMAN
  2 | #error "WASI lacks a true mmap; to enable minimal mmap emulation, \
    |  `- error: "WASI lacks a true mmap; to enable minimal mmap emulation, compile with -D_WASI_EMULATED_MMAN and link with -lwasi-emulated-mman"
  3 | compile with -D_WASI_EMULATED_MMAN and link with -lwasi-emulated-mman"
  4 | #else
/host/spi-builder-workspace/.build/checkouts/combine-schedulers/Sources/CombineSchedulers/Internal/Lock.swift:48:12: error: could not build C module 'CoreFoundation'
46 |   import Foundation
47 |   #if canImport(CoreFoundation)
48 |     import CoreFoundation
   |            `- error: could not build C module 'CoreFoundation'
49 |   #endif
50 |
Failed frontend command:
/usr/bin/swift-frontend -frontend -emit-module -experimental-skip-non-inlinable-function-bodies-without-types /host/spi-builder-workspace/.build/checkouts/combine-schedulers/Sources/CombineSchedulers/AnyScheduler.swift /host/spi-builder-workspace/.build/checkouts/combine-schedulers/Sources/CombineSchedulers/Concurrency.swift /host/spi-builder-workspace/.build/checkouts/combine-schedulers/Sources/CombineSchedulers/ImmediateScheduler.swift /host/spi-builder-workspace/.build/checkouts/combine-schedulers/Sources/CombineSchedulers/Internal/Deprecations.swift /host/spi-builder-workspace/.build/checkouts/combine-schedulers/Sources/CombineSchedulers/Internal/Lock.swift /host/spi-builder-workspace/.build/checkouts/combine-schedulers/Sources/CombineSchedulers/Internal/NSRecursiveLock.swift /host/spi-builder-workspace/.build/checkouts/combine-schedulers/Sources/CombineSchedulers/Internal/Platform.swift /host/spi-builder-workspace/.build/checkouts/combine-schedulers/Sources/CombineSchedulers/SwiftUI.swift /host/spi-builder-workspace/.build/checkouts/combine-schedulers/Sources/CombineSchedulers/TestScheduler.swift /host/spi-builder-workspace/.build/checkouts/combine-schedulers/Sources/CombineSchedulers/Timer.swift /host/spi-builder-workspace/.build/checkouts/combine-schedulers/Sources/CombineSchedulers/UIKit.swift /host/spi-builder-workspace/.build/checkouts/combine-schedulers/Sources/CombineSchedulers/UIScheduler.swift /host/spi-builder-workspace/.build/checkouts/combine-schedulers/Sources/CombineSchedulers/UnimplementedScheduler.swift -target wasm32-unknown-wasip1 -disable-objc-interop -sdk /root/.swiftpm/swift-sdks/swift-6.4.x-DEVELOPMENT-SNAPSHOT-2026-09-04-a_wasm.artifactbundle/swift-6.4.x-DEVELOPMENT-SNAPSHOT-2026-09-04-a_wasm/wasm32-unknown-wasip1/WASI.sdk -sysroot /root/.swiftpm/swift-sdks/swift-6.4.x-DEVELOPMENT-SNAPSHOT-2026-09-04-a_wasm.artifactbundle/swift-6.4.x-DEVELOPMENT-SNAPSHOT-2026-09-04-a_wasm/wasm32-unknown-wasip1/WASI.sdk -I /host/spi-builder-workspace/.build/out/Products/Debug-webassembly-wasm32 -module-cache-path /host/spi-builder-workspace/.build/out/ModuleCache.noindex -color-diagnostics -Xcc -fcolor-diagnostics -enable-testing -g -debug-info-format\=dwarf -dwarf-version\=4 -suppress-warnings -swift-version 6 -Onone -D SWIFT_PACKAGE -D DEBUG -D SWIFT_MODULE_RESOURCE_BUNDLE_UNAVAILABLE -D OpenCombineSchedulers -D Xcode -serialize-debugging-options -enable-upcoming-feature ExistentialAny -enable-upcoming-feature ImmutableWeakCaptures -enable-upcoming-feature InferIsolatedConformances -enable-upcoming-feature InternalImportsByDefault -enable-upcoming-feature MemberImportVisibility -enable-experimental-feature DebugDescriptionMacro -empty-abi-descriptor -external-plugin-path /usr/lib/swift/host/plugins/testing\#/usr/bin/swift-plugin-server -user-module-version 1.2.2 -validate-clang-modules-once -clang-build-session-file /host/spi-builder-workspace/.build/out/ModuleCache.noindex/Session.modulevalidation -Xcc -working-directory -Xcc /host -resource-dir /root/.swiftpm/swift-sdks/swift-6.4.x-DEVELOPMENT-SNAPSHOT-2026-09-04-a_wasm.artifactbundle/swift-6.4.x-DEVELOPMENT-SNAPSHOT-2026-09-04-a_wasm/wasm32-unknown-wasip1/swift.xctoolchain/usr/lib/swift_static -use-static-resource-dir -enable-anonymous-context-mangled-names -file-compilation-dir /host -Xcc -resource-dir -Xcc /root/.swiftpm/swift-sdks/swift-6.4.x-DEVELOPMENT-SNAPSHOT-2026-09-04-a_wasm.artifactbundle/swift-6.4.x-DEVELOPMENT-SNAPSHOT-2026-09-04-a_wasm/wasm32-unknown-wasip1/swift.xctoolchain/usr/lib/swift_static/clang -Xcc -D_LIBCPP_HARDENING_MODE\=_LIBCPP_HARDENING_MODE_DEBUG -Xcc -fmodules-prune-interval\=86400 -Xcc -fmodules-prune-after\=345600 -Xcc -I/host/spi-builder-workspace/.build/out/Products/Debug-webassembly-wasm32/include -Xcc -I/host/spi-builder-workspace/.build/out/Intermediates.noindex/combine-schedulers.build/Debug-webassembly-wasm32/CombineSchedulers-t.build/DerivedSources-normal/wasm32 -Xcc -I/host/spi-builder-workspace/.build/out/Intermediates.noindex/combine-schedulers.build/Debug-webassembly-wasm32/CombineSchedulers-t.build/DerivedSources/wasm32 -Xcc -I/host/spi-builder-workspace/.build/out/Intermediates.noindex/combine-schedulers.build/Debug-webassembly-wasm32/CombineSchedulers-t.build/DerivedSources -Xcc -DSWIFT_PACKAGE -Xcc -DDEBUG\=1 -no-auto-bridging-header-chaining -module-name CombineSchedulers -package-name combine_schedulers -const-gather-protocols-file /host/spi-builder-workspace/.build/out/Intermediates.noindex/combine-schedulers.build/Debug-webassembly-wasm32/CombineSchedulers-t.build/Objects-normal/wasm32/CombineSchedulers_const_extract_protocols.json -in-process-plugin-server-path /usr/lib/swift/host/libSwiftInProcPluginServer.so -plugin-path /usr/lib/swift/host/plugins -plugin-path /usr/local/lib/swift/host/plugins -emit-module-doc-path /host/spi-builder-workspace/.build/out/Intermediates.noindex/combine-schedulers.build/Debug-webassembly-wasm32/CombineSchedulers-t.build/Objects-normal/wasm32/Modules/CombineSchedulers.swiftdoc -emit-module-source-info-path /host/spi-builder-workspace/.build/out/Intermediates.noindex/combine-schedulers.build/Debug-webassembly-wasm32/CombineSchedulers-t.build/Objects-normal/wasm32/Modules/CombineSchedulers.swiftsourceinfo -emit-objc-header-path /host/spi-builder-workspace/.build/out/Intermediates.noindex/combine-schedulers.build/Debug-webassembly-wasm32/CombineSchedulers-t.build/Objects-normal/wasm32/CombineSchedulers-Swift.h -serialize-diagnostics-path /host/spi-builder-workspace/.build/out/Intermediates.noindex/combine-schedulers.build/Debug-webassembly-wasm32/CombineSchedulers-t.build/Objects-normal/wasm32/CombineSchedulers-primary-emit-module.dia -emit-dependencies-path /host/spi-builder-workspace/.build/out/Intermediates.noindex/combine-schedulers.build/Debug-webassembly-wasm32/CombineSchedulers-t.build/Objects-normal/wasm32/CombineSchedulers-primary-emit-module.d -parse-as-library -o /host/spi-builder-workspace/.build/out/Intermediates.noindex/combine-schedulers.build/Debug-webassembly-wasm32/CombineSchedulers-t.build/Objects-normal/wasm32/Modules/CombineSchedulers.swiftmodule
error: Build failed
BUILD FAILURE 6.4 wasm