The Swift Package Index logo.Swift Package Index

Build Information

Failed to build SwiftBeanCountImporter, reference v0.11.2 (f51a46), with Swift 6.4 for watchOS using Xcode 27.0 on 23 Sep 2026 14:36:27 UTC.

Build Command

env DEVELOPER_DIR=/Applications/Xcode-27.0.0-Release.Candidate.app xcrun xcodebuild -IDEClonedSourcePackagesDirPathOverride=$PWD/.dependencies -skipMacroValidation -skipPackagePluginValidation -derivedDataPath $PWD/.derivedData build -scheme SwiftBeanCountImporter -destination generic/platform=watchOS

Build Log

    builtin-copy -exclude .DS_Store -exclude CVS -exclude .svn -exclude .git -exclude .hg -resolve-src-symlinks -rename /Users/admin/builder/spi-builder-workspace/.derivedData/Build/Intermediates.noindex/SwiftBeanCountRogersBankMapper.build/Debug-watchos/SwiftBeanCountRogersBankMapper-t.build/Objects-normal/arm64_32/SwiftBeanCountRogersBankMapper.swiftmodule /Users/admin/builder/spi-builder-workspace/.derivedData/Build/Products/Debug-watchos/SwiftBeanCountRogersBankMapper.swiftmodule/arm64_32-apple-watchos.swiftmodule
SwiftMergeGeneratedHeaders /Users/admin/builder/spi-builder-workspace/.derivedData/Build/Intermediates.noindex/GeneratedModuleMaps-watchos/SwiftBeanCountRogersBankMapper-Swift.h /Users/admin/builder/spi-builder-workspace/.derivedData/Build/Intermediates.noindex/SwiftBeanCountRogersBankMapper.build/Debug-watchos/SwiftBeanCountRogersBankMapper-t.build/Objects-normal/arm64/SwiftBeanCountRogersBankMapper-Swift.h /Users/admin/builder/spi-builder-workspace/.derivedData/Build/Intermediates.noindex/SwiftBeanCountRogersBankMapper.build/Debug-watchos/SwiftBeanCountRogersBankMapper-t.build/Objects-normal/arm64_32/SwiftBeanCountRogersBankMapper-Swift.h (in target 'SwiftBeanCountRogersBankMapper' from project 'SwiftBeanCountRogersBankMapper')
    cd /Users/admin/builder/spi-builder-workspace/.dependencies/checkouts/SwiftBeanCountRogersBankMapper
    builtin-swiftHeaderTool -arch arm64 /Users/admin/builder/spi-builder-workspace/.derivedData/Build/Intermediates.noindex/SwiftBeanCountRogersBankMapper.build/Debug-watchos/SwiftBeanCountRogersBankMapper-t.build/Objects-normal/arm64/SwiftBeanCountRogersBankMapper-Swift.h -arch arm64_32 /Users/admin/builder/spi-builder-workspace/.derivedData/Build/Intermediates.noindex/SwiftBeanCountRogersBankMapper.build/Debug-watchos/SwiftBeanCountRogersBankMapper-t.build/Objects-normal/arm64_32/SwiftBeanCountRogersBankMapper-Swift.h -o /Users/admin/builder/spi-builder-workspace/.derivedData/Build/Intermediates.noindex/GeneratedModuleMaps-watchos/SwiftBeanCountRogersBankMapper-Swift.h
Copy /Users/admin/builder/spi-builder-workspace/.derivedData/Build/Products/Debug-watchos/SwiftBeanCountRogersBankMapper.swiftmodule/arm64_32-apple-watchos.swiftdoc /Users/admin/builder/spi-builder-workspace/.derivedData/Build/Intermediates.noindex/SwiftBeanCountRogersBankMapper.build/Debug-watchos/SwiftBeanCountRogersBankMapper-t.build/Objects-normal/arm64_32/SwiftBeanCountRogersBankMapper.swiftdoc (in target 'SwiftBeanCountRogersBankMapper' from project 'SwiftBeanCountRogersBankMapper')
    cd /Users/admin/builder/spi-builder-workspace/.dependencies/checkouts/SwiftBeanCountRogersBankMapper
    builtin-copy -exclude .DS_Store -exclude CVS -exclude .svn -exclude .git -exclude .hg -resolve-src-symlinks -rename /Users/admin/builder/spi-builder-workspace/.derivedData/Build/Intermediates.noindex/SwiftBeanCountRogersBankMapper.build/Debug-watchos/SwiftBeanCountRogersBankMapper-t.build/Objects-normal/arm64_32/SwiftBeanCountRogersBankMapper.swiftdoc /Users/admin/builder/spi-builder-workspace/.derivedData/Build/Products/Debug-watchos/SwiftBeanCountRogersBankMapper.swiftmodule/arm64_32-apple-watchos.swiftdoc
Copy /Users/admin/builder/spi-builder-workspace/.derivedData/Build/Products/Debug-watchos/SwiftBeanCountRogersBankMapper.swiftmodule/arm64_32-apple-watchos.abi.json /Users/admin/builder/spi-builder-workspace/.derivedData/Build/Intermediates.noindex/SwiftBeanCountRogersBankMapper.build/Debug-watchos/SwiftBeanCountRogersBankMapper-t.build/Objects-normal/arm64_32/SwiftBeanCountRogersBankMapper.abi.json (in target 'SwiftBeanCountRogersBankMapper' from project 'SwiftBeanCountRogersBankMapper')
    cd /Users/admin/builder/spi-builder-workspace/.dependencies/checkouts/SwiftBeanCountRogersBankMapper
    builtin-copy -exclude .DS_Store -exclude CVS -exclude .svn -exclude .git -exclude .hg -resolve-src-symlinks -rename /Users/admin/builder/spi-builder-workspace/.derivedData/Build/Intermediates.noindex/SwiftBeanCountRogersBankMapper.build/Debug-watchos/SwiftBeanCountRogersBankMapper-t.build/Objects-normal/arm64_32/SwiftBeanCountRogersBankMapper.abi.json /Users/admin/builder/spi-builder-workspace/.derivedData/Build/Products/Debug-watchos/SwiftBeanCountRogersBankMapper.swiftmodule/arm64_32-apple-watchos.abi.json
Copy /Users/admin/builder/spi-builder-workspace/.derivedData/Build/Products/Debug-watchos/SwiftBeanCountRogersBankMapper.swiftmodule/arm64-apple-watchos.swiftmodule /Users/admin/builder/spi-builder-workspace/.derivedData/Build/Intermediates.noindex/SwiftBeanCountRogersBankMapper.build/Debug-watchos/SwiftBeanCountRogersBankMapper-t.build/Objects-normal/arm64/SwiftBeanCountRogersBankMapper.swiftmodule (in target 'SwiftBeanCountRogersBankMapper' from project 'SwiftBeanCountRogersBankMapper')
    cd /Users/admin/builder/spi-builder-workspace/.dependencies/checkouts/SwiftBeanCountRogersBankMapper
    builtin-copy -exclude .DS_Store -exclude CVS -exclude .svn -exclude .git -exclude .hg -resolve-src-symlinks -rename /Users/admin/builder/spi-builder-workspace/.derivedData/Build/Intermediates.noindex/SwiftBeanCountRogersBankMapper.build/Debug-watchos/SwiftBeanCountRogersBankMapper-t.build/Objects-normal/arm64/SwiftBeanCountRogersBankMapper.swiftmodule /Users/admin/builder/spi-builder-workspace/.derivedData/Build/Products/Debug-watchos/SwiftBeanCountRogersBankMapper.swiftmodule/arm64-apple-watchos.swiftmodule
Copy /Users/admin/builder/spi-builder-workspace/.derivedData/Build/Products/Debug-watchos/SwiftBeanCountRogersBankMapper.swiftmodule/arm64-apple-watchos.swiftdoc /Users/admin/builder/spi-builder-workspace/.derivedData/Build/Intermediates.noindex/SwiftBeanCountRogersBankMapper.build/Debug-watchos/SwiftBeanCountRogersBankMapper-t.build/Objects-normal/arm64/SwiftBeanCountRogersBankMapper.swiftdoc (in target 'SwiftBeanCountRogersBankMapper' from project 'SwiftBeanCountRogersBankMapper')
    cd /Users/admin/builder/spi-builder-workspace/.dependencies/checkouts/SwiftBeanCountRogersBankMapper
    builtin-copy -exclude .DS_Store -exclude CVS -exclude .svn -exclude .git -exclude .hg -resolve-src-symlinks -rename /Users/admin/builder/spi-builder-workspace/.derivedData/Build/Intermediates.noindex/SwiftBeanCountRogersBankMapper.build/Debug-watchos/SwiftBeanCountRogersBankMapper-t.build/Objects-normal/arm64/SwiftBeanCountRogersBankMapper.swiftdoc /Users/admin/builder/spi-builder-workspace/.derivedData/Build/Products/Debug-watchos/SwiftBeanCountRogersBankMapper.swiftmodule/arm64-apple-watchos.swiftdoc
Copy /Users/admin/builder/spi-builder-workspace/.derivedData/Build/Products/Debug-watchos/SwiftBeanCountRogersBankMapper.swiftmodule/arm64-apple-watchos.abi.json /Users/admin/builder/spi-builder-workspace/.derivedData/Build/Intermediates.noindex/SwiftBeanCountRogersBankMapper.build/Debug-watchos/SwiftBeanCountRogersBankMapper-t.build/Objects-normal/arm64/SwiftBeanCountRogersBankMapper.abi.json (in target 'SwiftBeanCountRogersBankMapper' from project 'SwiftBeanCountRogersBankMapper')
    cd /Users/admin/builder/spi-builder-workspace/.dependencies/checkouts/SwiftBeanCountRogersBankMapper
    builtin-copy -exclude .DS_Store -exclude CVS -exclude .svn -exclude .git -exclude .hg -resolve-src-symlinks -rename /Users/admin/builder/spi-builder-workspace/.derivedData/Build/Intermediates.noindex/SwiftBeanCountRogersBankMapper.build/Debug-watchos/SwiftBeanCountRogersBankMapper-t.build/Objects-normal/arm64/SwiftBeanCountRogersBankMapper.abi.json /Users/admin/builder/spi-builder-workspace/.derivedData/Build/Products/Debug-watchos/SwiftBeanCountRogersBankMapper.swiftmodule/arm64-apple-watchos.abi.json
Copy /Users/admin/builder/spi-builder-workspace/.derivedData/Build/Products/Debug-watchos/SwiftBeanCountRogersBankMapper.swiftmodule/Project/arm64_32-apple-watchos.swiftsourceinfo /Users/admin/builder/spi-builder-workspace/.derivedData/Build/Intermediates.noindex/SwiftBeanCountRogersBankMapper.build/Debug-watchos/SwiftBeanCountRogersBankMapper-t.build/Objects-normal/arm64_32/SwiftBeanCountRogersBankMapper.swiftsourceinfo (in target 'SwiftBeanCountRogersBankMapper' from project 'SwiftBeanCountRogersBankMapper')
    cd /Users/admin/builder/spi-builder-workspace/.dependencies/checkouts/SwiftBeanCountRogersBankMapper
    builtin-copy -exclude .DS_Store -exclude CVS -exclude .svn -exclude .git -exclude .hg -resolve-src-symlinks -rename /Users/admin/builder/spi-builder-workspace/.derivedData/Build/Intermediates.noindex/SwiftBeanCountRogersBankMapper.build/Debug-watchos/SwiftBeanCountRogersBankMapper-t.build/Objects-normal/arm64_32/SwiftBeanCountRogersBankMapper.swiftsourceinfo /Users/admin/builder/spi-builder-workspace/.derivedData/Build/Products/Debug-watchos/SwiftBeanCountRogersBankMapper.swiftmodule/Project/arm64_32-apple-watchos.swiftsourceinfo
Copy /Users/admin/builder/spi-builder-workspace/.derivedData/Build/Products/Debug-watchos/SwiftBeanCountRogersBankMapper.swiftmodule/Project/arm64-apple-watchos.swiftsourceinfo /Users/admin/builder/spi-builder-workspace/.derivedData/Build/Intermediates.noindex/SwiftBeanCountRogersBankMapper.build/Debug-watchos/SwiftBeanCountRogersBankMapper-t.build/Objects-normal/arm64/SwiftBeanCountRogersBankMapper.swiftsourceinfo (in target 'SwiftBeanCountRogersBankMapper' from project 'SwiftBeanCountRogersBankMapper')
    cd /Users/admin/builder/spi-builder-workspace/.dependencies/checkouts/SwiftBeanCountRogersBankMapper
    builtin-copy -exclude .DS_Store -exclude CVS -exclude .svn -exclude .git -exclude .hg -resolve-src-symlinks -rename /Users/admin/builder/spi-builder-workspace/.derivedData/Build/Intermediates.noindex/SwiftBeanCountRogersBankMapper.build/Debug-watchos/SwiftBeanCountRogersBankMapper-t.build/Objects-normal/arm64/SwiftBeanCountRogersBankMapper.swiftsourceinfo /Users/admin/builder/spi-builder-workspace/.derivedData/Build/Products/Debug-watchos/SwiftBeanCountRogersBankMapper.swiftmodule/Project/arm64-apple-watchos.swiftsourceinfo
SwiftDriverJobDiscovery normal arm64_32 Compiling String+KebabCase.swift (in target 'SwiftBeanCountWealthsimpleMapper' from project 'SwiftBeanCountWealthsimpleMapper')
SwiftCompile normal arm64 Compiling\ MetaDataKeys.swift /Users/admin/builder/spi-builder-workspace/.dependencies/checkouts/SwiftBeanCountWealthsimpleMapper/Sources/SwiftBeanCountWealthsimpleMapper/MetaDataKeys.swift (in target 'SwiftBeanCountWealthsimpleMapper' from project 'SwiftBeanCountWealthsimpleMapper')
SwiftCompile normal arm64 /Users/admin/builder/spi-builder-workspace/.dependencies/checkouts/SwiftBeanCountWealthsimpleMapper/Sources/SwiftBeanCountWealthsimpleMapper/MetaDataKeys.swift (in target 'SwiftBeanCountWealthsimpleMapper' from project 'SwiftBeanCountWealthsimpleMapper')
    cd /Users/admin/builder/spi-builder-workspace/.swiftpm/xcode
    builtin-SwiftPerFileCompile MetaDataKeys.swift
SwiftCompile normal arm64 Compiling\ WealthsimpleLedgerMapper.swift /Users/admin/builder/spi-builder-workspace/.dependencies/checkouts/SwiftBeanCountWealthsimpleMapper/Sources/SwiftBeanCountWealthsimpleMapper/WealthsimpleLedgerMapper.swift (in target 'SwiftBeanCountWealthsimpleMapper' from project 'SwiftBeanCountWealthsimpleMapper')
SwiftCompile normal arm64 /Users/admin/builder/spi-builder-workspace/.dependencies/checkouts/SwiftBeanCountWealthsimpleMapper/Sources/SwiftBeanCountWealthsimpleMapper/WealthsimpleLedgerMapper.swift (in target 'SwiftBeanCountWealthsimpleMapper' from project 'SwiftBeanCountWealthsimpleMapper')
    cd /Users/admin/builder/spi-builder-workspace/.swiftpm/xcode
    builtin-SwiftPerFileCompile WealthsimpleLedgerMapper.swift
SwiftDriverJobDiscovery normal arm64_32 Compiling WealthsimpleConversionError.swift (in target 'SwiftBeanCountWealthsimpleMapper' from project 'SwiftBeanCountWealthsimpleMapper')
SwiftCompile normal arm64_32 Compiling\ RogersBankMappingError.swift /Users/admin/builder/spi-builder-workspace/.dependencies/checkouts/SwiftBeanCountRogersBankMapper/Sources/SwiftBeanCountRogersBankMapper/RogersBankMappingError.swift (in target 'SwiftBeanCountRogersBankMapper' from project 'SwiftBeanCountRogersBankMapper')
SwiftCompile normal arm64_32 /Users/admin/builder/spi-builder-workspace/.dependencies/checkouts/SwiftBeanCountRogersBankMapper/Sources/SwiftBeanCountRogersBankMapper/RogersBankMappingError.swift (in target 'SwiftBeanCountRogersBankMapper' from project 'SwiftBeanCountRogersBankMapper')
    cd /Users/admin/builder/spi-builder-workspace/.swiftpm/xcode
    builtin-SwiftPerFileCompile RogersBankMappingError.swift
SwiftCompile normal arm64 Compiling\ SwiftBeanCountRogersBankMapper.swift /Users/admin/builder/spi-builder-workspace/.dependencies/checkouts/SwiftBeanCountRogersBankMapper/Sources/SwiftBeanCountRogersBankMapper/SwiftBeanCountRogersBankMapper.swift (in target 'SwiftBeanCountRogersBankMapper' from project 'SwiftBeanCountRogersBankMapper')
SwiftCompile normal arm64 /Users/admin/builder/spi-builder-workspace/.dependencies/checkouts/SwiftBeanCountRogersBankMapper/Sources/SwiftBeanCountRogersBankMapper/SwiftBeanCountRogersBankMapper.swift (in target 'SwiftBeanCountRogersBankMapper' from project 'SwiftBeanCountRogersBankMapper')
    cd /Users/admin/builder/spi-builder-workspace/.swiftpm/xcode
    builtin-SwiftPerFileCompile SwiftBeanCountRogersBankMapper.swift
SwiftDriverJobDiscovery normal arm64_32 Compiling Amount+init.swift (in target 'SwiftBeanCountWealthsimpleMapper' from project 'SwiftBeanCountWealthsimpleMapper')
SwiftCompile normal arm64 Compiling\ RogersBankMappingError.swift /Users/admin/builder/spi-builder-workspace/.dependencies/checkouts/SwiftBeanCountRogersBankMapper/Sources/SwiftBeanCountRogersBankMapper/RogersBankMappingError.swift (in target 'SwiftBeanCountRogersBankMapper' from project 'SwiftBeanCountRogersBankMapper')
SwiftCompile normal arm64 /Users/admin/builder/spi-builder-workspace/.dependencies/checkouts/SwiftBeanCountRogersBankMapper/Sources/SwiftBeanCountRogersBankMapper/RogersBankMappingError.swift (in target 'SwiftBeanCountRogersBankMapper' from project 'SwiftBeanCountRogersBankMapper')
    cd /Users/admin/builder/spi-builder-workspace/.swiftpm/xcode
    builtin-SwiftPerFileCompile RogersBankMappingError.swift
SwiftDriverJobDiscovery normal arm64 Compiling LedgerLookup.swift (in target 'SwiftBeanCountWealthsimpleMapper' from project 'SwiftBeanCountWealthsimpleMapper')
SwiftDriverJobDiscovery normal arm64 Compiling String+KebabCase.swift (in target 'SwiftBeanCountWealthsimpleMapper' from project 'SwiftBeanCountWealthsimpleMapper')
SwiftCompile normal arm64_32 Compiling\ MetaDataKeys.swift /Users/admin/builder/spi-builder-workspace/.dependencies/checkouts/SwiftBeanCountRogersBankMapper/Sources/SwiftBeanCountRogersBankMapper/MetaDataKeys.swift (in target 'SwiftBeanCountRogersBankMapper' from project 'SwiftBeanCountRogersBankMapper')
SwiftCompile normal arm64_32 /Users/admin/builder/spi-builder-workspace/.dependencies/checkouts/SwiftBeanCountRogersBankMapper/Sources/SwiftBeanCountRogersBankMapper/MetaDataKeys.swift (in target 'SwiftBeanCountRogersBankMapper' from project 'SwiftBeanCountRogersBankMapper')
    cd /Users/admin/builder/spi-builder-workspace/.swiftpm/xcode
    builtin-SwiftPerFileCompile MetaDataKeys.swift
SwiftCompile normal arm64_32 Compiling\ SwiftBeanCountRogersBankMapper.swift /Users/admin/builder/spi-builder-workspace/.dependencies/checkouts/SwiftBeanCountRogersBankMapper/Sources/SwiftBeanCountRogersBankMapper/SwiftBeanCountRogersBankMapper.swift (in target 'SwiftBeanCountRogersBankMapper' from project 'SwiftBeanCountRogersBankMapper')
SwiftCompile normal arm64_32 /Users/admin/builder/spi-builder-workspace/.dependencies/checkouts/SwiftBeanCountRogersBankMapper/Sources/SwiftBeanCountRogersBankMapper/SwiftBeanCountRogersBankMapper.swift (in target 'SwiftBeanCountRogersBankMapper' from project 'SwiftBeanCountRogersBankMapper')
    cd /Users/admin/builder/spi-builder-workspace/.swiftpm/xcode
    builtin-SwiftPerFileCompile SwiftBeanCountRogersBankMapper.swift
SwiftDriverJobDiscovery normal arm64 Compiling WealthsimpleConversionError.swift (in target 'SwiftBeanCountWealthsimpleMapper' from project 'SwiftBeanCountWealthsimpleMapper')
SwiftDriverJobDiscovery normal arm64_32 Compiling Wealthsimple.Transaction+Helper.swift (in target 'SwiftBeanCountWealthsimpleMapper' from project 'SwiftBeanCountWealthsimpleMapper')
SwiftCompile normal arm64 Compiling\ MetaDataKeys.swift /Users/admin/builder/spi-builder-workspace/.dependencies/checkouts/SwiftBeanCountRogersBankMapper/Sources/SwiftBeanCountRogersBankMapper/MetaDataKeys.swift (in target 'SwiftBeanCountRogersBankMapper' from project 'SwiftBeanCountRogersBankMapper')
SwiftCompile normal arm64 /Users/admin/builder/spi-builder-workspace/.dependencies/checkouts/SwiftBeanCountRogersBankMapper/Sources/SwiftBeanCountRogersBankMapper/MetaDataKeys.swift (in target 'SwiftBeanCountRogersBankMapper' from project 'SwiftBeanCountRogersBankMapper')
    cd /Users/admin/builder/spi-builder-workspace/.swiftpm/xcode
    builtin-SwiftPerFileCompile MetaDataKeys.swift
SwiftDriverJobDiscovery normal arm64 Compiling MetaDataKeys.swift (in target 'SwiftBeanCountWealthsimpleMapper' from project 'SwiftBeanCountWealthsimpleMapper')
ExtractAppIntentsMetadata (in target 'SwiftBeanCountModel' from project 'SwiftBeanCountModel')
    cd /Users/admin/builder/spi-builder-workspace/.dependencies/checkouts/SwiftBeanCountModel
    /Applications/Xcode-27.0.0-Release.Candidate.app/Contents/Developer/Toolchains/XcodeDefault.xctoolchain/usr/bin/appintentsmetadataprocessor --toolchain-dir /var/run/com.apple.security.cryptexd/mnt/com.apple.MobileAsset.MetalToolchain-v27.1.266.1.vK6h05/Metal.xctoolchain --module-name SwiftBeanCountModel --sdk-root /Applications/Xcode-27.0.0-Release.Candidate.app/Contents/Developer/Platforms/WatchOS.platform/Developer/SDKs/WatchOS27.0.sdk --xcode-version 27A266a --platform-family watchOS --deployment-target 9.0 --bundle-identifier swiftbeancountmodel.SwiftBeanCountModel --output /Users/admin/builder/spi-builder-workspace/.derivedData/Build/Products/Debug-watchos/SwiftBeanCountModel.appintents --target-triple arm64-apple-watchos9.0 --target-triple arm64_32-apple-watchos9.0 --binary-file /Users/admin/builder/spi-builder-workspace/.derivedData/Build/Products/Debug-watchos/SwiftBeanCountModel.o --dependency-file /Users/admin/builder/spi-builder-workspace/.derivedData/Build/Intermediates.noindex/SwiftBeanCountModel.build/Debug-watchos/SwiftBeanCountModel-t.build/Objects-normal/arm64/SwiftBeanCountModel_dependency_info.dat --dependency-file /Users/admin/builder/spi-builder-workspace/.derivedData/Build/Intermediates.noindex/SwiftBeanCountModel.build/Debug-watchos/SwiftBeanCountModel-t.build/Objects-normal/arm64_32/SwiftBeanCountModel_dependency_info.dat --stringsdata-file /Users/admin/builder/spi-builder-workspace/.derivedData/Build/Intermediates.noindex/SwiftBeanCountModel.build/Debug-watchos/SwiftBeanCountModel-t.build/Objects-normal/arm64/ExtractedAppShortcutsMetadata.stringsdata --stringsdata-file /Users/admin/builder/spi-builder-workspace/.derivedData/Build/Intermediates.noindex/SwiftBeanCountModel.build/Debug-watchos/SwiftBeanCountModel-t.build/Objects-normal/arm64_32/ExtractedAppShortcutsMetadata.stringsdata --source-file-list /Users/admin/builder/spi-builder-workspace/.derivedData/Build/Intermediates.noindex/SwiftBeanCountModel.build/Debug-watchos/SwiftBeanCountModel-t.build/Objects-normal/arm64/SwiftBeanCountModel.SwiftFileList --source-file-list /Users/admin/builder/spi-builder-workspace/.derivedData/Build/Intermediates.noindex/SwiftBeanCountModel.build/Debug-watchos/SwiftBeanCountModel-t.build/Objects-normal/arm64_32/SwiftBeanCountModel.SwiftFileList --metadata-file-list /Users/admin/builder/spi-builder-workspace/.derivedData/Build/Intermediates.noindex/SwiftBeanCountModel.build/Debug-watchos/SwiftBeanCountModel-t.build/SwiftBeanCountModel.DependencyMetadataFileList --static-metadata-file-list /Users/admin/builder/spi-builder-workspace/.derivedData/Build/Intermediates.noindex/SwiftBeanCountModel.build/Debug-watchos/SwiftBeanCountModel-t.build/SwiftBeanCountModel.DependencyStaticMetadataFileList --swift-const-vals-list /Users/admin/builder/spi-builder-workspace/.derivedData/Build/Intermediates.noindex/SwiftBeanCountModel.build/Debug-watchos/SwiftBeanCountModel-t.build/Objects-normal/arm64/SwiftBeanCountModel.SwiftConstValuesFileList --swift-const-vals-list /Users/admin/builder/spi-builder-workspace/.derivedData/Build/Intermediates.noindex/SwiftBeanCountModel.build/Debug-watchos/SwiftBeanCountModel-t.build/Objects-normal/arm64_32/SwiftBeanCountModel.SwiftConstValuesFileList --force --compile-time-extraction --deployment-aware-processing --no-app-shortcuts-localization
2026-09-23 10:36:21.117 appintentsmetadataprocessor[1846:9608] Starting appintentsmetadataprocessor export
2026-09-23 10:36:21.204 appintentsmetadataprocessor[1846:9608] Extracted no relevant App Intents symbols, skipping writing output
SwiftDriverJobDiscovery normal arm64_32 Compiling LedgerLookup.swift (in target 'SwiftBeanCountWealthsimpleMapper' from project 'SwiftBeanCountWealthsimpleMapper')
SwiftDriver\ Compilation CSV normal arm64_32 com.apple.xcode.tools.swift.compiler (in target 'CSV' from project 'CSV.swift')
    cd /Users/admin/builder/spi-builder-workspace/.swiftpm/xcode
    builtin-Swift-Compilation -- /Applications/Xcode-27.0.0-Release.Candidate.app/Contents/Developer/Toolchains/XcodeDefault.xctoolchain/usr/bin/swiftc -parse-as-library -module-name CSV -Onone @/Users/admin/builder/spi-builder-workspace/.derivedData/Build/Intermediates.noindex/CSV.swift.build/Debug-watchos/CSV-t.build/Objects-normal/arm64_32/CSV.SwiftFileList -DSWIFT_PACKAGE -DDEBUG -DSWIFT_MODULE_RESOURCE_BUNDLE_UNAVAILABLE -DXcode -plugin-path /Applications/Xcode-27.0.0-Release.Candidate.app/Contents/Developer/Toolchains/XcodeDefault.xctoolchain/usr/lib/swift/host/plugins/testing -enable-experimental-feature DebugDescriptionMacro -sdk /Applications/Xcode-27.0.0-Release.Candidate.app/Contents/Developer/Platforms/WatchOS.platform/Developer/SDKs/WatchOS27.0.sdk -target arm64_32-apple-watchos9.0 -g -module-cache-path /Users/admin/builder/spi-builder-workspace/.derivedData/ModuleCache.noindex -Xfrontend -serialize-debugging-options -profile-coverage-mapping -profile-generate -enable-testing -suppress-warnings -index-store-path /Users/admin/builder/spi-builder-workspace/.derivedData/Index.noindex/DataStore -Xcc -D_LIBCPP_HARDENING_MODE\=_LIBCPP_HARDENING_MODE_DEBUG -swift-version 5 -I /Users/admin/builder/spi-builder-workspace/.derivedData/Build/Products/Debug-watchos -Isystem /Applications/Xcode-27.0.0-Release.Candidate.app/Contents/Developer/Platforms/WatchOS.platform/Developer/usr/lib -F /Users/admin/builder/spi-builder-workspace/.derivedData/Build/Products/Debug-watchos -F /Applications/Xcode-27.0.0-Release.Candidate.app/Contents/Developer/Platforms/WatchOS.platform/Developer/Library/Frameworks -F /Applications/Xcode-27.0.0-Release.Candidate.app/Contents/Developer/Platforms/WatchOS.platform/Developer/SDKs/WatchOS27.0.sdk/Developer/Library/Frameworks -c -j10 -enable-batch-mode -incremental -Xcc -ivfsstatcache -Xcc /Users/admin/builder/spi-builder-workspace/.derivedData/SDKStatCaches.noindex/watchos27.0-24R360-e829b21a6f8c9b70876ba0858053c04477534ef55a1706bf4c1112bbb242f0a2.sdkstatcache -output-file-map /Users/admin/builder/spi-builder-workspace/.derivedData/Build/Intermediates.noindex/CSV.swift.build/Debug-watchos/CSV-t.build/Objects-normal/arm64_32/CSV-OutputFileMap.json -save-temps -no-color-diagnostics -explicit-module-build -module-cache-path /Users/admin/builder/spi-builder-workspace/.derivedData/Build/Intermediates.noindex/SwiftExplicitPrecompiledModules -clang-scanner-module-cache-path /Users/admin/builder/spi-builder-workspace/.derivedData/ModuleCache.noindex -sdk-module-cache-path /Users/admin/builder/spi-builder-workspace/.derivedData/SDKExplicitPrecompiledModules -emit-dependencies -emit-module -emit-module-path /Users/admin/builder/spi-builder-workspace/.derivedData/Build/Intermediates.noindex/CSV.swift.build/Debug-watchos/CSV-t.build/Objects-normal/arm64_32/CSV.swiftmodule -serialize-diagnostics -dependency-scan-serialize-diagnostics-path /Users/admin/builder/spi-builder-workspace/.derivedData/Build/Intermediates.noindex/CSV.swift.build/Debug-watchos/CSV-t.build/Objects-normal/arm64_32/CSV-dependency-scan.dia -validate-clang-modules-once -clang-build-session-file /Users/admin/builder/spi-builder-workspace/.derivedData/ModuleCache.noindex/Session.modulevalidation -Xcc -fmodules-prune-interval\=86400 -Xcc -fmodules-prune-after\=345600 -emit-const-values -const-gather-protocols-list /Users/admin/builder/spi-builder-workspace/.derivedData/Build/Intermediates.noindex/CSV.swift.build/Debug-watchos/CSV-t.build/Objects-normal/arm64_32/CSV_const_extract_protocols.json -Xcc -I/Users/admin/builder/spi-builder-workspace/.derivedData/Build/Products/Debug-watchos/include -Xcc -I/Users/admin/builder/spi-builder-workspace/.derivedData/Build/Intermediates.noindex/CSV.swift.build/Debug-watchos/CSV-t.build/DerivedSources-normal/arm64_32 -Xcc -I/Users/admin/builder/spi-builder-workspace/.derivedData/Build/Intermediates.noindex/CSV.swift.build/Debug-watchos/CSV-t.build/DerivedSources/arm64_32 -Xcc -I/Users/admin/builder/spi-builder-workspace/.derivedData/Build/Intermediates.noindex/CSV.swift.build/Debug-watchos/CSV-t.build/DerivedSources -Xcc -DSWIFT_PACKAGE -Xcc -DDEBUG\=1 -emit-objc-header -emit-objc-header-path /Users/admin/builder/spi-builder-workspace/.derivedData/Build/Intermediates.noindex/CSV.swift.build/Debug-watchos/CSV-t.build/Objects-normal/arm64_32/CSV-Swift.h -working-directory /Users/admin/builder/spi-builder-workspace/.swiftpm/xcode -experimental-emit-module-separately -disable-cmo
SwiftDriver\ Compilation CSV normal arm64 com.apple.xcode.tools.swift.compiler (in target 'CSV' from project 'CSV.swift')
    cd /Users/admin/builder/spi-builder-workspace/.swiftpm/xcode
    builtin-Swift-Compilation -- /Applications/Xcode-27.0.0-Release.Candidate.app/Contents/Developer/Toolchains/XcodeDefault.xctoolchain/usr/bin/swiftc -parse-as-library -module-name CSV -Onone @/Users/admin/builder/spi-builder-workspace/.derivedData/Build/Intermediates.noindex/CSV.swift.build/Debug-watchos/CSV-t.build/Objects-normal/arm64/CSV.SwiftFileList -DSWIFT_PACKAGE -DDEBUG -DSWIFT_MODULE_RESOURCE_BUNDLE_UNAVAILABLE -DXcode -plugin-path /Applications/Xcode-27.0.0-Release.Candidate.app/Contents/Developer/Toolchains/XcodeDefault.xctoolchain/usr/lib/swift/host/plugins/testing -enable-experimental-feature DebugDescriptionMacro -sdk /Applications/Xcode-27.0.0-Release.Candidate.app/Contents/Developer/Platforms/WatchOS.platform/Developer/SDKs/WatchOS27.0.sdk -target arm64-apple-watchos9.0 -g -module-cache-path /Users/admin/builder/spi-builder-workspace/.derivedData/ModuleCache.noindex -Xfrontend -serialize-debugging-options -profile-coverage-mapping -profile-generate -enable-testing -suppress-warnings -index-store-path /Users/admin/builder/spi-builder-workspace/.derivedData/Index.noindex/DataStore -Xcc -D_LIBCPP_HARDENING_MODE\=_LIBCPP_HARDENING_MODE_DEBUG -swift-version 5 -I /Users/admin/builder/spi-builder-workspace/.derivedData/Build/Products/Debug-watchos -Isystem /Applications/Xcode-27.0.0-Release.Candidate.app/Contents/Developer/Platforms/WatchOS.platform/Developer/usr/lib -F /Users/admin/builder/spi-builder-workspace/.derivedData/Build/Products/Debug-watchos -F /Applications/Xcode-27.0.0-Release.Candidate.app/Contents/Developer/Platforms/WatchOS.platform/Developer/Library/Frameworks -F /Applications/Xcode-27.0.0-Release.Candidate.app/Contents/Developer/Platforms/WatchOS.platform/Developer/SDKs/WatchOS27.0.sdk/Developer/Library/Frameworks -c -j10 -enable-batch-mode -incremental -Xcc -ivfsstatcache -Xcc /Users/admin/builder/spi-builder-workspace/.derivedData/SDKStatCaches.noindex/watchos27.0-24R360-e829b21a6f8c9b70876ba0858053c04477534ef55a1706bf4c1112bbb242f0a2.sdkstatcache -output-file-map /Users/admin/builder/spi-builder-workspace/.derivedData/Build/Intermediates.noindex/CSV.swift.build/Debug-watchos/CSV-t.build/Objects-normal/arm64/CSV-OutputFileMap.json -save-temps -no-color-diagnostics -explicit-module-build -module-cache-path /Users/admin/builder/spi-builder-workspace/.derivedData/Build/Intermediates.noindex/SwiftExplicitPrecompiledModules -clang-scanner-module-cache-path /Users/admin/builder/spi-builder-workspace/.derivedData/ModuleCache.noindex -sdk-module-cache-path /Users/admin/builder/spi-builder-workspace/.derivedData/SDKExplicitPrecompiledModules -emit-dependencies -emit-module -emit-module-path /Users/admin/builder/spi-builder-workspace/.derivedData/Build/Intermediates.noindex/CSV.swift.build/Debug-watchos/CSV-t.build/Objects-normal/arm64/CSV.swiftmodule -serialize-diagnostics -dependency-scan-serialize-diagnostics-path /Users/admin/builder/spi-builder-workspace/.derivedData/Build/Intermediates.noindex/CSV.swift.build/Debug-watchos/CSV-t.build/Objects-normal/arm64/CSV-dependency-scan.dia -validate-clang-modules-once -clang-build-session-file /Users/admin/builder/spi-builder-workspace/.derivedData/ModuleCache.noindex/Session.modulevalidation -Xcc -fmodules-prune-interval\=86400 -Xcc -fmodules-prune-after\=345600 -emit-const-values -const-gather-protocols-list /Users/admin/builder/spi-builder-workspace/.derivedData/Build/Intermediates.noindex/CSV.swift.build/Debug-watchos/CSV-t.build/Objects-normal/arm64/CSV_const_extract_protocols.json -Xcc -I/Users/admin/builder/spi-builder-workspace/.derivedData/Build/Products/Debug-watchos/include -Xcc -I/Users/admin/builder/spi-builder-workspace/.derivedData/Build/Intermediates.noindex/CSV.swift.build/Debug-watchos/CSV-t.build/DerivedSources-normal/arm64 -Xcc -I/Users/admin/builder/spi-builder-workspace/.derivedData/Build/Intermediates.noindex/CSV.swift.build/Debug-watchos/CSV-t.build/DerivedSources/arm64 -Xcc -I/Users/admin/builder/spi-builder-workspace/.derivedData/Build/Intermediates.noindex/CSV.swift.build/Debug-watchos/CSV-t.build/DerivedSources -Xcc -DSWIFT_PACKAGE -Xcc -DDEBUG\=1 -emit-objc-header -emit-objc-header-path /Users/admin/builder/spi-builder-workspace/.derivedData/Build/Intermediates.noindex/CSV.swift.build/Debug-watchos/CSV-t.build/Objects-normal/arm64/CSV-Swift.h -working-directory /Users/admin/builder/spi-builder-workspace/.swiftpm/xcode -experimental-emit-module-separately -disable-cmo
Ld /Users/admin/builder/spi-builder-workspace/.derivedData/Build/Intermediates.noindex/CSV.swift.build/Debug-watchos/CSV-t.build/Objects-normal/arm64_32/Binary/CSV.o normal arm64_32 (in target 'CSV' from project 'CSV.swift')
    cd /Users/admin/builder/spi-builder-workspace/.dependencies/checkouts/CSV.swift
    /Applications/Xcode-27.0.0-Release.Candidate.app/Contents/Developer/Toolchains/XcodeDefault.xctoolchain/usr/bin/clang -Xlinker -reproducible -target arm64_32-apple-watchos9.0 -r -isysroot /Applications/Xcode-27.0.0-Release.Candidate.app/Contents/Developer/Platforms/WatchOS.platform/Developer/SDKs/WatchOS27.0.sdk -O0 -w -Xlinker -no_warn_duplicate_libraries -F/Users/admin/builder/spi-builder-workspace/.derivedData/Build/Intermediates.noindex/EagerLinkingTBDs/Debug-watchos -F/Users/admin/builder/spi-builder-workspace/.derivedData/Build/Products/Debug-watchos -iframework /Applications/Xcode-27.0.0-Release.Candidate.app/Contents/Developer/Platforms/WatchOS.platform/Developer/Library/Frameworks -iframework /Applications/Xcode-27.0.0-Release.Candidate.app/Contents/Developer/Platforms/WatchOS.platform/Developer/SDKs/WatchOS27.0.sdk/Developer/Library/Frameworks -filelist /Users/admin/builder/spi-builder-workspace/.derivedData/Build/Intermediates.noindex/CSV.swift.build/Debug-watchos/CSV-t.build/Objects-normal/arm64_32/CSV.LinkFileList -nostdlib -Xlinker -object_path_lto -Xlinker /Users/admin/builder/spi-builder-workspace/.derivedData/Build/Intermediates.noindex/CSV.swift.build/Debug-watchos/CSV-t.build/Objects-normal/arm64_32/CSV_lto.o -Xlinker -no_deduplicate -Xlinker -debug_variant -Xlinker -dependency_info -Xlinker /Users/admin/builder/spi-builder-workspace/.derivedData/Build/Intermediates.noindex/CSV.swift.build/Debug-watchos/CSV-t.build/Objects-normal/arm64_32/CSV_dependency_info.dat -fobjc-link-runtime -L/Applications/Xcode-27.0.0-Release.Candidate.app/Contents/Developer/Toolchains/XcodeDefault.xctoolchain/usr/lib/swift/watchos -L/usr/lib/swift -Xlinker -add_ast_path -Xlinker /Users/admin/builder/spi-builder-workspace/.derivedData/Build/Intermediates.noindex/CSV.swift.build/Debug-watchos/CSV-t.build/Objects-normal/arm64_32/CSV.swiftmodule -o /Users/admin/builder/spi-builder-workspace/.derivedData/Build/Intermediates.noindex/CSV.swift.build/Debug-watchos/CSV-t.build/Objects-normal/arm64_32/Binary/CSV.o
Ld /Users/admin/builder/spi-builder-workspace/.derivedData/Build/Intermediates.noindex/CSV.swift.build/Debug-watchos/CSV-t.build/Objects-normal/arm64/Binary/CSV.o normal arm64 (in target 'CSV' from project 'CSV.swift')
    cd /Users/admin/builder/spi-builder-workspace/.dependencies/checkouts/CSV.swift
    /Applications/Xcode-27.0.0-Release.Candidate.app/Contents/Developer/Toolchains/XcodeDefault.xctoolchain/usr/bin/clang -Xlinker -reproducible -target arm64-apple-watchos9.0 -r -isysroot /Applications/Xcode-27.0.0-Release.Candidate.app/Contents/Developer/Platforms/WatchOS.platform/Developer/SDKs/WatchOS27.0.sdk -O0 -w -Xlinker -no_warn_duplicate_libraries -F/Users/admin/builder/spi-builder-workspace/.derivedData/Build/Intermediates.noindex/EagerLinkingTBDs/Debug-watchos -F/Users/admin/builder/spi-builder-workspace/.derivedData/Build/Products/Debug-watchos -iframework /Applications/Xcode-27.0.0-Release.Candidate.app/Contents/Developer/Platforms/WatchOS.platform/Developer/Library/Frameworks -iframework /Applications/Xcode-27.0.0-Release.Candidate.app/Contents/Developer/Platforms/WatchOS.platform/Developer/SDKs/WatchOS27.0.sdk/Developer/Library/Frameworks -filelist /Users/admin/builder/spi-builder-workspace/.derivedData/Build/Intermediates.noindex/CSV.swift.build/Debug-watchos/CSV-t.build/Objects-normal/arm64/CSV.LinkFileList -nostdlib -Xlinker -object_path_lto -Xlinker /Users/admin/builder/spi-builder-workspace/.derivedData/Build/Intermediates.noindex/CSV.swift.build/Debug-watchos/CSV-t.build/Objects-normal/arm64/CSV_lto.o -Xlinker -no_deduplicate -Xlinker -debug_variant -Xlinker -dependency_info -Xlinker /Users/admin/builder/spi-builder-workspace/.derivedData/Build/Intermediates.noindex/CSV.swift.build/Debug-watchos/CSV-t.build/Objects-normal/arm64/CSV_dependency_info.dat -fobjc-link-runtime -L/Applications/Xcode-27.0.0-Release.Candidate.app/Contents/Developer/Toolchains/XcodeDefault.xctoolchain/usr/lib/swift/watchos -L/usr/lib/swift -Xlinker -add_ast_path -Xlinker /Users/admin/builder/spi-builder-workspace/.derivedData/Build/Intermediates.noindex/CSV.swift.build/Debug-watchos/CSV-t.build/Objects-normal/arm64/CSV.swiftmodule -o /Users/admin/builder/spi-builder-workspace/.derivedData/Build/Intermediates.noindex/CSV.swift.build/Debug-watchos/CSV-t.build/Objects-normal/arm64/Binary/CSV.o
SwiftDriverJobDiscovery normal arm64_32 Compiling RogersBankMappingError.swift (in target 'SwiftBeanCountRogersBankMapper' from project 'SwiftBeanCountRogersBankMapper')
SwiftDriverJobDiscovery normal arm64_32 Compiling MetaDataKeys.swift (in target 'SwiftBeanCountRogersBankMapper' from project 'SwiftBeanCountRogersBankMapper')
ExtractAppIntentsMetadata (in target 'RogersBankDownloader' from project 'RogersBankDownloader')
    cd /Users/admin/builder/spi-builder-workspace/.dependencies/checkouts/RogersBankDownloader
    /Applications/Xcode-27.0.0-Release.Candidate.app/Contents/Developer/Toolchains/XcodeDefault.xctoolchain/usr/bin/appintentsmetadataprocessor --toolchain-dir /var/run/com.apple.security.cryptexd/mnt/com.apple.MobileAsset.MetalToolchain-v27.1.266.1.vK6h05/Metal.xctoolchain --module-name RogersBankDownloader --sdk-root /Applications/Xcode-27.0.0-Release.Candidate.app/Contents/Developer/Platforms/WatchOS.platform/Developer/SDKs/WatchOS27.0.sdk --xcode-version 27A266a --platform-family watchOS --deployment-target 9.0 --bundle-identifier rogersbankdownloader.RogersBankDownloader --output /Users/admin/builder/spi-builder-workspace/.derivedData/Build/Products/Debug-watchos/RogersBankDownloader.appintents --target-triple arm64-apple-watchos9.0 --target-triple arm64_32-apple-watchos9.0 --binary-file /Users/admin/builder/spi-builder-workspace/.derivedData/Build/Products/Debug-watchos/RogersBankDownloader.o --dependency-file /Users/admin/builder/spi-builder-workspace/.derivedData/Build/Intermediates.noindex/RogersBankDownloader.build/Debug-watchos/RogersBankDownloader-t.build/Objects-normal/arm64/RogersBankDownloader_dependency_info.dat --dependency-file /Users/admin/builder/spi-builder-workspace/.derivedData/Build/Intermediates.noindex/RogersBankDownloader.build/Debug-watchos/RogersBankDownloader-t.build/Objects-normal/arm64_32/RogersBankDownloader_dependency_info.dat --stringsdata-file /Users/admin/builder/spi-builder-workspace/.derivedData/Build/Intermediates.noindex/RogersBankDownloader.build/Debug-watchos/RogersBankDownloader-t.build/Objects-normal/arm64/ExtractedAppShortcutsMetadata.stringsdata --stringsdata-file /Users/admin/builder/spi-builder-workspace/.derivedData/Build/Intermediates.noindex/RogersBankDownloader.build/Debug-watchos/RogersBankDownloader-t.build/Objects-normal/arm64_32/ExtractedAppShortcutsMetadata.stringsdata --source-file-list /Users/admin/builder/spi-builder-workspace/.derivedData/Build/Intermediates.noindex/RogersBankDownloader.build/Debug-watchos/RogersBankDownloader-t.build/Objects-normal/arm64/RogersBankDownloader.SwiftFileList --source-file-list /Users/admin/builder/spi-builder-workspace/.derivedData/Build/Intermediates.noindex/RogersBankDownloader.build/Debug-watchos/RogersBankDownloader-t.build/Objects-normal/arm64_32/RogersBankDownloader.SwiftFileList --metadata-file-list /Users/admin/builder/spi-builder-workspace/.derivedData/Build/Intermediates.noindex/RogersBankDownloader.build/Debug-watchos/RogersBankDownloader-t.build/RogersBankDownloader.DependencyMetadataFileList --static-metadata-file-list /Users/admin/builder/spi-builder-workspace/.derivedData/Build/Intermediates.noindex/RogersBankDownloader.build/Debug-watchos/RogersBankDownloader-t.build/RogersBankDownloader.DependencyStaticMetadataFileList --swift-const-vals-list /Users/admin/builder/spi-builder-workspace/.derivedData/Build/Intermediates.noindex/RogersBankDownloader.build/Debug-watchos/RogersBankDownloader-t.build/Objects-normal/arm64/RogersBankDownloader.SwiftConstValuesFileList --swift-const-vals-list /Users/admin/builder/spi-builder-workspace/.derivedData/Build/Intermediates.noindex/RogersBankDownloader.build/Debug-watchos/RogersBankDownloader-t.build/Objects-normal/arm64_32/RogersBankDownloader.SwiftConstValuesFileList --force --compile-time-extraction --deployment-aware-processing --no-app-shortcuts-localization
2026-09-23 10:36:21.185 appintentsmetadataprocessor[1851:9637] Starting appintentsmetadataprocessor export
2026-09-23 10:36:21.268 appintentsmetadataprocessor[1851:9637] Extracted no relevant App Intents symbols, skipping writing output
SwiftDriver SwiftBeanCountCompassCardMapper normal arm64 com.apple.xcode.tools.swift.compiler (in target 'SwiftBeanCountCompassCardMapper' from project 'SwiftBeanCountCompassCardMapper')
    cd /Users/admin/builder/spi-builder-workspace/.swiftpm/xcode
    builtin-SwiftDriver -- /Applications/Xcode-27.0.0-Release.Candidate.app/Contents/Developer/Toolchains/XcodeDefault.xctoolchain/usr/bin/swiftc -parse-as-library -module-name SwiftBeanCountCompassCardMapper -Onone @/Users/admin/builder/spi-builder-workspace/.derivedData/Build/Intermediates.noindex/SwiftBeanCountCompassCardMapper.build/Debug-watchos/SwiftBeanCountCompassCardMapper-t.build/Objects-normal/arm64/SwiftBeanCountCompassCardMapper.SwiftFileList -DSWIFT_PACKAGE -DDEBUG -DSWIFT_MODULE_RESOURCE_BUNDLE_UNAVAILABLE -DXcode -plugin-path /Applications/Xcode-27.0.0-Release.Candidate.app/Contents/Developer/Toolchains/XcodeDefault.xctoolchain/usr/lib/swift/host/plugins/testing -enable-experimental-feature DebugDescriptionMacro -sdk /Applications/Xcode-27.0.0-Release.Candidate.app/Contents/Developer/Platforms/WatchOS.platform/Developer/SDKs/WatchOS27.0.sdk -target arm64-apple-watchos9.0 -g -module-cache-path /Users/admin/builder/spi-builder-workspace/.derivedData/ModuleCache.noindex -Xfrontend -serialize-debugging-options -profile-coverage-mapping -profile-generate -enable-testing -suppress-warnings -index-store-path /Users/admin/builder/spi-builder-workspace/.derivedData/Index.noindex/DataStore -Xcc -D_LIBCPP_HARDENING_MODE\=_LIBCPP_HARDENING_MODE_DEBUG -swift-version 5 -I /Users/admin/builder/spi-builder-workspace/.derivedData/Build/Products/Debug-watchos -Isystem /Applications/Xcode-27.0.0-Release.Candidate.app/Contents/Developer/Platforms/WatchOS.platform/Developer/usr/lib -F /Users/admin/builder/spi-builder-workspace/.derivedData/Build/Products/Debug-watchos/PackageFrameworks -F /Users/admin/builder/spi-builder-workspace/.derivedData/Build/Products/Debug-watchos -F /Applications/Xcode-27.0.0-Release.Candidate.app/Contents/Developer/Platforms/WatchOS.platform/Developer/Library/Frameworks -F /Applications/Xcode-27.0.0-Release.Candidate.app/Contents/Developer/Platforms/WatchOS.platform/Developer/SDKs/WatchOS27.0.sdk/Developer/Library/Frameworks -c -j10 -enable-batch-mode -incremental -Xcc -ivfsstatcache -Xcc /Users/admin/builder/spi-builder-workspace/.derivedData/SDKStatCaches.noindex/watchos27.0-24R360-e829b21a6f8c9b70876ba0858053c04477534ef55a1706bf4c1112bbb242f0a2.sdkstatcache -output-file-map /Users/admin/builder/spi-builder-workspace/.derivedData/Build/Intermediates.noindex/SwiftBeanCountCompassCardMapper.build/Debug-watchos/SwiftBeanCountCompassCardMapper-t.build/Objects-normal/arm64/SwiftBeanCountCompassCardMapper-OutputFileMap.json -save-temps -no-color-diagnostics -explicit-module-build -module-cache-path /Users/admin/builder/spi-builder-workspace/.derivedData/Build/Intermediates.noindex/SwiftExplicitPrecompiledModules -clang-scanner-module-cache-path /Users/admin/builder/spi-builder-workspace/.derivedData/ModuleCache.noindex -sdk-module-cache-path /Users/admin/builder/spi-builder-workspace/.derivedData/SDKExplicitPrecompiledModules -emit-dependencies -emit-module -emit-module-path /Users/admin/builder/spi-builder-workspace/.derivedData/Build/Intermediates.noindex/SwiftBeanCountCompassCardMapper.build/Debug-watchos/SwiftBeanCountCompassCardMapper-t.build/Objects-normal/arm64/SwiftBeanCountCompassCardMapper.swiftmodule -serialize-diagnostics -dependency-scan-serialize-diagnostics-path /Users/admin/builder/spi-builder-workspace/.derivedData/Build/Intermediates.noindex/SwiftBeanCountCompassCardMapper.build/Debug-watchos/SwiftBeanCountCompassCardMapper-t.build/Objects-normal/arm64/SwiftBeanCountCompassCardMapper-dependency-scan.dia -validate-clang-modules-once -clang-build-session-file /Users/admin/builder/spi-builder-workspace/.derivedData/ModuleCache.noindex/Session.modulevalidation -Xcc -fmodules-prune-interval\=86400 -Xcc -fmodules-prune-after\=345600 -emit-const-values -const-gather-protocols-list /Users/admin/builder/spi-builder-workspace/.derivedData/Build/Intermediates.noindex/SwiftBeanCountCompassCardMapper.build/Debug-watchos/SwiftBeanCountCompassCardMapper-t.build/Objects-normal/arm64/SwiftBeanCountCompassCardMapper_const_extract_protocols.json -Xcc -I/Users/admin/builder/spi-builder-workspace/.derivedData/Build/Products/Debug-watchos/include -Xcc -I/Users/admin/builder/spi-builder-workspace/.derivedData/Build/Intermediates.noindex/SwiftBeanCountCompassCardMapper.build/Debug-watchos/SwiftBeanCountCompassCardMapper-t.build/DerivedSources-normal/arm64 -Xcc -I/Users/admin/builder/spi-builder-workspace/.derivedData/Build/Intermediates.noindex/SwiftBeanCountCompassCardMapper.build/Debug-watchos/SwiftBeanCountCompassCardMapper-t.build/DerivedSources/arm64 -Xcc -I/Users/admin/builder/spi-builder-workspace/.derivedData/Build/Intermediates.noindex/SwiftBeanCountCompassCardMapper.build/Debug-watchos/SwiftBeanCountCompassCardMapper-t.build/DerivedSources -Xcc -DSWIFT_PACKAGE -Xcc -DDEBUG\=1 -emit-objc-header -emit-objc-header-path /Users/admin/builder/spi-builder-workspace/.derivedData/Build/Intermediates.noindex/SwiftBeanCountCompassCardMapper.build/Debug-watchos/SwiftBeanCountCompassCardMapper-t.build/Objects-normal/arm64/SwiftBeanCountCompassCardMapper-Swift.h -working-directory /Users/admin/builder/spi-builder-workspace/.swiftpm/xcode -experimental-emit-module-separately -disable-cmo
SwiftDriver SwiftBeanCountCompassCardMapper normal arm64_32 com.apple.xcode.tools.swift.compiler (in target 'SwiftBeanCountCompassCardMapper' from project 'SwiftBeanCountCompassCardMapper')
    cd /Users/admin/builder/spi-builder-workspace/.swiftpm/xcode
    builtin-SwiftDriver -- /Applications/Xcode-27.0.0-Release.Candidate.app/Contents/Developer/Toolchains/XcodeDefault.xctoolchain/usr/bin/swiftc -parse-as-library -module-name SwiftBeanCountCompassCardMapper -Onone @/Users/admin/builder/spi-builder-workspace/.derivedData/Build/Intermediates.noindex/SwiftBeanCountCompassCardMapper.build/Debug-watchos/SwiftBeanCountCompassCardMapper-t.build/Objects-normal/arm64_32/SwiftBeanCountCompassCardMapper.SwiftFileList -DSWIFT_PACKAGE -DDEBUG -DSWIFT_MODULE_RESOURCE_BUNDLE_UNAVAILABLE -DXcode -plugin-path /Applications/Xcode-27.0.0-Release.Candidate.app/Contents/Developer/Toolchains/XcodeDefault.xctoolchain/usr/lib/swift/host/plugins/testing -enable-experimental-feature DebugDescriptionMacro -sdk /Applications/Xcode-27.0.0-Release.Candidate.app/Contents/Developer/Platforms/WatchOS.platform/Developer/SDKs/WatchOS27.0.sdk -target arm64_32-apple-watchos9.0 -g -module-cache-path /Users/admin/builder/spi-builder-workspace/.derivedData/ModuleCache.noindex -Xfrontend -serialize-debugging-options -profile-coverage-mapping -profile-generate -enable-testing -suppress-warnings -index-store-path /Users/admin/builder/spi-builder-workspace/.derivedData/Index.noindex/DataStore -Xcc -D_LIBCPP_HARDENING_MODE\=_LIBCPP_HARDENING_MODE_DEBUG -swift-version 5 -I /Users/admin/builder/spi-builder-workspace/.derivedData/Build/Products/Debug-watchos -Isystem /Applications/Xcode-27.0.0-Release.Candidate.app/Contents/Developer/Platforms/WatchOS.platform/Developer/usr/lib -F /Users/admin/builder/spi-builder-workspace/.derivedData/Build/Products/Debug-watchos/PackageFrameworks -F /Users/admin/builder/spi-builder-workspace/.derivedData/Build/Products/Debug-watchos -F /Applications/Xcode-27.0.0-Release.Candidate.app/Contents/Developer/Platforms/WatchOS.platform/Developer/Library/Frameworks -F /Applications/Xcode-27.0.0-Release.Candidate.app/Contents/Developer/Platforms/WatchOS.platform/Developer/SDKs/WatchOS27.0.sdk/Developer/Library/Frameworks -c -j10 -enable-batch-mode -incremental -Xcc -ivfsstatcache -Xcc /Users/admin/builder/spi-builder-workspace/.derivedData/SDKStatCaches.noindex/watchos27.0-24R360-e829b21a6f8c9b70876ba0858053c04477534ef55a1706bf4c1112bbb242f0a2.sdkstatcache -output-file-map /Users/admin/builder/spi-builder-workspace/.derivedData/Build/Intermediates.noindex/SwiftBeanCountCompassCardMapper.build/Debug-watchos/SwiftBeanCountCompassCardMapper-t.build/Objects-normal/arm64_32/SwiftBeanCountCompassCardMapper-OutputFileMap.json -save-temps -no-color-diagnostics -explicit-module-build -module-cache-path /Users/admin/builder/spi-builder-workspace/.derivedData/Build/Intermediates.noindex/SwiftExplicitPrecompiledModules -clang-scanner-module-cache-path /Users/admin/builder/spi-builder-workspace/.derivedData/ModuleCache.noindex -sdk-module-cache-path /Users/admin/builder/spi-builder-workspace/.derivedData/SDKExplicitPrecompiledModules -emit-dependencies -emit-module -emit-module-path /Users/admin/builder/spi-builder-workspace/.derivedData/Build/Intermediates.noindex/SwiftBeanCountCompassCardMapper.build/Debug-watchos/SwiftBeanCountCompassCardMapper-t.build/Objects-normal/arm64_32/SwiftBeanCountCompassCardMapper.swiftmodule -serialize-diagnostics -dependency-scan-serialize-diagnostics-path /Users/admin/builder/spi-builder-workspace/.derivedData/Build/Intermediates.noindex/SwiftBeanCountCompassCardMapper.build/Debug-watchos/SwiftBeanCountCompassCardMapper-t.build/Objects-normal/arm64_32/SwiftBeanCountCompassCardMapper-dependency-scan.dia -validate-clang-modules-once -clang-build-session-file /Users/admin/builder/spi-builder-workspace/.derivedData/ModuleCache.noindex/Session.modulevalidation -Xcc -fmodules-prune-interval\=86400 -Xcc -fmodules-prune-after\=345600 -emit-const-values -const-gather-protocols-list /Users/admin/builder/spi-builder-workspace/.derivedData/Build/Intermediates.noindex/SwiftBeanCountCompassCardMapper.build/Debug-watchos/SwiftBeanCountCompassCardMapper-t.build/Objects-normal/arm64_32/SwiftBeanCountCompassCardMapper_const_extract_protocols.json -Xcc -I/Users/admin/builder/spi-builder-workspace/.derivedData/Build/Products/Debug-watchos/include -Xcc -I/Users/admin/builder/spi-builder-workspace/.derivedData/Build/Intermediates.noindex/SwiftBeanCountCompassCardMapper.build/Debug-watchos/SwiftBeanCountCompassCardMapper-t.build/DerivedSources-normal/arm64_32 -Xcc -I/Users/admin/builder/spi-builder-workspace/.derivedData/Build/Intermediates.noindex/SwiftBeanCountCompassCardMapper.build/Debug-watchos/SwiftBeanCountCompassCardMapper-t.build/DerivedSources/arm64_32 -Xcc -I/Users/admin/builder/spi-builder-workspace/.derivedData/Build/Intermediates.noindex/SwiftBeanCountCompassCardMapper.build/Debug-watchos/SwiftBeanCountCompassCardMapper-t.build/DerivedSources -Xcc -DSWIFT_PACKAGE -Xcc -DDEBUG\=1 -emit-objc-header -emit-objc-header-path /Users/admin/builder/spi-builder-workspace/.derivedData/Build/Intermediates.noindex/SwiftBeanCountCompassCardMapper.build/Debug-watchos/SwiftBeanCountCompassCardMapper-t.build/Objects-normal/arm64_32/SwiftBeanCountCompassCardMapper-Swift.h -working-directory /Users/admin/builder/spi-builder-workspace/.swiftpm/xcode -experimental-emit-module-separately -disable-cmo
SwiftDriverJobDiscovery normal arm64 Compiling MetaDataKeys.swift (in target 'SwiftBeanCountRogersBankMapper' from project 'SwiftBeanCountRogersBankMapper')
SwiftDriverJobDiscovery normal arm64 Compiling RogersBankMappingError.swift (in target 'SwiftBeanCountRogersBankMapper' from project 'SwiftBeanCountRogersBankMapper')
CreateUniversalBinary /Users/admin/builder/spi-builder-workspace/.derivedData/Build/Products/Debug-watchos/CSV.o normal arm64\ arm64_32 (in target 'CSV' from project 'CSV.swift')
    cd /Users/admin/builder/spi-builder-workspace/.dependencies/checkouts/CSV.swift
    /Applications/Xcode-27.0.0-Release.Candidate.app/Contents/Developer/Toolchains/XcodeDefault.xctoolchain/usr/bin/lipo -create /Users/admin/builder/spi-builder-workspace/.derivedData/Build/Intermediates.noindex/CSV.swift.build/Debug-watchos/CSV-t.build/Objects-normal/arm64/Binary/CSV.o /Users/admin/builder/spi-builder-workspace/.derivedData/Build/Intermediates.noindex/CSV.swift.build/Debug-watchos/CSV-t.build/Objects-normal/arm64_32/Binary/CSV.o -output /Users/admin/builder/spi-builder-workspace/.derivedData/Build/Products/Debug-watchos/CSV.o
ExtractAppIntentsMetadata (in target 'CSV' from project 'CSV.swift')
    cd /Users/admin/builder/spi-builder-workspace/.dependencies/checkouts/CSV.swift
    /Applications/Xcode-27.0.0-Release.Candidate.app/Contents/Developer/Toolchains/XcodeDefault.xctoolchain/usr/bin/appintentsmetadataprocessor --toolchain-dir /var/run/com.apple.security.cryptexd/mnt/com.apple.MobileAsset.MetalToolchain-v27.1.266.1.vK6h05/Metal.xctoolchain --module-name CSV --sdk-root /Applications/Xcode-27.0.0-Release.Candidate.app/Contents/Developer/Platforms/WatchOS.platform/Developer/SDKs/WatchOS27.0.sdk --xcode-version 27A266a --platform-family watchOS --deployment-target 9.0 --bundle-identifier csv.swift.CSV --output /Users/admin/builder/spi-builder-workspace/.derivedData/Build/Products/Debug-watchos/CSV.appintents --target-triple arm64-apple-watchos9.0 --target-triple arm64_32-apple-watchos9.0 --binary-file /Users/admin/builder/spi-builder-workspace/.derivedData/Build/Products/Debug-watchos/CSV.o --dependency-file /Users/admin/builder/spi-builder-workspace/.derivedData/Build/Intermediates.noindex/CSV.swift.build/Debug-watchos/CSV-t.build/Objects-normal/arm64/CSV_dependency_info.dat --dependency-file /Users/admin/builder/spi-builder-workspace/.derivedData/Build/Intermediates.noindex/CSV.swift.build/Debug-watchos/CSV-t.build/Objects-normal/arm64_32/CSV_dependency_info.dat --stringsdata-file /Users/admin/builder/spi-builder-workspace/.derivedData/Build/Intermediates.noindex/CSV.swift.build/Debug-watchos/CSV-t.build/Objects-normal/arm64/ExtractedAppShortcutsMetadata.stringsdata --stringsdata-file /Users/admin/builder/spi-builder-workspace/.derivedData/Build/Intermediates.noindex/CSV.swift.build/Debug-watchos/CSV-t.build/Objects-normal/arm64_32/ExtractedAppShortcutsMetadata.stringsdata --source-file-list /Users/admin/builder/spi-builder-workspace/.derivedData/Build/Intermediates.noindex/CSV.swift.build/Debug-watchos/CSV-t.build/Objects-normal/arm64/CSV.SwiftFileList --source-file-list /Users/admin/builder/spi-builder-workspace/.derivedData/Build/Intermediates.noindex/CSV.swift.build/Debug-watchos/CSV-t.build/Objects-normal/arm64_32/CSV.SwiftFileList --metadata-file-list /Users/admin/builder/spi-builder-workspace/.derivedData/Build/Intermediates.noindex/CSV.swift.build/Debug-watchos/CSV-t.build/CSV.DependencyMetadataFileList --static-metadata-file-list /Users/admin/builder/spi-builder-workspace/.derivedData/Build/Intermediates.noindex/CSV.swift.build/Debug-watchos/CSV-t.build/CSV.DependencyStaticMetadataFileList --swift-const-vals-list /Users/admin/builder/spi-builder-workspace/.derivedData/Build/Intermediates.noindex/CSV.swift.build/Debug-watchos/CSV-t.build/Objects-normal/arm64/CSV.SwiftConstValuesFileList --swift-const-vals-list /Users/admin/builder/spi-builder-workspace/.derivedData/Build/Intermediates.noindex/CSV.swift.build/Debug-watchos/CSV-t.build/Objects-normal/arm64_32/CSV.SwiftConstValuesFileList --force --compile-time-extraction --deployment-aware-processing --no-app-shortcuts-localization
2026-09-23 10:36:21.215 appintentsmetadataprocessor[1853:9639] Starting appintentsmetadataprocessor export
2026-09-23 10:36:21.321 appintentsmetadataprocessor[1853:9639] Extracted no relevant App Intents symbols, skipping writing output
SwiftDriverJobDiscovery normal arm64 Compiling SwiftBeanCountRogersBankMapper.swift (in target 'SwiftBeanCountRogersBankMapper' from project 'SwiftBeanCountRogersBankMapper')
SwiftDriver\ Compilation SwiftBeanCountRogersBankMapper normal arm64 com.apple.xcode.tools.swift.compiler (in target 'SwiftBeanCountRogersBankMapper' from project 'SwiftBeanCountRogersBankMapper')
    cd /Users/admin/builder/spi-builder-workspace/.swiftpm/xcode
    builtin-Swift-Compilation -- /Applications/Xcode-27.0.0-Release.Candidate.app/Contents/Developer/Toolchains/XcodeDefault.xctoolchain/usr/bin/swiftc -parse-as-library -module-name SwiftBeanCountRogersBankMapper -Onone @/Users/admin/builder/spi-builder-workspace/.derivedData/Build/Intermediates.noindex/SwiftBeanCountRogersBankMapper.build/Debug-watchos/SwiftBeanCountRogersBankMapper-t.build/Objects-normal/arm64/SwiftBeanCountRogersBankMapper.SwiftFileList -DSWIFT_PACKAGE -DDEBUG -DSWIFT_MODULE_RESOURCE_BUNDLE_UNAVAILABLE -DXcode -plugin-path /Applications/Xcode-27.0.0-Release.Candidate.app/Contents/Developer/Toolchains/XcodeDefault.xctoolchain/usr/lib/swift/host/plugins/testing -enable-experimental-feature DebugDescriptionMacro -sdk /Applications/Xcode-27.0.0-Release.Candidate.app/Contents/Developer/Platforms/WatchOS.platform/Developer/SDKs/WatchOS27.0.sdk -target arm64-apple-watchos9.0 -g -module-cache-path /Users/admin/builder/spi-builder-workspace/.derivedData/ModuleCache.noindex -Xfrontend -serialize-debugging-options -profile-coverage-mapping -profile-generate -enable-testing -suppress-warnings -index-store-path /Users/admin/builder/spi-builder-workspace/.derivedData/Index.noindex/DataStore -Xcc -D_LIBCPP_HARDENING_MODE\=_LIBCPP_HARDENING_MODE_DEBUG -swift-version 5 -I /Users/admin/builder/spi-builder-workspace/.derivedData/Build/Products/Debug-watchos -Isystem /Applications/Xcode-27.0.0-Release.Candidate.app/Contents/Developer/Platforms/WatchOS.platform/Developer/usr/lib -F /Users/admin/builder/spi-builder-workspace/.derivedData/Build/Products/Debug-watchos/PackageFrameworks -F /Users/admin/builder/spi-builder-workspace/.derivedData/Build/Products/Debug-watchos -F /Applications/Xcode-27.0.0-Release.Candidate.app/Contents/Developer/Platforms/WatchOS.platform/Developer/Library/Frameworks -F /Applications/Xcode-27.0.0-Release.Candidate.app/Contents/Developer/Platforms/WatchOS.platform/Developer/SDKs/WatchOS27.0.sdk/Developer/Library/Frameworks -c -j10 -enable-batch-mode -incremental -Xcc -ivfsstatcache -Xcc /Users/admin/builder/spi-builder-workspace/.derivedData/SDKStatCaches.noindex/watchos27.0-24R360-e829b21a6f8c9b70876ba0858053c04477534ef55a1706bf4c1112bbb242f0a2.sdkstatcache -output-file-map /Users/admin/builder/spi-builder-workspace/.derivedData/Build/Intermediates.noindex/SwiftBeanCountRogersBankMapper.build/Debug-watchos/SwiftBeanCountRogersBankMapper-t.build/Objects-normal/arm64/SwiftBeanCountRogersBankMapper-OutputFileMap.json -save-temps -no-color-diagnostics -explicit-module-build -module-cache-path /Users/admin/builder/spi-builder-workspace/.derivedData/Build/Intermediates.noindex/SwiftExplicitPrecompiledModules -clang-scanner-module-cache-path /Users/admin/builder/spi-builder-workspace/.derivedData/ModuleCache.noindex -sdk-module-cache-path /Users/admin/builder/spi-builder-workspace/.derivedData/SDKExplicitPrecompiledModules -emit-dependencies -emit-module -emit-module-path /Users/admin/builder/spi-builder-workspace/.derivedData/Build/Intermediates.noindex/SwiftBeanCountRogersBankMapper.build/Debug-watchos/SwiftBeanCountRogersBankMapper-t.build/Objects-normal/arm64/SwiftBeanCountRogersBankMapper.swiftmodule -serialize-diagnostics -dependency-scan-serialize-diagnostics-path /Users/admin/builder/spi-builder-workspace/.derivedData/Build/Intermediates.noindex/SwiftBeanCountRogersBankMapper.build/Debug-watchos/SwiftBeanCountRogersBankMapper-t.build/Objects-normal/arm64/SwiftBeanCountRogersBankMapper-dependency-scan.dia -validate-clang-modules-once -clang-build-session-file /Users/admin/builder/spi-builder-workspace/.derivedData/ModuleCache.noindex/Session.modulevalidation -Xcc -fmodules-prune-interval\=86400 -Xcc -fmodules-prune-after\=345600 -emit-const-values -const-gather-protocols-list /Users/admin/builder/spi-builder-workspace/.derivedData/Build/Intermediates.noindex/SwiftBeanCountRogersBankMapper.build/Debug-watchos/SwiftBeanCountRogersBankMapper-t.build/Objects-normal/arm64/SwiftBeanCountRogersBankMapper_const_extract_protocols.json -Xcc -I/Users/admin/builder/spi-builder-workspace/.derivedData/Build/Products/Debug-watchos/include -Xcc -I/Users/admin/builder/spi-builder-workspace/.derivedData/Build/Intermediates.noindex/SwiftBeanCountRogersBankMapper.build/Debug-watchos/SwiftBeanCountRogersBankMapper-t.build/DerivedSources-normal/arm64 -Xcc -I/Users/admin/builder/spi-builder-workspace/.derivedData/Build/Intermediates.noindex/SwiftBeanCountRogersBankMapper.build/Debug-watchos/SwiftBeanCountRogersBankMapper-t.build/DerivedSources/arm64 -Xcc -I/Users/admin/builder/spi-builder-workspace/.derivedData/Build/Intermediates.noindex/SwiftBeanCountRogersBankMapper.build/Debug-watchos/SwiftBeanCountRogersBankMapper-t.build/DerivedSources -Xcc -DSWIFT_PACKAGE -Xcc -DDEBUG\=1 -emit-objc-header -emit-objc-header-path /Users/admin/builder/spi-builder-workspace/.derivedData/Build/Intermediates.noindex/SwiftBeanCountRogersBankMapper.build/Debug-watchos/SwiftBeanCountRogersBankMapper-t.build/Objects-normal/arm64/SwiftBeanCountRogersBankMapper-Swift.h -working-directory /Users/admin/builder/spi-builder-workspace/.swiftpm/xcode -experimental-emit-module-separately -disable-cmo
SwiftDriverJobDiscovery normal arm64_32 Compiling SwiftBeanCountRogersBankMapper.swift (in target 'SwiftBeanCountRogersBankMapper' from project 'SwiftBeanCountRogersBankMapper')
SwiftDriver\ Compilation SwiftBeanCountRogersBankMapper normal arm64_32 com.apple.xcode.tools.swift.compiler (in target 'SwiftBeanCountRogersBankMapper' from project 'SwiftBeanCountRogersBankMapper')
    cd /Users/admin/builder/spi-builder-workspace/.swiftpm/xcode
    builtin-Swift-Compilation -- /Applications/Xcode-27.0.0-Release.Candidate.app/Contents/Developer/Toolchains/XcodeDefault.xctoolchain/usr/bin/swiftc -parse-as-library -module-name SwiftBeanCountRogersBankMapper -Onone @/Users/admin/builder/spi-builder-workspace/.derivedData/Build/Intermediates.noindex/SwiftBeanCountRogersBankMapper.build/Debug-watchos/SwiftBeanCountRogersBankMapper-t.build/Objects-normal/arm64_32/SwiftBeanCountRogersBankMapper.SwiftFileList -DSWIFT_PACKAGE -DDEBUG -DSWIFT_MODULE_RESOURCE_BUNDLE_UNAVAILABLE -DXcode -plugin-path /Applications/Xcode-27.0.0-Release.Candidate.app/Contents/Developer/Toolchains/XcodeDefault.xctoolchain/usr/lib/swift/host/plugins/testing -enable-experimental-feature DebugDescriptionMacro -sdk /Applications/Xcode-27.0.0-Release.Candidate.app/Contents/Developer/Platforms/WatchOS.platform/Developer/SDKs/WatchOS27.0.sdk -target arm64_32-apple-watchos9.0 -g -module-cache-path /Users/admin/builder/spi-builder-workspace/.derivedData/ModuleCache.noindex -Xfrontend -serialize-debugging-options -profile-coverage-mapping -profile-generate -enable-testing -suppress-warnings -index-store-path /Users/admin/builder/spi-builder-workspace/.derivedData/Index.noindex/DataStore -Xcc -D_LIBCPP_HARDENING_MODE\=_LIBCPP_HARDENING_MODE_DEBUG -swift-version 5 -I /Users/admin/builder/spi-builder-workspace/.derivedData/Build/Products/Debug-watchos -Isystem /Applications/Xcode-27.0.0-Release.Candidate.app/Contents/Developer/Platforms/WatchOS.platform/Developer/usr/lib -F /Users/admin/builder/spi-builder-workspace/.derivedData/Build/Products/Debug-watchos/PackageFrameworks -F /Users/admin/builder/spi-builder-workspace/.derivedData/Build/Products/Debug-watchos -F /Applications/Xcode-27.0.0-Release.Candidate.app/Contents/Developer/Platforms/WatchOS.platform/Developer/Library/Frameworks -F /Applications/Xcode-27.0.0-Release.Candidate.app/Contents/Developer/Platforms/WatchOS.platform/Developer/SDKs/WatchOS27.0.sdk/Developer/Library/Frameworks -c -j10 -enable-batch-mode -incremental -Xcc -ivfsstatcache -Xcc /Users/admin/builder/spi-builder-workspace/.derivedData/SDKStatCaches.noindex/watchos27.0-24R360-e829b21a6f8c9b70876ba0858053c04477534ef55a1706bf4c1112bbb242f0a2.sdkstatcache -output-file-map /Users/admin/builder/spi-builder-workspace/.derivedData/Build/Intermediates.noindex/SwiftBeanCountRogersBankMapper.build/Debug-watchos/SwiftBeanCountRogersBankMapper-t.build/Objects-normal/arm64_32/SwiftBeanCountRogersBankMapper-OutputFileMap.json -save-temps -no-color-diagnostics -explicit-module-build -module-cache-path /Users/admin/builder/spi-builder-workspace/.derivedData/Build/Intermediates.noindex/SwiftExplicitPrecompiledModules -clang-scanner-module-cache-path /Users/admin/builder/spi-builder-workspace/.derivedData/ModuleCache.noindex -sdk-module-cache-path /Users/admin/builder/spi-builder-workspace/.derivedData/SDKExplicitPrecompiledModules -emit-dependencies -emit-module -emit-module-path /Users/admin/builder/spi-builder-workspace/.derivedData/Build/Intermediates.noindex/SwiftBeanCountRogersBankMapper.build/Debug-watchos/SwiftBeanCountRogersBankMapper-t.build/Objects-normal/arm64_32/SwiftBeanCountRogersBankMapper.swiftmodule -serialize-diagnostics -dependency-scan-serialize-diagnostics-path /Users/admin/builder/spi-builder-workspace/.derivedData/Build/Intermediates.noindex/SwiftBeanCountRogersBankMapper.build/Debug-watchos/SwiftBeanCountRogersBankMapper-t.build/Objects-normal/arm64_32/SwiftBeanCountRogersBankMapper-dependency-scan.dia -validate-clang-modules-once -clang-build-session-file /Users/admin/builder/spi-builder-workspace/.derivedData/ModuleCache.noindex/Session.modulevalidation -Xcc -fmodules-prune-interval\=86400 -Xcc -fmodules-prune-after\=345600 -emit-const-values -const-gather-protocols-list /Users/admin/builder/spi-builder-workspace/.derivedData/Build/Intermediates.noindex/SwiftBeanCountRogersBankMapper.build/Debug-watchos/SwiftBeanCountRogersBankMapper-t.build/Objects-normal/arm64_32/SwiftBeanCountRogersBankMapper_const_extract_protocols.json -Xcc -I/Users/admin/builder/spi-builder-workspace/.derivedData/Build/Products/Debug-watchos/include -Xcc -I/Users/admin/builder/spi-builder-workspace/.derivedData/Build/Intermediates.noindex/SwiftBeanCountRogersBankMapper.build/Debug-watchos/SwiftBeanCountRogersBankMapper-t.build/DerivedSources-normal/arm64_32 -Xcc -I/Users/admin/builder/spi-builder-workspace/.derivedData/Build/Intermediates.noindex/SwiftBeanCountRogersBankMapper.build/Debug-watchos/SwiftBeanCountRogersBankMapper-t.build/DerivedSources/arm64_32 -Xcc -I/Users/admin/builder/spi-builder-workspace/.derivedData/Build/Intermediates.noindex/SwiftBeanCountRogersBankMapper.build/Debug-watchos/SwiftBeanCountRogersBankMapper-t.build/DerivedSources -Xcc -DSWIFT_PACKAGE -Xcc -DDEBUG\=1 -emit-objc-header -emit-objc-header-path /Users/admin/builder/spi-builder-workspace/.derivedData/Build/Intermediates.noindex/SwiftBeanCountRogersBankMapper.build/Debug-watchos/SwiftBeanCountRogersBankMapper-t.build/Objects-normal/arm64_32/SwiftBeanCountRogersBankMapper-Swift.h -working-directory /Users/admin/builder/spi-builder-workspace/.swiftpm/xcode -experimental-emit-module-separately -disable-cmo
Ld /Users/admin/builder/spi-builder-workspace/.derivedData/Build/Intermediates.noindex/SwiftBeanCountRogersBankMapper.build/Debug-watchos/SwiftBeanCountRogersBankMapper-t.build/Objects-normal/arm64/Binary/SwiftBeanCountRogersBankMapper.o normal arm64 (in target 'SwiftBeanCountRogersBankMapper' from project 'SwiftBeanCountRogersBankMapper')
    cd /Users/admin/builder/spi-builder-workspace/.dependencies/checkouts/SwiftBeanCountRogersBankMapper
    /Applications/Xcode-27.0.0-Release.Candidate.app/Contents/Developer/Toolchains/XcodeDefault.xctoolchain/usr/bin/clang -Xlinker -reproducible -target arm64-apple-watchos9.0 -r -isysroot /Applications/Xcode-27.0.0-Release.Candidate.app/Contents/Developer/Platforms/WatchOS.platform/Developer/SDKs/WatchOS27.0.sdk -O0 -w -Xlinker -no_warn_duplicate_libraries -F/Users/admin/builder/spi-builder-workspace/.derivedData/Build/Intermediates.noindex/EagerLinkingTBDs/Debug-watchos -F/Users/admin/builder/spi-builder-workspace/.derivedData/Build/Products/Debug-watchos/PackageFrameworks -F/Users/admin/builder/spi-builder-workspace/.derivedData/Build/Products/Debug-watchos -iframework /Applications/Xcode-27.0.0-Release.Candidate.app/Contents/Developer/Platforms/WatchOS.platform/Developer/Library/Frameworks -iframework /Applications/Xcode-27.0.0-Release.Candidate.app/Contents/Developer/Platforms/WatchOS.platform/Developer/SDKs/WatchOS27.0.sdk/Developer/Library/Frameworks -filelist /Users/admin/builder/spi-builder-workspace/.derivedData/Build/Intermediates.noindex/SwiftBeanCountRogersBankMapper.build/Debug-watchos/SwiftBeanCountRogersBankMapper-t.build/Objects-normal/arm64/SwiftBeanCountRogersBankMapper.LinkFileList -nostdlib -Xlinker -object_path_lto -Xlinker /Users/admin/builder/spi-builder-workspace/.derivedData/Build/Intermediates.noindex/SwiftBeanCountRogersBankMapper.build/Debug-watchos/SwiftBeanCountRogersBankMapper-t.build/Objects-normal/arm64/SwiftBeanCountRogersBankMapper_lto.o -Xlinker -no_deduplicate -Xlinker -debug_variant -Xlinker -dependency_info -Xlinker /Users/admin/builder/spi-builder-workspace/.derivedData/Build/Intermediates.noindex/SwiftBeanCountRogersBankMapper.build/Debug-watchos/SwiftBeanCountRogersBankMapper-t.build/Objects-normal/arm64/SwiftBeanCountRogersBankMapper_dependency_info.dat -fobjc-link-runtime -L/Applications/Xcode-27.0.0-Release.Candidate.app/Contents/Developer/Toolchains/XcodeDefault.xctoolchain/usr/lib/swift/watchos -L/usr/lib/swift -Xlinker -add_ast_path -Xlinker /Users/admin/builder/spi-builder-workspace/.derivedData/Build/Intermediates.noindex/SwiftBeanCountRogersBankMapper.build/Debug-watchos/SwiftBeanCountRogersBankMapper-t.build/Objects-normal/arm64/SwiftBeanCountRogersBankMapper.swiftmodule -o /Users/admin/builder/spi-builder-workspace/.derivedData/Build/Intermediates.noindex/SwiftBeanCountRogersBankMapper.build/Debug-watchos/SwiftBeanCountRogersBankMapper-t.build/Objects-normal/arm64/Binary/SwiftBeanCountRogersBankMapper.o
Ld /Users/admin/builder/spi-builder-workspace/.derivedData/Build/Intermediates.noindex/SwiftBeanCountRogersBankMapper.build/Debug-watchos/SwiftBeanCountRogersBankMapper-t.build/Objects-normal/arm64_32/Binary/SwiftBeanCountRogersBankMapper.o normal arm64_32 (in target 'SwiftBeanCountRogersBankMapper' from project 'SwiftBeanCountRogersBankMapper')
    cd /Users/admin/builder/spi-builder-workspace/.dependencies/checkouts/SwiftBeanCountRogersBankMapper
    /Applications/Xcode-27.0.0-Release.Candidate.app/Contents/Developer/Toolchains/XcodeDefault.xctoolchain/usr/bin/clang -Xlinker -reproducible -target arm64_32-apple-watchos9.0 -r -isysroot /Applications/Xcode-27.0.0-Release.Candidate.app/Contents/Developer/Platforms/WatchOS.platform/Developer/SDKs/WatchOS27.0.sdk -O0 -w -Xlinker -no_warn_duplicate_libraries -F/Users/admin/builder/spi-builder-workspace/.derivedData/Build/Intermediates.noindex/EagerLinkingTBDs/Debug-watchos -F/Users/admin/builder/spi-builder-workspace/.derivedData/Build/Products/Debug-watchos/PackageFrameworks -F/Users/admin/builder/spi-builder-workspace/.derivedData/Build/Products/Debug-watchos -iframework /Applications/Xcode-27.0.0-Release.Candidate.app/Contents/Developer/Platforms/WatchOS.platform/Developer/Library/Frameworks -iframework /Applications/Xcode-27.0.0-Release.Candidate.app/Contents/Developer/Platforms/WatchOS.platform/Developer/SDKs/WatchOS27.0.sdk/Developer/Library/Frameworks -filelist /Users/admin/builder/spi-builder-workspace/.derivedData/Build/Intermediates.noindex/SwiftBeanCountRogersBankMapper.build/Debug-watchos/SwiftBeanCountRogersBankMapper-t.build/Objects-normal/arm64_32/SwiftBeanCountRogersBankMapper.LinkFileList -nostdlib -Xlinker -object_path_lto -Xlinker /Users/admin/builder/spi-builder-workspace/.derivedData/Build/Intermediates.noindex/SwiftBeanCountRogersBankMapper.build/Debug-watchos/SwiftBeanCountRogersBankMapper-t.build/Objects-normal/arm64_32/SwiftBeanCountRogersBankMapper_lto.o -Xlinker -no_deduplicate -Xlinker -debug_variant -Xlinker -dependency_info -Xlinker /Users/admin/builder/spi-builder-workspace/.derivedData/Build/Intermediates.noindex/SwiftBeanCountRogersBankMapper.build/Debug-watchos/SwiftBeanCountRogersBankMapper-t.build/Objects-normal/arm64_32/SwiftBeanCountRogersBankMapper_dependency_info.dat -fobjc-link-runtime -L/Applications/Xcode-27.0.0-Release.Candidate.app/Contents/Developer/Toolchains/XcodeDefault.xctoolchain/usr/lib/swift/watchos -L/usr/lib/swift -Xlinker -add_ast_path -Xlinker /Users/admin/builder/spi-builder-workspace/.derivedData/Build/Intermediates.noindex/SwiftBeanCountRogersBankMapper.build/Debug-watchos/SwiftBeanCountRogersBankMapper-t.build/Objects-normal/arm64_32/SwiftBeanCountRogersBankMapper.swiftmodule -o /Users/admin/builder/spi-builder-workspace/.derivedData/Build/Intermediates.noindex/SwiftBeanCountRogersBankMapper.build/Debug-watchos/SwiftBeanCountRogersBankMapper-t.build/Objects-normal/arm64_32/Binary/SwiftBeanCountRogersBankMapper.o
CreateUniversalBinary /Users/admin/builder/spi-builder-workspace/.derivedData/Build/Products/Debug-watchos/SwiftBeanCountRogersBankMapper.o normal arm64\ arm64_32 (in target 'SwiftBeanCountRogersBankMapper' from project 'SwiftBeanCountRogersBankMapper')
    cd /Users/admin/builder/spi-builder-workspace/.dependencies/checkouts/SwiftBeanCountRogersBankMapper
    /Applications/Xcode-27.0.0-Release.Candidate.app/Contents/Developer/Toolchains/XcodeDefault.xctoolchain/usr/bin/lipo -create /Users/admin/builder/spi-builder-workspace/.derivedData/Build/Intermediates.noindex/SwiftBeanCountRogersBankMapper.build/Debug-watchos/SwiftBeanCountRogersBankMapper-t.build/Objects-normal/arm64/Binary/SwiftBeanCountRogersBankMapper.o /Users/admin/builder/spi-builder-workspace/.derivedData/Build/Intermediates.noindex/SwiftBeanCountRogersBankMapper.build/Debug-watchos/SwiftBeanCountRogersBankMapper-t.build/Objects-normal/arm64_32/Binary/SwiftBeanCountRogersBankMapper.o -output /Users/admin/builder/spi-builder-workspace/.derivedData/Build/Products/Debug-watchos/SwiftBeanCountRogersBankMapper.o
ExtractAppIntentsMetadata (in target 'SwiftBeanCountRogersBankMapper' from project 'SwiftBeanCountRogersBankMapper')
    cd /Users/admin/builder/spi-builder-workspace/.dependencies/checkouts/SwiftBeanCountRogersBankMapper
    /Applications/Xcode-27.0.0-Release.Candidate.app/Contents/Developer/Toolchains/XcodeDefault.xctoolchain/usr/bin/appintentsmetadataprocessor --toolchain-dir /var/run/com.apple.security.cryptexd/mnt/com.apple.MobileAsset.MetalToolchain-v27.1.266.1.vK6h05/Metal.xctoolchain --module-name SwiftBeanCountRogersBankMapper --sdk-root /Applications/Xcode-27.0.0-Release.Candidate.app/Contents/Developer/Platforms/WatchOS.platform/Developer/SDKs/WatchOS27.0.sdk --xcode-version 27A266a --platform-family watchOS --deployment-target 9.0 --bundle-identifier swiftbeancountrogersbankmapper.SwiftBeanCountRogersBankMapper --output /Users/admin/builder/spi-builder-workspace/.derivedData/Build/Products/Debug-watchos/SwiftBeanCountRogersBankMapper.appintents --target-triple arm64-apple-watchos9.0 --target-triple arm64_32-apple-watchos9.0 --binary-file /Users/admin/builder/spi-builder-workspace/.derivedData/Build/Products/Debug-watchos/SwiftBeanCountRogersBankMapper.o --dependency-file /Users/admin/builder/spi-builder-workspace/.derivedData/Build/Intermediates.noindex/SwiftBeanCountRogersBankMapper.build/Debug-watchos/SwiftBeanCountRogersBankMapper-t.build/Objects-normal/arm64/SwiftBeanCountRogersBankMapper_dependency_info.dat --dependency-file /Users/admin/builder/spi-builder-workspace/.derivedData/Build/Intermediates.noindex/SwiftBeanCountRogersBankMapper.build/Debug-watchos/SwiftBeanCountRogersBankMapper-t.build/Objects-normal/arm64_32/SwiftBeanCountRogersBankMapper_dependency_info.dat --stringsdata-file /Users/admin/builder/spi-builder-workspace/.derivedData/Build/Intermediates.noindex/SwiftBeanCountRogersBankMapper.build/Debug-watchos/SwiftBeanCountRogersBankMapper-t.build/Objects-normal/arm64/ExtractedAppShortcutsMetadata.stringsdata --stringsdata-file /Users/admin/builder/spi-builder-workspace/.derivedData/Build/Intermediates.noindex/SwiftBeanCountRogersBankMapper.build/Debug-watchos/SwiftBeanCountRogersBankMapper-t.build/Objects-normal/arm64_32/ExtractedAppShortcutsMetadata.stringsdata --source-file-list /Users/admin/builder/spi-builder-workspace/.derivedData/Build/Intermediates.noindex/SwiftBeanCountRogersBankMapper.build/Debug-watchos/SwiftBeanCountRogersBankMapper-t.build/Objects-normal/arm64/SwiftBeanCountRogersBankMapper.SwiftFileList --source-file-list /Users/admin/builder/spi-builder-workspace/.derivedData/Build/Intermediates.noindex/SwiftBeanCountRogersBankMapper.build/Debug-watchos/SwiftBeanCountRogersBankMapper-t.build/Objects-normal/arm64_32/SwiftBeanCountRogersBankMapper.SwiftFileList --metadata-file-list /Users/admin/builder/spi-builder-workspace/.derivedData/Build/Intermediates.noindex/SwiftBeanCountRogersBankMapper.build/Debug-watchos/SwiftBeanCountRogersBankMapper-t.build/SwiftBeanCountRogersBankMapper.DependencyMetadataFileList --static-metadata-file-list /Users/admin/builder/spi-builder-workspace/.derivedData/Build/Intermediates.noindex/SwiftBeanCountRogersBankMapper.build/Debug-watchos/SwiftBeanCountRogersBankMapper-t.build/SwiftBeanCountRogersBankMapper.DependencyStaticMetadataFileList --swift-const-vals-list /Users/admin/builder/spi-builder-workspace/.derivedData/Build/Intermediates.noindex/SwiftBeanCountRogersBankMapper.build/Debug-watchos/SwiftBeanCountRogersBankMapper-t.build/Objects-normal/arm64/SwiftBeanCountRogersBankMapper.SwiftConstValuesFileList --swift-const-vals-list /Users/admin/builder/spi-builder-workspace/.derivedData/Build/Intermediates.noindex/SwiftBeanCountRogersBankMapper.build/Debug-watchos/SwiftBeanCountRogersBankMapper-t.build/Objects-normal/arm64_32/SwiftBeanCountRogersBankMapper.SwiftConstValuesFileList --force --compile-time-extraction --deployment-aware-processing --no-app-shortcuts-localization
2026-09-23 10:36:21.363 appintentsmetadataprocessor[1859:9739] Starting appintentsmetadataprocessor export
2026-09-23 10:36:21.430 appintentsmetadataprocessor[1859:9739] Extracted no relevant App Intents symbols, skipping writing output
SwiftCompile normal arm64 Compiling\ SwiftBeanCountCompassCardMapper.swift /Users/admin/builder/spi-builder-workspace/.dependencies/checkouts/SwiftBeanCountCompassCardMapper/Sources/SwiftBeanCountCompassCardMapper/SwiftBeanCountCompassCardMapper.swift (in target 'SwiftBeanCountCompassCardMapper' from project 'SwiftBeanCountCompassCardMapper')
SwiftCompile normal arm64 /Users/admin/builder/spi-builder-workspace/.dependencies/checkouts/SwiftBeanCountCompassCardMapper/Sources/SwiftBeanCountCompassCardMapper/SwiftBeanCountCompassCardMapper.swift (in target 'SwiftBeanCountCompassCardMapper' from project 'SwiftBeanCountCompassCardMapper')
    cd /Users/admin/builder/spi-builder-workspace/.swiftpm/xcode
    builtin-SwiftPerFileCompile SwiftBeanCountCompassCardMapper.swift
SwiftEmitModule normal arm64 Emitting\ module\ for\ SwiftBeanCountCompassCardMapper (in target 'SwiftBeanCountCompassCardMapper' from project 'SwiftBeanCountCompassCardMapper')
SwiftCompile normal arm64 (in target 'SwiftBeanCountCompassCardMapper' from project 'SwiftBeanCountCompassCardMapper')
    cd /Users/admin/builder/spi-builder-workspace/.swiftpm/xcode

SwiftCompile normal arm64 Compiling\ SwiftBeanCountCompassCardMapperError.swift /Users/admin/builder/spi-builder-workspace/.dependencies/checkouts/SwiftBeanCountCompassCardMapper/Sources/SwiftBeanCountCompassCardMapper/SwiftBeanCountCompassCardMapperError.swift (in target 'SwiftBeanCountCompassCardMapper' from project 'SwiftBeanCountCompassCardMapper')
SwiftCompile normal arm64 /Users/admin/builder/spi-builder-workspace/.dependencies/checkouts/SwiftBeanCountCompassCardMapper/Sources/SwiftBeanCountCompassCardMapper/SwiftBeanCountCompassCardMapperError.swift (in target 'SwiftBeanCountCompassCardMapper' from project 'SwiftBeanCountCompassCardMapper')
    cd /Users/admin/builder/spi-builder-workspace/.swiftpm/xcode
    builtin-SwiftPerFileCompile SwiftBeanCountCompassCardMapperError.swift
SwiftEmitModule normal arm64_32 Emitting\ module\ for\ SwiftBeanCountCompassCardMapper (in target 'SwiftBeanCountCompassCardMapper' from project 'SwiftBeanCountCompassCardMapper')
SwiftCompile normal arm64_32 (in target 'SwiftBeanCountCompassCardMapper' from project 'SwiftBeanCountCompassCardMapper')
    cd /Users/admin/builder/spi-builder-workspace/.swiftpm/xcode

SwiftCompile normal arm64_32 Compiling\ SwiftBeanCountCompassCardMapper.swift /Users/admin/builder/spi-builder-workspace/.dependencies/checkouts/SwiftBeanCountCompassCardMapper/Sources/SwiftBeanCountCompassCardMapper/SwiftBeanCountCompassCardMapper.swift (in target 'SwiftBeanCountCompassCardMapper' from project 'SwiftBeanCountCompassCardMapper')
SwiftCompile normal arm64_32 /Users/admin/builder/spi-builder-workspace/.dependencies/checkouts/SwiftBeanCountCompassCardMapper/Sources/SwiftBeanCountCompassCardMapper/SwiftBeanCountCompassCardMapper.swift (in target 'SwiftBeanCountCompassCardMapper' from project 'SwiftBeanCountCompassCardMapper')
    cd /Users/admin/builder/spi-builder-workspace/.swiftpm/xcode
    builtin-SwiftPerFileCompile SwiftBeanCountCompassCardMapper.swift
SwiftCompile normal arm64_32 Compiling\ SwiftBeanCountCompassCardMapperError.swift /Users/admin/builder/spi-builder-workspace/.dependencies/checkouts/SwiftBeanCountCompassCardMapper/Sources/SwiftBeanCountCompassCardMapper/SwiftBeanCountCompassCardMapperError.swift (in target 'SwiftBeanCountCompassCardMapper' from project 'SwiftBeanCountCompassCardMapper')
SwiftCompile normal arm64_32 /Users/admin/builder/spi-builder-workspace/.dependencies/checkouts/SwiftBeanCountCompassCardMapper/Sources/SwiftBeanCountCompassCardMapper/SwiftBeanCountCompassCardMapperError.swift (in target 'SwiftBeanCountCompassCardMapper' from project 'SwiftBeanCountCompassCardMapper')
    cd /Users/admin/builder/spi-builder-workspace/.swiftpm/xcode
    builtin-SwiftPerFileCompile SwiftBeanCountCompassCardMapperError.swift
SwiftDriverJobDiscovery normal arm64_32 Compiling WealthsimpleLedgerMapper.swift (in target 'SwiftBeanCountWealthsimpleMapper' from project 'SwiftBeanCountWealthsimpleMapper')
SwiftDriver\ Compilation SwiftBeanCountWealthsimpleMapper normal arm64_32 com.apple.xcode.tools.swift.compiler (in target 'SwiftBeanCountWealthsimpleMapper' from project 'SwiftBeanCountWealthsimpleMapper')
    cd /Users/admin/builder/spi-builder-workspace/.swiftpm/xcode
    builtin-Swift-Compilation -- /Applications/Xcode-27.0.0-Release.Candidate.app/Contents/Developer/Toolchains/XcodeDefault.xctoolchain/usr/bin/swiftc -parse-as-library -module-name SwiftBeanCountWealthsimpleMapper -Onone @/Users/admin/builder/spi-builder-workspace/.derivedData/Build/Intermediates.noindex/SwiftBeanCountWealthsimpleMapper.build/Debug-watchos/SwiftBeanCountWealthsimpleMapper-t.build/Objects-normal/arm64_32/SwiftBeanCountWealthsimpleMapper.SwiftFileList -DSWIFT_PACKAGE -DDEBUG -DSWIFT_MODULE_RESOURCE_BUNDLE_UNAVAILABLE -DXcode -plugin-path /Applications/Xcode-27.0.0-Release.Candidate.app/Contents/Developer/Toolchains/XcodeDefault.xctoolchain/usr/lib/swift/host/plugins/testing -enable-experimental-feature DebugDescriptionMacro -sdk /Applications/Xcode-27.0.0-Release.Candidate.app/Contents/Developer/Platforms/WatchOS.platform/Developer/SDKs/WatchOS27.0.sdk -target arm64_32-apple-watchos9.0 -g -module-cache-path /Users/admin/builder/spi-builder-workspace/.derivedData/ModuleCache.noindex -Xfrontend -serialize-debugging-options -profile-coverage-mapping -profile-generate -enable-testing -suppress-warnings -index-store-path /Users/admin/builder/spi-builder-workspace/.derivedData/Index.noindex/DataStore -Xcc -D_LIBCPP_HARDENING_MODE\=_LIBCPP_HARDENING_MODE_DEBUG -swift-version 5 -I /Users/admin/builder/spi-builder-workspace/.derivedData/Build/Products/Debug-watchos -Isystem /Applications/Xcode-27.0.0-Release.Candidate.app/Contents/Developer/Platforms/WatchOS.platform/Developer/usr/lib -F /Users/admin/builder/spi-builder-workspace/.derivedData/Build/Products/Debug-watchos/PackageFrameworks -F /Users/admin/builder/spi-builder-workspace/.derivedData/Build/Products/Debug-watchos -F /Applications/Xcode-27.0.0-Release.Candidate.app/Contents/Developer/Platforms/WatchOS.platform/Developer/Library/Frameworks -F /Applications/Xcode-27.0.0-Release.Candidate.app/Contents/Developer/Platforms/WatchOS.platform/Developer/SDKs/WatchOS27.0.sdk/Developer/Library/Frameworks -c -j10 -enable-batch-mode -incremental -Xcc -ivfsstatcache -Xcc /Users/admin/builder/spi-builder-workspace/.derivedData/SDKStatCaches.noindex/watchos27.0-24R360-e829b21a6f8c9b70876ba0858053c04477534ef55a1706bf4c1112bbb242f0a2.sdkstatcache -output-file-map /Users/admin/builder/spi-builder-workspace/.derivedData/Build/Intermediates.noindex/SwiftBeanCountWealthsimpleMapper.build/Debug-watchos/SwiftBeanCountWealthsimpleMapper-t.build/Objects-normal/arm64_32/SwiftBeanCountWealthsimpleMapper-OutputFileMap.json -save-temps -no-color-diagnostics -explicit-module-build -module-cache-path /Users/admin/builder/spi-builder-workspace/.derivedData/Build/Intermediates.noindex/SwiftExplicitPrecompiledModules -clang-scanner-module-cache-path /Users/admin/builder/spi-builder-workspace/.derivedData/ModuleCache.noindex -sdk-module-cache-path /Users/admin/builder/spi-builder-workspace/.derivedData/SDKExplicitPrecompiledModules -emit-dependencies -emit-module -emit-module-path /Users/admin/builder/spi-builder-workspace/.derivedData/Build/Intermediates.noindex/SwiftBeanCountWealthsimpleMapper.build/Debug-watchos/SwiftBeanCountWealthsimpleMapper-t.build/Objects-normal/arm64_32/SwiftBeanCountWealthsimpleMapper.swiftmodule -serialize-diagnostics -dependency-scan-serialize-diagnostics-path /Users/admin/builder/spi-builder-workspace/.derivedData/Build/Intermediates.noindex/SwiftBeanCountWealthsimpleMapper.build/Debug-watchos/SwiftBeanCountWealthsimpleMapper-t.build/Objects-normal/arm64_32/SwiftBeanCountWealthsimpleMapper-dependency-scan.dia -validate-clang-modules-once -clang-build-session-file /Users/admin/builder/spi-builder-workspace/.derivedData/ModuleCache.noindex/Session.modulevalidation -Xcc -fmodules-prune-interval\=86400 -Xcc -fmodules-prune-after\=345600 -emit-const-values -const-gather-protocols-list /Users/admin/builder/spi-builder-workspace/.derivedData/Build/Intermediates.noindex/SwiftBeanCountWealthsimpleMapper.build/Debug-watchos/SwiftBeanCountWealthsimpleMapper-t.build/Objects-normal/arm64_32/SwiftBeanCountWealthsimpleMapper_const_extract_protocols.json -Xcc -I/Users/admin/builder/spi-builder-workspace/.derivedData/Build/Products/Debug-watchos/include -Xcc -I/Users/admin/builder/spi-builder-workspace/.derivedData/Build/Intermediates.noindex/SwiftBeanCountWealthsimpleMapper.build/Debug-watchos/SwiftBeanCountWealthsimpleMapper-t.build/DerivedSources-normal/arm64_32 -Xcc -I/Users/admin/builder/spi-builder-workspace/.derivedData/Build/Intermediates.noindex/SwiftBeanCountWealthsimpleMapper.build/Debug-watchos/SwiftBeanCountWealthsimpleMapper-t.build/DerivedSources/arm64_32 -Xcc -I/Users/admin/builder/spi-builder-workspace/.derivedData/Build/Intermediates.noindex/SwiftBeanCountWealthsimpleMapper.build/Debug-watchos/SwiftBeanCountWealthsimpleMapper-t.build/DerivedSources -Xcc -DSWIFT_PACKAGE -Xcc -DDEBUG\=1 -emit-objc-header -emit-objc-header-path /Users/admin/builder/spi-builder-workspace/.derivedData/Build/Intermediates.noindex/SwiftBeanCountWealthsimpleMapper.build/Debug-watchos/SwiftBeanCountWealthsimpleMapper-t.build/Objects-normal/arm64_32/SwiftBeanCountWealthsimpleMapper-Swift.h -working-directory /Users/admin/builder/spi-builder-workspace/.swiftpm/xcode -experimental-emit-module-separately -disable-cmo
Ld /Users/admin/builder/spi-builder-workspace/.derivedData/Build/Intermediates.noindex/SwiftBeanCountWealthsimpleMapper.build/Debug-watchos/SwiftBeanCountWealthsimpleMapper-t.build/Objects-normal/arm64_32/Binary/SwiftBeanCountWealthsimpleMapper.o normal arm64_32 (in target 'SwiftBeanCountWealthsimpleMapper' from project 'SwiftBeanCountWealthsimpleMapper')
    cd /Users/admin/builder/spi-builder-workspace/.dependencies/checkouts/SwiftBeanCountWealthsimpleMapper
    /Applications/Xcode-27.0.0-Release.Candidate.app/Contents/Developer/Toolchains/XcodeDefault.xctoolchain/usr/bin/clang -Xlinker -reproducible -target arm64_32-apple-watchos9.0 -r -isysroot /Applications/Xcode-27.0.0-Release.Candidate.app/Contents/Developer/Platforms/WatchOS.platform/Developer/SDKs/WatchOS27.0.sdk -O0 -w -Xlinker -no_warn_duplicate_libraries -F/Users/admin/builder/spi-builder-workspace/.derivedData/Build/Intermediates.noindex/EagerLinkingTBDs/Debug-watchos -F/Users/admin/builder/spi-builder-workspace/.derivedData/Build/Products/Debug-watchos/PackageFrameworks -F/Users/admin/builder/spi-builder-workspace/.derivedData/Build/Products/Debug-watchos -iframework /Applications/Xcode-27.0.0-Release.Candidate.app/Contents/Developer/Platforms/WatchOS.platform/Developer/Library/Frameworks -iframework /Applications/Xcode-27.0.0-Release.Candidate.app/Contents/Developer/Platforms/WatchOS.platform/Developer/SDKs/WatchOS27.0.sdk/Developer/Library/Frameworks -filelist /Users/admin/builder/spi-builder-workspace/.derivedData/Build/Intermediates.noindex/SwiftBeanCountWealthsimpleMapper.build/Debug-watchos/SwiftBeanCountWealthsimpleMapper-t.build/Objects-normal/arm64_32/SwiftBeanCountWealthsimpleMapper.LinkFileList -nostdlib -Xlinker -object_path_lto -Xlinker /Users/admin/builder/spi-builder-workspace/.derivedData/Build/Intermediates.noindex/SwiftBeanCountWealthsimpleMapper.build/Debug-watchos/SwiftBeanCountWealthsimpleMapper-t.build/Objects-normal/arm64_32/SwiftBeanCountWealthsimpleMapper_lto.o -Xlinker -no_deduplicate -Xlinker -debug_variant -Xlinker -dependency_info -Xlinker /Users/admin/builder/spi-builder-workspace/.derivedData/Build/Intermediates.noindex/SwiftBeanCountWealthsimpleMapper.build/Debug-watchos/SwiftBeanCountWealthsimpleMapper-t.build/Objects-normal/arm64_32/SwiftBeanCountWealthsimpleMapper_dependency_info.dat -fobjc-link-runtime -L/Applications/Xcode-27.0.0-Release.Candidate.app/Contents/Developer/Toolchains/XcodeDefault.xctoolchain/usr/lib/swift/watchos -L/usr/lib/swift -Xlinker -add_ast_path -Xlinker /Users/admin/builder/spi-builder-workspace/.derivedData/Build/Intermediates.noindex/SwiftBeanCountWealthsimpleMapper.build/Debug-watchos/SwiftBeanCountWealthsimpleMapper-t.build/Objects-normal/arm64_32/SwiftBeanCountWealthsimpleMapper.swiftmodule -o /Users/admin/builder/spi-builder-workspace/.derivedData/Build/Intermediates.noindex/SwiftBeanCountWealthsimpleMapper.build/Debug-watchos/SwiftBeanCountWealthsimpleMapper-t.build/Objects-normal/arm64_32/Binary/SwiftBeanCountWealthsimpleMapper.o
SwiftDriverJobDiscovery normal arm64 Compiling WealthsimpleLedgerMapper.swift (in target 'SwiftBeanCountWealthsimpleMapper' from project 'SwiftBeanCountWealthsimpleMapper')
SwiftDriver\ Compilation SwiftBeanCountWealthsimpleMapper normal arm64 com.apple.xcode.tools.swift.compiler (in target 'SwiftBeanCountWealthsimpleMapper' from project 'SwiftBeanCountWealthsimpleMapper')
    cd /Users/admin/builder/spi-builder-workspace/.swiftpm/xcode
    builtin-Swift-Compilation -- /Applications/Xcode-27.0.0-Release.Candidate.app/Contents/Developer/Toolchains/XcodeDefault.xctoolchain/usr/bin/swiftc -parse-as-library -module-name SwiftBeanCountWealthsimpleMapper -Onone @/Users/admin/builder/spi-builder-workspace/.derivedData/Build/Intermediates.noindex/SwiftBeanCountWealthsimpleMapper.build/Debug-watchos/SwiftBeanCountWealthsimpleMapper-t.build/Objects-normal/arm64/SwiftBeanCountWealthsimpleMapper.SwiftFileList -DSWIFT_PACKAGE -DDEBUG -DSWIFT_MODULE_RESOURCE_BUNDLE_UNAVAILABLE -DXcode -plugin-path /Applications/Xcode-27.0.0-Release.Candidate.app/Contents/Developer/Toolchains/XcodeDefault.xctoolchain/usr/lib/swift/host/plugins/testing -enable-experimental-feature DebugDescriptionMacro -sdk /Applications/Xcode-27.0.0-Release.Candidate.app/Contents/Developer/Platforms/WatchOS.platform/Developer/SDKs/WatchOS27.0.sdk -target arm64-apple-watchos9.0 -g -module-cache-path /Users/admin/builder/spi-builder-workspace/.derivedData/ModuleCache.noindex -Xfrontend -serialize-debugging-options -profile-coverage-mapping -profile-generate -enable-testing -suppress-warnings -index-store-path /Users/admin/builder/spi-builder-workspace/.derivedData/Index.noindex/DataStore -Xcc -D_LIBCPP_HARDENING_MODE\=_LIBCPP_HARDENING_MODE_DEBUG -swift-version 5 -I /Users/admin/builder/spi-builder-workspace/.derivedData/Build/Products/Debug-watchos -Isystem /Applications/Xcode-27.0.0-Release.Candidate.app/Contents/Developer/Platforms/WatchOS.platform/Developer/usr/lib -F /Users/admin/builder/spi-builder-workspace/.derivedData/Build/Products/Debug-watchos/PackageFrameworks -F /Users/admin/builder/spi-builder-workspace/.derivedData/Build/Products/Debug-watchos -F /Applications/Xcode-27.0.0-Release.Candidate.app/Contents/Developer/Platforms/WatchOS.platform/Developer/Library/Frameworks -F /Applications/Xcode-27.0.0-Release.Candidate.app/Contents/Developer/Platforms/WatchOS.platform/Developer/SDKs/WatchOS27.0.sdk/Developer/Library/Frameworks -c -j10 -enable-batch-mode -incremental -Xcc -ivfsstatcache -Xcc /Users/admin/builder/spi-builder-workspace/.derivedData/SDKStatCaches.noindex/watchos27.0-24R360-e829b21a6f8c9b70876ba0858053c04477534ef55a1706bf4c1112bbb242f0a2.sdkstatcache -output-file-map /Users/admin/builder/spi-builder-workspace/.derivedData/Build/Intermediates.noindex/SwiftBeanCountWealthsimpleMapper.build/Debug-watchos/SwiftBeanCountWealthsimpleMapper-t.build/Objects-normal/arm64/SwiftBeanCountWealthsimpleMapper-OutputFileMap.json -save-temps -no-color-diagnostics -explicit-module-build -module-cache-path /Users/admin/builder/spi-builder-workspace/.derivedData/Build/Intermediates.noindex/SwiftExplicitPrecompiledModules -clang-scanner-module-cache-path /Users/admin/builder/spi-builder-workspace/.derivedData/ModuleCache.noindex -sdk-module-cache-path /Users/admin/builder/spi-builder-workspace/.derivedData/SDKExplicitPrecompiledModules -emit-dependencies -emit-module -emit-module-path /Users/admin/builder/spi-builder-workspace/.derivedData/Build/Intermediates.noindex/SwiftBeanCountWealthsimpleMapper.build/Debug-watchos/SwiftBeanCountWealthsimpleMapper-t.build/Objects-normal/arm64/SwiftBeanCountWealthsimpleMapper.swiftmodule -serialize-diagnostics -dependency-scan-serialize-diagnostics-path /Users/admin/builder/spi-builder-workspace/.derivedData/Build/Intermediates.noindex/SwiftBeanCountWealthsimpleMapper.build/Debug-watchos/SwiftBeanCountWealthsimpleMapper-t.build/Objects-normal/arm64/SwiftBeanCountWealthsimpleMapper-dependency-scan.dia -validate-clang-modules-once -clang-build-session-file /Users/admin/builder/spi-builder-workspace/.derivedData/ModuleCache.noindex/Session.modulevalidation -Xcc -fmodules-prune-interval\=86400 -Xcc -fmodules-prune-after\=345600 -emit-const-values -const-gather-protocols-list /Users/admin/builder/spi-builder-workspace/.derivedData/Build/Intermediates.noindex/SwiftBeanCountWealthsimpleMapper.build/Debug-watchos/SwiftBeanCountWealthsimpleMapper-t.build/Objects-normal/arm64/SwiftBeanCountWealthsimpleMapper_const_extract_protocols.json -Xcc -I/Users/admin/builder/spi-builder-workspace/.derivedData/Build/Products/Debug-watchos/include -Xcc -I/Users/admin/builder/spi-builder-workspace/.derivedData/Build/Intermediates.noindex/SwiftBeanCountWealthsimpleMapper.build/Debug-watchos/SwiftBeanCountWealthsimpleMapper-t.build/DerivedSources-normal/arm64 -Xcc -I/Users/admin/builder/spi-builder-workspace/.derivedData/Build/Intermediates.noindex/SwiftBeanCountWealthsimpleMapper.build/Debug-watchos/SwiftBeanCountWealthsimpleMapper-t.build/DerivedSources/arm64 -Xcc -I/Users/admin/builder/spi-builder-workspace/.derivedData/Build/Intermediates.noindex/SwiftBeanCountWealthsimpleMapper.build/Debug-watchos/SwiftBeanCountWealthsimpleMapper-t.build/DerivedSources -Xcc -DSWIFT_PACKAGE -Xcc -DDEBUG\=1 -emit-objc-header -emit-objc-header-path /Users/admin/builder/spi-builder-workspace/.derivedData/Build/Intermediates.noindex/SwiftBeanCountWealthsimpleMapper.build/Debug-watchos/SwiftBeanCountWealthsimpleMapper-t.build/Objects-normal/arm64/SwiftBeanCountWealthsimpleMapper-Swift.h -working-directory /Users/admin/builder/spi-builder-workspace/.swiftpm/xcode -experimental-emit-module-separately -disable-cmo
Ld /Users/admin/builder/spi-builder-workspace/.derivedData/Build/Intermediates.noindex/SwiftBeanCountWealthsimpleMapper.build/Debug-watchos/SwiftBeanCountWealthsimpleMapper-t.build/Objects-normal/arm64/Binary/SwiftBeanCountWealthsimpleMapper.o normal arm64 (in target 'SwiftBeanCountWealthsimpleMapper' from project 'SwiftBeanCountWealthsimpleMapper')
    cd /Users/admin/builder/spi-builder-workspace/.dependencies/checkouts/SwiftBeanCountWealthsimpleMapper
    /Applications/Xcode-27.0.0-Release.Candidate.app/Contents/Developer/Toolchains/XcodeDefault.xctoolchain/usr/bin/clang -Xlinker -reproducible -target arm64-apple-watchos9.0 -r -isysroot /Applications/Xcode-27.0.0-Release.Candidate.app/Contents/Developer/Platforms/WatchOS.platform/Developer/SDKs/WatchOS27.0.sdk -O0 -w -Xlinker -no_warn_duplicate_libraries -F/Users/admin/builder/spi-builder-workspace/.derivedData/Build/Intermediates.noindex/EagerLinkingTBDs/Debug-watchos -F/Users/admin/builder/spi-builder-workspace/.derivedData/Build/Products/Debug-watchos/PackageFrameworks -F/Users/admin/builder/spi-builder-workspace/.derivedData/Build/Products/Debug-watchos -iframework /Applications/Xcode-27.0.0-Release.Candidate.app/Contents/Developer/Platforms/WatchOS.platform/Developer/Library/Frameworks -iframework /Applications/Xcode-27.0.0-Release.Candidate.app/Contents/Developer/Platforms/WatchOS.platform/Developer/SDKs/WatchOS27.0.sdk/Developer/Library/Frameworks -filelist /Users/admin/builder/spi-builder-workspace/.derivedData/Build/Intermediates.noindex/SwiftBeanCountWealthsimpleMapper.build/Debug-watchos/SwiftBeanCountWealthsimpleMapper-t.build/Objects-normal/arm64/SwiftBeanCountWealthsimpleMapper.LinkFileList -nostdlib -Xlinker -object_path_lto -Xlinker /Users/admin/builder/spi-builder-workspace/.derivedData/Build/Intermediates.noindex/SwiftBeanCountWealthsimpleMapper.build/Debug-watchos/SwiftBeanCountWealthsimpleMapper-t.build/Objects-normal/arm64/SwiftBeanCountWealthsimpleMapper_lto.o -Xlinker -no_deduplicate -Xlinker -debug_variant -Xlinker -dependency_info -Xlinker /Users/admin/builder/spi-builder-workspace/.derivedData/Build/Intermediates.noindex/SwiftBeanCountWealthsimpleMapper.build/Debug-watchos/SwiftBeanCountWealthsimpleMapper-t.build/Objects-normal/arm64/SwiftBeanCountWealthsimpleMapper_dependency_info.dat -fobjc-link-runtime -L/Applications/Xcode-27.0.0-Release.Candidate.app/Contents/Developer/Toolchains/XcodeDefault.xctoolchain/usr/lib/swift/watchos -L/usr/lib/swift -Xlinker -add_ast_path -Xlinker /Users/admin/builder/spi-builder-workspace/.derivedData/Build/Intermediates.noindex/SwiftBeanCountWealthsimpleMapper.build/Debug-watchos/SwiftBeanCountWealthsimpleMapper-t.build/Objects-normal/arm64/SwiftBeanCountWealthsimpleMapper.swiftmodule -o /Users/admin/builder/spi-builder-workspace/.derivedData/Build/Intermediates.noindex/SwiftBeanCountWealthsimpleMapper.build/Debug-watchos/SwiftBeanCountWealthsimpleMapper-t.build/Objects-normal/arm64/Binary/SwiftBeanCountWealthsimpleMapper.o
CreateUniversalBinary /Users/admin/builder/spi-builder-workspace/.derivedData/Build/Products/Debug-watchos/SwiftBeanCountWealthsimpleMapper.o normal arm64\ arm64_32 (in target 'SwiftBeanCountWealthsimpleMapper' from project 'SwiftBeanCountWealthsimpleMapper')
    cd /Users/admin/builder/spi-builder-workspace/.dependencies/checkouts/SwiftBeanCountWealthsimpleMapper
    /Applications/Xcode-27.0.0-Release.Candidate.app/Contents/Developer/Toolchains/XcodeDefault.xctoolchain/usr/bin/lipo -create /Users/admin/builder/spi-builder-workspace/.derivedData/Build/Intermediates.noindex/SwiftBeanCountWealthsimpleMapper.build/Debug-watchos/SwiftBeanCountWealthsimpleMapper-t.build/Objects-normal/arm64/Binary/SwiftBeanCountWealthsimpleMapper.o /Users/admin/builder/spi-builder-workspace/.derivedData/Build/Intermediates.noindex/SwiftBeanCountWealthsimpleMapper.build/Debug-watchos/SwiftBeanCountWealthsimpleMapper-t.build/Objects-normal/arm64_32/Binary/SwiftBeanCountWealthsimpleMapper.o -output /Users/admin/builder/spi-builder-workspace/.derivedData/Build/Products/Debug-watchos/SwiftBeanCountWealthsimpleMapper.o
ExtractAppIntentsMetadata (in target 'SwiftBeanCountWealthsimpleMapper' from project 'SwiftBeanCountWealthsimpleMapper')
    cd /Users/admin/builder/spi-builder-workspace/.dependencies/checkouts/SwiftBeanCountWealthsimpleMapper
    /Applications/Xcode-27.0.0-Release.Candidate.app/Contents/Developer/Toolchains/XcodeDefault.xctoolchain/usr/bin/appintentsmetadataprocessor --toolchain-dir /var/run/com.apple.security.cryptexd/mnt/com.apple.MobileAsset.MetalToolchain-v27.1.266.1.vK6h05/Metal.xctoolchain --module-name SwiftBeanCountWealthsimpleMapper --sdk-root /Applications/Xcode-27.0.0-Release.Candidate.app/Contents/Developer/Platforms/WatchOS.platform/Developer/SDKs/WatchOS27.0.sdk --xcode-version 27A266a --platform-family watchOS --deployment-target 9.0 --bundle-identifier swiftbeancountwealthsimplemapper.SwiftBeanCountWealthsimpleMapper --output /Users/admin/builder/spi-builder-workspace/.derivedData/Build/Products/Debug-watchos/SwiftBeanCountWealthsimpleMapper.appintents --target-triple arm64-apple-watchos9.0 --target-triple arm64_32-apple-watchos9.0 --binary-file /Users/admin/builder/spi-builder-workspace/.derivedData/Build/Products/Debug-watchos/SwiftBeanCountWealthsimpleMapper.o --dependency-file /Users/admin/builder/spi-builder-workspace/.derivedData/Build/Intermediates.noindex/SwiftBeanCountWealthsimpleMapper.build/Debug-watchos/SwiftBeanCountWealthsimpleMapper-t.build/Objects-normal/arm64/SwiftBeanCountWealthsimpleMapper_dependency_info.dat --dependency-file /Users/admin/builder/spi-builder-workspace/.derivedData/Build/Intermediates.noindex/SwiftBeanCountWealthsimpleMapper.build/Debug-watchos/SwiftBeanCountWealthsimpleMapper-t.build/Objects-normal/arm64_32/SwiftBeanCountWealthsimpleMapper_dependency_info.dat --stringsdata-file /Users/admin/builder/spi-builder-workspace/.derivedData/Build/Intermediates.noindex/SwiftBeanCountWealthsimpleMapper.build/Debug-watchos/SwiftBeanCountWealthsimpleMapper-t.build/Objects-normal/arm64/ExtractedAppShortcutsMetadata.stringsdata --stringsdata-file /Users/admin/builder/spi-builder-workspace/.derivedData/Build/Intermediates.noindex/SwiftBeanCountWealthsimpleMapper.build/Debug-watchos/SwiftBeanCountWealthsimpleMapper-t.build/Objects-normal/arm64_32/ExtractedAppShortcutsMetadata.stringsdata --source-file-list /Users/admin/builder/spi-builder-workspace/.derivedData/Build/Intermediates.noindex/SwiftBeanCountWealthsimpleMapper.build/Debug-watchos/SwiftBeanCountWealthsimpleMapper-t.build/Objects-normal/arm64/SwiftBeanCountWealthsimpleMapper.SwiftFileList --source-file-list /Users/admin/builder/spi-builder-workspace/.derivedData/Build/Intermediates.noindex/SwiftBeanCountWealthsimpleMapper.build/Debug-watchos/SwiftBeanCountWealthsimpleMapper-t.build/Objects-normal/arm64_32/SwiftBeanCountWealthsimpleMapper.SwiftFileList --metadata-file-list /Users/admin/builder/spi-builder-workspace/.derivedData/Build/Intermediates.noindex/SwiftBeanCountWealthsimpleMapper.build/Debug-watchos/SwiftBeanCountWealthsimpleMapper-t.build/SwiftBeanCountWealthsimpleMapper.DependencyMetadataFileList --static-metadata-file-list /Users/admin/builder/spi-builder-workspace/.derivedData/Build/Intermediates.noindex/SwiftBeanCountWealthsimpleMapper.build/Debug-watchos/SwiftBeanCountWealthsimpleMapper-t.build/SwiftBeanCountWealthsimpleMapper.DependencyStaticMetadataFileList --swift-const-vals-list /Users/admin/builder/spi-builder-workspace/.derivedData/Build/Intermediates.noindex/SwiftBeanCountWealthsimpleMapper.build/Debug-watchos/SwiftBeanCountWealthsimpleMapper-t.build/Objects-normal/arm64/SwiftBeanCountWealthsimpleMapper.SwiftConstValuesFileList --swift-const-vals-list /Users/admin/builder/spi-builder-workspace/.derivedData/Build/Intermediates.noindex/SwiftBeanCountWealthsimpleMapper.build/Debug-watchos/SwiftBeanCountWealthsimpleMapper-t.build/Objects-normal/arm64_32/SwiftBeanCountWealthsimpleMapper.SwiftConstValuesFileList --force --compile-time-extraction --deployment-aware-processing --no-app-shortcuts-localization
2026-09-23 10:36:21.494 appintentsmetadataprocessor[1871:9781] Starting appintentsmetadataprocessor export
2026-09-23 10:36:21.565 appintentsmetadataprocessor[1871:9781] Extracted no relevant App Intents symbols, skipping writing output
SwiftDriverJobDiscovery normal arm64 Emitting module for SwiftBeanCountCompassCardMapper (in target 'SwiftBeanCountCompassCardMapper' from project 'SwiftBeanCountCompassCardMapper')
SwiftDriver\ Compilation\ Requirements SwiftBeanCountCompassCardMapper normal arm64 com.apple.xcode.tools.swift.compiler (in target 'SwiftBeanCountCompassCardMapper' from project 'SwiftBeanCountCompassCardMapper')
    cd /Users/admin/builder/spi-builder-workspace/.swiftpm/xcode
    builtin-Swift-Compilation-Requirements -- /Applications/Xcode-27.0.0-Release.Candidate.app/Contents/Developer/Toolchains/XcodeDefault.xctoolchain/usr/bin/swiftc -parse-as-library -module-name SwiftBeanCountCompassCardMapper -Onone @/Users/admin/builder/spi-builder-workspace/.derivedData/Build/Intermediates.noindex/SwiftBeanCountCompassCardMapper.build/Debug-watchos/SwiftBeanCountCompassCardMapper-t.build/Objects-normal/arm64/SwiftBeanCountCompassCardMapper.SwiftFileList -DSWIFT_PACKAGE -DDEBUG -DSWIFT_MODULE_RESOURCE_BUNDLE_UNAVAILABLE -DXcode -plugin-path /Applications/Xcode-27.0.0-Release.Candidate.app/Contents/Developer/Toolchains/XcodeDefault.xctoolchain/usr/lib/swift/host/plugins/testing -enable-experimental-feature DebugDescriptionMacro -sdk /Applications/Xcode-27.0.0-Release.Candidate.app/Contents/Developer/Platforms/WatchOS.platform/Developer/SDKs/WatchOS27.0.sdk -target arm64-apple-watchos9.0 -g -module-cache-path /Users/admin/builder/spi-builder-workspace/.derivedData/ModuleCache.noindex -Xfrontend -serialize-debugging-options -profile-coverage-mapping -profile-generate -enable-testing -suppress-warnings -index-store-path /Users/admin/builder/spi-builder-workspace/.derivedData/Index.noindex/DataStore -Xcc -D_LIBCPP_HARDENING_MODE\=_LIBCPP_HARDENING_MODE_DEBUG -swift-version 5 -I /Users/admin/builder/spi-builder-workspace/.derivedData/Build/Products/Debug-watchos -Isystem /Applications/Xcode-27.0.0-Release.Candidate.app/Contents/Developer/Platforms/WatchOS.platform/Developer/usr/lib -F /Users/admin/builder/spi-builder-workspace/.derivedData/Build/Products/Debug-watchos/PackageFrameworks -F /Users/admin/builder/spi-builder-workspace/.derivedData/Build/Products/Debug-watchos -F /Applications/Xcode-27.0.0-Release.Candidate.app/Contents/Developer/Platforms/WatchOS.platform/Developer/Library/Frameworks -F /Applications/Xcode-27.0.0-Release.Candidate.app/Contents/Developer/Platforms/WatchOS.platform/Developer/SDKs/WatchOS27.0.sdk/Developer/Library/Frameworks -c -j10 -enable-batch-mode -incremental -Xcc -ivfsstatcache -Xcc /Users/admin/builder/spi-builder-workspace/.derivedData/SDKStatCaches.noindex/watchos27.0-24R360-e829b21a6f8c9b70876ba0858053c04477534ef55a1706bf4c1112bbb242f0a2.sdkstatcache -output-file-map /Users/admin/builder/spi-builder-workspace/.derivedData/Build/Intermediates.noindex/SwiftBeanCountCompassCardMapper.build/Debug-watchos/SwiftBeanCountCompassCardMapper-t.build/Objects-normal/arm64/SwiftBeanCountCompassCardMapper-OutputFileMap.json -save-temps -no-color-diagnostics -explicit-module-build -module-cache-path /Users/admin/builder/spi-builder-workspace/.derivedData/Build/Intermediates.noindex/SwiftExplicitPrecompiledModules -clang-scanner-module-cache-path /Users/admin/builder/spi-builder-workspace/.derivedData/ModuleCache.noindex -sdk-module-cache-path /Users/admin/builder/spi-builder-workspace/.derivedData/SDKExplicitPrecompiledModules -emit-dependencies -emit-module -emit-module-path /Users/admin/builder/spi-builder-workspace/.derivedData/Build/Intermediates.noindex/SwiftBeanCountCompassCardMapper.build/Debug-watchos/SwiftBeanCountCompassCardMapper-t.build/Objects-normal/arm64/SwiftBeanCountCompassCardMapper.swiftmodule -serialize-diagnostics -dependency-scan-serialize-diagnostics-path /Users/admin/builder/spi-builder-workspace/.derivedData/Build/Intermediates.noindex/SwiftBeanCountCompassCardMapper.build/Debug-watchos/SwiftBeanCountCompassCardMapper-t.build/Objects-normal/arm64/SwiftBeanCountCompassCardMapper-dependency-scan.dia -validate-clang-modules-once -clang-build-session-file /Users/admin/builder/spi-builder-workspace/.derivedData/ModuleCache.noindex/Session.modulevalidation -Xcc -fmodules-prune-interval\=86400 -Xcc -fmodules-prune-after\=345600 -emit-const-values -const-gather-protocols-list /Users/admin/builder/spi-builder-workspace/.derivedData/Build/Intermediates.noindex/SwiftBeanCountCompassCardMapper.build/Debug-watchos/SwiftBeanCountCompassCardMapper-t.build/Objects-normal/arm64/SwiftBeanCountCompassCardMapper_const_extract_protocols.json -Xcc -I/Users/admin/builder/spi-builder-workspace/.derivedData/Build/Products/Debug-watchos/include -Xcc -I/Users/admin/builder/spi-builder-workspace/.derivedData/Build/Intermediates.noindex/SwiftBeanCountCompassCardMapper.build/Debug-watchos/SwiftBeanCountCompassCardMapper-t.build/DerivedSources-normal/arm64 -Xcc -I/Users/admin/builder/spi-builder-workspace/.derivedData/Build/Intermediates.noindex/SwiftBeanCountCompassCardMapper.build/Debug-watchos/SwiftBeanCountCompassCardMapper-t.build/DerivedSources/arm64 -Xcc -I/Users/admin/builder/spi-builder-workspace/.derivedData/Build/Intermediates.noindex/SwiftBeanCountCompassCardMapper.build/Debug-watchos/SwiftBeanCountCompassCardMapper-t.build/DerivedSources -Xcc -DSWIFT_PACKAGE -Xcc -DDEBUG\=1 -emit-objc-header -emit-objc-header-path /Users/admin/builder/spi-builder-workspace/.derivedData/Build/Intermediates.noindex/SwiftBeanCountCompassCardMapper.build/Debug-watchos/SwiftBeanCountCompassCardMapper-t.build/Objects-normal/arm64/SwiftBeanCountCompassCardMapper-Swift.h -working-directory /Users/admin/builder/spi-builder-workspace/.swiftpm/xcode -experimental-emit-module-separately -disable-cmo
SwiftDriverJobDiscovery normal arm64 Compiling SwiftBeanCountCompassCardMapperError.swift (in target 'SwiftBeanCountCompassCardMapper' from project 'SwiftBeanCountCompassCardMapper')
SwiftDriverJobDiscovery normal arm64_32 Emitting module for SwiftBeanCountCompassCardMapper (in target 'SwiftBeanCountCompassCardMapper' from project 'SwiftBeanCountCompassCardMapper')
SwiftDriver\ Compilation\ Requirements SwiftBeanCountCompassCardMapper normal arm64_32 com.apple.xcode.tools.swift.compiler (in target 'SwiftBeanCountCompassCardMapper' from project 'SwiftBeanCountCompassCardMapper')
    cd /Users/admin/builder/spi-builder-workspace/.swiftpm/xcode
    builtin-Swift-Compilation-Requirements -- /Applications/Xcode-27.0.0-Release.Candidate.app/Contents/Developer/Toolchains/XcodeDefault.xctoolchain/usr/bin/swiftc -parse-as-library -module-name SwiftBeanCountCompassCardMapper -Onone @/Users/admin/builder/spi-builder-workspace/.derivedData/Build/Intermediates.noindex/SwiftBeanCountCompassCardMapper.build/Debug-watchos/SwiftBeanCountCompassCardMapper-t.build/Objects-normal/arm64_32/SwiftBeanCountCompassCardMapper.SwiftFileList -DSWIFT_PACKAGE -DDEBUG -DSWIFT_MODULE_RESOURCE_BUNDLE_UNAVAILABLE -DXcode -plugin-path /Applications/Xcode-27.0.0-Release.Candidate.app/Contents/Developer/Toolchains/XcodeDefault.xctoolchain/usr/lib/swift/host/plugins/testing -enable-experimental-feature DebugDescriptionMacro -sdk /Applications/Xcode-27.0.0-Release.Candidate.app/Contents/Developer/Platforms/WatchOS.platform/Developer/SDKs/WatchOS27.0.sdk -target arm64_32-apple-watchos9.0 -g -module-cache-path /Users/admin/builder/spi-builder-workspace/.derivedData/ModuleCache.noindex -Xfrontend -serialize-debugging-options -profile-coverage-mapping -profile-generate -enable-testing -suppress-warnings -index-store-path /Users/admin/builder/spi-builder-workspace/.derivedData/Index.noindex/DataStore -Xcc -D_LIBCPP_HARDENING_MODE\=_LIBCPP_HARDENING_MODE_DEBUG -swift-version 5 -I /Users/admin/builder/spi-builder-workspace/.derivedData/Build/Products/Debug-watchos -Isystem /Applications/Xcode-27.0.0-Release.Candidate.app/Contents/Developer/Platforms/WatchOS.platform/Developer/usr/lib -F /Users/admin/builder/spi-builder-workspace/.derivedData/Build/Products/Debug-watchos/PackageFrameworks -F /Users/admin/builder/spi-builder-workspace/.derivedData/Build/Products/Debug-watchos -F /Applications/Xcode-27.0.0-Release.Candidate.app/Contents/Developer/Platforms/WatchOS.platform/Developer/Library/Frameworks -F /Applications/Xcode-27.0.0-Release.Candidate.app/Contents/Developer/Platforms/WatchOS.platform/Developer/SDKs/WatchOS27.0.sdk/Developer/Library/Frameworks -c -j10 -enable-batch-mode -incremental -Xcc -ivfsstatcache -Xcc /Users/admin/builder/spi-builder-workspace/.derivedData/SDKStatCaches.noindex/watchos27.0-24R360-e829b21a6f8c9b70876ba0858053c04477534ef55a1706bf4c1112bbb242f0a2.sdkstatcache -output-file-map /Users/admin/builder/spi-builder-workspace/.derivedData/Build/Intermediates.noindex/SwiftBeanCountCompassCardMapper.build/Debug-watchos/SwiftBeanCountCompassCardMapper-t.build/Objects-normal/arm64_32/SwiftBeanCountCompassCardMapper-OutputFileMap.json -save-temps -no-color-diagnostics -explicit-module-build -module-cache-path /Users/admin/builder/spi-builder-workspace/.derivedData/Build/Intermediates.noindex/SwiftExplicitPrecompiledModules -clang-scanner-module-cache-path /Users/admin/builder/spi-builder-workspace/.derivedData/ModuleCache.noindex -sdk-module-cache-path /Users/admin/builder/spi-builder-workspace/.derivedData/SDKExplicitPrecompiledModules -emit-dependencies -emit-module -emit-module-path /Users/admin/builder/spi-builder-workspace/.derivedData/Build/Intermediates.noindex/SwiftBeanCountCompassCardMapper.build/Debug-watchos/SwiftBeanCountCompassCardMapper-t.build/Objects-normal/arm64_32/SwiftBeanCountCompassCardMapper.swiftmodule -serialize-diagnostics -dependency-scan-serialize-diagnostics-path /Users/admin/builder/spi-builder-workspace/.derivedData/Build/Intermediates.noindex/SwiftBeanCountCompassCardMapper.build/Debug-watchos/SwiftBeanCountCompassCardMapper-t.build/Objects-normal/arm64_32/SwiftBeanCountCompassCardMapper-dependency-scan.dia -validate-clang-modules-once -clang-build-session-file /Users/admin/builder/spi-builder-workspace/.derivedData/ModuleCache.noindex/Session.modulevalidation -Xcc -fmodules-prune-interval\=86400 -Xcc -fmodules-prune-after\=345600 -emit-const-values -const-gather-protocols-list /Users/admin/builder/spi-builder-workspace/.derivedData/Build/Intermediates.noindex/SwiftBeanCountCompassCardMapper.build/Debug-watchos/SwiftBeanCountCompassCardMapper-t.build/Objects-normal/arm64_32/SwiftBeanCountCompassCardMapper_const_extract_protocols.json -Xcc -I/Users/admin/builder/spi-builder-workspace/.derivedData/Build/Products/Debug-watchos/include -Xcc -I/Users/admin/builder/spi-builder-workspace/.derivedData/Build/Intermediates.noindex/SwiftBeanCountCompassCardMapper.build/Debug-watchos/SwiftBeanCountCompassCardMapper-t.build/DerivedSources-normal/arm64_32 -Xcc -I/Users/admin/builder/spi-builder-workspace/.derivedData/Build/Intermediates.noindex/SwiftBeanCountCompassCardMapper.build/Debug-watchos/SwiftBeanCountCompassCardMapper-t.build/DerivedSources/arm64_32 -Xcc -I/Users/admin/builder/spi-builder-workspace/.derivedData/Build/Intermediates.noindex/SwiftBeanCountCompassCardMapper.build/Debug-watchos/SwiftBeanCountCompassCardMapper-t.build/DerivedSources -Xcc -DSWIFT_PACKAGE -Xcc -DDEBUG\=1 -emit-objc-header -emit-objc-header-path /Users/admin/builder/spi-builder-workspace/.derivedData/Build/Intermediates.noindex/SwiftBeanCountCompassCardMapper.build/Debug-watchos/SwiftBeanCountCompassCardMapper-t.build/Objects-normal/arm64_32/SwiftBeanCountCompassCardMapper-Swift.h -working-directory /Users/admin/builder/spi-builder-workspace/.swiftpm/xcode -experimental-emit-module-separately -disable-cmo
SwiftDriverJobDiscovery normal arm64_32 Compiling SwiftBeanCountCompassCardMapperError.swift (in target 'SwiftBeanCountCompassCardMapper' from project 'SwiftBeanCountCompassCardMapper')
Copy /Users/admin/builder/spi-builder-workspace/.derivedData/Build/Products/Debug-watchos/SwiftBeanCountCompassCardMapper.swiftmodule/arm64-apple-watchos.swiftmodule /Users/admin/builder/spi-builder-workspace/.derivedData/Build/Intermediates.noindex/SwiftBeanCountCompassCardMapper.build/Debug-watchos/SwiftBeanCountCompassCardMapper-t.build/Objects-normal/arm64/SwiftBeanCountCompassCardMapper.swiftmodule (in target 'SwiftBeanCountCompassCardMapper' from project 'SwiftBeanCountCompassCardMapper')
    cd /Users/admin/builder/spi-builder-workspace/.dependencies/checkouts/SwiftBeanCountCompassCardMapper
    builtin-copy -exclude .DS_Store -exclude CVS -exclude .svn -exclude .git -exclude .hg -resolve-src-symlinks -rename /Users/admin/builder/spi-builder-workspace/.derivedData/Build/Intermediates.noindex/SwiftBeanCountCompassCardMapper.build/Debug-watchos/SwiftBeanCountCompassCardMapper-t.build/Objects-normal/arm64/SwiftBeanCountCompassCardMapper.swiftmodule /Users/admin/builder/spi-builder-workspace/.derivedData/Build/Products/Debug-watchos/SwiftBeanCountCompassCardMapper.swiftmodule/arm64-apple-watchos.swiftmodule
Copy /Users/admin/builder/spi-builder-workspace/.derivedData/Build/Products/Debug-watchos/SwiftBeanCountCompassCardMapper.swiftmodule/arm64-apple-watchos.swiftdoc /Users/admin/builder/spi-builder-workspace/.derivedData/Build/Intermediates.noindex/SwiftBeanCountCompassCardMapper.build/Debug-watchos/SwiftBeanCountCompassCardMapper-t.build/Objects-normal/arm64/SwiftBeanCountCompassCardMapper.swiftdoc (in target 'SwiftBeanCountCompassCardMapper' from project 'SwiftBeanCountCompassCardMapper')
    cd /Users/admin/builder/spi-builder-workspace/.dependencies/checkouts/SwiftBeanCountCompassCardMapper
    builtin-copy -exclude .DS_Store -exclude CVS -exclude .svn -exclude .git -exclude .hg -resolve-src-symlinks -rename /Users/admin/builder/spi-builder-workspace/.derivedData/Build/Intermediates.noindex/SwiftBeanCountCompassCardMapper.build/Debug-watchos/SwiftBeanCountCompassCardMapper-t.build/Objects-normal/arm64/SwiftBeanCountCompassCardMapper.swiftdoc /Users/admin/builder/spi-builder-workspace/.derivedData/Build/Products/Debug-watchos/SwiftBeanCountCompassCardMapper.swiftmodule/arm64-apple-watchos.swiftdoc
SwiftMergeGeneratedHeaders /Users/admin/builder/spi-builder-workspace/.derivedData/Build/Intermediates.noindex/GeneratedModuleMaps-watchos/SwiftBeanCountCompassCardMapper-Swift.h /Users/admin/builder/spi-builder-workspace/.derivedData/Build/Intermediates.noindex/SwiftBeanCountCompassCardMapper.build/Debug-watchos/SwiftBeanCountCompassCardMapper-t.build/Objects-normal/arm64/SwiftBeanCountCompassCardMapper-Swift.h /Users/admin/builder/spi-builder-workspace/.derivedData/Build/Intermediates.noindex/SwiftBeanCountCompassCardMapper.build/Debug-watchos/SwiftBeanCountCompassCardMapper-t.build/Objects-normal/arm64_32/SwiftBeanCountCompassCardMapper-Swift.h (in target 'SwiftBeanCountCompassCardMapper' from project 'SwiftBeanCountCompassCardMapper')
    cd /Users/admin/builder/spi-builder-workspace/.dependencies/checkouts/SwiftBeanCountCompassCardMapper
    builtin-swiftHeaderTool -arch arm64 /Users/admin/builder/spi-builder-workspace/.derivedData/Build/Intermediates.noindex/SwiftBeanCountCompassCardMapper.build/Debug-watchos/SwiftBeanCountCompassCardMapper-t.build/Objects-normal/arm64/SwiftBeanCountCompassCardMapper-Swift.h -arch arm64_32 /Users/admin/builder/spi-builder-workspace/.derivedData/Build/Intermediates.noindex/SwiftBeanCountCompassCardMapper.build/Debug-watchos/SwiftBeanCountCompassCardMapper-t.build/Objects-normal/arm64_32/SwiftBeanCountCompassCardMapper-Swift.h -o /Users/admin/builder/spi-builder-workspace/.derivedData/Build/Intermediates.noindex/GeneratedModuleMaps-watchos/SwiftBeanCountCompassCardMapper-Swift.h
Copy /Users/admin/builder/spi-builder-workspace/.derivedData/Build/Products/Debug-watchos/SwiftBeanCountCompassCardMapper.swiftmodule/arm64-apple-watchos.abi.json /Users/admin/builder/spi-builder-workspace/.derivedData/Build/Intermediates.noindex/SwiftBeanCountCompassCardMapper.build/Debug-watchos/SwiftBeanCountCompassCardMapper-t.build/Objects-normal/arm64/SwiftBeanCountCompassCardMapper.abi.json (in target 'SwiftBeanCountCompassCardMapper' from project 'SwiftBeanCountCompassCardMapper')
    cd /Users/admin/builder/spi-builder-workspace/.dependencies/checkouts/SwiftBeanCountCompassCardMapper
    builtin-copy -exclude .DS_Store -exclude CVS -exclude .svn -exclude .git -exclude .hg -resolve-src-symlinks -rename /Users/admin/builder/spi-builder-workspace/.derivedData/Build/Intermediates.noindex/SwiftBeanCountCompassCardMapper.build/Debug-watchos/SwiftBeanCountCompassCardMapper-t.build/Objects-normal/arm64/SwiftBeanCountCompassCardMapper.abi.json /Users/admin/builder/spi-builder-workspace/.derivedData/Build/Products/Debug-watchos/SwiftBeanCountCompassCardMapper.swiftmodule/arm64-apple-watchos.abi.json
Copy /Users/admin/builder/spi-builder-workspace/.derivedData/Build/Products/Debug-watchos/SwiftBeanCountCompassCardMapper.swiftmodule/arm64_32-apple-watchos.swiftmodule /Users/admin/builder/spi-builder-workspace/.derivedData/Build/Intermediates.noindex/SwiftBeanCountCompassCardMapper.build/Debug-watchos/SwiftBeanCountCompassCardMapper-t.build/Objects-normal/arm64_32/SwiftBeanCountCompassCardMapper.swiftmodule (in target 'SwiftBeanCountCompassCardMapper' from project 'SwiftBeanCountCompassCardMapper')
    cd /Users/admin/builder/spi-builder-workspace/.dependencies/checkouts/SwiftBeanCountCompassCardMapper
    builtin-copy -exclude .DS_Store -exclude CVS -exclude .svn -exclude .git -exclude .hg -resolve-src-symlinks -rename /Users/admin/builder/spi-builder-workspace/.derivedData/Build/Intermediates.noindex/SwiftBeanCountCompassCardMapper.build/Debug-watchos/SwiftBeanCountCompassCardMapper-t.build/Objects-normal/arm64_32/SwiftBeanCountCompassCardMapper.swiftmodule /Users/admin/builder/spi-builder-workspace/.derivedData/Build/Products/Debug-watchos/SwiftBeanCountCompassCardMapper.swiftmodule/arm64_32-apple-watchos.swiftmodule
Copy /Users/admin/builder/spi-builder-workspace/.derivedData/Build/Products/Debug-watchos/SwiftBeanCountCompassCardMapper.swiftmodule/arm64_32-apple-watchos.swiftdoc /Users/admin/builder/spi-builder-workspace/.derivedData/Build/Intermediates.noindex/SwiftBeanCountCompassCardMapper.build/Debug-watchos/SwiftBeanCountCompassCardMapper-t.build/Objects-normal/arm64_32/SwiftBeanCountCompassCardMapper.swiftdoc (in target 'SwiftBeanCountCompassCardMapper' from project 'SwiftBeanCountCompassCardMapper')
    cd /Users/admin/builder/spi-builder-workspace/.dependencies/checkouts/SwiftBeanCountCompassCardMapper
    builtin-copy -exclude .DS_Store -exclude CVS -exclude .svn -exclude .git -exclude .hg -resolve-src-symlinks -rename /Users/admin/builder/spi-builder-workspace/.derivedData/Build/Intermediates.noindex/SwiftBeanCountCompassCardMapper.build/Debug-watchos/SwiftBeanCountCompassCardMapper-t.build/Objects-normal/arm64_32/SwiftBeanCountCompassCardMapper.swiftdoc /Users/admin/builder/spi-builder-workspace/.derivedData/Build/Products/Debug-watchos/SwiftBeanCountCompassCardMapper.swiftmodule/arm64_32-apple-watchos.swiftdoc
Copy /Users/admin/builder/spi-builder-workspace/.derivedData/Build/Products/Debug-watchos/SwiftBeanCountCompassCardMapper.swiftmodule/Project/arm64-apple-watchos.swiftsourceinfo /Users/admin/builder/spi-builder-workspace/.derivedData/Build/Intermediates.noindex/SwiftBeanCountCompassCardMapper.build/Debug-watchos/SwiftBeanCountCompassCardMapper-t.build/Objects-normal/arm64/SwiftBeanCountCompassCardMapper.swiftsourceinfo (in target 'SwiftBeanCountCompassCardMapper' from project 'SwiftBeanCountCompassCardMapper')
    cd /Users/admin/builder/spi-builder-workspace/.dependencies/checkouts/SwiftBeanCountCompassCardMapper
    builtin-copy -exclude .DS_Store -exclude CVS -exclude .svn -exclude .git -exclude .hg -resolve-src-symlinks -rename /Users/admin/builder/spi-builder-workspace/.derivedData/Build/Intermediates.noindex/SwiftBeanCountCompassCardMapper.build/Debug-watchos/SwiftBeanCountCompassCardMapper-t.build/Objects-normal/arm64/SwiftBeanCountCompassCardMapper.swiftsourceinfo /Users/admin/builder/spi-builder-workspace/.derivedData/Build/Products/Debug-watchos/SwiftBeanCountCompassCardMapper.swiftmodule/Project/arm64-apple-watchos.swiftsourceinfo
Copy /Users/admin/builder/spi-builder-workspace/.derivedData/Build/Products/Debug-watchos/SwiftBeanCountCompassCardMapper.swiftmodule/arm64_32-apple-watchos.abi.json /Users/admin/builder/spi-builder-workspace/.derivedData/Build/Intermediates.noindex/SwiftBeanCountCompassCardMapper.build/Debug-watchos/SwiftBeanCountCompassCardMapper-t.build/Objects-normal/arm64_32/SwiftBeanCountCompassCardMapper.abi.json (in target 'SwiftBeanCountCompassCardMapper' from project 'SwiftBeanCountCompassCardMapper')
    cd /Users/admin/builder/spi-builder-workspace/.dependencies/checkouts/SwiftBeanCountCompassCardMapper
    builtin-copy -exclude .DS_Store -exclude CVS -exclude .svn -exclude .git -exclude .hg -resolve-src-symlinks -rename /Users/admin/builder/spi-builder-workspace/.derivedData/Build/Intermediates.noindex/SwiftBeanCountCompassCardMapper.build/Debug-watchos/SwiftBeanCountCompassCardMapper-t.build/Objects-normal/arm64_32/SwiftBeanCountCompassCardMapper.abi.json /Users/admin/builder/spi-builder-workspace/.derivedData/Build/Products/Debug-watchos/SwiftBeanCountCompassCardMapper.swiftmodule/arm64_32-apple-watchos.abi.json
Copy /Users/admin/builder/spi-builder-workspace/.derivedData/Build/Products/Debug-watchos/SwiftBeanCountCompassCardMapper.swiftmodule/Project/arm64_32-apple-watchos.swiftsourceinfo /Users/admin/builder/spi-builder-workspace/.derivedData/Build/Intermediates.noindex/SwiftBeanCountCompassCardMapper.build/Debug-watchos/SwiftBeanCountCompassCardMapper-t.build/Objects-normal/arm64_32/SwiftBeanCountCompassCardMapper.swiftsourceinfo (in target 'SwiftBeanCountCompassCardMapper' from project 'SwiftBeanCountCompassCardMapper')
    cd /Users/admin/builder/spi-builder-workspace/.dependencies/checkouts/SwiftBeanCountCompassCardMapper
    builtin-copy -exclude .DS_Store -exclude CVS -exclude .svn -exclude .git -exclude .hg -resolve-src-symlinks -rename /Users/admin/builder/spi-builder-workspace/.derivedData/Build/Intermediates.noindex/SwiftBeanCountCompassCardMapper.build/Debug-watchos/SwiftBeanCountCompassCardMapper-t.build/Objects-normal/arm64_32/SwiftBeanCountCompassCardMapper.swiftsourceinfo /Users/admin/builder/spi-builder-workspace/.derivedData/Build/Products/Debug-watchos/SwiftBeanCountCompassCardMapper.swiftmodule/Project/arm64_32-apple-watchos.swiftsourceinfo
SwiftDriver SwiftBeanCountImporter normal arm64_32 com.apple.xcode.tools.swift.compiler (in target 'SwiftBeanCountImporter' from project 'SwiftBeanCountImporter')
    cd /Users/admin/builder/spi-builder-workspace/.swiftpm/xcode
    builtin-SwiftDriver -- /Applications/Xcode-27.0.0-Release.Candidate.app/Contents/Developer/Toolchains/XcodeDefault.xctoolchain/usr/bin/swiftc -parse-as-library -module-name SwiftBeanCountImporter -Onone @/Users/admin/builder/spi-builder-workspace/.derivedData/Build/Intermediates.noindex/SwiftBeanCountImporter.build/Debug-watchos/SwiftBeanCountImporter-t.build/Objects-normal/arm64_32/SwiftBeanCountImporter.SwiftFileList -DSWIFT_PACKAGE -DDEBUG -DSWIFT_MODULE_RESOURCE_BUNDLE_UNAVAILABLE -DXcode -plugin-path /Applications/Xcode-27.0.0-Release.Candidate.app/Contents/Developer/Toolchains/XcodeDefault.xctoolchain/usr/lib/swift/host/plugins/testing -enable-experimental-feature DebugDescriptionMacro -sdk /Applications/Xcode-27.0.0-Release.Candidate.app/Contents/Developer/Platforms/WatchOS.platform/Developer/SDKs/WatchOS27.0.sdk -target arm64_32-apple-watchos9.0 -g -module-cache-path /Users/admin/builder/spi-builder-workspace/.derivedData/ModuleCache.noindex -Xfrontend -serialize-debugging-options -profile-coverage-mapping -profile-generate -enable-testing -index-store-path /Users/admin/builder/spi-builder-workspace/.derivedData/Index.noindex/DataStore -Xcc -D_LIBCPP_HARDENING_MODE\=_LIBCPP_HARDENING_MODE_DEBUG -swift-version 5 -I /Users/admin/builder/spi-builder-workspace/.derivedData/Build/Products/Debug-watchos -Isystem /Applications/Xcode-27.0.0-Release.Candidate.app/Contents/Developer/Platforms/WatchOS.platform/Developer/usr/lib -F /Users/admin/builder/spi-builder-workspace/.derivedData/Build/Products/Debug-watchos/PackageFrameworks -F /Users/admin/builder/spi-builder-workspace/.derivedData/Build/Products/Debug-watchos -F /Applications/Xcode-27.0.0-Release.Candidate.app/Contents/Developer/Platforms/WatchOS.platform/Developer/Library/Frameworks -F /Applications/Xcode-27.0.0-Release.Candidate.app/Contents/Developer/Platforms/WatchOS.platform/Developer/SDKs/WatchOS27.0.sdk/Developer/Library/Frameworks -c -j10 -enable-batch-mode -incremental -Xcc -ivfsstatcache -Xcc /Users/admin/builder/spi-builder-workspace/.derivedData/SDKStatCaches.noindex/watchos27.0-24R360-e829b21a6f8c9b70876ba0858053c04477534ef55a1706bf4c1112bbb242f0a2.sdkstatcache -output-file-map /Users/admin/builder/spi-builder-workspace/.derivedData/Build/Intermediates.noindex/SwiftBeanCountImporter.build/Debug-watchos/SwiftBeanCountImporter-t.build/Objects-normal/arm64_32/SwiftBeanCountImporter-OutputFileMap.json -save-temps -no-color-diagnostics -explicit-module-build -module-cache-path /Users/admin/builder/spi-builder-workspace/.derivedData/Build/Intermediates.noindex/SwiftExplicitPrecompiledModules -clang-scanner-module-cache-path /Users/admin/builder/spi-builder-workspace/.derivedData/ModuleCache.noindex -sdk-module-cache-path /Users/admin/builder/spi-builder-workspace/.derivedData/SDKExplicitPrecompiledModules -emit-dependencies -emit-module -emit-module-path /Users/admin/builder/spi-builder-workspace/.derivedData/Build/Intermediates.noindex/SwiftBeanCountImporter.build/Debug-watchos/SwiftBeanCountImporter-t.build/Objects-normal/arm64_32/SwiftBeanCountImporter.swiftmodule -serialize-diagnostics -dependency-scan-serialize-diagnostics-path /Users/admin/builder/spi-builder-workspace/.derivedData/Build/Intermediates.noindex/SwiftBeanCountImporter.build/Debug-watchos/SwiftBeanCountImporter-t.build/Objects-normal/arm64_32/SwiftBeanCountImporter-dependency-scan.dia -validate-clang-modules-once -clang-build-session-file /Users/admin/builder/spi-builder-workspace/.derivedData/ModuleCache.noindex/Session.modulevalidation -Xcc -fmodules-prune-interval\=86400 -Xcc -fmodules-prune-after\=345600 -emit-const-values -const-gather-protocols-list /Users/admin/builder/spi-builder-workspace/.derivedData/Build/Intermediates.noindex/SwiftBeanCountImporter.build/Debug-watchos/SwiftBeanCountImporter-t.build/Objects-normal/arm64_32/SwiftBeanCountImporter_const_extract_protocols.json -Xcc -I/Users/admin/builder/spi-builder-workspace/.derivedData/Build/Products/Debug-watchos/include -Xcc -I/Users/admin/builder/spi-builder-workspace/.derivedData/Build/Intermediates.noindex/SwiftBeanCountImporter.build/Debug-watchos/SwiftBeanCountImporter-t.build/DerivedSources-normal/arm64_32 -Xcc -I/Users/admin/builder/spi-builder-workspace/.derivedData/Build/Intermediates.noindex/SwiftBeanCountImporter.build/Debug-watchos/SwiftBeanCountImporter-t.build/DerivedSources/arm64_32 -Xcc -I/Users/admin/builder/spi-builder-workspace/.derivedData/Build/Intermediates.noindex/SwiftBeanCountImporter.build/Debug-watchos/SwiftBeanCountImporter-t.build/DerivedSources -Xcc -DSWIFT_PACKAGE -Xcc -DDEBUG\=1 -emit-objc-header -emit-objc-header-path /Users/admin/builder/spi-builder-workspace/.derivedData/Build/Intermediates.noindex/SwiftBeanCountImporter.build/Debug-watchos/SwiftBeanCountImporter-t.build/Objects-normal/arm64_32/SwiftBeanCountImporter-Swift.h -working-directory /Users/admin/builder/spi-builder-workspace/.swiftpm/xcode -experimental-emit-module-separately -disable-cmo
error: Clang dependency scanning failure:  (in target 'SwiftBeanCountImporter' from project 'SwiftBeanCountImporter')
/Users/admin/builder/spi-builder-workspace/Sources/SwiftBeanCountImporter/Importers/CompassCardDownloadImporter.swift:10:8: error: Unable to resolve module dependency: 'CompassCardDownloader' (in target 'SwiftBeanCountImporter' from project 'SwiftBeanCountImporter')
    note: A dependency of main module 'SwiftBeanCountImporter'
error: Clang dependency scanning failure:  (in target 'SwiftBeanCountImporter' from project 'SwiftBeanCountImporter')
/Users/admin/builder/spi-builder-workspace/Sources/SwiftBeanCountImporter/Importers/TangerineDownloadImporter.swift:12:8: error: Unable to resolve module dependency: 'SwiftBeanCountTangerineMapper' (in target 'SwiftBeanCountImporter' from project 'SwiftBeanCountImporter')
    note: A dependency of main module 'SwiftBeanCountImporter'
error: Clang dependency scanning failure:  (in target 'SwiftBeanCountImporter' from project 'SwiftBeanCountImporter')
/Users/admin/builder/spi-builder-workspace/Sources/SwiftBeanCountImporter/Importers/TangerineDownloadImporter.swift:13:8: error: Unable to resolve module dependency: 'TangerineDownloader' (in target 'SwiftBeanCountImporter' from project 'SwiftBeanCountImporter')
    note: A dependency of main module 'SwiftBeanCountImporter'
/Users/admin/builder/spi-builder-workspace/Sources/SwiftBeanCountImporter/Importers/CompassCardDownloadImporter.swift:10:8: note: A dependency of main module 'SwiftBeanCountImporter'
import CompassCardDownloader
       ^ (in target 'SwiftBeanCountImporter' from project 'SwiftBeanCountImporter')
/Users/admin/builder/spi-builder-workspace/Sources/SwiftBeanCountImporter/Importers/TangerineDownloadImporter.swift:12:8: note: A dependency of main module 'SwiftBeanCountImporter'
import SwiftBeanCountTangerineMapper
       ^ (in target 'SwiftBeanCountImporter' from project 'SwiftBeanCountImporter')
/Users/admin/builder/spi-builder-workspace/Sources/SwiftBeanCountImporter/Importers/TangerineDownloadImporter.swift:13:8: note: A dependency of main module 'SwiftBeanCountImporter'
import TangerineDownloader
       ^ (in target 'SwiftBeanCountImporter' from project 'SwiftBeanCountImporter')
SwiftDriver SwiftBeanCountImporter normal arm64 com.apple.xcode.tools.swift.compiler (in target 'SwiftBeanCountImporter' from project 'SwiftBeanCountImporter')
    cd /Users/admin/builder/spi-builder-workspace/.swiftpm/xcode
    builtin-SwiftDriver -- /Applications/Xcode-27.0.0-Release.Candidate.app/Contents/Developer/Toolchains/XcodeDefault.xctoolchain/usr/bin/swiftc -parse-as-library -module-name SwiftBeanCountImporter -Onone @/Users/admin/builder/spi-builder-workspace/.derivedData/Build/Intermediates.noindex/SwiftBeanCountImporter.build/Debug-watchos/SwiftBeanCountImporter-t.build/Objects-normal/arm64/SwiftBeanCountImporter.SwiftFileList -DSWIFT_PACKAGE -DDEBUG -DSWIFT_MODULE_RESOURCE_BUNDLE_UNAVAILABLE -DXcode -plugin-path /Applications/Xcode-27.0.0-Release.Candidate.app/Contents/Developer/Toolchains/XcodeDefault.xctoolchain/usr/lib/swift/host/plugins/testing -enable-experimental-feature DebugDescriptionMacro -sdk /Applications/Xcode-27.0.0-Release.Candidate.app/Contents/Developer/Platforms/WatchOS.platform/Developer/SDKs/WatchOS27.0.sdk -target arm64-apple-watchos9.0 -g -module-cache-path /Users/admin/builder/spi-builder-workspace/.derivedData/ModuleCache.noindex -Xfrontend -serialize-debugging-options -profile-coverage-mapping -profile-generate -enable-testing -index-store-path /Users/admin/builder/spi-builder-workspace/.derivedData/Index.noindex/DataStore -Xcc -D_LIBCPP_HARDENING_MODE\=_LIBCPP_HARDENING_MODE_DEBUG -swift-version 5 -I /Users/admin/builder/spi-builder-workspace/.derivedData/Build/Products/Debug-watchos -Isystem /Applications/Xcode-27.0.0-Release.Candidate.app/Contents/Developer/Platforms/WatchOS.platform/Developer/usr/lib -F /Users/admin/builder/spi-builder-workspace/.derivedData/Build/Products/Debug-watchos/PackageFrameworks -F /Users/admin/builder/spi-builder-workspace/.derivedData/Build/Products/Debug-watchos -F /Applications/Xcode-27.0.0-Release.Candidate.app/Contents/Developer/Platforms/WatchOS.platform/Developer/Library/Frameworks -F /Applications/Xcode-27.0.0-Release.Candidate.app/Contents/Developer/Platforms/WatchOS.platform/Developer/SDKs/WatchOS27.0.sdk/Developer/Library/Frameworks -c -j10 -enable-batch-mode -incremental -Xcc -ivfsstatcache -Xcc /Users/admin/builder/spi-builder-workspace/.derivedData/SDKStatCaches.noindex/watchos27.0-24R360-e829b21a6f8c9b70876ba0858053c04477534ef55a1706bf4c1112bbb242f0a2.sdkstatcache -output-file-map /Users/admin/builder/spi-builder-workspace/.derivedData/Build/Intermediates.noindex/SwiftBeanCountImporter.build/Debug-watchos/SwiftBeanCountImporter-t.build/Objects-normal/arm64/SwiftBeanCountImporter-OutputFileMap.json -save-temps -no-color-diagnostics -explicit-module-build -module-cache-path /Users/admin/builder/spi-builder-workspace/.derivedData/Build/Intermediates.noindex/SwiftExplicitPrecompiledModules -clang-scanner-module-cache-path /Users/admin/builder/spi-builder-workspace/.derivedData/ModuleCache.noindex -sdk-module-cache-path /Users/admin/builder/spi-builder-workspace/.derivedData/SDKExplicitPrecompiledModules -emit-dependencies -emit-module -emit-module-path /Users/admin/builder/spi-builder-workspace/.derivedData/Build/Intermediates.noindex/SwiftBeanCountImporter.build/Debug-watchos/SwiftBeanCountImporter-t.build/Objects-normal/arm64/SwiftBeanCountImporter.swiftmodule -serialize-diagnostics -dependency-scan-serialize-diagnostics-path /Users/admin/builder/spi-builder-workspace/.derivedData/Build/Intermediates.noindex/SwiftBeanCountImporter.build/Debug-watchos/SwiftBeanCountImporter-t.build/Objects-normal/arm64/SwiftBeanCountImporter-dependency-scan.dia -validate-clang-modules-once -clang-build-session-file /Users/admin/builder/spi-builder-workspace/.derivedData/ModuleCache.noindex/Session.modulevalidation -Xcc -fmodules-prune-interval\=86400 -Xcc -fmodules-prune-after\=345600 -emit-const-values -const-gather-protocols-list /Users/admin/builder/spi-builder-workspace/.derivedData/Build/Intermediates.noindex/SwiftBeanCountImporter.build/Debug-watchos/SwiftBeanCountImporter-t.build/Objects-normal/arm64/SwiftBeanCountImporter_const_extract_protocols.json -Xcc -I/Users/admin/builder/spi-builder-workspace/.derivedData/Build/Products/Debug-watchos/include -Xcc -I/Users/admin/builder/spi-builder-workspace/.derivedData/Build/Intermediates.noindex/SwiftBeanCountImporter.build/Debug-watchos/SwiftBeanCountImporter-t.build/DerivedSources-normal/arm64 -Xcc -I/Users/admin/builder/spi-builder-workspace/.derivedData/Build/Intermediates.noindex/SwiftBeanCountImporter.build/Debug-watchos/SwiftBeanCountImporter-t.build/DerivedSources/arm64 -Xcc -I/Users/admin/builder/spi-builder-workspace/.derivedData/Build/Intermediates.noindex/SwiftBeanCountImporter.build/Debug-watchos/SwiftBeanCountImporter-t.build/DerivedSources -Xcc -DSWIFT_PACKAGE -Xcc -DDEBUG\=1 -emit-objc-header -emit-objc-header-path /Users/admin/builder/spi-builder-workspace/.derivedData/Build/Intermediates.noindex/SwiftBeanCountImporter.build/Debug-watchos/SwiftBeanCountImporter-t.build/Objects-normal/arm64/SwiftBeanCountImporter-Swift.h -working-directory /Users/admin/builder/spi-builder-workspace/.swiftpm/xcode -experimental-emit-module-separately -disable-cmo
error: Clang dependency scanning failure:  (in target 'SwiftBeanCountImporter' from project 'SwiftBeanCountImporter')
/Users/admin/builder/spi-builder-workspace/Sources/SwiftBeanCountImporter/Importers/CompassCardDownloadImporter.swift:10:8: error: Unable to resolve module dependency: 'CompassCardDownloader' (in target 'SwiftBeanCountImporter' from project 'SwiftBeanCountImporter')
    note: A dependency of main module 'SwiftBeanCountImporter'
error: Clang dependency scanning failure:  (in target 'SwiftBeanCountImporter' from project 'SwiftBeanCountImporter')
/Users/admin/builder/spi-builder-workspace/Sources/SwiftBeanCountImporter/Importers/TangerineDownloadImporter.swift:12:8: error: Unable to resolve module dependency: 'SwiftBeanCountTangerineMapper' (in target 'SwiftBeanCountImporter' from project 'SwiftBeanCountImporter')
    note: A dependency of main module 'SwiftBeanCountImporter'
error: Clang dependency scanning failure:  (in target 'SwiftBeanCountImporter' from project 'SwiftBeanCountImporter')
/Users/admin/builder/spi-builder-workspace/Sources/SwiftBeanCountImporter/Importers/TangerineDownloadImporter.swift:13:8: error: Unable to resolve module dependency: 'TangerineDownloader' (in target 'SwiftBeanCountImporter' from project 'SwiftBeanCountImporter')
    note: A dependency of main module 'SwiftBeanCountImporter'
/Users/admin/builder/spi-builder-workspace/Sources/SwiftBeanCountImporter/Importers/CompassCardDownloadImporter.swift:10:8: note: A dependency of main module 'SwiftBeanCountImporter'
import CompassCardDownloader
       ^ (in target 'SwiftBeanCountImporter' from project 'SwiftBeanCountImporter')
/Users/admin/builder/spi-builder-workspace/Sources/SwiftBeanCountImporter/Importers/TangerineDownloadImporter.swift:12:8: note: A dependency of main module 'SwiftBeanCountImporter'
import SwiftBeanCountTangerineMapper
       ^ (in target 'SwiftBeanCountImporter' from project 'SwiftBeanCountImporter')
/Users/admin/builder/spi-builder-workspace/Sources/SwiftBeanCountImporter/Importers/TangerineDownloadImporter.swift:13:8: note: A dependency of main module 'SwiftBeanCountImporter'
import TangerineDownloader
       ^ (in target 'SwiftBeanCountImporter' from project 'SwiftBeanCountImporter')
SwiftDriverJobDiscovery normal arm64 Compiling SwiftBeanCountCompassCardMapper.swift (in target 'SwiftBeanCountCompassCardMapper' from project 'SwiftBeanCountCompassCardMapper')
SwiftDriver\ Compilation SwiftBeanCountCompassCardMapper normal arm64 com.apple.xcode.tools.swift.compiler (in target 'SwiftBeanCountCompassCardMapper' from project 'SwiftBeanCountCompassCardMapper')
    cd /Users/admin/builder/spi-builder-workspace/.swiftpm/xcode
    builtin-Swift-Compilation -- /Applications/Xcode-27.0.0-Release.Candidate.app/Contents/Developer/Toolchains/XcodeDefault.xctoolchain/usr/bin/swiftc -parse-as-library -module-name SwiftBeanCountCompassCardMapper -Onone @/Users/admin/builder/spi-builder-workspace/.derivedData/Build/Intermediates.noindex/SwiftBeanCountCompassCardMapper.build/Debug-watchos/SwiftBeanCountCompassCardMapper-t.build/Objects-normal/arm64/SwiftBeanCountCompassCardMapper.SwiftFileList -DSWIFT_PACKAGE -DDEBUG -DSWIFT_MODULE_RESOURCE_BUNDLE_UNAVAILABLE -DXcode -plugin-path /Applications/Xcode-27.0.0-Release.Candidate.app/Contents/Developer/Toolchains/XcodeDefault.xctoolchain/usr/lib/swift/host/plugins/testing -enable-experimental-feature DebugDescriptionMacro -sdk /Applications/Xcode-27.0.0-Release.Candidate.app/Contents/Developer/Platforms/WatchOS.platform/Developer/SDKs/WatchOS27.0.sdk -target arm64-apple-watchos9.0 -g -module-cache-path /Users/admin/builder/spi-builder-workspace/.derivedData/ModuleCache.noindex -Xfrontend -serialize-debugging-options -profile-coverage-mapping -profile-generate -enable-testing -suppress-warnings -index-store-path /Users/admin/builder/spi-builder-workspace/.derivedData/Index.noindex/DataStore -Xcc -D_LIBCPP_HARDENING_MODE\=_LIBCPP_HARDENING_MODE_DEBUG -swift-version 5 -I /Users/admin/builder/spi-builder-workspace/.derivedData/Build/Products/Debug-watchos -Isystem /Applications/Xcode-27.0.0-Release.Candidate.app/Contents/Developer/Platforms/WatchOS.platform/Developer/usr/lib -F /Users/admin/builder/spi-builder-workspace/.derivedData/Build/Products/Debug-watchos/PackageFrameworks -F /Users/admin/builder/spi-builder-workspace/.derivedData/Build/Products/Debug-watchos -F /Applications/Xcode-27.0.0-Release.Candidate.app/Contents/Developer/Platforms/WatchOS.platform/Developer/Library/Frameworks -F /Applications/Xcode-27.0.0-Release.Candidate.app/Contents/Developer/Platforms/WatchOS.platform/Developer/SDKs/WatchOS27.0.sdk/Developer/Library/Frameworks -c -j10 -enable-batch-mode -incremental -Xcc -ivfsstatcache -Xcc /Users/admin/builder/spi-builder-workspace/.derivedData/SDKStatCaches.noindex/watchos27.0-24R360-e829b21a6f8c9b70876ba0858053c04477534ef55a1706bf4c1112bbb242f0a2.sdkstatcache -output-file-map /Users/admin/builder/spi-builder-workspace/.derivedData/Build/Intermediates.noindex/SwiftBeanCountCompassCardMapper.build/Debug-watchos/SwiftBeanCountCompassCardMapper-t.build/Objects-normal/arm64/SwiftBeanCountCompassCardMapper-OutputFileMap.json -save-temps -no-color-diagnostics -explicit-module-build -module-cache-path /Users/admin/builder/spi-builder-workspace/.derivedData/Build/Intermediates.noindex/SwiftExplicitPrecompiledModules -clang-scanner-module-cache-path /Users/admin/builder/spi-builder-workspace/.derivedData/ModuleCache.noindex -sdk-module-cache-path /Users/admin/builder/spi-builder-workspace/.derivedData/SDKExplicitPrecompiledModules -emit-dependencies -emit-module -emit-module-path /Users/admin/builder/spi-builder-workspace/.derivedData/Build/Intermediates.noindex/SwiftBeanCountCompassCardMapper.build/Debug-watchos/SwiftBeanCountCompassCardMapper-t.build/Objects-normal/arm64/SwiftBeanCountCompassCardMapper.swiftmodule -serialize-diagnostics -dependency-scan-serialize-diagnostics-path /Users/admin/builder/spi-builder-workspace/.derivedData/Build/Intermediates.noindex/SwiftBeanCountCompassCardMapper.build/Debug-watchos/SwiftBeanCountCompassCardMapper-t.build/Objects-normal/arm64/SwiftBeanCountCompassCardMapper-dependency-scan.dia -validate-clang-modules-once -clang-build-session-file /Users/admin/builder/spi-builder-workspace/.derivedData/ModuleCache.noindex/Session.modulevalidation -Xcc -fmodules-prune-interval\=86400 -Xcc -fmodules-prune-after\=345600 -emit-const-values -const-gather-protocols-list /Users/admin/builder/spi-builder-workspace/.derivedData/Build/Intermediates.noindex/SwiftBeanCountCompassCardMapper.build/Debug-watchos/SwiftBeanCountCompassCardMapper-t.build/Objects-normal/arm64/SwiftBeanCountCompassCardMapper_const_extract_protocols.json -Xcc -I/Users/admin/builder/spi-builder-workspace/.derivedData/Build/Products/Debug-watchos/include -Xcc -I/Users/admin/builder/spi-builder-workspace/.derivedData/Build/Intermediates.noindex/SwiftBeanCountCompassCardMapper.build/Debug-watchos/SwiftBeanCountCompassCardMapper-t.build/DerivedSources-normal/arm64 -Xcc -I/Users/admin/builder/spi-builder-workspace/.derivedData/Build/Intermediates.noindex/SwiftBeanCountCompassCardMapper.build/Debug-watchos/SwiftBeanCountCompassCardMapper-t.build/DerivedSources/arm64 -Xcc -I/Users/admin/builder/spi-builder-workspace/.derivedData/Build/Intermediates.noindex/SwiftBeanCountCompassCardMapper.build/Debug-watchos/SwiftBeanCountCompassCardMapper-t.build/DerivedSources -Xcc -DSWIFT_PACKAGE -Xcc -DDEBUG\=1 -emit-objc-header -emit-objc-header-path /Users/admin/builder/spi-builder-workspace/.derivedData/Build/Intermediates.noindex/SwiftBeanCountCompassCardMapper.build/Debug-watchos/SwiftBeanCountCompassCardMapper-t.build/Objects-normal/arm64/SwiftBeanCountCompassCardMapper-Swift.h -working-directory /Users/admin/builder/spi-builder-workspace/.swiftpm/xcode -experimental-emit-module-separately -disable-cmo
Ld /Users/admin/builder/spi-builder-workspace/.derivedData/Build/Intermediates.noindex/SwiftBeanCountCompassCardMapper.build/Debug-watchos/SwiftBeanCountCompassCardMapper-t.build/Objects-normal/arm64/Binary/SwiftBeanCountCompassCardMapper.o normal arm64 (in target 'SwiftBeanCountCompassCardMapper' from project 'SwiftBeanCountCompassCardMapper')
    cd /Users/admin/builder/spi-builder-workspace/.dependencies/checkouts/SwiftBeanCountCompassCardMapper
    /Applications/Xcode-27.0.0-Release.Candidate.app/Contents/Developer/Toolchains/XcodeDefault.xctoolchain/usr/bin/clang -Xlinker -reproducible -target arm64-apple-watchos9.0 -r -isysroot /Applications/Xcode-27.0.0-Release.Candidate.app/Contents/Developer/Platforms/WatchOS.platform/Developer/SDKs/WatchOS27.0.sdk -O0 -w -Xlinker -no_warn_duplicate_libraries -F/Users/admin/builder/spi-builder-workspace/.derivedData/Build/Intermediates.noindex/EagerLinkingTBDs/Debug-watchos -F/Users/admin/builder/spi-builder-workspace/.derivedData/Build/Products/Debug-watchos/PackageFrameworks -F/Users/admin/builder/spi-builder-workspace/.derivedData/Build/Products/Debug-watchos -iframework /Applications/Xcode-27.0.0-Release.Candidate.app/Contents/Developer/Platforms/WatchOS.platform/Developer/Library/Frameworks -iframework /Applications/Xcode-27.0.0-Release.Candidate.app/Contents/Developer/Platforms/WatchOS.platform/Developer/SDKs/WatchOS27.0.sdk/Developer/Library/Frameworks -filelist /Users/admin/builder/spi-builder-workspace/.derivedData/Build/Intermediates.noindex/SwiftBeanCountCompassCardMapper.build/Debug-watchos/SwiftBeanCountCompassCardMapper-t.build/Objects-normal/arm64/SwiftBeanCountCompassCardMapper.LinkFileList -nostdlib -Xlinker -object_path_lto -Xlinker /Users/admin/builder/spi-builder-workspace/.derivedData/Build/Intermediates.noindex/SwiftBeanCountCompassCardMapper.build/Debug-watchos/SwiftBeanCountCompassCardMapper-t.build/Objects-normal/arm64/SwiftBeanCountCompassCardMapper_lto.o -Xlinker -no_deduplicate -Xlinker -debug_variant -Xlinker -dependency_info -Xlinker /Users/admin/builder/spi-builder-workspace/.derivedData/Build/Intermediates.noindex/SwiftBeanCountCompassCardMapper.build/Debug-watchos/SwiftBeanCountCompassCardMapper-t.build/Objects-normal/arm64/SwiftBeanCountCompassCardMapper_dependency_info.dat -fobjc-link-runtime -L/Applications/Xcode-27.0.0-Release.Candidate.app/Contents/Developer/Toolchains/XcodeDefault.xctoolchain/usr/lib/swift/watchos -L/usr/lib/swift -Xlinker -add_ast_path -Xlinker /Users/admin/builder/spi-builder-workspace/.derivedData/Build/Intermediates.noindex/SwiftBeanCountCompassCardMapper.build/Debug-watchos/SwiftBeanCountCompassCardMapper-t.build/Objects-normal/arm64/SwiftBeanCountCompassCardMapper.swiftmodule -o /Users/admin/builder/spi-builder-workspace/.derivedData/Build/Intermediates.noindex/SwiftBeanCountCompassCardMapper.build/Debug-watchos/SwiftBeanCountCompassCardMapper-t.build/Objects-normal/arm64/Binary/SwiftBeanCountCompassCardMapper.o
SwiftDriverJobDiscovery normal arm64_32 Compiling SwiftBeanCountCompassCardMapper.swift (in target 'SwiftBeanCountCompassCardMapper' from project 'SwiftBeanCountCompassCardMapper')
SwiftDriver\ Compilation SwiftBeanCountCompassCardMapper normal arm64_32 com.apple.xcode.tools.swift.compiler (in target 'SwiftBeanCountCompassCardMapper' from project 'SwiftBeanCountCompassCardMapper')
    cd /Users/admin/builder/spi-builder-workspace/.swiftpm/xcode
    builtin-Swift-Compilation -- /Applications/Xcode-27.0.0-Release.Candidate.app/Contents/Developer/Toolchains/XcodeDefault.xctoolchain/usr/bin/swiftc -parse-as-library -module-name SwiftBeanCountCompassCardMapper -Onone @/Users/admin/builder/spi-builder-workspace/.derivedData/Build/Intermediates.noindex/SwiftBeanCountCompassCardMapper.build/Debug-watchos/SwiftBeanCountCompassCardMapper-t.build/Objects-normal/arm64_32/SwiftBeanCountCompassCardMapper.SwiftFileList -DSWIFT_PACKAGE -DDEBUG -DSWIFT_MODULE_RESOURCE_BUNDLE_UNAVAILABLE -DXcode -plugin-path /Applications/Xcode-27.0.0-Release.Candidate.app/Contents/Developer/Toolchains/XcodeDefault.xctoolchain/usr/lib/swift/host/plugins/testing -enable-experimental-feature DebugDescriptionMacro -sdk /Applications/Xcode-27.0.0-Release.Candidate.app/Contents/Developer/Platforms/WatchOS.platform/Developer/SDKs/WatchOS27.0.sdk -target arm64_32-apple-watchos9.0 -g -module-cache-path /Users/admin/builder/spi-builder-workspace/.derivedData/ModuleCache.noindex -Xfrontend -serialize-debugging-options -profile-coverage-mapping -profile-generate -enable-testing -suppress-warnings -index-store-path /Users/admin/builder/spi-builder-workspace/.derivedData/Index.noindex/DataStore -Xcc -D_LIBCPP_HARDENING_MODE\=_LIBCPP_HARDENING_MODE_DEBUG -swift-version 5 -I /Users/admin/builder/spi-builder-workspace/.derivedData/Build/Products/Debug-watchos -Isystem /Applications/Xcode-27.0.0-Release.Candidate.app/Contents/Developer/Platforms/WatchOS.platform/Developer/usr/lib -F /Users/admin/builder/spi-builder-workspace/.derivedData/Build/Products/Debug-watchos/PackageFrameworks -F /Users/admin/builder/spi-builder-workspace/.derivedData/Build/Products/Debug-watchos -F /Applications/Xcode-27.0.0-Release.Candidate.app/Contents/Developer/Platforms/WatchOS.platform/Developer/Library/Frameworks -F /Applications/Xcode-27.0.0-Release.Candidate.app/Contents/Developer/Platforms/WatchOS.platform/Developer/SDKs/WatchOS27.0.sdk/Developer/Library/Frameworks -c -j10 -enable-batch-mode -incremental -Xcc -ivfsstatcache -Xcc /Users/admin/builder/spi-builder-workspace/.derivedData/SDKStatCaches.noindex/watchos27.0-24R360-e829b21a6f8c9b70876ba0858053c04477534ef55a1706bf4c1112bbb242f0a2.sdkstatcache -output-file-map /Users/admin/builder/spi-builder-workspace/.derivedData/Build/Intermediates.noindex/SwiftBeanCountCompassCardMapper.build/Debug-watchos/SwiftBeanCountCompassCardMapper-t.build/Objects-normal/arm64_32/SwiftBeanCountCompassCardMapper-OutputFileMap.json -save-temps -no-color-diagnostics -explicit-module-build -module-cache-path /Users/admin/builder/spi-builder-workspace/.derivedData/Build/Intermediates.noindex/SwiftExplicitPrecompiledModules -clang-scanner-module-cache-path /Users/admin/builder/spi-builder-workspace/.derivedData/ModuleCache.noindex -sdk-module-cache-path /Users/admin/builder/spi-builder-workspace/.derivedData/SDKExplicitPrecompiledModules -emit-dependencies -emit-module -emit-module-path /Users/admin/builder/spi-builder-workspace/.derivedData/Build/Intermediates.noindex/SwiftBeanCountCompassCardMapper.build/Debug-watchos/SwiftBeanCountCompassCardMapper-t.build/Objects-normal/arm64_32/SwiftBeanCountCompassCardMapper.swiftmodule -serialize-diagnostics -dependency-scan-serialize-diagnostics-path /Users/admin/builder/spi-builder-workspace/.derivedData/Build/Intermediates.noindex/SwiftBeanCountCompassCardMapper.build/Debug-watchos/SwiftBeanCountCompassCardMapper-t.build/Objects-normal/arm64_32/SwiftBeanCountCompassCardMapper-dependency-scan.dia -validate-clang-modules-once -clang-build-session-file /Users/admin/builder/spi-builder-workspace/.derivedData/ModuleCache.noindex/Session.modulevalidation -Xcc -fmodules-prune-interval\=86400 -Xcc -fmodules-prune-after\=345600 -emit-const-values -const-gather-protocols-list /Users/admin/builder/spi-builder-workspace/.derivedData/Build/Intermediates.noindex/SwiftBeanCountCompassCardMapper.build/Debug-watchos/SwiftBeanCountCompassCardMapper-t.build/Objects-normal/arm64_32/SwiftBeanCountCompassCardMapper_const_extract_protocols.json -Xcc -I/Users/admin/builder/spi-builder-workspace/.derivedData/Build/Products/Debug-watchos/include -Xcc -I/Users/admin/builder/spi-builder-workspace/.derivedData/Build/Intermediates.noindex/SwiftBeanCountCompassCardMapper.build/Debug-watchos/SwiftBeanCountCompassCardMapper-t.build/DerivedSources-normal/arm64_32 -Xcc -I/Users/admin/builder/spi-builder-workspace/.derivedData/Build/Intermediates.noindex/SwiftBeanCountCompassCardMapper.build/Debug-watchos/SwiftBeanCountCompassCardMapper-t.build/DerivedSources/arm64_32 -Xcc -I/Users/admin/builder/spi-builder-workspace/.derivedData/Build/Intermediates.noindex/SwiftBeanCountCompassCardMapper.build/Debug-watchos/SwiftBeanCountCompassCardMapper-t.build/DerivedSources -Xcc -DSWIFT_PACKAGE -Xcc -DDEBUG\=1 -emit-objc-header -emit-objc-header-path /Users/admin/builder/spi-builder-workspace/.derivedData/Build/Intermediates.noindex/SwiftBeanCountCompassCardMapper.build/Debug-watchos/SwiftBeanCountCompassCardMapper-t.build/Objects-normal/arm64_32/SwiftBeanCountCompassCardMapper-Swift.h -working-directory /Users/admin/builder/spi-builder-workspace/.swiftpm/xcode -experimental-emit-module-separately -disable-cmo
Ld /Users/admin/builder/spi-builder-workspace/.derivedData/Build/Intermediates.noindex/SwiftBeanCountCompassCardMapper.build/Debug-watchos/SwiftBeanCountCompassCardMapper-t.build/Objects-normal/arm64_32/Binary/SwiftBeanCountCompassCardMapper.o normal arm64_32 (in target 'SwiftBeanCountCompassCardMapper' from project 'SwiftBeanCountCompassCardMapper')
    cd /Users/admin/builder/spi-builder-workspace/.dependencies/checkouts/SwiftBeanCountCompassCardMapper
    /Applications/Xcode-27.0.0-Release.Candidate.app/Contents/Developer/Toolchains/XcodeDefault.xctoolchain/usr/bin/clang -Xlinker -reproducible -target arm64_32-apple-watchos9.0 -r -isysroot /Applications/Xcode-27.0.0-Release.Candidate.app/Contents/Developer/Platforms/WatchOS.platform/Developer/SDKs/WatchOS27.0.sdk -O0 -w -Xlinker -no_warn_duplicate_libraries -F/Users/admin/builder/spi-builder-workspace/.derivedData/Build/Intermediates.noindex/EagerLinkingTBDs/Debug-watchos -F/Users/admin/builder/spi-builder-workspace/.derivedData/Build/Products/Debug-watchos/PackageFrameworks -F/Users/admin/builder/spi-builder-workspace/.derivedData/Build/Products/Debug-watchos -iframework /Applications/Xcode-27.0.0-Release.Candidate.app/Contents/Developer/Platforms/WatchOS.platform/Developer/Library/Frameworks -iframework /Applications/Xcode-27.0.0-Release.Candidate.app/Contents/Developer/Platforms/WatchOS.platform/Developer/SDKs/WatchOS27.0.sdk/Developer/Library/Frameworks -filelist /Users/admin/builder/spi-builder-workspace/.derivedData/Build/Intermediates.noindex/SwiftBeanCountCompassCardMapper.build/Debug-watchos/SwiftBeanCountCompassCardMapper-t.build/Objects-normal/arm64_32/SwiftBeanCountCompassCardMapper.LinkFileList -nostdlib -Xlinker -object_path_lto -Xlinker /Users/admin/builder/spi-builder-workspace/.derivedData/Build/Intermediates.noindex/SwiftBeanCountCompassCardMapper.build/Debug-watchos/SwiftBeanCountCompassCardMapper-t.build/Objects-normal/arm64_32/SwiftBeanCountCompassCardMapper_lto.o -Xlinker -no_deduplicate -Xlinker -debug_variant -Xlinker -dependency_info -Xlinker /Users/admin/builder/spi-builder-workspace/.derivedData/Build/Intermediates.noindex/SwiftBeanCountCompassCardMapper.build/Debug-watchos/SwiftBeanCountCompassCardMapper-t.build/Objects-normal/arm64_32/SwiftBeanCountCompassCardMapper_dependency_info.dat -fobjc-link-runtime -L/Applications/Xcode-27.0.0-Release.Candidate.app/Contents/Developer/Toolchains/XcodeDefault.xctoolchain/usr/lib/swift/watchos -L/usr/lib/swift -Xlinker -add_ast_path -Xlinker /Users/admin/builder/spi-builder-workspace/.derivedData/Build/Intermediates.noindex/SwiftBeanCountCompassCardMapper.build/Debug-watchos/SwiftBeanCountCompassCardMapper-t.build/Objects-normal/arm64_32/SwiftBeanCountCompassCardMapper.swiftmodule -o /Users/admin/builder/spi-builder-workspace/.derivedData/Build/Intermediates.noindex/SwiftBeanCountCompassCardMapper.build/Debug-watchos/SwiftBeanCountCompassCardMapper-t.build/Objects-normal/arm64_32/Binary/SwiftBeanCountCompassCardMapper.o
CreateUniversalBinary /Users/admin/builder/spi-builder-workspace/.derivedData/Build/Products/Debug-watchos/SwiftBeanCountCompassCardMapper.o normal arm64\ arm64_32 (in target 'SwiftBeanCountCompassCardMapper' from project 'SwiftBeanCountCompassCardMapper')
    cd /Users/admin/builder/spi-builder-workspace/.dependencies/checkouts/SwiftBeanCountCompassCardMapper
    /Applications/Xcode-27.0.0-Release.Candidate.app/Contents/Developer/Toolchains/XcodeDefault.xctoolchain/usr/bin/lipo -create /Users/admin/builder/spi-builder-workspace/.derivedData/Build/Intermediates.noindex/SwiftBeanCountCompassCardMapper.build/Debug-watchos/SwiftBeanCountCompassCardMapper-t.build/Objects-normal/arm64/Binary/SwiftBeanCountCompassCardMapper.o /Users/admin/builder/spi-builder-workspace/.derivedData/Build/Intermediates.noindex/SwiftBeanCountCompassCardMapper.build/Debug-watchos/SwiftBeanCountCompassCardMapper-t.build/Objects-normal/arm64_32/Binary/SwiftBeanCountCompassCardMapper.o -output /Users/admin/builder/spi-builder-workspace/.derivedData/Build/Products/Debug-watchos/SwiftBeanCountCompassCardMapper.o
ExtractAppIntentsMetadata (in target 'SwiftBeanCountCompassCardMapper' from project 'SwiftBeanCountCompassCardMapper')
    cd /Users/admin/builder/spi-builder-workspace/.dependencies/checkouts/SwiftBeanCountCompassCardMapper
    /Applications/Xcode-27.0.0-Release.Candidate.app/Contents/Developer/Toolchains/XcodeDefault.xctoolchain/usr/bin/appintentsmetadataprocessor --toolchain-dir /var/run/com.apple.security.cryptexd/mnt/com.apple.MobileAsset.MetalToolchain-v27.1.266.1.vK6h05/Metal.xctoolchain --module-name SwiftBeanCountCompassCardMapper --sdk-root /Applications/Xcode-27.0.0-Release.Candidate.app/Contents/Developer/Platforms/WatchOS.platform/Developer/SDKs/WatchOS27.0.sdk --xcode-version 27A266a --platform-family watchOS --deployment-target 9.0 --bundle-identifier swiftbeancountcompasscardmapper.SwiftBeanCountCompassCardMapper --output /Users/admin/builder/spi-builder-workspace/.derivedData/Build/Products/Debug-watchos/SwiftBeanCountCompassCardMapper.appintents --target-triple arm64-apple-watchos9.0 --target-triple arm64_32-apple-watchos9.0 --binary-file /Users/admin/builder/spi-builder-workspace/.derivedData/Build/Products/Debug-watchos/SwiftBeanCountCompassCardMapper.o --dependency-file /Users/admin/builder/spi-builder-workspace/.derivedData/Build/Intermediates.noindex/SwiftBeanCountCompassCardMapper.build/Debug-watchos/SwiftBeanCountCompassCardMapper-t.build/Objects-normal/arm64/SwiftBeanCountCompassCardMapper_dependency_info.dat --dependency-file /Users/admin/builder/spi-builder-workspace/.derivedData/Build/Intermediates.noindex/SwiftBeanCountCompassCardMapper.build/Debug-watchos/SwiftBeanCountCompassCardMapper-t.build/Objects-normal/arm64_32/SwiftBeanCountCompassCardMapper_dependency_info.dat --stringsdata-file /Users/admin/builder/spi-builder-workspace/.derivedData/Build/Intermediates.noindex/SwiftBeanCountCompassCardMapper.build/Debug-watchos/SwiftBeanCountCompassCardMapper-t.build/Objects-normal/arm64/ExtractedAppShortcutsMetadata.stringsdata --stringsdata-file /Users/admin/builder/spi-builder-workspace/.derivedData/Build/Intermediates.noindex/SwiftBeanCountCompassCardMapper.build/Debug-watchos/SwiftBeanCountCompassCardMapper-t.build/Objects-normal/arm64_32/ExtractedAppShortcutsMetadata.stringsdata --source-file-list /Users/admin/builder/spi-builder-workspace/.derivedData/Build/Intermediates.noindex/SwiftBeanCountCompassCardMapper.build/Debug-watchos/SwiftBeanCountCompassCardMapper-t.build/Objects-normal/arm64/SwiftBeanCountCompassCardMapper.SwiftFileList --source-file-list /Users/admin/builder/spi-builder-workspace/.derivedData/Build/Intermediates.noindex/SwiftBeanCountCompassCardMapper.build/Debug-watchos/SwiftBeanCountCompassCardMapper-t.build/Objects-normal/arm64_32/SwiftBeanCountCompassCardMapper.SwiftFileList --metadata-file-list /Users/admin/builder/spi-builder-workspace/.derivedData/Build/Intermediates.noindex/SwiftBeanCountCompassCardMapper.build/Debug-watchos/SwiftBeanCountCompassCardMapper-t.build/SwiftBeanCountCompassCardMapper.DependencyMetadataFileList --static-metadata-file-list /Users/admin/builder/spi-builder-workspace/.derivedData/Build/Intermediates.noindex/SwiftBeanCountCompassCardMapper.build/Debug-watchos/SwiftBeanCountCompassCardMapper-t.build/SwiftBeanCountCompassCardMapper.DependencyStaticMetadataFileList --swift-const-vals-list /Users/admin/builder/spi-builder-workspace/.derivedData/Build/Intermediates.noindex/SwiftBeanCountCompassCardMapper.build/Debug-watchos/SwiftBeanCountCompassCardMapper-t.build/Objects-normal/arm64/SwiftBeanCountCompassCardMapper.SwiftConstValuesFileList --swift-const-vals-list /Users/admin/builder/spi-builder-workspace/.derivedData/Build/Intermediates.noindex/SwiftBeanCountCompassCardMapper.build/Debug-watchos/SwiftBeanCountCompassCardMapper-t.build/Objects-normal/arm64_32/SwiftBeanCountCompassCardMapper.SwiftConstValuesFileList --force --compile-time-extraction --deployment-aware-processing --no-app-shortcuts-localization
2026-09-23 10:36:21.846 appintentsmetadataprocessor[1877:9912] Starting appintentsmetadataprocessor export
2026-09-23 10:36:21.915 appintentsmetadataprocessor[1877:9912] Extracted no relevant App Intents symbols, skipping writing output
PruneExplicitPrecompiledModules /Users/admin/builder/spi-builder-workspace/.derivedData/SDKExplicitPrecompiledModules
PruneExplicitPrecompiledModules /Users/admin/builder/spi-builder-workspace/.derivedData/Build/Intermediates.noindex/ExplicitPrecompiledModules
PruneExplicitPrecompiledModules /Users/admin/builder/spi-builder-workspace/.derivedData/Build/Intermediates.noindex/SwiftExplicitPrecompiledModules
2026-09-23 10:36:12.268 xcodebuild[1477:7564] [MT] IDERunDestination: Supported platforms for the buildables in the current scheme is empty.
** BUILD FAILED **
The following build commands failed:
	SwiftDriver SwiftBeanCountImporter normal arm64_32 com.apple.xcode.tools.swift.compiler (in target 'SwiftBeanCountImporter' from project 'SwiftBeanCountImporter')
	SwiftDriver SwiftBeanCountImporter normal arm64 com.apple.xcode.tools.swift.compiler (in target 'SwiftBeanCountImporter' from project 'SwiftBeanCountImporter')
	Building workspace SwiftBeanCountImporter with scheme SwiftBeanCountImporter
(3 failures)
Command line invocation:
    /Applications/Xcode-27.0.0-Release.Candidate.app/Contents/Developer/usr/bin/xcodebuild -IDEClonedSourcePackagesDirPathOverride=/Users/admin/builder/spi-builder-workspace/.dependencies -resolvePackageDependencies
Resolve Package Graph
Resolved source packages:
  SwiftBeanCountParser: https://github.com/Nef10/SwiftBeanCountParser.git @ 0.1.9
  FileKit: https://github.com/nvzqz/FileKit.git @ 6.1.0
  SwiftBeanCountImporter: /Users/admin/builder/spi-builder-workspace
  SwiftScraper: https://github.com/Nef10/SwiftScraper.git @ 0.7.0
  Erik: https://github.com/phimage/Erik.git @ 5.1.0
  SwiftBeanCountModel: https://github.com/Nef10/SwiftBeanCountModel.git @ 0.2.0
  SwiftBeanCountWealthsimpleMapper: https://github.com/Nef10/SwiftBeanCountWealthsimpleMapper.git @ 1.9.0
  SwiftBeanCountRogersBankMapper: https://github.com/Nef10/SwiftBeanCountRogersBankMapper.git @ 0.0.15
  Swifter: https://github.com/httpswift/swifter.git @ 1.5.0
  CompassCardDownloader: https://github.com/Nef10/CompassCardDownloader.git @ 0.0.2
  TangerineDownloader: https://github.com/Nef10/TangerineDownloader.git @ 0.1.0
  KeychainAccess: https://github.com/kishikawakatsumi/KeychainAccess.git @ 4.2.2
  SwiftBeanCountParserUtils: https://github.com/Nef10/SwiftBeanCountParserUtils.git @ 1.0.0
  BrightFutures: https://github.com/Thomvis/BrightFutures.git @ 8.2.0
  SwiftBeanCountCompassCardMapper: https://github.com/Nef10/SwiftBeanCountCompassCardMapper.git @ 0.1.2
  SwiftBeanCountSheetSync: https://github.com/Nef10/SwiftBeanCountSheetSync.git @ 1.1.1
  WealthsimpleDownloader: https://github.com/Nef10/WealthsimpleDownloader.git @ 3.1.1
  GoogleAuthentication: https://github.com/Nef10/GoogleAuthentication.git @ 1.1.0
  CSV.swift: https://github.com/yaslab/CSV.swift.git @ 2.5.2
  RogersBankDownloader: https://github.com/Nef10/RogersBankDownloader.git @ 0.2.2
  OAuthSwift: https://github.com/OAuthSwift/OAuthSwift.git @ 2.2.0
  Kanna: https://github.com/tid-kijyun/Kanna.git @ 5.3.0
  SwiftBeanCountTangerineMapper: https://github.com/Nef10/SwiftBeanCountTangerineMapper.git @ 0.0.4
resolved source packages: SwiftBeanCountParser, FileKit, SwiftBeanCountImporter, SwiftScraper, Erik, SwiftBeanCountModel, SwiftBeanCountWealthsimpleMapper, SwiftBeanCountRogersBankMapper, Swifter, CompassCardDownloader, TangerineDownloader, KeychainAccess, SwiftBeanCountParserUtils, BrightFutures, SwiftBeanCountCompassCardMapper, SwiftBeanCountSheetSync, WealthsimpleDownloader, GoogleAuthentication, CSV.swift, RogersBankDownloader, OAuthSwift, Kanna, SwiftBeanCountTangerineMapper
2026-09-23 10:36:23.348 xcodebuild[1878:9957] [MT] IDERunDestination: Supported platforms for the buildables in the current scheme is empty.
{
  "dependencies" : [
    {
      "identity" : "swiftbeancountmodel",
      "requirement" : {
        "exact" : [
          "0.2.0"
        ]
      },
      "type" : "sourceControl",
      "url" : "https://github.com/Nef10/SwiftBeanCountModel.git"
    },
    {
      "identity" : "csv.swift",
      "requirement" : {
        "range" : [
          {
            "lower_bound" : "2.4.3",
            "upper_bound" : "3.0.0"
          }
        ]
      },
      "type" : "sourceControl",
      "url" : "https://github.com/yaslab/CSV.swift.git"
    },
    {
      "identity" : "swiftbeancountparserutils",
      "requirement" : {
        "range" : [
          {
            "lower_bound" : "1.0.0",
            "upper_bound" : "2.0.0"
          }
        ]
      },
      "type" : "sourceControl",
      "url" : "https://github.com/Nef10/SwiftBeanCountParserUtils.git"
    },
    {
      "identity" : "swiftbeancountwealthsimplemapper",
      "requirement" : {
        "range" : [
          {
            "lower_bound" : "1.9.0",
            "upper_bound" : "2.0.0"
          }
        ]
      },
      "type" : "sourceControl",
      "url" : "https://github.com/Nef10/SwiftBeanCountWealthsimpleMapper.git"
    },
    {
      "identity" : "wealthsimpledownloader",
      "requirement" : {
        "range" : [
          {
            "lower_bound" : "3.0.0",
            "upper_bound" : "4.0.0"
          }
        ]
      },
      "type" : "sourceControl",
      "url" : "https://github.com/Nef10/WealthsimpleDownloader.git"
    },
    {
      "identity" : "swiftbeancountsheetsync",
      "requirement" : {
        "range" : [
          {
            "lower_bound" : "1.1.1",
            "upper_bound" : "2.0.0"
          }
        ]
      },
      "type" : "sourceControl",
      "url" : "https://github.com/Nef10/SwiftBeanCountSheetSync.git"
    },
    {
      "identity" : "swiftbeancountrogersbankmapper",
      "requirement" : {
        "exact" : [
          "0.0.15"
        ]
      },
      "type" : "sourceControl",
      "url" : "https://github.com/Nef10/SwiftBeanCountRogersBankMapper.git"
    },
    {
      "identity" : "rogersbankdownloader",
      "requirement" : {
        "exact" : [
          "0.2.2"
        ]
      },
      "type" : "sourceControl",
      "url" : "https://github.com/Nef10/RogersBankDownloader.git"
    },
    {
      "identity" : "tangerinedownloader",
      "requirement" : {
        "exact" : [
          "0.1.0"
        ]
      },
      "type" : "sourceControl",
      "url" : "https://github.com/Nef10/TangerineDownloader.git"
    },
    {
      "identity" : "swiftbeancounttangerinemapper",
      "requirement" : {
        "exact" : [
          "0.0.4"
        ]
      },
      "type" : "sourceControl",
      "url" : "https://github.com/Nef10/SwiftBeanCountTangerineMapper.git"
    },
    {
      "identity" : "compasscarddownloader",
      "requirement" : {
        "exact" : [
          "0.0.2"
        ]
      },
      "type" : "sourceControl",
      "url" : "https://github.com/Nef10/CompassCardDownloader.git"
    },
    {
      "identity" : "swiftbeancountcompasscardmapper",
      "requirement" : {
        "exact" : [
          "0.1.2"
        ]
      },
      "type" : "sourceControl",
      "url" : "https://github.com/Nef10/SwiftBeanCountCompassCardMapper.git"
    }
  ],
  "manifest_display_name" : "SwiftBeanCountImporter",
  "name" : "SwiftBeanCountImporter",
  "path" : "/Users/admin/builder/spi-builder-workspace",
  "platforms" : [
    {
      "name" : "ios",
      "version" : "16.0"
    },
    {
      "name" : "macos",
      "version" : "11.0"
    }
  ],
  "products" : [
    {
      "name" : "SwiftBeanCountImporter",
      "targets" : [
        "SwiftBeanCountImporter"
      ],
      "type" : {
        "library" : [
          "automatic"
        ]
      }
    }
  ],
  "targets" : [
    {
      "c99name" : "SwiftBeanCountImporterTests",
      "module_type" : "SwiftTarget",
      "name" : "SwiftBeanCountImporterTests",
      "path" : "Tests/SwiftBeanCountImporterTests",
      "sources" : [
        "BaseImporterTests.swift",
        "CSVBaseImporterTests.swift",
        "CSVImporterTests.swift",
        "DownloadImporterTests.swift",
        "FileImporterTests.swift",
        "ImporterTests.swift",
        "Importers/CompassCardDownloadImporterTests.swift",
        "Importers/CompassCardImporterTests.swift",
        "Importers/EquatePlusImporterTests.swift",
        "Importers/LunchOnUsImporterTests.swift",
        "Importers/ManuLifeImporterTests.swift",
        "Importers/N26ImporterTests.swift",
        "Importers/RBCImporterTests.swift",
        "Importers/RogersDownloadImporterTests.swift",
        "Importers/RogersImporterTests.swift",
        "Importers/SimpliiImporterTests.swift",
        "Importers/TangerineAccountImporterTests.swift",
        "Importers/TangerineCardImporterTests.swift",
        "Importers/TangerineDownloadImporterTests.swift",
        "Importers/WealthsimpleDownloadImporterTests.swift",
        "SettingsTests.swift",
        "TestDelegates.swift",
        "TestUtils.swift",
        "TextImporterTests.swift"
      ],
      "target_dependencies" : [
        "SwiftBeanCountImporter"
      ],
      "type" : "test"
    },
    {
      "c99name" : "SwiftBeanCountImporter",
      "module_type" : "SwiftTarget",
      "name" : "SwiftBeanCountImporter",
      "path" : "Sources/SwiftBeanCountImporter",
      "product_dependencies" : [
        "CSV",
        "RogersBankDownloader",
        "SwiftBeanCountModel",
        "SwiftBeanCountParserUtils",
        "SwiftBeanCountRogersBankMapper",
        "SwiftBeanCountWealthsimpleMapper",
        "SwiftBeanCountCompassCardMapper",
        "CompassCardDownloader",
        "TangerineDownloader",
        "SwiftBeanCountTangerineMapper",
        "SwiftBeanCountSheetSync",
        "Wealthsimple"
      ],
      "product_memberships" : [
        "SwiftBeanCountImporter"
      ],
      "sources" : [
        "BaseImporter.swift",
        "CSVBaseImporter.swift",
        "CSVImporter.swift",
        "DownloadImporter.swift",
        "FileImporter.swift",
        "Importer.swift",
        "Importers/CompassCardDownloadImporter.swift",
        "Importers/CompassCardImporter.swift",
        "Importers/EquatePlusImporter.swift",
        "Importers/GoogleSheetDownloadImporter.swift",
        "Importers/LunchOnUsImporter.swift",
        "Importers/ManuLifeImporter.swift",
        "Importers/N26Importer.swift",
        "Importers/RBCImporter.swift",
        "Importers/RogersDownloadImporter.swift",
        "Importers/RogersImporter.swift",
        "Importers/SimpliiImporter.swift",
        "Importers/TangerineAccountImporter.swift",
        "Importers/TangerineCardImporter.swift",
        "Importers/TangerineDownloadImporter.swift",
        "Importers/WealthsimpleDownloadImporter.swift",
        "Settings.swift",
        "TextImporter.swift"
      ],
      "type" : "library"
    }
  ],
  "tools_version" : "5.7"
}
{
  "workspace" : {
    "name" : "SwiftBeanCountImporter",
    "schemes" : [
      "SwiftBeanCountImporter"
    ]
  }
}
2026-09-23 10:36:24.766 xcodebuild[1886:10030] [MT] IDERunDestination: Supported platforms for the buildables in the current scheme is empty.
Running build ...
env DEVELOPER_DIR=/Applications/Xcode-27.0.0-Release.Candidate.app xcrun xcodebuild -IDEClonedSourcePackagesDirPathOverride=$PWD/.dependencies -skipMacroValidation -skipPackagePluginValidation -derivedDataPath $PWD/.derivedData build -scheme SwiftBeanCountImporter -destination generic/platform=watchOS
Command line invocation:
    /Applications/Xcode-27.0.0-Release.Candidate.app/Contents/Developer/usr/bin/xcodebuild -IDEClonedSourcePackagesDirPathOverride=/Users/admin/builder/spi-builder-workspace/.dependencies -skipMacroValidation -skipPackagePluginValidation -derivedDataPath /Users/admin/builder/spi-builder-workspace/.derivedData build -scheme SwiftBeanCountImporter -destination generic/platform=watchOS
Resolve Package Graph
Resolved source packages:
  SwiftBeanCountSheetSync: https://github.com/Nef10/SwiftBeanCountSheetSync.git @ 1.1.1
  SwiftBeanCountParserUtils: https://github.com/Nef10/SwiftBeanCountParserUtils.git @ 1.0.0
  RogersBankDownloader: https://github.com/Nef10/RogersBankDownloader.git @ 0.2.2
  KeychainAccess: https://github.com/kishikawakatsumi/KeychainAccess.git @ 4.2.2
  SwiftBeanCountTangerineMapper: https://github.com/Nef10/SwiftBeanCountTangerineMapper.git @ 0.0.4
  WealthsimpleDownloader: https://github.com/Nef10/WealthsimpleDownloader.git @ 3.1.1
  SwiftScraper: https://github.com/Nef10/SwiftScraper.git @ 0.7.0
  CSV.swift: https://github.com/yaslab/CSV.swift.git @ 2.5.2
  SwiftBeanCountImporter: /Users/admin/builder/spi-builder-workspace
  Swifter: https://github.com/httpswift/swifter.git @ 1.5.0
  SwiftBeanCountParser: https://github.com/Nef10/SwiftBeanCountParser.git @ 0.1.9
  GoogleAuthentication: https://github.com/Nef10/GoogleAuthentication.git @ 1.1.0
  FileKit: https://github.com/nvzqz/FileKit.git @ 6.1.0
  CompassCardDownloader: https://github.com/Nef10/CompassCardDownloader.git @ 0.0.2
  SwiftBeanCountRogersBankMapper: https://github.com/Nef10/SwiftBeanCountRogersBankMapper.git @ 0.0.15
  Erik: https://github.com/phimage/Erik.git @ 5.1.0
  SwiftBeanCountModel: https://github.com/Nef10/SwiftBeanCountModel.git @ 0.2.0
  OAuthSwift: https://github.com/OAuthSwift/OAuthSwift.git @ 2.2.0
  SwiftBeanCountCompassCardMapper: https://github.com/Nef10/SwiftBeanCountCompassCardMapper.git @ 0.1.2
  Kanna: https://github.com/tid-kijyun/Kanna.git @ 5.3.0
  SwiftBeanCountWealthsimpleMapper: https://github.com/Nef10/SwiftBeanCountWealthsimpleMapper.git @ 1.9.0
  TangerineDownloader: https://github.com/Nef10/TangerineDownloader.git @ 0.1.0
  BrightFutures: https://github.com/Thomvis/BrightFutures.git @ 8.2.0
ComputePackagePrebuildTargetDependencyGraph
Prepare packages
CreateBuildRequest
SendProjectDescription
CreateBuildOperation
ComputeTargetDependencyGraph
note: Building targets in dependency order
note: Target dependency graph (18 targets)
    Target 'SwiftBeanCountImporter-product' in project 'SwiftBeanCountImporter'
        ➜ Explicit dependency on target 'SwiftBeanCountImporter' in project 'SwiftBeanCountImporter'
        ➜ Explicit dependency on target 'CSV-product' in project 'CSV.swift'
        ➜ Explicit dependency on target 'RogersBankDownloader-product' in project 'RogersBankDownloader'
        ➜ Explicit dependency on target 'SwiftBeanCountModel-product' in project 'SwiftBeanCountModel'
        ➜ Explicit dependency on target 'SwiftBeanCountParserUtils-product' in project 'SwiftBeanCountParserUtils'
        ➜ Explicit dependency on target 'SwiftBeanCountRogersBankMapper-product' in project 'SwiftBeanCountRogersBankMapper'
        ➜ Explicit dependency on target 'SwiftBeanCountWealthsimpleMapper-product' in project 'SwiftBeanCountWealthsimpleMapper'
        ➜ Explicit dependency on target 'SwiftBeanCountCompassCardMapper-product' in project 'SwiftBeanCountCompassCardMapper'
        ➜ Explicit dependency on target 'Wealthsimple-product' in project 'WealthsimpleDownloader'
    Target 'SwiftBeanCountImporter' in project 'SwiftBeanCountImporter'
        ➜ Explicit dependency on target 'CSV-product' in project 'CSV.swift'
        ➜ Explicit dependency on target 'RogersBankDownloader-product' in project 'RogersBankDownloader'
        ➜ Explicit dependency on target 'SwiftBeanCountModel-product' in project 'SwiftBeanCountModel'
        ➜ Explicit dependency on target 'SwiftBeanCountParserUtils-product' in project 'SwiftBeanCountParserUtils'
        ➜ Explicit dependency on target 'SwiftBeanCountRogersBankMapper-product' in project 'SwiftBeanCountRogersBankMapper'
        ➜ Explicit dependency on target 'SwiftBeanCountWealthsimpleMapper-product' in project 'SwiftBeanCountWealthsimpleMapper'
        ➜ Explicit dependency on target 'SwiftBeanCountCompassCardMapper-product' in project 'SwiftBeanCountCompassCardMapper'
        ➜ Explicit dependency on target 'Wealthsimple-product' in project 'WealthsimpleDownloader'
    Target 'SwiftBeanCountCompassCardMapper-product' in project 'SwiftBeanCountCompassCardMapper'
        ➜ Explicit dependency on target 'SwiftBeanCountCompassCardMapper' in project 'SwiftBeanCountCompassCardMapper'
        ➜ Explicit dependency on target 'SwiftBeanCountParserUtils-product' in project 'SwiftBeanCountParserUtils'
        ➜ Explicit dependency on target 'SwiftBeanCountModel-product' in project 'SwiftBeanCountModel'
        ➜ Explicit dependency on target 'CSV-product' in project 'CSV.swift'
    Target 'SwiftBeanCountCompassCardMapper' in project 'SwiftBeanCountCompassCardMapper'
        ➜ Explicit dependency on target 'SwiftBeanCountParserUtils-product' in project 'SwiftBeanCountParserUtils'
        ➜ Explicit dependency on target 'SwiftBeanCountModel-product' in project 'SwiftBeanCountModel'
        ➜ Explicit dependency on target 'CSV-product' in project 'CSV.swift'
    Target 'SwiftBeanCountWealthsimpleMapper-product' in project 'SwiftBeanCountWealthsimpleMapper'
        ➜ Explicit dependency on target 'SwiftBeanCountWealthsimpleMapper' in project 'SwiftBeanCountWealthsimpleMapper'
        ➜ Explicit dependency on target 'SwiftBeanCountModel-product' in project 'SwiftBeanCountModel'
        ➜ Explicit dependency on target 'SwiftBeanCountParserUtils-product' in project 'SwiftBeanCountParserUtils'
        ➜ Explicit dependency on target 'Wealthsimple-product' in project 'WealthsimpleDownloader'
    Target 'SwiftBeanCountWealthsimpleMapper' in project 'SwiftBeanCountWealthsimpleMapper'
        ➜ Explicit dependency on target 'SwiftBeanCountModel-product' in project 'SwiftBeanCountModel'
        ➜ Explicit dependency on target 'SwiftBeanCountParserUtils-product' in project 'SwiftBeanCountParserUtils'
        ➜ Explicit dependency on target 'Wealthsimple-product' in project 'WealthsimpleDownloader'
    Target 'Wealthsimple-product' in project 'WealthsimpleDownloader'
        ➜ Explicit dependency on target 'Wealthsimple' in project 'WealthsimpleDownloader'
    Target 'Wealthsimple' in project 'WealthsimpleDownloader' (no dependencies)
    Target 'SwiftBeanCountRogersBankMapper-product' in project 'SwiftBeanCountRogersBankMapper'
        ➜ Explicit dependency on target 'SwiftBeanCountRogersBankMapper' in project 'SwiftBeanCountRogersBankMapper'
        ➜ Explicit dependency on target 'SwiftBeanCountModel-product' in project 'SwiftBeanCountModel'
        ➜ Explicit dependency on target 'SwiftBeanCountParserUtils-product' in project 'SwiftBeanCountParserUtils'
        ➜ Explicit dependency on target 'RogersBankDownloader-product' in project 'RogersBankDownloader'
    Target 'SwiftBeanCountRogersBankMapper' in project 'SwiftBeanCountRogersBankMapper'
        ➜ Explicit dependency on target 'SwiftBeanCountModel-product' in project 'SwiftBeanCountModel'
        ➜ Explicit dependency on target 'SwiftBeanCountParserUtils-product' in project 'SwiftBeanCountParserUtils'
        ➜ Explicit dependency on target 'RogersBankDownloader-product' in project 'RogersBankDownloader'
    Target 'SwiftBeanCountParserUtils-product' in project 'SwiftBeanCountParserUtils'
        ➜ Explicit dependency on target 'SwiftBeanCountParserUtils' in project 'SwiftBeanCountParserUtils'
    Target 'SwiftBeanCountParserUtils' in project 'SwiftBeanCountParserUtils' (no dependencies)
    Target 'SwiftBeanCountModel-product' in project 'SwiftBeanCountModel'
        ➜ Explicit dependency on target 'SwiftBeanCountModel' in project 'SwiftBeanCountModel'
    Target 'SwiftBeanCountModel' in project 'SwiftBeanCountModel' (no dependencies)
    Target 'RogersBankDownloader-product' in project 'RogersBankDownloader'
        ➜ Explicit dependency on target 'RogersBankDownloader' in project 'RogersBankDownloader'
    Target 'RogersBankDownloader' in project 'RogersBankDownloader' (no dependencies)
    Target 'CSV-product' in project 'CSV.swift'
        ➜ Explicit dependency on target 'CSV' in project 'CSV.swift'
    Target 'CSV' in project 'CSV.swift' (no dependencies)
GatherProvisioningInputs
CreateBuildDescription
ClangStatCache /Applications/Xcode-27.0.0-Release.Candidate.app/Contents/Developer/Toolchains/XcodeDefault.xctoolchain/usr/bin/clang-stat-cache /Applications/Xcode-27.0.0-Release.Candidate.app/Contents/Developer/Platforms/WatchOS.platform/Developer/SDKs/WatchOS27.0.sdk /Users/admin/builder/spi-builder-workspace/.derivedData/SDKStatCaches.noindex/watchos27.0-24R360-e829b21a6f8c9b70876ba0858053c04477534ef55a1706bf4c1112bbb242f0a2.sdkstatcache
    cd /Users/admin/builder/spi-builder-workspace/.swiftpm/xcode
    /Applications/Xcode-27.0.0-Release.Candidate.app/Contents/Developer/Toolchains/XcodeDefault.xctoolchain/usr/bin/clang-stat-cache /Applications/Xcode-27.0.0-Release.Candidate.app/Contents/Developer/Platforms/WatchOS.platform/Developer/SDKs/WatchOS27.0.sdk -o /Users/admin/builder/spi-builder-workspace/.derivedData/SDKStatCaches.noindex/watchos27.0-24R360-e829b21a6f8c9b70876ba0858053c04477534ef55a1706bf4c1112bbb242f0a2.sdkstatcache
SwiftDriver SwiftBeanCountImporter normal arm64 com.apple.xcode.tools.swift.compiler (in target 'SwiftBeanCountImporter' from project 'SwiftBeanCountImporter')
    cd /Users/admin/builder/spi-builder-workspace/.swiftpm/xcode
    builtin-SwiftDriver -- /Applications/Xcode-27.0.0-Release.Candidate.app/Contents/Developer/Toolchains/XcodeDefault.xctoolchain/usr/bin/swiftc -parse-as-library -module-name SwiftBeanCountImporter -Onone @/Users/admin/builder/spi-builder-workspace/.derivedData/Build/Intermediates.noindex/SwiftBeanCountImporter.build/Debug-watchos/SwiftBeanCountImporter-t.build/Objects-normal/arm64/SwiftBeanCountImporter.SwiftFileList -DSWIFT_PACKAGE -DDEBUG -DSWIFT_MODULE_RESOURCE_BUNDLE_UNAVAILABLE -DXcode -plugin-path /Applications/Xcode-27.0.0-Release.Candidate.app/Contents/Developer/Toolchains/XcodeDefault.xctoolchain/usr/lib/swift/host/plugins/testing -enable-experimental-feature DebugDescriptionMacro -sdk /Applications/Xcode-27.0.0-Release.Candidate.app/Contents/Developer/Platforms/WatchOS.platform/Developer/SDKs/WatchOS27.0.sdk -target arm64-apple-watchos9.0 -g -module-cache-path /Users/admin/builder/spi-builder-workspace/.derivedData/ModuleCache.noindex -Xfrontend -serialize-debugging-options -profile-coverage-mapping -profile-generate -enable-testing -index-store-path /Users/admin/builder/spi-builder-workspace/.derivedData/Index.noindex/DataStore -Xcc -D_LIBCPP_HARDENING_MODE\=_LIBCPP_HARDENING_MODE_DEBUG -swift-version 5 -I /Users/admin/builder/spi-builder-workspace/.derivedData/Build/Products/Debug-watchos -Isystem /Applications/Xcode-27.0.0-Release.Candidate.app/Contents/Developer/Platforms/WatchOS.platform/Developer/usr/lib -F /Users/admin/builder/spi-builder-workspace/.derivedData/Build/Products/Debug-watchos/PackageFrameworks -F /Users/admin/builder/spi-builder-workspace/.derivedData/Build/Products/Debug-watchos -F /Applications/Xcode-27.0.0-Release.Candidate.app/Contents/Developer/Platforms/WatchOS.platform/Developer/Library/Frameworks -F /Applications/Xcode-27.0.0-Release.Candidate.app/Contents/Developer/Platforms/WatchOS.platform/Developer/SDKs/WatchOS27.0.sdk/Developer/Library/Frameworks -c -j10 -enable-batch-mode -incremental -Xcc -ivfsstatcache -Xcc /Users/admin/builder/spi-builder-workspace/.derivedData/SDKStatCaches.noindex/watchos27.0-24R360-e829b21a6f8c9b70876ba0858053c04477534ef55a1706bf4c1112bbb242f0a2.sdkstatcache -output-file-map /Users/admin/builder/spi-builder-workspace/.derivedData/Build/Intermediates.noindex/SwiftBeanCountImporter.build/Debug-watchos/SwiftBeanCountImporter-t.build/Objects-normal/arm64/SwiftBeanCountImporter-OutputFileMap.json -save-temps -no-color-diagnostics -explicit-module-build -module-cache-path /Users/admin/builder/spi-builder-workspace/.derivedData/Build/Intermediates.noindex/SwiftExplicitPrecompiledModules -clang-scanner-module-cache-path /Users/admin/builder/spi-builder-workspace/.derivedData/ModuleCache.noindex -sdk-module-cache-path /Users/admin/builder/spi-builder-workspace/.derivedData/SDKExplicitPrecompiledModules -emit-dependencies -emit-module -emit-module-path /Users/admin/builder/spi-builder-workspace/.derivedData/Build/Intermediates.noindex/SwiftBeanCountImporter.build/Debug-watchos/SwiftBeanCountImporter-t.build/Objects-normal/arm64/SwiftBeanCountImporter.swiftmodule -serialize-diagnostics -dependency-scan-serialize-diagnostics-path /Users/admin/builder/spi-builder-workspace/.derivedData/Build/Intermediates.noindex/SwiftBeanCountImporter.build/Debug-watchos/SwiftBeanCountImporter-t.build/Objects-normal/arm64/SwiftBeanCountImporter-dependency-scan.dia -validate-clang-modules-once -clang-build-session-file /Users/admin/builder/spi-builder-workspace/.derivedData/ModuleCache.noindex/Session.modulevalidation -Xcc -fmodules-prune-interval\=86400 -Xcc -fmodules-prune-after\=345600 -emit-const-values -const-gather-protocols-list /Users/admin/builder/spi-builder-workspace/.derivedData/Build/Intermediates.noindex/SwiftBeanCountImporter.build/Debug-watchos/SwiftBeanCountImporter-t.build/Objects-normal/arm64/SwiftBeanCountImporter_const_extract_protocols.json -Xcc -I/Users/admin/builder/spi-builder-workspace/.derivedData/Build/Products/Debug-watchos/include -Xcc -I/Users/admin/builder/spi-builder-workspace/.derivedData/Build/Intermediates.noindex/SwiftBeanCountImporter.build/Debug-watchos/SwiftBeanCountImporter-t.build/DerivedSources-normal/arm64 -Xcc -I/Users/admin/builder/spi-builder-workspace/.derivedData/Build/Intermediates.noindex/SwiftBeanCountImporter.build/Debug-watchos/SwiftBeanCountImporter-t.build/DerivedSources/arm64 -Xcc -I/Users/admin/builder/spi-builder-workspace/.derivedData/Build/Intermediates.noindex/SwiftBeanCountImporter.build/Debug-watchos/SwiftBeanCountImporter-t.build/DerivedSources -Xcc -DSWIFT_PACKAGE -Xcc -DDEBUG\=1 -emit-objc-header -emit-objc-header-path /Users/admin/builder/spi-builder-workspace/.derivedData/Build/Intermediates.noindex/SwiftBeanCountImporter.build/Debug-watchos/SwiftBeanCountImporter-t.build/Objects-normal/arm64/SwiftBeanCountImporter-Swift.h -working-directory /Users/admin/builder/spi-builder-workspace/.swiftpm/xcode -experimental-emit-module-separately -disable-cmo
error: Clang dependency scanning failure:  (in target 'SwiftBeanCountImporter' from project 'SwiftBeanCountImporter')
/Users/admin/builder/spi-builder-workspace/Sources/SwiftBeanCountImporter/Importers/CompassCardDownloadImporter.swift:10:8: error: Unable to resolve module dependency: 'CompassCardDownloader' (in target 'SwiftBeanCountImporter' from project 'SwiftBeanCountImporter')
    note: A dependency of main module 'SwiftBeanCountImporter'
error: Clang dependency scanning failure:  (in target 'SwiftBeanCountImporter' from project 'SwiftBeanCountImporter')
/Users/admin/builder/spi-builder-workspace/Sources/SwiftBeanCountImporter/Importers/TangerineDownloadImporter.swift:12:8: error: Unable to resolve module dependency: 'SwiftBeanCountTangerineMapper' (in target 'SwiftBeanCountImporter' from project 'SwiftBeanCountImporter')
    note: A dependency of main module 'SwiftBeanCountImporter'
error: Clang dependency scanning failure:  (in target 'SwiftBeanCountImporter' from project 'SwiftBeanCountImporter')
/Users/admin/builder/spi-builder-workspace/Sources/SwiftBeanCountImporter/Importers/TangerineDownloadImporter.swift:13:8: error: Unable to resolve module dependency: 'TangerineDownloader' (in target 'SwiftBeanCountImporter' from project 'SwiftBeanCountImporter')
    note: A dependency of main module 'SwiftBeanCountImporter'
/Users/admin/builder/spi-builder-workspace/Sources/SwiftBeanCountImporter/Importers/CompassCardDownloadImporter.swift:10:8: note: A dependency of main module 'SwiftBeanCountImporter'
import CompassCardDownloader
       ^ (in target 'SwiftBeanCountImporter' from project 'SwiftBeanCountImporter')
/Users/admin/builder/spi-builder-workspace/Sources/SwiftBeanCountImporter/Importers/TangerineDownloadImporter.swift:12:8: note: A dependency of main module 'SwiftBeanCountImporter'
import SwiftBeanCountTangerineMapper
       ^ (in target 'SwiftBeanCountImporter' from project 'SwiftBeanCountImporter')
/Users/admin/builder/spi-builder-workspace/Sources/SwiftBeanCountImporter/Importers/TangerineDownloadImporter.swift:13:8: note: A dependency of main module 'SwiftBeanCountImporter'
import TangerineDownloader
       ^ (in target 'SwiftBeanCountImporter' from project 'SwiftBeanCountImporter')
SwiftDriver SwiftBeanCountImporter normal arm64_32 com.apple.xcode.tools.swift.compiler (in target 'SwiftBeanCountImporter' from project 'SwiftBeanCountImporter')
    cd /Users/admin/builder/spi-builder-workspace/.swiftpm/xcode
    builtin-SwiftDriver -- /Applications/Xcode-27.0.0-Release.Candidate.app/Contents/Developer/Toolchains/XcodeDefault.xctoolchain/usr/bin/swiftc -parse-as-library -module-name SwiftBeanCountImporter -Onone @/Users/admin/builder/spi-builder-workspace/.derivedData/Build/Intermediates.noindex/SwiftBeanCountImporter.build/Debug-watchos/SwiftBeanCountImporter-t.build/Objects-normal/arm64_32/SwiftBeanCountImporter.SwiftFileList -DSWIFT_PACKAGE -DDEBUG -DSWIFT_MODULE_RESOURCE_BUNDLE_UNAVAILABLE -DXcode -plugin-path /Applications/Xcode-27.0.0-Release.Candidate.app/Contents/Developer/Toolchains/XcodeDefault.xctoolchain/usr/lib/swift/host/plugins/testing -enable-experimental-feature DebugDescriptionMacro -sdk /Applications/Xcode-27.0.0-Release.Candidate.app/Contents/Developer/Platforms/WatchOS.platform/Developer/SDKs/WatchOS27.0.sdk -target arm64_32-apple-watchos9.0 -g -module-cache-path /Users/admin/builder/spi-builder-workspace/.derivedData/ModuleCache.noindex -Xfrontend -serialize-debugging-options -profile-coverage-mapping -profile-generate -enable-testing -index-store-path /Users/admin/builder/spi-builder-workspace/.derivedData/Index.noindex/DataStore -Xcc -D_LIBCPP_HARDENING_MODE\=_LIBCPP_HARDENING_MODE_DEBUG -swift-version 5 -I /Users/admin/builder/spi-builder-workspace/.derivedData/Build/Products/Debug-watchos -Isystem /Applications/Xcode-27.0.0-Release.Candidate.app/Contents/Developer/Platforms/WatchOS.platform/Developer/usr/lib -F /Users/admin/builder/spi-builder-workspace/.derivedData/Build/Products/Debug-watchos/PackageFrameworks -F /Users/admin/builder/spi-builder-workspace/.derivedData/Build/Products/Debug-watchos -F /Applications/Xcode-27.0.0-Release.Candidate.app/Contents/Developer/Platforms/WatchOS.platform/Developer/Library/Frameworks -F /Applications/Xcode-27.0.0-Release.Candidate.app/Contents/Developer/Platforms/WatchOS.platform/Developer/SDKs/WatchOS27.0.sdk/Developer/Library/Frameworks -c -j10 -enable-batch-mode -incremental -Xcc -ivfsstatcache -Xcc /Users/admin/builder/spi-builder-workspace/.derivedData/SDKStatCaches.noindex/watchos27.0-24R360-e829b21a6f8c9b70876ba0858053c04477534ef55a1706bf4c1112bbb242f0a2.sdkstatcache -output-file-map /Users/admin/builder/spi-builder-workspace/.derivedData/Build/Intermediates.noindex/SwiftBeanCountImporter.build/Debug-watchos/SwiftBeanCountImporter-t.build/Objects-normal/arm64_32/SwiftBeanCountImporter-OutputFileMap.json -save-temps -no-color-diagnostics -explicit-module-build -module-cache-path /Users/admin/builder/spi-builder-workspace/.derivedData/Build/Intermediates.noindex/SwiftExplicitPrecompiledModules -clang-scanner-module-cache-path /Users/admin/builder/spi-builder-workspace/.derivedData/ModuleCache.noindex -sdk-module-cache-path /Users/admin/builder/spi-builder-workspace/.derivedData/SDKExplicitPrecompiledModules -emit-dependencies -emit-module -emit-module-path /Users/admin/builder/spi-builder-workspace/.derivedData/Build/Intermediates.noindex/SwiftBeanCountImporter.build/Debug-watchos/SwiftBeanCountImporter-t.build/Objects-normal/arm64_32/SwiftBeanCountImporter.swiftmodule -serialize-diagnostics -dependency-scan-serialize-diagnostics-path /Users/admin/builder/spi-builder-workspace/.derivedData/Build/Intermediates.noindex/SwiftBeanCountImporter.build/Debug-watchos/SwiftBeanCountImporter-t.build/Objects-normal/arm64_32/SwiftBeanCountImporter-dependency-scan.dia -validate-clang-modules-once -clang-build-session-file /Users/admin/builder/spi-builder-workspace/.derivedData/ModuleCache.noindex/Session.modulevalidation -Xcc -fmodules-prune-interval\=86400 -Xcc -fmodules-prune-after\=345600 -emit-const-values -const-gather-protocols-list /Users/admin/builder/spi-builder-workspace/.derivedData/Build/Intermediates.noindex/SwiftBeanCountImporter.build/Debug-watchos/SwiftBeanCountImporter-t.build/Objects-normal/arm64_32/SwiftBeanCountImporter_const_extract_protocols.json -Xcc -I/Users/admin/builder/spi-builder-workspace/.derivedData/Build/Products/Debug-watchos/include -Xcc -I/Users/admin/builder/spi-builder-workspace/.derivedData/Build/Intermediates.noindex/SwiftBeanCountImporter.build/Debug-watchos/SwiftBeanCountImporter-t.build/DerivedSources-normal/arm64_32 -Xcc -I/Users/admin/builder/spi-builder-workspace/.derivedData/Build/Intermediates.noindex/SwiftBeanCountImporter.build/Debug-watchos/SwiftBeanCountImporter-t.build/DerivedSources/arm64_32 -Xcc -I/Users/admin/builder/spi-builder-workspace/.derivedData/Build/Intermediates.noindex/SwiftBeanCountImporter.build/Debug-watchos/SwiftBeanCountImporter-t.build/DerivedSources -Xcc -DSWIFT_PACKAGE -Xcc -DDEBUG\=1 -emit-objc-header -emit-objc-header-path /Users/admin/builder/spi-builder-workspace/.derivedData/Build/Intermediates.noindex/SwiftBeanCountImporter.build/Debug-watchos/SwiftBeanCountImporter-t.build/Objects-normal/arm64_32/SwiftBeanCountImporter-Swift.h -working-directory /Users/admin/builder/spi-builder-workspace/.swiftpm/xcode -experimental-emit-module-separately -disable-cmo
error: Clang dependency scanning failure:  (in target 'SwiftBeanCountImporter' from project 'SwiftBeanCountImporter')
/Users/admin/builder/spi-builder-workspace/Sources/SwiftBeanCountImporter/Importers/CompassCardDownloadImporter.swift:10:8: error: Unable to resolve module dependency: 'CompassCardDownloader' (in target 'SwiftBeanCountImporter' from project 'SwiftBeanCountImporter')
    note: A dependency of main module 'SwiftBeanCountImporter'
error: Clang dependency scanning failure:  (in target 'SwiftBeanCountImporter' from project 'SwiftBeanCountImporter')
/Users/admin/builder/spi-builder-workspace/Sources/SwiftBeanCountImporter/Importers/TangerineDownloadImporter.swift:12:8: error: Unable to resolve module dependency: 'SwiftBeanCountTangerineMapper' (in target 'SwiftBeanCountImporter' from project 'SwiftBeanCountImporter')
    note: A dependency of main module 'SwiftBeanCountImporter'
error: Clang dependency scanning failure:  (in target 'SwiftBeanCountImporter' from project 'SwiftBeanCountImporter')
/Users/admin/builder/spi-builder-workspace/Sources/SwiftBeanCountImporter/Importers/TangerineDownloadImporter.swift:13:8: error: Unable to resolve module dependency: 'TangerineDownloader' (in target 'SwiftBeanCountImporter' from project 'SwiftBeanCountImporter')
    note: A dependency of main module 'SwiftBeanCountImporter'
/Users/admin/builder/spi-builder-workspace/Sources/SwiftBeanCountImporter/Importers/CompassCardDownloadImporter.swift:10:8: note: A dependency of main module 'SwiftBeanCountImporter'
import CompassCardDownloader
       ^ (in target 'SwiftBeanCountImporter' from project 'SwiftBeanCountImporter')
/Users/admin/builder/spi-builder-workspace/Sources/SwiftBeanCountImporter/Importers/TangerineDownloadImporter.swift:12:8: note: A dependency of main module 'SwiftBeanCountImporter'
import SwiftBeanCountTangerineMapper
       ^ (in target 'SwiftBeanCountImporter' from project 'SwiftBeanCountImporter')
/Users/admin/builder/spi-builder-workspace/Sources/SwiftBeanCountImporter/Importers/TangerineDownloadImporter.swift:13:8: note: A dependency of main module 'SwiftBeanCountImporter'
import TangerineDownloader
       ^ (in target 'SwiftBeanCountImporter' from project 'SwiftBeanCountImporter')
PruneExplicitPrecompiledModules /Users/admin/builder/spi-builder-workspace/.derivedData/Build/Intermediates.noindex/ExplicitPrecompiledModules
PruneExplicitPrecompiledModules /Users/admin/builder/spi-builder-workspace/.derivedData/Build/Intermediates.noindex/SwiftExplicitPrecompiledModules
PruneExplicitPrecompiledModules /Users/admin/builder/spi-builder-workspace/.derivedData/SDKExplicitPrecompiledModules
2026-09-23 10:36:25.919 xcodebuild[1887:10059] [MT] IDERunDestination: Supported platforms for the buildables in the current scheme is empty.
** BUILD FAILED **
The following build commands failed:
	SwiftDriver SwiftBeanCountImporter normal arm64 com.apple.xcode.tools.swift.compiler (in target 'SwiftBeanCountImporter' from project 'SwiftBeanCountImporter')
	SwiftDriver SwiftBeanCountImporter normal arm64_32 com.apple.xcode.tools.swift.compiler (in target 'SwiftBeanCountImporter' from project 'SwiftBeanCountImporter')
	Building workspace SwiftBeanCountImporter with scheme SwiftBeanCountImporter
(3 failures)
BUILD FAILURE 6.4 watchOS