The Swift Package Index logo.Swift Package Index

Build Information

Failed to build JacquardSDK, reference v1.0.0 (7db0fe), with Swift 6.4 for tvOS using Xcode 27.0 on 19 Sep 2026 02:30:19 UTC.

Build Command

No build command. This typically means the build failed at an early stage where we determine the build command.

Build Log

========================================
RunAll
========================================
Builder version: 5.1.0
Interrupt handler set up.
========================================
Checkout
========================================
Clone URL: https://github.com/google/JacquardSDKiOS.git
Reference: v1.0.0
Initialized empty Git repository in /Users/admin/builder/spi-builder-workspace/.git/
From https://github.com/google/JacquardSDKiOS
 * tag               v1.0.0     -> FETCH_HEAD
HEAD is now at 7db0fe2 Jacquard sdk v1.0.0 - Canvas release
Cloned https://github.com/google/JacquardSDKiOS.git
Revision (git rev-parse @):
7db0fe2541c641d050584a6167b9ca977332d94e
SUCCESS checkout https://github.com/google/JacquardSDKiOS.git at v1.0.0
========================================
Build
========================================
Selected platform:         tvOS
Swift version:             6.4
Building package at path:  $PWD
https://github.com/google/JacquardSDKiOS.git
Command line invocation:
    /Applications/Xcode-27.0.0-Release.Candidate.app/Contents/Developer/usr/bin/xcodebuild -IDEClonedSourcePackagesDirPathOverride=/Users/admin/builder/spi-builder-workspace/.dependencies -resolvePackageDependencies
2026-09-18 22:30:17.873 xcodebuild[525:3002] Writing error result bundle to /var/folders/xq/y_g06wb113726d38xsyx71_h0000gn/T/ResultBundle_2026-18-09_22-30-0017.xcresult
xcodebuild: error: '_Pods.xcodeproj' does not exist.
Command line invocation:
    /Applications/Xcode-27.0.0-Release.Candidate.app/Contents/Developer/usr/bin/xcodebuild -IDEClonedSourcePackagesDirPathOverride=/Users/admin/builder/spi-builder-workspace/.dependencies -resolvePackageDependencies
2026-09-18 22:30:18.892 xcodebuild[535:3103] Writing error result bundle to /var/folders/xq/y_g06wb113726d38xsyx71_h0000gn/T/ResultBundle_2026-18-09_22-30-0018.xcresult
xcodebuild: error: '_Pods.xcodeproj' does not exist.
BUILD FAILURE 6.4 tvOS