Build Information
Failed to build PrivateFoundationModels, reference main (29e093), with Swift 6.2 for watchOS using Xcode 26.3 on 28 Jun 2026 21:37:14 UTC.
Build Command
env DEVELOPER_DIR=/Applications/Xcode-26.3.0.app xcrun xcodebuild -IDEClonedSourcePackagesDirPathOverride=$PWD/.dependencies -skipMacroValidation -skipPackagePluginValidation -derivedDataPath $PWD/.derivedData build -scheme PrivateFoundationModels-Package -destination generic/platform=watchOSBuild Log
cd /Users/admin/builder/spi-builder-workspace/.swiftpm/xcode
Using response file: /Users/admin/builder/spi-builder-workspace/.derivedData/Build/Intermediates.noindex/mlx-swift.build/Debug-watchos/Cmlx.build/Objects-normal/arm64_32/82b82416624d2658e5098eb0a28c15c5-common-args.resp
/Applications/Xcode-26.3.0.app/Contents/Developer/Toolchains/XcodeDefault.xctoolchain/usr/bin/clang -x c++ -ivfsstatcache /Users/admin/builder/spi-builder-workspace/.derivedData/SDKStatCaches.noindex/watchos26.2-23S303-dc75598d0054f22ec865fa860f139d721753b489057de6bda919edfa1c59a62b.sdkstatcache -fmessage-length\=0 -fdiagnostics-show-note-include-stack -fmacro-backtrace-limit\=0 -fno-color-diagnostics -fmodules-prune-interval\=86400 -fmodules-prune-after\=345600 -fbuild-session-file\=/Users/admin/builder/spi-builder-workspace/.derivedData/ModuleCache.noindex/Session.modulevalidation -fmodules-validate-once-per-build-session -Wnon-modular-include-in-framework-module -Werror\=non-modular-include-in-framework-module -Wno-trigraphs -Wno-missing-field-initializers -Wno-missing-prototypes -Wno-return-type -Wno-non-virtual-dtor -Wno-overloaded-virtual -Wno-exit-time-destructors -Wno-missing-braces -Wparentheses -Wswitch -Wno-unused-function -Wno-unused-label -Wno-unused-parameter -Wno-unused-variable -Wunused-value -Wno-empty-body -Wno-uninitialized -Wno-unknown-pragmas -w -Wno-shadow -Wno-four-char-constants -Wno-conversion -Wno-constant-conversion -Wno-int-conversion -Wno-bool-conversion -Wno-enum-conversion -Wno-float-conversion -Wno-non-literal-null-conversion -Wno-objc-literal-conversion -Wno-shorten-64-to-32 -Wno-newline-eof -Wno-c++11-extensions -Wno-implicit-fallthrough -fstrict-aliasing -Wdeprecated-declarations -Winvalid-offsetof -Wno-sign-conversion -Wno-infinite-recursion -Wno-move -Wno-comma -Wno-block-capture-autoreleasing -Wno-strict-prototypes -Wno-range-loop-analysis -Wno-semicolon-before-method-body -index-store-path /Users/admin/builder/spi-builder-workspace/.derivedData/Index.noindex/DataStore @/Users/admin/builder/spi-builder-workspace/.derivedData/Build/Intermediates.noindex/mlx-swift.build/Debug-watchos/Cmlx.build/Objects-normal/arm64_32/82b82416624d2658e5098eb0a28c15c5-common-args.resp -MMD -MT dependencies -MF /Users/admin/builder/spi-builder-workspace/.derivedData/Build/Intermediates.noindex/mlx-swift.build/Debug-watchos/Cmlx.build/Objects-normal/arm64_32/utils-4a743ba1f6b5715879c21c204e9807ed.d --serialize-diagnostics /Users/admin/builder/spi-builder-workspace/.derivedData/Build/Intermediates.noindex/mlx-swift.build/Debug-watchos/Cmlx.build/Objects-normal/arm64_32/utils-4a743ba1f6b5715879c21c204e9807ed.dia -c /Users/admin/builder/spi-builder-workspace/.dependencies/checkouts/mlx-swift/Source/Cmlx/mlx/mlx/utils.cpp -o /Users/admin/builder/spi-builder-workspace/.derivedData/Build/Intermediates.noindex/mlx-swift.build/Debug-watchos/Cmlx.build/Objects-normal/arm64_32/utils-4a743ba1f6b5715879c21c204e9807ed.o -index-unit-output-path /mlx-swift.build/Debug-watchos/Cmlx.build/Objects-normal/arm64_32/utils-4a743ba1f6b5715879c21c204e9807ed.o
CompileC /Users/admin/builder/spi-builder-workspace/.derivedData/Build/Intermediates.noindex/mlx-swift.build/Debug-watchos/Cmlx.build/Objects-normal/arm64_32/utils-3cb0c889f8442e68e808bc25ff0e56ed.o /Users/admin/builder/spi-builder-workspace/.dependencies/checkouts/mlx-swift/Source/Cmlx/mlx/mlx/backend/common/utils.cpp normal arm64_32 c++ com.apple.compilers.llvm.clang.1_0.compiler (in target 'Cmlx' from project 'mlx-swift')
cd /Users/admin/builder/spi-builder-workspace/.swiftpm/xcode
Using response file: /Users/admin/builder/spi-builder-workspace/.derivedData/Build/Intermediates.noindex/mlx-swift.build/Debug-watchos/Cmlx.build/Objects-normal/arm64_32/82b82416624d2658e5098eb0a28c15c5-common-args.resp
/Applications/Xcode-26.3.0.app/Contents/Developer/Toolchains/XcodeDefault.xctoolchain/usr/bin/clang -x c++ -ivfsstatcache /Users/admin/builder/spi-builder-workspace/.derivedData/SDKStatCaches.noindex/watchos26.2-23S303-dc75598d0054f22ec865fa860f139d721753b489057de6bda919edfa1c59a62b.sdkstatcache -fmessage-length\=0 -fdiagnostics-show-note-include-stack -fmacro-backtrace-limit\=0 -fno-color-diagnostics -fmodules-prune-interval\=86400 -fmodules-prune-after\=345600 -fbuild-session-file\=/Users/admin/builder/spi-builder-workspace/.derivedData/ModuleCache.noindex/Session.modulevalidation -fmodules-validate-once-per-build-session -Wnon-modular-include-in-framework-module -Werror\=non-modular-include-in-framework-module -Wno-trigraphs -Wno-missing-field-initializers -Wno-missing-prototypes -Wno-return-type -Wno-non-virtual-dtor -Wno-overloaded-virtual -Wno-exit-time-destructors -Wno-missing-braces -Wparentheses -Wswitch -Wno-unused-function -Wno-unused-label -Wno-unused-parameter -Wno-unused-variable -Wunused-value -Wno-empty-body -Wno-uninitialized -Wno-unknown-pragmas -w -Wno-shadow -Wno-four-char-constants -Wno-conversion -Wno-constant-conversion -Wno-int-conversion -Wno-bool-conversion -Wno-enum-conversion -Wno-float-conversion -Wno-non-literal-null-conversion -Wno-objc-literal-conversion -Wno-shorten-64-to-32 -Wno-newline-eof -Wno-c++11-extensions -Wno-implicit-fallthrough -fstrict-aliasing -Wdeprecated-declarations -Winvalid-offsetof -Wno-sign-conversion -Wno-infinite-recursion -Wno-move -Wno-comma -Wno-block-capture-autoreleasing -Wno-strict-prototypes -Wno-range-loop-analysis -Wno-semicolon-before-method-body -index-store-path /Users/admin/builder/spi-builder-workspace/.derivedData/Index.noindex/DataStore @/Users/admin/builder/spi-builder-workspace/.derivedData/Build/Intermediates.noindex/mlx-swift.build/Debug-watchos/Cmlx.build/Objects-normal/arm64_32/82b82416624d2658e5098eb0a28c15c5-common-args.resp -MMD -MT dependencies -MF /Users/admin/builder/spi-builder-workspace/.derivedData/Build/Intermediates.noindex/mlx-swift.build/Debug-watchos/Cmlx.build/Objects-normal/arm64_32/utils-3cb0c889f8442e68e808bc25ff0e56ed.d --serialize-diagnostics /Users/admin/builder/spi-builder-workspace/.derivedData/Build/Intermediates.noindex/mlx-swift.build/Debug-watchos/Cmlx.build/Objects-normal/arm64_32/utils-3cb0c889f8442e68e808bc25ff0e56ed.dia -c /Users/admin/builder/spi-builder-workspace/.dependencies/checkouts/mlx-swift/Source/Cmlx/mlx/mlx/backend/common/utils.cpp -o /Users/admin/builder/spi-builder-workspace/.derivedData/Build/Intermediates.noindex/mlx-swift.build/Debug-watchos/Cmlx.build/Objects-normal/arm64_32/utils-3cb0c889f8442e68e808bc25ff0e56ed.o -index-unit-output-path /mlx-swift.build/Debug-watchos/Cmlx.build/Objects-normal/arm64_32/utils-3cb0c889f8442e68e808bc25ff0e56ed.o
CompileC /Users/admin/builder/spi-builder-workspace/.derivedData/Build/Intermediates.noindex/mlx-swift.build/Debug-watchos/Cmlx.build/Objects-normal/arm64_32/utils-1d7185a8c8ca7990d65aa885c1ad6a55.o /Users/admin/builder/spi-builder-workspace/.dependencies/checkouts/mlx-swift/Source/Cmlx/mlx/mlx/distributed/utils.cpp normal arm64_32 c++ com.apple.compilers.llvm.clang.1_0.compiler (in target 'Cmlx' from project 'mlx-swift')
cd /Users/admin/builder/spi-builder-workspace/.swiftpm/xcode
Using response file: /Users/admin/builder/spi-builder-workspace/.derivedData/Build/Intermediates.noindex/mlx-swift.build/Debug-watchos/Cmlx.build/Objects-normal/arm64_32/82b82416624d2658e5098eb0a28c15c5-common-args.resp
/Applications/Xcode-26.3.0.app/Contents/Developer/Toolchains/XcodeDefault.xctoolchain/usr/bin/clang -x c++ -ivfsstatcache /Users/admin/builder/spi-builder-workspace/.derivedData/SDKStatCaches.noindex/watchos26.2-23S303-dc75598d0054f22ec865fa860f139d721753b489057de6bda919edfa1c59a62b.sdkstatcache -fmessage-length\=0 -fdiagnostics-show-note-include-stack -fmacro-backtrace-limit\=0 -fno-color-diagnostics -fmodules-prune-interval\=86400 -fmodules-prune-after\=345600 -fbuild-session-file\=/Users/admin/builder/spi-builder-workspace/.derivedData/ModuleCache.noindex/Session.modulevalidation -fmodules-validate-once-per-build-session -Wnon-modular-include-in-framework-module -Werror\=non-modular-include-in-framework-module -Wno-trigraphs -Wno-missing-field-initializers -Wno-missing-prototypes -Wno-return-type -Wno-non-virtual-dtor -Wno-overloaded-virtual -Wno-exit-time-destructors -Wno-missing-braces -Wparentheses -Wswitch -Wno-unused-function -Wno-unused-label -Wno-unused-parameter -Wno-unused-variable -Wunused-value -Wno-empty-body -Wno-uninitialized -Wno-unknown-pragmas -w -Wno-shadow -Wno-four-char-constants -Wno-conversion -Wno-constant-conversion -Wno-int-conversion -Wno-bool-conversion -Wno-enum-conversion -Wno-float-conversion -Wno-non-literal-null-conversion -Wno-objc-literal-conversion -Wno-shorten-64-to-32 -Wno-newline-eof -Wno-c++11-extensions -Wno-implicit-fallthrough -fstrict-aliasing -Wdeprecated-declarations -Winvalid-offsetof -Wno-sign-conversion -Wno-infinite-recursion -Wno-move -Wno-comma -Wno-block-capture-autoreleasing -Wno-strict-prototypes -Wno-range-loop-analysis -Wno-semicolon-before-method-body -index-store-path /Users/admin/builder/spi-builder-workspace/.derivedData/Index.noindex/DataStore @/Users/admin/builder/spi-builder-workspace/.derivedData/Build/Intermediates.noindex/mlx-swift.build/Debug-watchos/Cmlx.build/Objects-normal/arm64_32/82b82416624d2658e5098eb0a28c15c5-common-args.resp -MMD -MT dependencies -MF /Users/admin/builder/spi-builder-workspace/.derivedData/Build/Intermediates.noindex/mlx-swift.build/Debug-watchos/Cmlx.build/Objects-normal/arm64_32/utils-1d7185a8c8ca7990d65aa885c1ad6a55.d --serialize-diagnostics /Users/admin/builder/spi-builder-workspace/.derivedData/Build/Intermediates.noindex/mlx-swift.build/Debug-watchos/Cmlx.build/Objects-normal/arm64_32/utils-1d7185a8c8ca7990d65aa885c1ad6a55.dia -c /Users/admin/builder/spi-builder-workspace/.dependencies/checkouts/mlx-swift/Source/Cmlx/mlx/mlx/distributed/utils.cpp -o /Users/admin/builder/spi-builder-workspace/.derivedData/Build/Intermediates.noindex/mlx-swift.build/Debug-watchos/Cmlx.build/Objects-normal/arm64_32/utils-1d7185a8c8ca7990d65aa885c1ad6a55.o -index-unit-output-path /mlx-swift.build/Debug-watchos/Cmlx.build/Objects-normal/arm64_32/utils-1d7185a8c8ca7990d65aa885c1ad6a55.o
CompileC /Users/admin/builder/spi-builder-workspace/.derivedData/Build/Intermediates.noindex/mlx-swift.build/Debug-watchos/Cmlx.build/Objects-normal/arm64_32/unary_ops.o /Users/admin/builder/spi-builder-workspace/.dependencies/checkouts/mlx-swift/Source/Cmlx/mlx-generated/unary_ops.cpp normal arm64_32 c++ com.apple.compilers.llvm.clang.1_0.compiler (in target 'Cmlx' from project 'mlx-swift')
cd /Users/admin/builder/spi-builder-workspace/.swiftpm/xcode
Using response file: /Users/admin/builder/spi-builder-workspace/.derivedData/Build/Intermediates.noindex/mlx-swift.build/Debug-watchos/Cmlx.build/Objects-normal/arm64_32/82b82416624d2658e5098eb0a28c15c5-common-args.resp
/Applications/Xcode-26.3.0.app/Contents/Developer/Toolchains/XcodeDefault.xctoolchain/usr/bin/clang -x c++ -ivfsstatcache /Users/admin/builder/spi-builder-workspace/.derivedData/SDKStatCaches.noindex/watchos26.2-23S303-dc75598d0054f22ec865fa860f139d721753b489057de6bda919edfa1c59a62b.sdkstatcache -fmessage-length\=0 -fdiagnostics-show-note-include-stack -fmacro-backtrace-limit\=0 -fno-color-diagnostics -fmodules-prune-interval\=86400 -fmodules-prune-after\=345600 -fbuild-session-file\=/Users/admin/builder/spi-builder-workspace/.derivedData/ModuleCache.noindex/Session.modulevalidation -fmodules-validate-once-per-build-session -Wnon-modular-include-in-framework-module -Werror\=non-modular-include-in-framework-module -Wno-trigraphs -Wno-missing-field-initializers -Wno-missing-prototypes -Wno-return-type -Wno-non-virtual-dtor -Wno-overloaded-virtual -Wno-exit-time-destructors -Wno-missing-braces -Wparentheses -Wswitch -Wno-unused-function -Wno-unused-label -Wno-unused-parameter -Wno-unused-variable -Wunused-value -Wno-empty-body -Wno-uninitialized -Wno-unknown-pragmas -w -Wno-shadow -Wno-four-char-constants -Wno-conversion -Wno-constant-conversion -Wno-int-conversion -Wno-bool-conversion -Wno-enum-conversion -Wno-float-conversion -Wno-non-literal-null-conversion -Wno-objc-literal-conversion -Wno-shorten-64-to-32 -Wno-newline-eof -Wno-c++11-extensions -Wno-implicit-fallthrough -fstrict-aliasing -Wdeprecated-declarations -Winvalid-offsetof -Wno-sign-conversion -Wno-infinite-recursion -Wno-move -Wno-comma -Wno-block-capture-autoreleasing -Wno-strict-prototypes -Wno-range-loop-analysis -Wno-semicolon-before-method-body -index-store-path /Users/admin/builder/spi-builder-workspace/.derivedData/Index.noindex/DataStore @/Users/admin/builder/spi-builder-workspace/.derivedData/Build/Intermediates.noindex/mlx-swift.build/Debug-watchos/Cmlx.build/Objects-normal/arm64_32/82b82416624d2658e5098eb0a28c15c5-common-args.resp -MMD -MT dependencies -MF /Users/admin/builder/spi-builder-workspace/.derivedData/Build/Intermediates.noindex/mlx-swift.build/Debug-watchos/Cmlx.build/Objects-normal/arm64_32/unary_ops.d --serialize-diagnostics /Users/admin/builder/spi-builder-workspace/.derivedData/Build/Intermediates.noindex/mlx-swift.build/Debug-watchos/Cmlx.build/Objects-normal/arm64_32/unary_ops.dia -c /Users/admin/builder/spi-builder-workspace/.dependencies/checkouts/mlx-swift/Source/Cmlx/mlx-generated/unary_ops.cpp -o /Users/admin/builder/spi-builder-workspace/.derivedData/Build/Intermediates.noindex/mlx-swift.build/Debug-watchos/Cmlx.build/Objects-normal/arm64_32/unary_ops.o -index-unit-output-path /mlx-swift.build/Debug-watchos/Cmlx.build/Objects-normal/arm64_32/unary_ops.o
CompileC /Users/admin/builder/spi-builder-workspace/.derivedData/Build/Intermediates.noindex/mlx-swift.build/Debug-watchos/Cmlx.build/Objects-normal/arm64_32/unary-cc4050d370f4f7e76a793bfe3ac0f69a.o /Users/admin/builder/spi-builder-workspace/.dependencies/checkouts/mlx-swift/Source/Cmlx/mlx/mlx/backend/cpu/unary.cpp normal arm64_32 c++ com.apple.compilers.llvm.clang.1_0.compiler (in target 'Cmlx' from project 'mlx-swift')
cd /Users/admin/builder/spi-builder-workspace/.swiftpm/xcode
Using response file: /Users/admin/builder/spi-builder-workspace/.derivedData/Build/Intermediates.noindex/mlx-swift.build/Debug-watchos/Cmlx.build/Objects-normal/arm64_32/82b82416624d2658e5098eb0a28c15c5-common-args.resp
/Applications/Xcode-26.3.0.app/Contents/Developer/Toolchains/XcodeDefault.xctoolchain/usr/bin/clang -x c++ -ivfsstatcache /Users/admin/builder/spi-builder-workspace/.derivedData/SDKStatCaches.noindex/watchos26.2-23S303-dc75598d0054f22ec865fa860f139d721753b489057de6bda919edfa1c59a62b.sdkstatcache -fmessage-length\=0 -fdiagnostics-show-note-include-stack -fmacro-backtrace-limit\=0 -fno-color-diagnostics -fmodules-prune-interval\=86400 -fmodules-prune-after\=345600 -fbuild-session-file\=/Users/admin/builder/spi-builder-workspace/.derivedData/ModuleCache.noindex/Session.modulevalidation -fmodules-validate-once-per-build-session -Wnon-modular-include-in-framework-module -Werror\=non-modular-include-in-framework-module -Wno-trigraphs -Wno-missing-field-initializers -Wno-missing-prototypes -Wno-return-type -Wno-non-virtual-dtor -Wno-overloaded-virtual -Wno-exit-time-destructors -Wno-missing-braces -Wparentheses -Wswitch -Wno-unused-function -Wno-unused-label -Wno-unused-parameter -Wno-unused-variable -Wunused-value -Wno-empty-body -Wno-uninitialized -Wno-unknown-pragmas -w -Wno-shadow -Wno-four-char-constants -Wno-conversion -Wno-constant-conversion -Wno-int-conversion -Wno-bool-conversion -Wno-enum-conversion -Wno-float-conversion -Wno-non-literal-null-conversion -Wno-objc-literal-conversion -Wno-shorten-64-to-32 -Wno-newline-eof -Wno-c++11-extensions -Wno-implicit-fallthrough -fstrict-aliasing -Wdeprecated-declarations -Winvalid-offsetof -Wno-sign-conversion -Wno-infinite-recursion -Wno-move -Wno-comma -Wno-block-capture-autoreleasing -Wno-strict-prototypes -Wno-range-loop-analysis -Wno-semicolon-before-method-body -index-store-path /Users/admin/builder/spi-builder-workspace/.derivedData/Index.noindex/DataStore @/Users/admin/builder/spi-builder-workspace/.derivedData/Build/Intermediates.noindex/mlx-swift.build/Debug-watchos/Cmlx.build/Objects-normal/arm64_32/82b82416624d2658e5098eb0a28c15c5-common-args.resp -MMD -MT dependencies -MF /Users/admin/builder/spi-builder-workspace/.derivedData/Build/Intermediates.noindex/mlx-swift.build/Debug-watchos/Cmlx.build/Objects-normal/arm64_32/unary-cc4050d370f4f7e76a793bfe3ac0f69a.d --serialize-diagnostics /Users/admin/builder/spi-builder-workspace/.derivedData/Build/Intermediates.noindex/mlx-swift.build/Debug-watchos/Cmlx.build/Objects-normal/arm64_32/unary-cc4050d370f4f7e76a793bfe3ac0f69a.dia -c /Users/admin/builder/spi-builder-workspace/.dependencies/checkouts/mlx-swift/Source/Cmlx/mlx/mlx/backend/cpu/unary.cpp -o /Users/admin/builder/spi-builder-workspace/.derivedData/Build/Intermediates.noindex/mlx-swift.build/Debug-watchos/Cmlx.build/Objects-normal/arm64_32/unary-cc4050d370f4f7e76a793bfe3ac0f69a.o -index-unit-output-path /mlx-swift.build/Debug-watchos/Cmlx.build/Objects-normal/arm64_32/unary-cc4050d370f4f7e76a793bfe3ac0f69a.o
CompileC /Users/admin/builder/spi-builder-workspace/.derivedData/Build/Intermediates.noindex/mlx-swift.build/Debug-watchos/Cmlx.build/Objects-normal/arm64_32/unary-6e1d4578540dbb1c15df5fc47f7a18d7.o /Users/admin/builder/spi-builder-workspace/.dependencies/checkouts/mlx-swift/Source/Cmlx/mlx/mlx/backend/metal/unary.cpp normal arm64_32 c++ com.apple.compilers.llvm.clang.1_0.compiler (in target 'Cmlx' from project 'mlx-swift')
cd /Users/admin/builder/spi-builder-workspace/.swiftpm/xcode
Using response file: /Users/admin/builder/spi-builder-workspace/.derivedData/Build/Intermediates.noindex/mlx-swift.build/Debug-watchos/Cmlx.build/Objects-normal/arm64_32/82b82416624d2658e5098eb0a28c15c5-common-args.resp
/Applications/Xcode-26.3.0.app/Contents/Developer/Toolchains/XcodeDefault.xctoolchain/usr/bin/clang -x c++ -ivfsstatcache /Users/admin/builder/spi-builder-workspace/.derivedData/SDKStatCaches.noindex/watchos26.2-23S303-dc75598d0054f22ec865fa860f139d721753b489057de6bda919edfa1c59a62b.sdkstatcache -fmessage-length\=0 -fdiagnostics-show-note-include-stack -fmacro-backtrace-limit\=0 -fno-color-diagnostics -fmodules-prune-interval\=86400 -fmodules-prune-after\=345600 -fbuild-session-file\=/Users/admin/builder/spi-builder-workspace/.derivedData/ModuleCache.noindex/Session.modulevalidation -fmodules-validate-once-per-build-session -Wnon-modular-include-in-framework-module -Werror\=non-modular-include-in-framework-module -Wno-trigraphs -Wno-missing-field-initializers -Wno-missing-prototypes -Wno-return-type -Wno-non-virtual-dtor -Wno-overloaded-virtual -Wno-exit-time-destructors -Wno-missing-braces -Wparentheses -Wswitch -Wno-unused-function -Wno-unused-label -Wno-unused-parameter -Wno-unused-variable -Wunused-value -Wno-empty-body -Wno-uninitialized -Wno-unknown-pragmas -w -Wno-shadow -Wno-four-char-constants -Wno-conversion -Wno-constant-conversion -Wno-int-conversion -Wno-bool-conversion -Wno-enum-conversion -Wno-float-conversion -Wno-non-literal-null-conversion -Wno-objc-literal-conversion -Wno-shorten-64-to-32 -Wno-newline-eof -Wno-c++11-extensions -Wno-implicit-fallthrough -fstrict-aliasing -Wdeprecated-declarations -Winvalid-offsetof -Wno-sign-conversion -Wno-infinite-recursion -Wno-move -Wno-comma -Wno-block-capture-autoreleasing -Wno-strict-prototypes -Wno-range-loop-analysis -Wno-semicolon-before-method-body -index-store-path /Users/admin/builder/spi-builder-workspace/.derivedData/Index.noindex/DataStore @/Users/admin/builder/spi-builder-workspace/.derivedData/Build/Intermediates.noindex/mlx-swift.build/Debug-watchos/Cmlx.build/Objects-normal/arm64_32/82b82416624d2658e5098eb0a28c15c5-common-args.resp -MMD -MT dependencies -MF /Users/admin/builder/spi-builder-workspace/.derivedData/Build/Intermediates.noindex/mlx-swift.build/Debug-watchos/Cmlx.build/Objects-normal/arm64_32/unary-6e1d4578540dbb1c15df5fc47f7a18d7.d --serialize-diagnostics /Users/admin/builder/spi-builder-workspace/.derivedData/Build/Intermediates.noindex/mlx-swift.build/Debug-watchos/Cmlx.build/Objects-normal/arm64_32/unary-6e1d4578540dbb1c15df5fc47f7a18d7.dia -c /Users/admin/builder/spi-builder-workspace/.dependencies/checkouts/mlx-swift/Source/Cmlx/mlx/mlx/backend/metal/unary.cpp -o /Users/admin/builder/spi-builder-workspace/.derivedData/Build/Intermediates.noindex/mlx-swift.build/Debug-watchos/Cmlx.build/Objects-normal/arm64_32/unary-6e1d4578540dbb1c15df5fc47f7a18d7.o -index-unit-output-path /mlx-swift.build/Debug-watchos/Cmlx.build/Objects-normal/arm64_32/unary-6e1d4578540dbb1c15df5fc47f7a18d7.o
In file included from /Users/admin/builder/spi-builder-workspace/.dependencies/checkouts/mlx-swift/Source/Cmlx/mlx/mlx/backend/metal/unary.cpp:4:
In file included from /Users/admin/builder/spi-builder-workspace/.dependencies/checkouts/mlx-swift/Source/Cmlx/mlx/mlx/backend/metal/device.h:5:
In file included from /Users/admin/builder/spi-builder-workspace/.dependencies/checkouts/mlx-swift/Source/Cmlx/metal-cpp/Metal/Metal.hpp:25:
In file included from /Users/admin/builder/spi-builder-workspace/.dependencies/checkouts/mlx-swift/Source/Cmlx/metal-cpp/Metal/MTLAccelerationStructure.hpp:24:
In file included from /Users/admin/builder/spi-builder-workspace/.dependencies/checkouts/mlx-swift/Source/Cmlx/metal-cpp/Metal/MTLAccelerationStructureTypes.hpp:28:
In file included from /Users/admin/builder/spi-builder-workspace/.dependencies/checkouts/mlx-swift/Source/Cmlx/metal-cpp/Metal/MTLStageInputOutputDescriptor.hpp:24:
In file included from /Users/admin/builder/spi-builder-workspace/.dependencies/checkouts/mlx-swift/Source/Cmlx/metal-cpp/Metal/MTLArgument.hpp:29:
/Users/admin/builder/spi-builder-workspace/.dependencies/checkouts/mlx-swift/Source/Cmlx/metal-cpp/Metal/MTLTexture.hpp:30:10: fatal error: 'IOSurface/IOSurfaceRef.h' file not found
30 | #include <IOSurface/IOSurfaceRef.h>
| ^~~~~~~~~~~~~~~~~~~~~~~~~~
SwiftExplicitDependencyGeneratePcm arm64 /Users/admin/builder/spi-builder-workspace/.derivedData/ModuleCache.noindex/ObjectiveC-2PU9OT47G6RBOHSXQR2STMWWR.pcm
SwiftExplicitDependencyGeneratePcm armv7k /Users/admin/builder/spi-builder-workspace/.derivedData/ModuleCache.noindex/ObjectiveC-ACM927XFRCK5MLNYU4TDJPUI9.pcm
SwiftExplicitDependencyGeneratePcm arm64_32 /Users/admin/builder/spi-builder-workspace/.derivedData/ModuleCache.noindex/ObjectiveC-AVYBQYXS0QCLOEQGWXNFUFJ0V.pcm
SwiftExplicitDependencyGeneratePcm arm64_32 /Users/admin/builder/spi-builder-workspace/.derivedData/ModuleCache.noindex/ptrauth-625I4K1NIQYS1FZEGD4TBZD97.pcm
SwiftExplicitDependencyGeneratePcm arm64 /Users/admin/builder/spi-builder-workspace/.derivedData/ModuleCache.noindex/ptrauth-23V973HP08H1G8HHZ6OAJWG6Z.pcm
SwiftExplicitDependencyGeneratePcm arm64_32 /Users/admin/builder/spi-builder-workspace/.derivedData/ModuleCache.noindex/os_object-8N6RR4J5VVS62U9VXHR1297AW.pcm
SwiftExplicitDependencyGeneratePcm arm64 /Users/admin/builder/spi-builder-workspace/.derivedData/ModuleCache.noindex/os_object-CIUJ5N1V1HWSGEK024IV96R1M.pcm
SwiftExplicitDependencyGeneratePcm armv7k /Users/admin/builder/spi-builder-workspace/.derivedData/ModuleCache.noindex/ptrauth-7MU8I6LYCX6DS0BM6VQWB61QK.pcm
SwiftExplicitDependencyGeneratePcm arm64_32 /Users/admin/builder/spi-builder-workspace/.derivedData/ModuleCache.noindex/os_workgroup-EGGSTWNSSUGG124AQRBUF2J85.pcm
SwiftExplicitDependencyGeneratePcm arm64 /Users/admin/builder/spi-builder-workspace/.derivedData/ModuleCache.noindex/os_workgroup-5S02ISLSMHO6BA5HLY5UNJ6A3.pcm
SwiftExplicitDependencyGeneratePcm armv7k /Users/admin/builder/spi-builder-workspace/.derivedData/ModuleCache.noindex/os_object-CTAU3YFP52X3B3RQNJKXAB0S2.pcm
SwiftExplicitDependencyGeneratePcm arm64_32 /Users/admin/builder/spi-builder-workspace/.derivedData/ModuleCache.noindex/Dispatch-DV1SP0JEXVJ6MTIWZ3XCJTXSW.pcm
SwiftExplicitDependencyGeneratePcm arm64 /Users/admin/builder/spi-builder-workspace/.derivedData/ModuleCache.noindex/Dispatch-4KQN7RRX0L9C07MGTWHYRJGYM.pcm
SwiftExplicitDependencyGeneratePcm armv7k /Users/admin/builder/spi-builder-workspace/.derivedData/ModuleCache.noindex/os_workgroup-5XIFNOMVKG500RY054IJSXA0A.pcm
SwiftExplicitDependencyGeneratePcm arm64_32 /Users/admin/builder/spi-builder-workspace/.derivedData/ModuleCache.noindex/CoreFoundation-EN8GNA4ERP0UOK1XPZ1YRZKGF.pcm
SwiftExplicitDependencyGeneratePcm arm64 /Users/admin/builder/spi-builder-workspace/.derivedData/ModuleCache.noindex/CoreFoundation-C0JIKJUNM7J0IFUIZ8S5RWP5A.pcm
SwiftExplicitDependencyGeneratePcm armv7k /Users/admin/builder/spi-builder-workspace/.derivedData/ModuleCache.noindex/Dispatch-CDWEQAFJBASNR6ZVDOK5OXT4V.pcm
SwiftExplicitDependencyGeneratePcm arm64_32 /Users/admin/builder/spi-builder-workspace/.derivedData/ModuleCache.noindex/Security-8KJEGVX0ECINJU374GLCNITFA.pcm
SwiftExplicitDependencyGeneratePcm arm64 /Users/admin/builder/spi-builder-workspace/.derivedData/ModuleCache.noindex/Security-8WXKZYCC8N3IYZ7GEEYK1LTTC.pcm
SwiftExplicitDependencyGeneratePcm armv7k /Users/admin/builder/spi-builder-workspace/.derivedData/ModuleCache.noindex/CoreFoundation-RUCL80CI9TRWFFLKE600Z06O.pcm
SwiftExplicitDependencyGeneratePcm arm64_32 /Users/admin/builder/spi-builder-workspace/.derivedData/ModuleCache.noindex/Foundation-1ZQJQ54U4TUPUQFY2U9YK0983.pcm
SwiftExplicitDependencyGeneratePcm arm64 /Users/admin/builder/spi-builder-workspace/.derivedData/ModuleCache.noindex/Foundation-188QGUU7PNEMS0JL2JNA4L9D.pcm
SwiftExplicitDependencyGeneratePcm armv7k /Users/admin/builder/spi-builder-workspace/.derivedData/ModuleCache.noindex/Security-C9A0B26R2UIADBXLVBKU1FJV1.pcm
CompileC /Users/admin/builder/spi-builder-workspace/.derivedData/Build/Intermediates.noindex/mlx-swift.build/Debug-watchos/Cmlx.build/Objects-normal/arm64_32/unary-26cc5073337a9ef62063ca2922bf04c5.o /Users/admin/builder/spi-builder-workspace/.dependencies/checkouts/mlx-swift/Source/Cmlx/mlx-generated/unary.cpp normal arm64_32 c++ com.apple.compilers.llvm.clang.1_0.compiler (in target 'Cmlx' from project 'mlx-swift')
cd /Users/admin/builder/spi-builder-workspace/.swiftpm/xcode
Using response file: /Users/admin/builder/spi-builder-workspace/.derivedData/Build/Intermediates.noindex/mlx-swift.build/Debug-watchos/Cmlx.build/Objects-normal/arm64_32/82b82416624d2658e5098eb0a28c15c5-common-args.resp
/Applications/Xcode-26.3.0.app/Contents/Developer/Toolchains/XcodeDefault.xctoolchain/usr/bin/clang -x c++ -ivfsstatcache /Users/admin/builder/spi-builder-workspace/.derivedData/SDKStatCaches.noindex/watchos26.2-23S303-dc75598d0054f22ec865fa860f139d721753b489057de6bda919edfa1c59a62b.sdkstatcache -fmessage-length\=0 -fdiagnostics-show-note-include-stack -fmacro-backtrace-limit\=0 -fno-color-diagnostics -fmodules-prune-interval\=86400 -fmodules-prune-after\=345600 -fbuild-session-file\=/Users/admin/builder/spi-builder-workspace/.derivedData/ModuleCache.noindex/Session.modulevalidation -fmodules-validate-once-per-build-session -Wnon-modular-include-in-framework-module -Werror\=non-modular-include-in-framework-module -Wno-trigraphs -Wno-missing-field-initializers -Wno-missing-prototypes -Wno-return-type -Wno-non-virtual-dtor -Wno-overloaded-virtual -Wno-exit-time-destructors -Wno-missing-braces -Wparentheses -Wswitch -Wno-unused-function -Wno-unused-label -Wno-unused-parameter -Wno-unused-variable -Wunused-value -Wno-empty-body -Wno-uninitialized -Wno-unknown-pragmas -w -Wno-shadow -Wno-four-char-constants -Wno-conversion -Wno-constant-conversion -Wno-int-conversion -Wno-bool-conversion -Wno-enum-conversion -Wno-float-conversion -Wno-non-literal-null-conversion -Wno-objc-literal-conversion -Wno-shorten-64-to-32 -Wno-newline-eof -Wno-c++11-extensions -Wno-implicit-fallthrough -fstrict-aliasing -Wdeprecated-declarations -Winvalid-offsetof -Wno-sign-conversion -Wno-infinite-recursion -Wno-move -Wno-comma -Wno-block-capture-autoreleasing -Wno-strict-prototypes -Wno-range-loop-analysis -Wno-semicolon-before-method-body -index-store-path /Users/admin/builder/spi-builder-workspace/.derivedData/Index.noindex/DataStore @/Users/admin/builder/spi-builder-workspace/.derivedData/Build/Intermediates.noindex/mlx-swift.build/Debug-watchos/Cmlx.build/Objects-normal/arm64_32/82b82416624d2658e5098eb0a28c15c5-common-args.resp -MMD -MT dependencies -MF /Users/admin/builder/spi-builder-workspace/.derivedData/Build/Intermediates.noindex/mlx-swift.build/Debug-watchos/Cmlx.build/Objects-normal/arm64_32/unary-26cc5073337a9ef62063ca2922bf04c5.d --serialize-diagnostics /Users/admin/builder/spi-builder-workspace/.derivedData/Build/Intermediates.noindex/mlx-swift.build/Debug-watchos/Cmlx.build/Objects-normal/arm64_32/unary-26cc5073337a9ef62063ca2922bf04c5.dia -c /Users/admin/builder/spi-builder-workspace/.dependencies/checkouts/mlx-swift/Source/Cmlx/mlx-generated/unary.cpp -o /Users/admin/builder/spi-builder-workspace/.derivedData/Build/Intermediates.noindex/mlx-swift.build/Debug-watchos/Cmlx.build/Objects-normal/arm64_32/unary-26cc5073337a9ef62063ca2922bf04c5.o -index-unit-output-path /mlx-swift.build/Debug-watchos/Cmlx.build/Objects-normal/arm64_32/unary-26cc5073337a9ef62063ca2922bf04c5.o
SwiftExplicitDependencyGeneratePcm arm64_32 /Users/admin/builder/spi-builder-workspace/.derivedData/ModuleCache.noindex/LocalAuthentication-9P8F1TFD6RXHBK7I22BCFNNGO.pcm
CompileC /Users/admin/builder/spi-builder-workspace/.derivedData/Build/Intermediates.noindex/mlx-swift.build/Debug-watchos/Cmlx.build/Objects-normal/arm64_32/transforms_impl.o /Users/admin/builder/spi-builder-workspace/.dependencies/checkouts/mlx-swift/Source/Cmlx/mlx-c/mlx/c/transforms_impl.cpp normal arm64_32 c++ com.apple.compilers.llvm.clang.1_0.compiler (in target 'Cmlx' from project 'mlx-swift')
cd /Users/admin/builder/spi-builder-workspace/.swiftpm/xcode
Using response file: /Users/admin/builder/spi-builder-workspace/.derivedData/Build/Intermediates.noindex/mlx-swift.build/Debug-watchos/Cmlx.build/Objects-normal/arm64_32/82b82416624d2658e5098eb0a28c15c5-common-args.resp
/Applications/Xcode-26.3.0.app/Contents/Developer/Toolchains/XcodeDefault.xctoolchain/usr/bin/clang -x c++ -ivfsstatcache /Users/admin/builder/spi-builder-workspace/.derivedData/SDKStatCaches.noindex/watchos26.2-23S303-dc75598d0054f22ec865fa860f139d721753b489057de6bda919edfa1c59a62b.sdkstatcache -fmessage-length\=0 -fdiagnostics-show-note-include-stack -fmacro-backtrace-limit\=0 -fno-color-diagnostics -fmodules-prune-interval\=86400 -fmodules-prune-after\=345600 -fbuild-session-file\=/Users/admin/builder/spi-builder-workspace/.derivedData/ModuleCache.noindex/Session.modulevalidation -fmodules-validate-once-per-build-session -Wnon-modular-include-in-framework-module -Werror\=non-modular-include-in-framework-module -Wno-trigraphs -Wno-missing-field-initializers -Wno-missing-prototypes -Wno-return-type -Wno-non-virtual-dtor -Wno-overloaded-virtual -Wno-exit-time-destructors -Wno-missing-braces -Wparentheses -Wswitch -Wno-unused-function -Wno-unused-label -Wno-unused-parameter -Wno-unused-variable -Wunused-value -Wno-empty-body -Wno-uninitialized -Wno-unknown-pragmas -w -Wno-shadow -Wno-four-char-constants -Wno-conversion -Wno-constant-conversion -Wno-int-conversion -Wno-bool-conversion -Wno-enum-conversion -Wno-float-conversion -Wno-non-literal-null-conversion -Wno-objc-literal-conversion -Wno-shorten-64-to-32 -Wno-newline-eof -Wno-c++11-extensions -Wno-implicit-fallthrough -fstrict-aliasing -Wdeprecated-declarations -Winvalid-offsetof -Wno-sign-conversion -Wno-infinite-recursion -Wno-move -Wno-comma -Wno-block-capture-autoreleasing -Wno-strict-prototypes -Wno-range-loop-analysis -Wno-semicolon-before-method-body -index-store-path /Users/admin/builder/spi-builder-workspace/.derivedData/Index.noindex/DataStore @/Users/admin/builder/spi-builder-workspace/.derivedData/Build/Intermediates.noindex/mlx-swift.build/Debug-watchos/Cmlx.build/Objects-normal/arm64_32/82b82416624d2658e5098eb0a28c15c5-common-args.resp -MMD -MT dependencies -MF /Users/admin/builder/spi-builder-workspace/.derivedData/Build/Intermediates.noindex/mlx-swift.build/Debug-watchos/Cmlx.build/Objects-normal/arm64_32/transforms_impl.d --serialize-diagnostics /Users/admin/builder/spi-builder-workspace/.derivedData/Build/Intermediates.noindex/mlx-swift.build/Debug-watchos/Cmlx.build/Objects-normal/arm64_32/transforms_impl.dia -c /Users/admin/builder/spi-builder-workspace/.dependencies/checkouts/mlx-swift/Source/Cmlx/mlx-c/mlx/c/transforms_impl.cpp -o /Users/admin/builder/spi-builder-workspace/.derivedData/Build/Intermediates.noindex/mlx-swift.build/Debug-watchos/Cmlx.build/Objects-normal/arm64_32/transforms_impl.o -index-unit-output-path /mlx-swift.build/Debug-watchos/Cmlx.build/Objects-normal/arm64_32/transforms_impl.o
CompileC /Users/admin/builder/spi-builder-workspace/.derivedData/Build/Intermediates.noindex/mlx-swift.build/Debug-watchos/Cmlx.build/Objects-normal/arm64_32/transforms-d7906654fea2ef75ba2d3db78cef7bc2.o /Users/admin/builder/spi-builder-workspace/.dependencies/checkouts/mlx-swift/Source/Cmlx/mlx/mlx/transforms.cpp normal arm64_32 c++ com.apple.compilers.llvm.clang.1_0.compiler (in target 'Cmlx' from project 'mlx-swift')
cd /Users/admin/builder/spi-builder-workspace/.swiftpm/xcode
Using response file: /Users/admin/builder/spi-builder-workspace/.derivedData/Build/Intermediates.noindex/mlx-swift.build/Debug-watchos/Cmlx.build/Objects-normal/arm64_32/82b82416624d2658e5098eb0a28c15c5-common-args.resp
/Applications/Xcode-26.3.0.app/Contents/Developer/Toolchains/XcodeDefault.xctoolchain/usr/bin/clang -x c++ -ivfsstatcache /Users/admin/builder/spi-builder-workspace/.derivedData/SDKStatCaches.noindex/watchos26.2-23S303-dc75598d0054f22ec865fa860f139d721753b489057de6bda919edfa1c59a62b.sdkstatcache -fmessage-length\=0 -fdiagnostics-show-note-include-stack -fmacro-backtrace-limit\=0 -fno-color-diagnostics -fmodules-prune-interval\=86400 -fmodules-prune-after\=345600 -fbuild-session-file\=/Users/admin/builder/spi-builder-workspace/.derivedData/ModuleCache.noindex/Session.modulevalidation -fmodules-validate-once-per-build-session -Wnon-modular-include-in-framework-module -Werror\=non-modular-include-in-framework-module -Wno-trigraphs -Wno-missing-field-initializers -Wno-missing-prototypes -Wno-return-type -Wno-non-virtual-dtor -Wno-overloaded-virtual -Wno-exit-time-destructors -Wno-missing-braces -Wparentheses -Wswitch -Wno-unused-function -Wno-unused-label -Wno-unused-parameter -Wno-unused-variable -Wunused-value -Wno-empty-body -Wno-uninitialized -Wno-unknown-pragmas -w -Wno-shadow -Wno-four-char-constants -Wno-conversion -Wno-constant-conversion -Wno-int-conversion -Wno-bool-conversion -Wno-enum-conversion -Wno-float-conversion -Wno-non-literal-null-conversion -Wno-objc-literal-conversion -Wno-shorten-64-to-32 -Wno-newline-eof -Wno-c++11-extensions -Wno-implicit-fallthrough -fstrict-aliasing -Wdeprecated-declarations -Winvalid-offsetof -Wno-sign-conversion -Wno-infinite-recursion -Wno-move -Wno-comma -Wno-block-capture-autoreleasing -Wno-strict-prototypes -Wno-range-loop-analysis -Wno-semicolon-before-method-body -index-store-path /Users/admin/builder/spi-builder-workspace/.derivedData/Index.noindex/DataStore @/Users/admin/builder/spi-builder-workspace/.derivedData/Build/Intermediates.noindex/mlx-swift.build/Debug-watchos/Cmlx.build/Objects-normal/arm64_32/82b82416624d2658e5098eb0a28c15c5-common-args.resp -MMD -MT dependencies -MF /Users/admin/builder/spi-builder-workspace/.derivedData/Build/Intermediates.noindex/mlx-swift.build/Debug-watchos/Cmlx.build/Objects-normal/arm64_32/transforms-d7906654fea2ef75ba2d3db78cef7bc2.d --serialize-diagnostics /Users/admin/builder/spi-builder-workspace/.derivedData/Build/Intermediates.noindex/mlx-swift.build/Debug-watchos/Cmlx.build/Objects-normal/arm64_32/transforms-d7906654fea2ef75ba2d3db78cef7bc2.dia -c /Users/admin/builder/spi-builder-workspace/.dependencies/checkouts/mlx-swift/Source/Cmlx/mlx/mlx/transforms.cpp -o /Users/admin/builder/spi-builder-workspace/.derivedData/Build/Intermediates.noindex/mlx-swift.build/Debug-watchos/Cmlx.build/Objects-normal/arm64_32/transforms-d7906654fea2ef75ba2d3db78cef7bc2.o -index-unit-output-path /mlx-swift.build/Debug-watchos/Cmlx.build/Objects-normal/arm64_32/transforms-d7906654fea2ef75ba2d3db78cef7bc2.o
CompileC /Users/admin/builder/spi-builder-workspace/.derivedData/Build/Intermediates.noindex/mlx-swift.build/Debug-watchos/Cmlx.build/Objects-normal/arm64_32/transforms-ab093ac3bb79c19dc3cb7faff5161d52.o /Users/admin/builder/spi-builder-workspace/.dependencies/checkouts/mlx-swift/Source/Cmlx/mlx-c/mlx/c/transforms.cpp normal arm64_32 c++ com.apple.compilers.llvm.clang.1_0.compiler (in target 'Cmlx' from project 'mlx-swift')
cd /Users/admin/builder/spi-builder-workspace/.swiftpm/xcode
Using response file: /Users/admin/builder/spi-builder-workspace/.derivedData/Build/Intermediates.noindex/mlx-swift.build/Debug-watchos/Cmlx.build/Objects-normal/arm64_32/82b82416624d2658e5098eb0a28c15c5-common-args.resp
/Applications/Xcode-26.3.0.app/Contents/Developer/Toolchains/XcodeDefault.xctoolchain/usr/bin/clang -x c++ -ivfsstatcache /Users/admin/builder/spi-builder-workspace/.derivedData/SDKStatCaches.noindex/watchos26.2-23S303-dc75598d0054f22ec865fa860f139d721753b489057de6bda919edfa1c59a62b.sdkstatcache -fmessage-length\=0 -fdiagnostics-show-note-include-stack -fmacro-backtrace-limit\=0 -fno-color-diagnostics -fmodules-prune-interval\=86400 -fmodules-prune-after\=345600 -fbuild-session-file\=/Users/admin/builder/spi-builder-workspace/.derivedData/ModuleCache.noindex/Session.modulevalidation -fmodules-validate-once-per-build-session -Wnon-modular-include-in-framework-module -Werror\=non-modular-include-in-framework-module -Wno-trigraphs -Wno-missing-field-initializers -Wno-missing-prototypes -Wno-return-type -Wno-non-virtual-dtor -Wno-overloaded-virtual -Wno-exit-time-destructors -Wno-missing-braces -Wparentheses -Wswitch -Wno-unused-function -Wno-unused-label -Wno-unused-parameter -Wno-unused-variable -Wunused-value -Wno-empty-body -Wno-uninitialized -Wno-unknown-pragmas -w -Wno-shadow -Wno-four-char-constants -Wno-conversion -Wno-constant-conversion -Wno-int-conversion -Wno-bool-conversion -Wno-enum-conversion -Wno-float-conversion -Wno-non-literal-null-conversion -Wno-objc-literal-conversion -Wno-shorten-64-to-32 -Wno-newline-eof -Wno-c++11-extensions -Wno-implicit-fallthrough -fstrict-aliasing -Wdeprecated-declarations -Winvalid-offsetof -Wno-sign-conversion -Wno-infinite-recursion -Wno-move -Wno-comma -Wno-block-capture-autoreleasing -Wno-strict-prototypes -Wno-range-loop-analysis -Wno-semicolon-before-method-body -index-store-path /Users/admin/builder/spi-builder-workspace/.derivedData/Index.noindex/DataStore @/Users/admin/builder/spi-builder-workspace/.derivedData/Build/Intermediates.noindex/mlx-swift.build/Debug-watchos/Cmlx.build/Objects-normal/arm64_32/82b82416624d2658e5098eb0a28c15c5-common-args.resp -MMD -MT dependencies -MF /Users/admin/builder/spi-builder-workspace/.derivedData/Build/Intermediates.noindex/mlx-swift.build/Debug-watchos/Cmlx.build/Objects-normal/arm64_32/transforms-ab093ac3bb79c19dc3cb7faff5161d52.d --serialize-diagnostics /Users/admin/builder/spi-builder-workspace/.derivedData/Build/Intermediates.noindex/mlx-swift.build/Debug-watchos/Cmlx.build/Objects-normal/arm64_32/transforms-ab093ac3bb79c19dc3cb7faff5161d52.dia -c /Users/admin/builder/spi-builder-workspace/.dependencies/checkouts/mlx-swift/Source/Cmlx/mlx-c/mlx/c/transforms.cpp -o /Users/admin/builder/spi-builder-workspace/.derivedData/Build/Intermediates.noindex/mlx-swift.build/Debug-watchos/Cmlx.build/Objects-normal/arm64_32/transforms-ab093ac3bb79c19dc3cb7faff5161d52.o -index-unit-output-path /mlx-swift.build/Debug-watchos/Cmlx.build/Objects-normal/arm64_32/transforms-ab093ac3bb79c19dc3cb7faff5161d52.o
SwiftEmitModule normal arm64_32 Emitting\ module\ for\ Crypto (in target 'Crypto' from project 'swift-crypto')
EmitSwiftModule normal arm64_32 (in target 'Crypto' from project 'swift-crypto')
cd /Users/admin/builder/spi-builder-workspace/.swiftpm/xcode
SwiftExplicitDependencyGeneratePcm arm64 /Users/admin/builder/spi-builder-workspace/.derivedData/ModuleCache.noindex/LocalAuthentication-7OW89PR7M4C0NR91LQUNC1EB5.pcm
SwiftExplicitDependencyGeneratePcm armv7k /Users/admin/builder/spi-builder-workspace/.derivedData/ModuleCache.noindex/Foundation-BFCHXYDNJGNDW2FA1JATYZ9KO.pcm
2026-06-28 17:36:40.312 xcodebuild[1523:7589] [MT] IDERunDestination: Supported platforms for the buildables in the current scheme is empty.
** BUILD FAILED **
The following build commands failed:
CompileC /Users/admin/builder/spi-builder-workspace/.derivedData/Build/Intermediates.noindex/mlx-swift.build/Debug-watchos/Cmlx.build/Objects-normal/arm64_32/utils-cece7f7ad05e390b4c43c3ff21479e10.o /Users/admin/builder/spi-builder-workspace/.dependencies/checkouts/mlx-swift/Source/Cmlx/mlx/mlx/backend/metal/utils.cpp normal arm64_32 c++ com.apple.compilers.llvm.clang.1_0.compiler (in target 'Cmlx' from project 'mlx-swift')
Building workspace spi-builder-workspace with scheme PrivateFoundationModels-Package
(2 failures)
Command line invocation:
/Applications/Xcode-26.3.0.app/Contents/Developer/usr/bin/xcodebuild -IDEClonedSourcePackagesDirPathOverride=/Users/admin/builder/spi-builder-workspace/.dependencies -resolvePackageDependencies
Resolve Package Graph
Downloading package prebuilt https://download.swift.org/prebuilts/swift-syntax/600.0.1/swiftlang-6.2.4.1.4-MacroSupport-macos_aarch64.zip
Resolved source packages:
swift-crypto: https://github.com/apple/swift-crypto.git @ 4.5.0
yyjson: https://github.com/ibireme/yyjson.git @ 0.12.0
swift-syntax: https://github.com/swiftlang/swift-syntax.git @ 600.0.1
swift-atomics: https://github.com/apple/swift-atomics.git @ 1.3.1
swift-transformers: https://github.com/huggingface/swift-transformers @ 1.3.3
swift-nio: https://github.com/apple/swift-nio.git @ 2.101.2
mlx-swift: https://github.com/ml-explore/mlx-swift @ 0.31.4
swift-system: https://github.com/apple/swift-system.git @ 1.7.2
CoreMLLLM: https://github.com/john-rocky/CoreML-LLM @ 1.9.0
Jinja: https://github.com/huggingface/swift-jinja.git @ 2.3.6
swift-huggingface: https://github.com/huggingface/swift-huggingface.git @ 0.9.0
swift-asn1: https://github.com/apple/swift-asn1.git @ 1.7.1
EventSource: https://github.com/mattt/EventSource.git @ 1.4.1
PrivateFoundationModels: /Users/admin/builder/spi-builder-workspace
mlx-swift-lm: https://github.com/ml-explore/mlx-swift-lm @ 3.31.3
swift-collections: https://github.com/apple/swift-collections.git @ 1.6.0
swift-numerics: https://github.com/apple/swift-numerics @ 1.1.1
resolved source packages: swift-crypto, yyjson, swift-syntax, swift-atomics, swift-transformers, swift-nio, mlx-swift, swift-system, CoreMLLLM, Jinja, swift-huggingface, swift-asn1, EventSource, PrivateFoundationModels, mlx-swift-lm, swift-collections, swift-numerics
2026-06-28 17:37:00.954 xcodebuild[2158:10309] [MT] IDERunDestination: Supported platforms for the buildables in the current scheme is empty.
{
"dependencies" : [
{
"identity" : "coreml-llm",
"requirement" : {
"range" : [
{
"lower_bound" : "1.8.0",
"upper_bound" : "2.0.0"
}
]
},
"type" : "sourceControl",
"url" : "https://github.com/john-rocky/CoreML-LLM"
},
{
"identity" : "swift-transformers",
"requirement" : {
"range" : [
{
"lower_bound" : "1.0.0",
"upper_bound" : "2.0.0"
}
]
},
"type" : "sourceControl",
"url" : "https://github.com/huggingface/swift-transformers"
},
{
"identity" : "swift-syntax",
"requirement" : {
"range" : [
{
"lower_bound" : "600.0.0",
"upper_bound" : "601.0.0"
}
]
},
"type" : "sourceControl",
"url" : "https://github.com/swiftlang/swift-syntax.git"
},
{
"identity" : "mlx-swift-lm",
"requirement" : {
"range" : [
{
"lower_bound" : "3.31.3",
"upper_bound" : "4.0.0"
}
]
},
"type" : "sourceControl",
"url" : "https://github.com/ml-explore/mlx-swift-lm"
},
{
"identity" : "swift-huggingface",
"requirement" : {
"range" : [
{
"lower_bound" : "0.8.1",
"upper_bound" : "1.0.0"
}
]
},
"type" : "sourceControl",
"url" : "https://github.com/huggingface/swift-huggingface.git"
}
],
"manifest_display_name" : "PrivateFoundationModels",
"name" : "PrivateFoundationModels",
"path" : "/Users/admin/builder/spi-builder-workspace",
"platforms" : [
{
"name" : "ios",
"version" : "18.0"
},
{
"name" : "macos",
"version" : "15.0"
},
{
"name" : "visionos",
"version" : "2.0"
}
],
"products" : [
{
"name" : "PrivateFoundationModels",
"targets" : [
"PrivateFoundationModels"
],
"type" : {
"library" : [
"automatic"
]
}
},
{
"name" : "PrivateFoundationModelsCoreML",
"targets" : [
"PrivateFoundationModelsCoreML"
],
"type" : {
"library" : [
"automatic"
]
}
},
{
"name" : "PrivateFoundationModelsMLX",
"targets" : [
"PrivateFoundationModelsMLX"
],
"type" : {
"library" : [
"automatic"
]
}
},
{
"name" : "PrivateFoundationModelsApple",
"targets" : [
"PrivateFoundationModelsApple"
],
"type" : {
"library" : [
"automatic"
]
}
},
{
"name" : "pfm-verify",
"targets" : [
"PFMVerify"
],
"type" : {
"executable" : null
}
},
{
"name" : "pfm-portability",
"targets" : [
"PFMPortability"
],
"type" : {
"executable" : null
}
},
{
"name" : "pfm-deep",
"targets" : [
"PFMDeep"
],
"type" : {
"executable" : null
}
},
{
"name" : "pfm-mlx-smoke",
"targets" : [
"PFMMLXSmoke"
],
"type" : {
"executable" : null
}
},
{
"name" : "pfm-mlx-deep",
"targets" : [
"PFMMLXDeep"
],
"type" : {
"executable" : null
}
},
{
"name" : "pfm-serve-apple",
"targets" : [
"PFMServeApple"
],
"type" : {
"executable" : null
}
},
{
"name" : "pfm-serve-coreml",
"targets" : [
"PFMServeCoreML"
],
"type" : {
"executable" : null
}
},
{
"name" : "pfm-serve-mlx",
"targets" : [
"PFMServeMLX"
],
"type" : {
"executable" : null
}
},
{
"name" : "pfm-apple-smoke",
"targets" : [
"PFMAppleSmoke"
],
"type" : {
"executable" : null
}
},
{
"name" : "pfm-apple-deep",
"targets" : [
"PFMAppleDeep"
],
"type" : {
"executable" : null
}
},
{
"name" : "pfm-bench-apple",
"targets" : [
"PFMBenchApple"
],
"type" : {
"executable" : null
}
},
{
"name" : "pfm-bench-coreml",
"targets" : [
"PFMBenchCoreML"
],
"type" : {
"executable" : null
}
},
{
"name" : "pfm-bench-mlx",
"targets" : [
"PFMBenchMLX"
],
"type" : {
"executable" : null
}
},
{
"name" : "PFMMacros",
"targets" : [
"PFMMacros"
],
"type" : {
"macro" : null
}
}
],
"targets" : [
{
"c99name" : "PrivateFoundationModelsTests",
"module_type" : "SwiftTarget",
"name" : "PrivateFoundationModelsTests",
"path" : "Tests/PrivateFoundationModelsTests",
"sources" : [
"AttachmentTests.swift",
"GenerableDeepTests.swift",
"GenerableMacroTests.swift",
"GenerableTests.swift",
"GenerationOptionsTests.swift",
"InstructionsTests.swift",
"PartialJSONParserTests.swift",
"PromptAndGuardrailsTests.swift",
"SessionTests.swift",
"StubBackend.swift",
"SystemLanguageModelTests.swift",
"ToolsDeepTests.swift",
"TranscriptTests.swift"
],
"target_dependencies" : [
"PrivateFoundationModels"
],
"type" : "test"
},
{
"c99name" : "PrivateFoundationModelsMLX",
"module_type" : "SwiftTarget",
"name" : "PrivateFoundationModelsMLX",
"path" : "Sources/PrivateFoundationModelsMLX",
"product_dependencies" : [
"MLXLLM",
"MLXVLM",
"MLXEmbedders",
"MLXLMCommon",
"MLXHuggingFace",
"Tokenizers",
"HuggingFace"
],
"product_memberships" : [
"PrivateFoundationModelsMLX",
"pfm-mlx-smoke",
"pfm-mlx-deep",
"pfm-serve-mlx",
"pfm-bench-mlx"
],
"sources" : [
"MLXBackend.swift",
"MLXEmbedder.swift",
"MLXLanguageModel.swift"
],
"target_dependencies" : [
"PrivateFoundationModels"
],
"type" : "library"
},
{
"c99name" : "PrivateFoundationModelsCoreML",
"module_type" : "SwiftTarget",
"name" : "PrivateFoundationModelsCoreML",
"path" : "Sources/PrivateFoundationModelsCoreML",
"product_dependencies" : [
"CoreMLLLM",
"Tokenizers"
],
"product_memberships" : [
"PrivateFoundationModelsCoreML",
"pfm-verify",
"pfm-portability",
"pfm-deep",
"pfm-serve-coreml",
"pfm-bench-coreml"
],
"sources" : [
"CoreMLLanguageModel.swift",
"HFFetcher.swift",
"Qwen3Backend.swift"
],
"target_dependencies" : [
"PrivateFoundationModels"
],
"type" : "library"
},
{
"c99name" : "PrivateFoundationModelsApple",
"module_type" : "SwiftTarget",
"name" : "PrivateFoundationModelsApple",
"path" : "Sources/PrivateFoundationModelsApple",
"product_memberships" : [
"PrivateFoundationModelsApple",
"pfm-serve-apple",
"pfm-apple-smoke",
"pfm-apple-deep",
"pfm-bench-apple"
],
"sources" : [
"AppleFoundationModelBackend.swift"
],
"target_dependencies" : [
"PrivateFoundationModels"
],
"type" : "library"
},
{
"c99name" : "PrivateFoundationModels",
"module_type" : "SwiftTarget",
"name" : "PrivateFoundationModels",
"path" : "Sources/PrivateFoundationModels",
"product_memberships" : [
"PrivateFoundationModels",
"PrivateFoundationModelsCoreML",
"PrivateFoundationModelsMLX",
"PrivateFoundationModelsApple",
"pfm-verify",
"pfm-portability",
"pfm-deep",
"pfm-mlx-smoke",
"pfm-mlx-deep",
"pfm-serve-apple",
"pfm-serve-coreml",
"pfm-serve-mlx",
"pfm-apple-smoke",
"pfm-apple-deep",
"pfm-bench-apple",
"pfm-bench-coreml",
"pfm-bench-mlx"
],
"sources" : [
"AppleParity.swift",
"BackendAttachment.swift",
"EmbeddingBackend.swift",
"Generable.swift",
"GenerableMacro.swift",
"GenerationError.swift",
"GenerationOptions.swift",
"Guardrails.swift",
"Instructions.swift",
"JSONExtraction.swift",
"LanguageModelBackend.swift",
"LanguageModelSession.swift",
"PartialJSONParser.swift",
"Prompt.swift",
"Response.swift",
"ResponseStream.swift",
"SystemLanguageModel.swift",
"Tool.swift",
"Transcript.swift"
],
"target_dependencies" : [
"PFMMacros"
],
"type" : "library"
},
{
"c99name" : "PFMVerify",
"module_type" : "SwiftTarget",
"name" : "PFMVerify",
"path" : "Sources/PFMVerify",
"product_memberships" : [
"pfm-verify"
],
"sources" : [
"main.swift"
],
"target_dependencies" : [
"PrivateFoundationModels",
"PrivateFoundationModelsCoreML"
],
"type" : "executable"
},
{
"c99name" : "PFMServeMLX",
"module_type" : "SwiftTarget",
"name" : "PFMServeMLX",
"path" : "Sources/PFMServeMLX",
"product_memberships" : [
"pfm-serve-mlx"
],
"sources" : [
"main.swift"
],
"target_dependencies" : [
"PFMServeKit",
"PrivateFoundationModels",
"PrivateFoundationModelsMLX"
],
"type" : "executable"
},
{
"c99name" : "PFMServeKit",
"module_type" : "SwiftTarget",
"name" : "PFMServeKit",
"path" : "Sources/PFMServeKit",
"product_memberships" : [
"pfm-serve-apple",
"pfm-serve-coreml",
"pfm-serve-mlx"
],
"sources" : [
"PFMServeKit.swift"
],
"target_dependencies" : [
"PrivateFoundationModels"
],
"type" : "library"
},
{
"c99name" : "PFMServeCoreML",
"module_type" : "SwiftTarget",
"name" : "PFMServeCoreML",
"path" : "Sources/PFMServeCoreML",
"product_memberships" : [
"pfm-serve-coreml"
],
"sources" : [
"main.swift"
],
"target_dependencies" : [
"PFMServeKit",
"PrivateFoundationModels",
"PrivateFoundationModelsCoreML"
],
"type" : "executable"
},
{
"c99name" : "PFMServeApple",
"module_type" : "SwiftTarget",
"name" : "PFMServeApple",
"path" : "Sources/PFMServeApple",
"product_memberships" : [
"pfm-serve-apple"
],
"sources" : [
"main.swift"
],
"target_dependencies" : [
"PFMServeKit",
"PrivateFoundationModels",
"PrivateFoundationModelsApple"
],
"type" : "executable"
},
{
"c99name" : "PFMPortability",
"module_type" : "SwiftTarget",
"name" : "PFMPortability",
"path" : "Sources/PFMPortability",
"product_memberships" : [
"pfm-portability"
],
"sources" : [
"AppleFMCode.swift",
"PortabilityMain.swift"
],
"target_dependencies" : [
"PrivateFoundationModels",
"PrivateFoundationModelsCoreML"
],
"type" : "executable"
},
{
"c99name" : "PFMMacros",
"module_type" : "SwiftTarget",
"name" : "PFMMacros",
"path" : "Sources/PFMMacros",
"product_dependencies" : [
"SwiftSyntax",
"SwiftSyntaxMacros",
"SwiftCompilerPlugin"
],
"product_memberships" : [
"PrivateFoundationModels",
"PrivateFoundationModelsCoreML",
"PrivateFoundationModelsMLX",
"PrivateFoundationModelsApple",
"pfm-verify",
"pfm-portability",
"pfm-deep",
"pfm-mlx-smoke",
"pfm-mlx-deep",
"pfm-serve-apple",
"pfm-serve-coreml",
"pfm-serve-mlx",
"pfm-apple-smoke",
"pfm-apple-deep",
"pfm-bench-apple",
"pfm-bench-coreml",
"pfm-bench-mlx",
"PFMMacros"
],
"sources" : [
"GenerableMacro.swift",
"GuideMacro.swift",
"Plugin.swift"
],
"type" : "macro"
},
{
"c99name" : "PFMMLXSmoke",
"module_type" : "SwiftTarget",
"name" : "PFMMLXSmoke",
"path" : "Sources/PFMMLXSmoke",
"product_memberships" : [
"pfm-mlx-smoke"
],
"sources" : [
"main.swift"
],
"target_dependencies" : [
"PrivateFoundationModels",
"PrivateFoundationModelsMLX"
],
"type" : "executable"
},
{
"c99name" : "PFMMLXDeep",
"module_type" : "SwiftTarget",
"name" : "PFMMLXDeep",
"path" : "Sources/PFMMLXDeep",
"product_memberships" : [
"pfm-mlx-deep"
],
"sources" : [
"main.swift"
],
"target_dependencies" : [
"PFMDeepKit",
"PrivateFoundationModels",
"PrivateFoundationModelsMLX"
],
"type" : "executable"
},
{
"c99name" : "PFMDeepKit",
"module_type" : "SwiftTarget",
"name" : "PFMDeepKit",
"path" : "Sources/PFMDeepKit",
"product_memberships" : [
"pfm-deep",
"pfm-mlx-deep",
"pfm-apple-deep"
],
"sources" : [
"PFMDeepKit.swift"
],
"target_dependencies" : [
"PrivateFoundationModels"
],
"type" : "library"
},
{
"c99name" : "PFMDeep",
"module_type" : "SwiftTarget",
"name" : "PFMDeep",
"path" : "Sources/PFMDeep",
"product_memberships" : [
"pfm-deep"
],
"sources" : [
"DeepMain.swift"
],
"target_dependencies" : [
"PFMDeepKit",
"PrivateFoundationModels",
"PrivateFoundationModelsCoreML"
],
"type" : "executable"
},
{
"c99name" : "PFMBenchMLX",
"module_type" : "SwiftTarget",
"name" : "PFMBenchMLX",
"path" : "Sources/PFMBenchMLX",
"product_memberships" : [
"pfm-bench-mlx"
],
"sources" : [
"main.swift"
],
"target_dependencies" : [
"PFMBenchKit",
"PrivateFoundationModels",
"PrivateFoundationModelsMLX"
],
"type" : "executable"
},
{
"c99name" : "PFMBenchKit",
"module_type" : "SwiftTarget",
"name" : "PFMBenchKit",
"path" : "Sources/PFMBenchKit",
"product_memberships" : [
"pfm-bench-apple",
"pfm-bench-coreml",
"pfm-bench-mlx"
],
"sources" : [
"PFMBenchKit.swift"
],
"target_dependencies" : [
"PrivateFoundationModels"
],
"type" : "library"
},
{
"c99name" : "PFMBenchCoreML",
"module_type" : "SwiftTarget",
"name" : "PFMBenchCoreML",
"path" : "Sources/PFMBenchCoreML",
"product_memberships" : [
"pfm-bench-coreml"
],
"sources" : [
"main.swift"
],
"target_dependencies" : [
"PFMBenchKit",
"PrivateFoundationModels",
"PrivateFoundationModelsCoreML"
],
"type" : "executable"
},
{
"c99name" : "PFMBenchApple",
"module_type" : "SwiftTarget",
"name" : "PFMBenchApple",
"path" : "Sources/PFMBenchApple",
"product_memberships" : [
"pfm-bench-apple"
],
"sources" : [
"main.swift"
],
"target_dependencies" : [
"PFMBenchKit",
"PrivateFoundationModels",
"PrivateFoundationModelsApple"
],
"type" : "executable"
},
{
"c99name" : "PFMAppleSmoke",
"module_type" : "SwiftTarget",
"name" : "PFMAppleSmoke",
"path" : "Sources/PFMAppleSmoke",
"product_memberships" : [
"pfm-apple-smoke"
],
"sources" : [
"main.swift"
],
"target_dependencies" : [
"PrivateFoundationModels",
"PrivateFoundationModelsApple"
],
"type" : "executable"
},
{
"c99name" : "PFMAppleDeep",
"module_type" : "SwiftTarget",
"name" : "PFMAppleDeep",
"path" : "Sources/PFMAppleDeep",
"product_memberships" : [
"pfm-apple-deep"
],
"sources" : [
"main.swift"
],
"target_dependencies" : [
"PFMDeepKit",
"PrivateFoundationModels",
"PrivateFoundationModelsApple"
],
"type" : "executable"
}
],
"tools_version" : "6.0"
}
{
"workspace" : {
"name" : "spi-builder-workspace",
"schemes" : [
"pfm-apple-deep",
"pfm-apple-smoke",
"pfm-bench-apple",
"pfm-bench-coreml",
"pfm-bench-mlx",
"pfm-deep",
"pfm-mlx-deep",
"pfm-mlx-smoke",
"pfm-portability",
"pfm-serve-apple",
"pfm-serve-coreml",
"pfm-serve-mlx",
"pfm-verify",
"PrivateFoundationModels",
"PrivateFoundationModels-Package",
"PrivateFoundationModelsApple",
"PrivateFoundationModelsCoreML",
"PrivateFoundationModelsMLX"
]
}
}
2026-06-28 17:37:04.669 xcodebuild[2214:10550] [MT] IDERunDestination: Supported platforms for the buildables in the current scheme is empty.
Running build ...
env DEVELOPER_DIR=/Applications/Xcode-26.3.0.app xcrun xcodebuild -IDEClonedSourcePackagesDirPathOverride=$PWD/.dependencies -skipMacroValidation -skipPackagePluginValidation -derivedDataPath $PWD/.derivedData build -scheme PrivateFoundationModels-Package -destination generic/platform=watchOS
Command line invocation:
/Applications/Xcode-26.3.0.app/Contents/Developer/usr/bin/xcodebuild -IDEClonedSourcePackagesDirPathOverride=/Users/admin/builder/spi-builder-workspace/.dependencies -skipMacroValidation -skipPackagePluginValidation -derivedDataPath /Users/admin/builder/spi-builder-workspace/.derivedData build -scheme PrivateFoundationModels-Package -destination generic/platform=watchOS
Resolve Package Graph
Downloading package prebuilt https://download.swift.org/prebuilts/swift-syntax/600.0.1/swiftlang-6.2.4.1.4-MacroSupport-macos_aarch64.zip
Resolved source packages:
swift-transformers: https://github.com/huggingface/swift-transformers @ 1.3.3
PrivateFoundationModels: /Users/admin/builder/spi-builder-workspace
swift-nio: https://github.com/apple/swift-nio.git @ 2.101.2
swift-system: https://github.com/apple/swift-system.git @ 1.7.2
yyjson: https://github.com/ibireme/yyjson.git @ 0.12.0
swift-numerics: https://github.com/apple/swift-numerics @ 1.1.1
mlx-swift: https://github.com/ml-explore/mlx-swift @ 0.31.4
mlx-swift-lm: https://github.com/ml-explore/mlx-swift-lm @ 3.31.3
swift-crypto: https://github.com/apple/swift-crypto.git @ 4.5.0
swift-syntax: https://github.com/swiftlang/swift-syntax.git @ 600.0.1
swift-collections: https://github.com/apple/swift-collections.git @ 1.6.0
EventSource: https://github.com/mattt/EventSource.git @ 1.4.1
swift-atomics: https://github.com/apple/swift-atomics.git @ 1.3.1
CoreMLLLM: https://github.com/john-rocky/CoreML-LLM @ 1.9.0
swift-asn1: https://github.com/apple/swift-asn1.git @ 1.7.1
swift-huggingface: https://github.com/huggingface/swift-huggingface.git @ 0.9.0
Jinja: https://github.com/huggingface/swift-jinja.git @ 2.3.6
ComputePackagePrebuildTargetDependencyGraph
Prepare packages
CreateBuildRequest
SendProjectDescription
CreateBuildOperation
ComputeTargetDependencyGraph
note: Building targets in dependency order
note: Target dependency graph (105 targets)
Target 'pfm-verify' in project 'PrivateFoundationModels'
➜ Explicit dependency on target 'PFMMacros' in project 'PrivateFoundationModels'
➜ Explicit dependency on target 'PrivateFoundationModels' in project 'PrivateFoundationModels'
➜ Explicit dependency on target 'PrivateFoundationModelsCoreML' in project 'PrivateFoundationModels'
➜ Explicit dependency on target 'CoreMLLLM' in project 'CoreMLLLM'
➜ Explicit dependency on target 'Tokenizers' in project 'swift-transformers'
Target 'pfm-serve-mlx' in project 'PrivateFoundationModels'
➜ Explicit dependency on target 'PFMMacros' in project 'PrivateFoundationModels'
➜ Explicit dependency on target 'PrivateFoundationModels' in project 'PrivateFoundationModels'
➜ Explicit dependency on target 'PFMServeKit' in project 'PrivateFoundationModels'
➜ Explicit dependency on target 'PrivateFoundationModelsMLX' in project 'PrivateFoundationModels'
➜ Explicit dependency on target 'MLXLLM' in project 'mlx-swift-lm'
➜ Explicit dependency on target 'MLXVLM' in project 'mlx-swift-lm'
➜ Explicit dependency on target 'MLXEmbedders' in project 'mlx-swift-lm'
➜ Explicit dependency on target 'MLXLMCommon' in project 'mlx-swift-lm'
➜ Explicit dependency on target 'MLXHuggingFace' in project 'mlx-swift-lm'
➜ Explicit dependency on target 'Tokenizers' in project 'swift-transformers'
➜ Explicit dependency on target 'HuggingFace' in project 'swift-huggingface'
Target 'pfm-serve-coreml' in project 'PrivateFoundationModels'
➜ Explicit dependency on target 'PFMMacros' in project 'PrivateFoundationModels'
➜ Explicit dependency on target 'PrivateFoundationModels' in project 'PrivateFoundationModels'
➜ Explicit dependency on target 'PFMServeKit' in project 'PrivateFoundationModels'
➜ Explicit dependency on target 'PrivateFoundationModelsCoreML' in project 'PrivateFoundationModels'
➜ Explicit dependency on target 'CoreMLLLM' in project 'CoreMLLLM'
➜ Explicit dependency on target 'Tokenizers' in project 'swift-transformers'
Target 'pfm-serve-apple' in project 'PrivateFoundationModels'
➜ Explicit dependency on target 'PFMMacros' in project 'PrivateFoundationModels'
➜ Explicit dependency on target 'PrivateFoundationModels' in project 'PrivateFoundationModels'
➜ Explicit dependency on target 'PFMServeKit' in project 'PrivateFoundationModels'
➜ Explicit dependency on target 'PrivateFoundationModelsApple' in project 'PrivateFoundationModels'
Target 'PFMServeKit' in project 'PrivateFoundationModels'
➜ Explicit dependency on target 'PFMMacros' in project 'PrivateFoundationModels'
➜ Explicit dependency on target 'PrivateFoundationModels' in project 'PrivateFoundationModels'
Target 'pfm-portability' in project 'PrivateFoundationModels'
➜ Explicit dependency on target 'PFMMacros' in project 'PrivateFoundationModels'
➜ Explicit dependency on target 'PrivateFoundationModels' in project 'PrivateFoundationModels'
➜ Explicit dependency on target 'PrivateFoundationModelsCoreML' in project 'PrivateFoundationModels'
➜ Explicit dependency on target 'CoreMLLLM' in project 'CoreMLLLM'
➜ Explicit dependency on target 'Tokenizers' in project 'swift-transformers'
Target 'pfm-mlx-smoke' in project 'PrivateFoundationModels'
➜ Explicit dependency on target 'PFMMacros' in project 'PrivateFoundationModels'
➜ Explicit dependency on target 'PrivateFoundationModels' in project 'PrivateFoundationModels'
➜ Explicit dependency on target 'PrivateFoundationModelsMLX' in project 'PrivateFoundationModels'
➜ Explicit dependency on target 'MLXLLM' in project 'mlx-swift-lm'
➜ Explicit dependency on target 'MLXVLM' in project 'mlx-swift-lm'
➜ Explicit dependency on target 'MLXEmbedders' in project 'mlx-swift-lm'
➜ Explicit dependency on target 'MLXLMCommon' in project 'mlx-swift-lm'
➜ Explicit dependency on target 'MLXHuggingFace' in project 'mlx-swift-lm'
➜ Explicit dependency on target 'Tokenizers' in project 'swift-transformers'
➜ Explicit dependency on target 'HuggingFace' in project 'swift-huggingface'
Target 'pfm-mlx-deep' in project 'PrivateFoundationModels'
➜ Explicit dependency on target 'PFMMacros' in project 'PrivateFoundationModels'
➜ Explicit dependency on target 'PrivateFoundationModels' in project 'PrivateFoundationModels'
➜ Explicit dependency on target 'PFMDeepKit' in project 'PrivateFoundationModels'
➜ Explicit dependency on target 'PrivateFoundationModelsMLX' in project 'PrivateFoundationModels'
➜ Explicit dependency on target 'MLXLLM' in project 'mlx-swift-lm'
➜ Explicit dependency on target 'MLXVLM' in project 'mlx-swift-lm'
➜ Explicit dependency on target 'MLXEmbedders' in project 'mlx-swift-lm'
➜ Explicit dependency on target 'MLXLMCommon' in project 'mlx-swift-lm'
➜ Explicit dependency on target 'MLXHuggingFace' in project 'mlx-swift-lm'
➜ Explicit dependency on target 'Tokenizers' in project 'swift-transformers'
➜ Explicit dependency on target 'HuggingFace' in project 'swift-huggingface'
Target 'pfm-deep' in project 'PrivateFoundationModels'
➜ Explicit dependency on target 'PFMMacros' in project 'PrivateFoundationModels'
➜ Explicit dependency on target 'PrivateFoundationModels' in project 'PrivateFoundationModels'
➜ Explicit dependency on target 'PFMDeepKit' in project 'PrivateFoundationModels'
➜ Explicit dependency on target 'PrivateFoundationModelsCoreML' in project 'PrivateFoundationModels'
➜ Explicit dependency on target 'CoreMLLLM' in project 'CoreMLLLM'
➜ Explicit dependency on target 'Tokenizers' in project 'swift-transformers'
Target 'pfm-bench-mlx' in project 'PrivateFoundationModels'
➜ Explicit dependency on target 'PFMMacros' in project 'PrivateFoundationModels'
➜ Explicit dependency on target 'PrivateFoundationModels' in project 'PrivateFoundationModels'
➜ Explicit dependency on target 'PFMBenchKit' in project 'PrivateFoundationModels'
➜ Explicit dependency on target 'PrivateFoundationModelsMLX' in project 'PrivateFoundationModels'
➜ Explicit dependency on target 'MLXLLM' in project 'mlx-swift-lm'
➜ Explicit dependency on target 'MLXVLM' in project 'mlx-swift-lm'
➜ Explicit dependency on target 'MLXEmbedders' in project 'mlx-swift-lm'
➜ Explicit dependency on target 'MLXLMCommon' in project 'mlx-swift-lm'
➜ Explicit dependency on target 'MLXHuggingFace' in project 'mlx-swift-lm'
➜ Explicit dependency on target 'Tokenizers' in project 'swift-transformers'
➜ Explicit dependency on target 'HuggingFace' in project 'swift-huggingface'
Target 'pfm-bench-coreml' in project 'PrivateFoundationModels'
➜ Explicit dependency on target 'PFMMacros' in project 'PrivateFoundationModels'
➜ Explicit dependency on target 'PrivateFoundationModels' in project 'PrivateFoundationModels'
➜ Explicit dependency on target 'PFMBenchKit' in project 'PrivateFoundationModels'
➜ Explicit dependency on target 'PrivateFoundationModelsCoreML' in project 'PrivateFoundationModels'
➜ Explicit dependency on target 'CoreMLLLM' in project 'CoreMLLLM'
➜ Explicit dependency on target 'Tokenizers' in project 'swift-transformers'
Target 'pfm-bench-apple' in project 'PrivateFoundationModels'
➜ Explicit dependency on target 'PFMMacros' in project 'PrivateFoundationModels'
➜ Explicit dependency on target 'PrivateFoundationModels' in project 'PrivateFoundationModels'
➜ Explicit dependency on target 'PFMBenchKit' in project 'PrivateFoundationModels'
➜ Explicit dependency on target 'PrivateFoundationModelsApple' in project 'PrivateFoundationModels'
Target 'PFMBenchKit' in project 'PrivateFoundationModels'
➜ Explicit dependency on target 'PFMMacros' in project 'PrivateFoundationModels'
➜ Explicit dependency on target 'PrivateFoundationModels' in project 'PrivateFoundationModels'
Target 'pfm-apple-smoke' in project 'PrivateFoundationModels'
➜ Explicit dependency on target 'PFMMacros' in project 'PrivateFoundationModels'
➜ Explicit dependency on target 'PrivateFoundationModels' in project 'PrivateFoundationModels'
➜ Explicit dependency on target 'PrivateFoundationModelsApple' in project 'PrivateFoundationModels'
Target 'pfm-apple-deep' in project 'PrivateFoundationModels'
➜ Explicit dependency on target 'PFMMacros' in project 'PrivateFoundationModels'
➜ Explicit dependency on target 'PrivateFoundationModels' in project 'PrivateFoundationModels'
➜ Explicit dependency on target 'PFMDeepKit' in project 'PrivateFoundationModels'
➜ Explicit dependency on target 'PrivateFoundationModelsApple' in project 'PrivateFoundationModels'
Target 'PFMDeepKit' in project 'PrivateFoundationModels'
➜ Explicit dependency on target 'PFMMacros' in project 'PrivateFoundationModels'
➜ Explicit dependency on target 'PrivateFoundationModels' in project 'PrivateFoundationModels'
Target 'PrivateFoundationModelsMLX' in project 'PrivateFoundationModels'
➜ Explicit dependency on target 'PrivateFoundationModelsMLX' in project 'PrivateFoundationModels'
➜ Explicit dependency on target 'PFMMacros' in project 'PrivateFoundationModels'
➜ Explicit dependency on target 'PrivateFoundationModels' in project 'PrivateFoundationModels'
➜ Explicit dependency on target 'MLXLLM' in project 'mlx-swift-lm'
➜ Explicit dependency on target 'MLXVLM' in project 'mlx-swift-lm'
➜ Explicit dependency on target 'MLXEmbedders' in project 'mlx-swift-lm'
➜ Explicit dependency on target 'MLXLMCommon' in project 'mlx-swift-lm'
➜ Explicit dependency on target 'MLXHuggingFace' in project 'mlx-swift-lm'
➜ Explicit dependency on target 'Tokenizers' in project 'swift-transformers'
➜ Explicit dependency on target 'HuggingFace' in project 'swift-huggingface'
Target 'PrivateFoundationModelsMLX' in project 'PrivateFoundationModels'
➜ Explicit dependency on target 'PFMMacros' in project 'PrivateFoundationModels'
➜ Explicit dependency on target 'PrivateFoundationModels' in project 'PrivateFoundationModels'
➜ Explicit dependency on target 'MLXLLM' in project 'mlx-swift-lm'
➜ Explicit dependency on target 'MLXVLM' in project 'mlx-swift-lm'
➜ Explicit dependency on target 'MLXEmbedders' in project 'mlx-swift-lm'
➜ Explicit dependency on target 'MLXLMCommon' in project 'mlx-swift-lm'
➜ Explicit dependency on target 'MLXHuggingFace' in project 'mlx-swift-lm'
➜ Explicit dependency on target 'Tokenizers' in project 'swift-transformers'
➜ Explicit dependency on target 'HuggingFace' in project 'swift-huggingface'
Target 'MLXHuggingFace' in project 'mlx-swift-lm'
➜ Explicit dependency on target 'MLXHuggingFace' in project 'mlx-swift-lm'
➜ Explicit dependency on target 'MLXHuggingFaceMacros' in project 'mlx-swift-lm'
➜ Explicit dependency on target 'MLXLMCommon' in project 'mlx-swift-lm'
➜ Explicit dependency on target 'MLX' in project 'mlx-swift'
➜ Explicit dependency on target 'MLXNN' in project 'mlx-swift'
➜ Explicit dependency on target 'MLXOptimizers' in project 'mlx-swift'
Target 'MLXHuggingFace' in project 'mlx-swift-lm'
➜ Explicit dependency on target 'MLXHuggingFaceMacros' in project 'mlx-swift-lm'
➜ Explicit dependency on target 'MLXLMCommon' in project 'mlx-swift-lm'
➜ Explicit dependency on target 'MLX' in project 'mlx-swift'
➜ Explicit dependency on target 'MLXNN' in project 'mlx-swift'
➜ Explicit dependency on target 'MLXOptimizers' in project 'mlx-swift'
Target 'MLXHuggingFaceMacros' in project 'mlx-swift-lm'
➜ Explicit dependency on target 'SwiftSyntaxMacros' in project 'swift-syntax'
➜ Explicit dependency on target 'SwiftCompilerPlugin' in project 'swift-syntax'
Target 'MLXLMCommon' in project 'mlx-swift-lm'
➜ Explicit dependency on target 'MLXLMCommon' in project 'mlx-swift-lm'
➜ Explicit dependency on target 'MLX' in project 'mlx-swift'
➜ Explicit dependency on target 'MLXNN' in project 'mlx-swift'
➜ Explicit dependency on target 'MLXOptimizers' in project 'mlx-swift'
Target 'MLXEmbedders' in project 'mlx-swift-lm'
➜ Explicit dependency on target 'MLXEmbedders' in project 'mlx-swift-lm'
➜ Explicit dependency on target 'MLXLMCommon' in project 'mlx-swift-lm'
➜ Explicit dependency on target 'MLX' in project 'mlx-swift'
➜ Explicit dependency on target 'MLXNN' in project 'mlx-swift'
➜ Explicit dependency on target 'MLXOptimizers' in project 'mlx-swift'
Target 'MLXEmbedders' in project 'mlx-swift-lm'
➜ Explicit dependency on target 'MLXLMCommon' in project 'mlx-swift-lm'
➜ Explicit dependency on target 'MLX' in project 'mlx-swift'
➜ Explicit dependency on target 'MLXNN' in project 'mlx-swift'
➜ Explicit dependency on target 'MLXOptimizers' in project 'mlx-swift'
Target 'MLXVLM' in project 'mlx-swift-lm'
➜ Explicit dependency on target 'MLXVLM' in project 'mlx-swift-lm'
➜ Explicit dependency on target 'MLXLMCommon' in project 'mlx-swift-lm'
➜ Explicit dependency on target 'MLX' in project 'mlx-swift'
➜ Explicit dependency on target 'MLXNN' in project 'mlx-swift'
➜ Explicit dependency on target 'MLXOptimizers' in project 'mlx-swift'
Target 'MLXVLM' in project 'mlx-swift-lm'
➜ Explicit dependency on target 'MLXLMCommon' in project 'mlx-swift-lm'
➜ Explicit dependency on target 'MLX' in project 'mlx-swift'
➜ Explicit dependency on target 'MLXNN' in project 'mlx-swift'
➜ Explicit dependency on target 'MLXOptimizers' in project 'mlx-swift'
Target 'MLXLLM' in project 'mlx-swift-lm'
➜ Explicit dependency on target 'MLXLLM' in project 'mlx-swift-lm'
➜ Explicit dependency on target 'MLXLMCommon' in project 'mlx-swift-lm'
➜ Explicit dependency on target 'MLX' in project 'mlx-swift'
➜ Explicit dependency on target 'MLXNN' in project 'mlx-swift'
➜ Explicit dependency on target 'MLXOptimizers' in project 'mlx-swift'
Target 'MLXLLM' in project 'mlx-swift-lm'
➜ Explicit dependency on target 'MLXLMCommon' in project 'mlx-swift-lm'
➜ Explicit dependency on target 'MLX' in project 'mlx-swift'
➜ Explicit dependency on target 'MLXNN' in project 'mlx-swift'
➜ Explicit dependency on target 'MLXOptimizers' in project 'mlx-swift'
Target 'MLXLMCommon' in project 'mlx-swift-lm'
➜ Explicit dependency on target 'MLX' in project 'mlx-swift'
➜ Explicit dependency on target 'MLXNN' in project 'mlx-swift'
➜ Explicit dependency on target 'MLXOptimizers' in project 'mlx-swift'
Target 'MLXOptimizers' in project 'mlx-swift'
➜ Explicit dependency on target 'MLXOptimizers' in project 'mlx-swift'
➜ Explicit dependency on target 'Cmlx' in project 'mlx-swift'
➜ Explicit dependency on target 'MLX' in project 'mlx-swift'
➜ Explicit dependency on target 'MLXNN' in project 'mlx-swift'
➜ Explicit dependency on target 'Numerics' in project 'swift-numerics'
Target 'MLXOptimizers' in project 'mlx-swift'
➜ Explicit dependency on target 'Cmlx' in project 'mlx-swift'
➜ Explicit dependency on target 'MLX' in project 'mlx-swift'
➜ Explicit dependency on target 'MLXNN' in project 'mlx-swift'
➜ Explicit dependency on target 'Numerics' in project 'swift-numerics'
Target 'MLXNN' in project 'mlx-swift'
➜ Explicit dependency on target 'MLXNN' in project 'mlx-swift'
➜ Explicit dependency on target 'Cmlx' in project 'mlx-swift'
➜ Explicit dependency on target 'MLX' in project 'mlx-swift'
➜ Explicit dependency on target 'Numerics' in project 'swift-numerics'
Target 'MLXNN' in project 'mlx-swift'
➜ Explicit dependency on target 'Cmlx' in project 'mlx-swift'
➜ Explicit dependency on target 'MLX' in project 'mlx-swift'
➜ Explicit dependency on target 'Numerics' in project 'swift-numerics'
Target 'MLX' in project 'mlx-swift'
➜ Explicit dependency on target 'MLX' in project 'mlx-swift'
➜ Explicit dependency on target 'Cmlx' in project 'mlx-swift'
➜ Explicit dependency on target 'Numerics' in project 'swift-numerics'
Target 'MLX' in project 'mlx-swift'
➜ Explicit dependency on target 'Cmlx' in project 'mlx-swift'
➜ Explicit dependency on target 'Numerics' in project 'swift-numerics'
Target 'Numerics' in project 'swift-numerics'
➜ Explicit dependency on target 'Numerics' in project 'swift-numerics'
➜ Explicit dependency on target '_NumericsShims' in project 'swift-numerics'
➜ Explicit dependency on target 'RealModule' in project 'swift-numerics'
➜ Explicit dependency on target 'ComplexModule' in project 'swift-numerics'
Target 'Numerics' in project 'swift-numerics'
➜ Explicit dependency on target '_NumericsShims' in project 'swift-numerics'
➜ Explicit dependency on target 'RealModule' in project 'swift-numerics'
➜ Explicit dependency on target 'ComplexModule' in project 'swift-numerics'
Target 'ComplexModule' in project 'swift-numerics'
➜ Explicit dependency on target '_NumericsShims' in project 'swift-numerics'
➜ Explicit dependency on target 'RealModule' in project 'swift-numerics'
Target 'RealModule' in project 'swift-numerics'
➜ Explicit dependency on target '_NumericsShims' in project 'swift-numerics'
Target '_NumericsShims' in project 'swift-numerics' (no dependencies)
Target 'Cmlx' in project 'mlx-swift'
➜ Explicit dependency on target 'mlx-swift_Cmlx' in project 'mlx-swift'
Target 'mlx-swift_Cmlx' in project 'mlx-swift' (no dependencies)
Target 'PrivateFoundationModelsCoreML' in project 'PrivateFoundationModels'
➜ Explicit dependency on target 'PrivateFoundationModelsCoreML' in project 'PrivateFoundationModels'
➜ Explicit dependency on target 'PFMMacros' in project 'PrivateFoundationModels'
➜ Explicit dependency on target 'PrivateFoundationModels' in project 'PrivateFoundationModels'
➜ Explicit dependency on target 'CoreMLLLM' in project 'CoreMLLLM'
➜ Explicit dependency on target 'Tokenizers' in project 'swift-transformers'
Target 'PrivateFoundationModelsCoreML' in project 'PrivateFoundationModels'
➜ Explicit dependency on target 'PFMMacros' in project 'PrivateFoundationModels'
➜ Explicit dependency on target 'PrivateFoundationModels' in project 'PrivateFoundationModels'
➜ Explicit dependency on target 'CoreMLLLM' in project 'CoreMLLLM'
➜ Explicit dependency on target 'Tokenizers' in project 'swift-transformers'
Target 'CoreMLLLM' in project 'CoreMLLLM'
➜ Explicit dependency on target 'CoreMLLLM' in project 'CoreMLLLM'
➜ Explicit dependency on target 'Tokenizers' in project 'swift-transformers'
Target 'CoreMLLLM' in project 'CoreMLLLM'
➜ Explicit dependency on target 'Tokenizers' in project 'swift-transformers'
Target 'Tokenizers' in project 'swift-transformers'
➜ Explicit dependency on target 'Tokenizers' in project 'swift-transformers'
➜ Explicit dependency on target 'Hub' in project 'swift-transformers'
➜ Explicit dependency on target 'Jinja' in project 'Jinja'
➜ Explicit dependency on target 'HuggingFace' in project 'swift-huggingface'
➜ Explicit dependency on target 'OrderedCollections' in project 'swift-collections'
➜ Explicit dependency on target 'Crypto' in project 'swift-crypto'
➜ Explicit dependency on target 'yyjson' in project 'yyjson'
Target 'Tokenizers' in project 'swift-transformers'
➜ Explicit dependency on target 'Hub' in project 'swift-transformers'
➜ Explicit dependency on target 'Jinja' in project 'Jinja'
➜ Explicit dependency on target 'HuggingFace' in project 'swift-huggingface'
➜ Explicit dependency on target 'OrderedCollections' in project 'swift-collections'
➜ Explicit dependency on target 'Crypto' in project 'swift-crypto'
➜ Explicit dependency on target 'yyjson' in project 'yyjson'
Target 'Hub' in project 'swift-transformers'
➜ Explicit dependency on target 'swift-transformers_Hub' in project 'swift-transformers'
➜ Explicit dependency on target 'Jinja' in project 'Jinja'
➜ Explicit dependency on target 'HuggingFace' in project 'swift-huggingface'
➜ Explicit dependency on target 'OrderedCollections' in project 'swift-collections'
➜ Explicit dependency on target 'Crypto' in project 'swift-crypto'
➜ Explicit dependency on target 'yyjson' in project 'yyjson'
Target 'yyjson' in project 'yyjson'
➜ Explicit dependency on target 'yyjson' in project 'yyjson'
Target 'yyjson' in project 'yyjson' (no dependencies)
Target 'HuggingFace' in project 'swift-huggingface'
➜ Explicit dependency on target 'HuggingFace' in project 'swift-huggingface'
➜ Explicit dependency on target 'EventSource' in project 'EventSource'
➜ Explicit dependency on target 'Crypto' in project 'swift-crypto'
Target 'HuggingFace' in project 'swift-huggingface'
➜ Explicit dependency on target 'EventSource' in project 'EventSource'
➜ Explicit dependency on target 'Crypto' in project 'swift-crypto'
Target 'Crypto' in project 'swift-crypto'
➜ Explicit dependency on target 'Crypto' in project 'swift-crypto'
➜ Explicit dependency on target 'swift-crypto_Crypto' in project 'swift-crypto'
Target 'Crypto' in project 'swift-crypto'
➜ Explicit dependency on target 'swift-crypto_Crypto' in project 'swift-crypto'
Target 'swift-crypto_Crypto' in project 'swift-crypto' (no dependencies)
Target 'EventSource' in project 'EventSource'
➜ Explicit dependency on target 'EventSource' in project 'EventSource'
➜ Explicit dependency on target 'NIOCore' in project 'swift-nio'
Target 'EventSource' in project 'EventSource'
➜ Explicit dependency on target 'NIOCore' in project 'swift-nio'
Target 'NIOCore' in project 'swift-nio'
➜ Explicit dependency on target 'NIOCore' in project 'swift-nio'
➜ Explicit dependency on target 'CNIOAtomics' in project 'swift-nio'
➜ Explicit dependency on target 'NIOConcurrencyHelpers' in project 'swift-nio'
➜ Explicit dependency on target '_NIOBase64' in project 'swift-nio'
➜ Explicit dependency on target 'CNIOOpenBSD' in project 'swift-nio'
➜ Explicit dependency on target 'CNIOFreeBSD' in project 'swift-nio'
➜ Explicit dependency on target 'CNIODarwin' in project 'swift-nio'
➜ Explicit dependency on target 'CNIOLinux' in project 'swift-nio'
➜ Explicit dependency on target 'CNIOWindows' in project 'swift-nio'
➜ Explicit dependency on target 'CNIOWASI' in project 'swift-nio'
➜ Explicit dependency on target '_NIODataStructures' in project 'swift-nio'
➜ Explicit dependency on target 'DequeModule' in project 'swift-collections'
➜ Explicit dependency on target 'Atomics' in project 'swift-atomics'
Target 'NIOCore' in project 'swift-nio'
➜ Explicit dependency on target 'CNIOAtomics' in project 'swift-nio'
➜ Explicit dependency on target 'NIOConcurrencyHelpers' in project 'swift-nio'
➜ Explicit dependency on target '_NIOBase64' in project 'swift-nio'
➜ Explicit dependency on target 'CNIOOpenBSD' in project 'swift-nio'
➜ Explicit dependency on target 'CNIOFreeBSD' in project 'swift-nio'
➜ Explicit dependency on target 'CNIODarwin' in project 'swift-nio'
➜ Explicit dependency on target 'CNIOLinux' in project 'swift-nio'
➜ Explicit dependency on target 'CNIOWindows' in project 'swift-nio'
➜ Explicit dependency on target 'CNIOWASI' in project 'swift-nio'
➜ Explicit dependency on target '_NIODataStructures' in project 'swift-nio'
➜ Explicit dependency on target 'DequeModule' in project 'swift-collections'
➜ Explicit dependency on target 'Atomics' in project 'swift-atomics'
Target 'Atomics' in project 'swift-atomics'
➜ Explicit dependency on target 'Atomics' in project 'swift-atomics'
➜ Explicit dependency on target '_AtomicsShims' in project 'swift-atomics'
Target 'Atomics' in project 'swift-atomics'
➜ Explicit dependency on target '_AtomicsShims' in project 'swift-atomics'
Target '_AtomicsShims' in project 'swift-atomics' (no dependencies)
Target 'DequeModule' in project 'swift-collections'
➜ Explicit dependency on target 'DequeModule' in project 'swift-collections'
➜ Explicit dependency on target 'InternalCollectionsUtilities' in project 'swift-collections'
➜ Explicit dependency on target 'ContainersPreview' in project 'swift-collections'
Target 'DequeModule' in project 'swift-collections'
➜ Explicit dependency on target 'InternalCollectionsUtilities' in project 'swift-collections'
➜ Explicit dependency on target 'ContainersPreview' in project 'swift-collections'
Target 'ContainersPreview' in project 'swift-collections'
➜ Explicit dependency on target 'InternalCollectionsUtilities' in project 'swift-collections'
Target '_NIODataStructures' in project 'swift-nio' (no dependencies)
Target 'CNIOWASI' in project 'swift-nio' (no dependencies)
Target 'CNIOWindows' in project 'swift-nio' (no dependencies)
Target 'CNIOLinux' in project 'swift-nio' (no dependencies)
Target 'CNIODarwin' in project 'swift-nio' (no dependencies)
Target 'CNIOFreeBSD' in project 'swift-nio' (no dependencies)
Target 'CNIOOpenBSD' in project 'swift-nio' (no dependencies)
Target '_NIOBase64' in project 'swift-nio' (no dependencies)
Target 'NIOConcurrencyHelpers' in project 'swift-nio'
➜ Explicit dependency on target 'CNIOAtomics' in project 'swift-nio'
Target 'CNIOAtomics' in project 'swift-nio' (no dependencies)
Target 'Jinja' in project 'Jinja'
➜ Explicit dependency on target 'Jinja' in project 'Jinja'
➜ Explicit dependency on target 'OrderedCollections' in project 'swift-collections'
Target 'Jinja' in project 'Jinja'
➜ Explicit dependency on target 'OrderedCollections' in project 'swift-collections'
Target 'OrderedCollections' in project 'swift-collections'
➜ Explicit dependency on target 'OrderedCollections' in project 'swift-collections'
➜ Explicit dependency on target 'InternalCollectionsUtilities' in project 'swift-collections'
Target 'OrderedCollections' in project 'swift-collections'
➜ Explicit dependency on target 'InternalCollectionsUtilities' in project 'swift-collections'
Target 'InternalCollectionsUtilities' in project 'swift-collections' (no dependencies)
Target 'swift-transformers_Hub' in project 'swift-transformers' (no dependencies)
Target 'PrivateFoundationModelsApple' in project 'PrivateFoundationModels'
➜ Explicit dependency on target 'PrivateFoundationModelsApple' in project 'PrivateFoundationModels'
➜ Explicit dependency on target 'PFMMacros' in project 'PrivateFoundationModels'
➜ Explicit dependency on target 'PrivateFoundationModels' in project 'PrivateFoundationModels'
Target 'PrivateFoundationModelsApple' in project 'PrivateFoundationModels'
➜ Explicit dependency on target 'PFMMacros' in project 'PrivateFoundationModels'
➜ Explicit dependency on target 'PrivateFoundationModels' in project 'PrivateFoundationModels'
Target 'PrivateFoundationModels' in project 'PrivateFoundationModels'
➜ Explicit dependency on target 'PrivateFoundationModels' in project 'PrivateFoundationModels'
➜ Explicit dependency on target 'PFMMacros' in project 'PrivateFoundationModels'
Target 'PrivateFoundationModels' in project 'PrivateFoundationModels'
➜ Explicit dependency on target 'PFMMacros' in project 'PrivateFoundationModels'
Target 'PFMMacros' in project 'PrivateFoundationModels'
➜ Explicit dependency on target 'SwiftSyntax' in project 'swift-syntax'
➜ Explicit dependency on target 'SwiftSyntaxMacros' in project 'swift-syntax'
➜ Explicit dependency on target 'SwiftCompilerPlugin' in project 'swift-syntax'
Target 'SwiftCompilerPlugin' in project 'swift-syntax'
➜ Explicit dependency on target 'SwiftCompilerPlugin' in project 'swift-syntax'
➜ Explicit dependency on target '_SwiftSyntaxCShims' in project 'swift-syntax'
➜ Explicit dependency on target 'SwiftSyntax509' in project 'swift-syntax'
➜ Explicit dependency on target 'SwiftSyntax510' in project 'swift-syntax'
➜ Explicit dependency on target 'SwiftSyntax600' in project 'swift-syntax'
➜ Explicit dependency on target 'SwiftSyntax' in project 'swift-syntax'
➜ Explicit dependency on target 'SwiftDiagnostics' in project 'swift-syntax'
➜ Explicit dependency on target 'SwiftParser' in project 'swift-syntax'
➜ Explicit dependency on target 'SwiftOperators' in project 'swift-syntax'
➜ Explicit dependency on target 'SwiftBasicFormat' in project 'swift-syntax'
➜ Explicit dependency on target 'SwiftParserDiagnostics' in project 'swift-syntax'
➜ Explicit dependency on target 'SwiftSyntaxBuilder' in project 'swift-syntax'
➜ Explicit dependency on target 'SwiftSyntaxMacros' in project 'swift-syntax'
➜ Explicit dependency on target 'SwiftSyntaxMacroExpansion' in project 'swift-syntax'
➜ Explicit dependency on target 'SwiftCompilerPluginMessageHandling' in project 'swift-syntax'
Target 'SwiftCompilerPlugin' in project 'swift-syntax'
➜ Explicit dependency on target '_SwiftSyntaxCShims' in project 'swift-syntax'
➜ Explicit dependency on target 'SwiftSyntax509' in project 'swift-syntax'
➜ Explicit dependency on target 'SwiftSyntax510' in project 'swift-syntax'
➜ Explicit dependency on target 'SwiftSyntax600' in project 'swift-syntax'
➜ Explicit dependency on target 'SwiftSyntax' in project 'swift-syntax'
➜ Explicit dependency on target 'SwiftDiagnostics' in project 'swift-syntax'
➜ Explicit dependency on target 'SwiftParser' in project 'swift-syntax'
➜ Explicit dependency on target 'SwiftOperators' in project 'swift-syntax'
➜ Explicit dependency on target 'SwiftBasicFormat' in project 'swift-syntax'
➜ Explicit dependency on target 'SwiftParserDiagnostics' in project 'swift-syntax'
➜ Explicit dependency on target 'SwiftSyntaxBuilder' in project 'swift-syntax'
➜ Explicit dependency on target 'SwiftSyntaxMacros' in project 'swift-syntax'
➜ Explicit dependency on target 'SwiftSyntaxMacroExpansion' in project 'swift-syntax'
➜ Explicit dependency on target 'SwiftCompilerPluginMessageHandling' in project 'swift-syntax'
Target 'SwiftCompilerPluginMessageHandling' in project 'swift-syntax'
➜ Explicit dependency on target '_SwiftSyntaxCShims' in project 'swift-syntax'
➜ Explicit dependency on target 'SwiftSyntax509' in project 'swift-syntax'
➜ Explicit dependency on target 'SwiftSyntax510' in project 'swift-syntax'
➜ Explicit dependency on target 'SwiftSyntax600' in project 'swift-syntax'
➜ Explicit dependency on target 'SwiftSyntax' in project 'swift-syntax'
➜ Explicit dependency on target 'SwiftDiagnostics' in project 'swift-syntax'
➜ Explicit dependency on target 'SwiftParser' in project 'swift-syntax'
➜ Explicit dependency on target 'SwiftOperators' in project 'swift-syntax'
➜ Explicit dependency on target 'SwiftBasicFormat' in project 'swift-syntax'
➜ Explicit dependency on target 'SwiftParserDiagnostics' in project 'swift-syntax'
➜ Explicit dependency on target 'SwiftSyntaxBuilder' in project 'swift-syntax'
➜ Explicit dependency on target 'SwiftSyntaxMacros' in project 'swift-syntax'
➜ Explicit dependency on target 'SwiftSyntaxMacroExpansion' in project 'swift-syntax'
Target 'SwiftSyntaxMacroExpansion' in project 'swift-syntax'
➜ Explicit dependency on target '_SwiftSyntaxCShims' in project 'swift-syntax'
➜ Explicit dependency on target 'SwiftSyntax509' in project 'swift-syntax'
➜ Explicit dependency on target 'SwiftSyntax510' in project 'swift-syntax'
➜ Explicit dependency on target 'SwiftSyntax600' in project 'swift-syntax'
➜ Explicit dependency on target 'SwiftSyntax' in project 'swift-syntax'
➜ Explicit dependency on target 'SwiftBasicFormat' in project 'swift-syntax'
➜ Explicit dependency on target 'SwiftParser' in project 'swift-syntax'
➜ Explicit dependency on target 'SwiftDiagnostics' in project 'swift-syntax'
➜ Explicit dependency on target 'SwiftParserDiagnostics' in project 'swift-syntax'
➜ Explicit dependency on target 'SwiftSyntaxBuilder' in project 'swift-syntax'
➜ Explicit dependency on target 'SwiftSyntaxMacros' in project 'swift-syntax'
➜ Explicit dependency on target 'SwiftOperators' in project 'swift-syntax'
Target 'SwiftOperators' in project 'swift-syntax'
➜ Explicit dependency on target '_SwiftSyntaxCShims' in project 'swift-syntax'
➜ Explicit dependency on target 'SwiftSyntax509' in project 'swift-syntax'
➜ Explicit dependency on target 'SwiftSyntax510' in project 'swift-syntax'
➜ Explicit dependency on target 'SwiftSyntax600' in project 'swift-syntax'
➜ Explicit dependency on target 'SwiftSyntax' in project 'swift-syntax'
➜ Explicit dependency on target 'SwiftDiagnostics' in project 'swift-syntax'
➜ Explicit dependency on target 'SwiftParser' in project 'swift-syntax'
Target 'SwiftSyntaxMacros' in project 'swift-syntax'
➜ Explicit dependency on target 'SwiftSyntaxMacros' in project 'swift-syntax'
➜ Explicit dependency on target '_SwiftSyntaxCShims' in project 'swift-syntax'
➜ Explicit dependency on target 'SwiftSyntax509' in project 'swift-syntax'
➜ Explicit dependency on target 'SwiftSyntax510' in project 'swift-syntax'
➜ Explicit dependency on target 'SwiftSyntax600' in project 'swift-syntax'
➜ Explicit dependency on target 'SwiftSyntax' in project 'swift-syntax'
➜ Explicit dependency on target 'SwiftDiagnostics' in project 'swift-syntax'
➜ Explicit dependency on target 'SwiftParser' in project 'swift-syntax'
➜ Explicit dependency on target 'SwiftBasicFormat' in project 'swift-syntax'
➜ Explicit dependency on target 'SwiftParserDiagnostics' in project 'swift-syntax'
➜ Explicit dependency on target 'SwiftSyntaxBuilder' in project 'swift-syntax'
Target 'SwiftSyntaxMacros' in project 'swift-syntax'
➜ Explicit dependency on target '_SwiftSyntaxCShims' in project 'swift-syntax'
➜ Explicit dependency on target 'SwiftSyntax509' in project 'swift-syntax'
➜ Explicit dependency on target 'SwiftSyntax510' in project 'swift-syntax'
➜ Explicit dependency on target 'SwiftSyntax600' in project 'swift-syntax'
➜ Explicit dependency on target 'SwiftSyntax' in project 'swift-syntax'
➜ Explicit dependency on target 'SwiftDiagnostics' in project 'swift-syntax'
➜ Explicit dependency on target 'SwiftParser' in project 'swift-syntax'
➜ Explicit dependency on target 'SwiftBasicFormat' in project 'swift-syntax'
➜ Explicit dependency on target 'SwiftParserDiagnostics' in project 'swift-syntax'
➜ Explicit dependency on target 'SwiftSyntaxBuilder' in project 'swift-syntax'
Target 'SwiftSyntaxBuilder' in project 'swift-syntax'
➜ Explicit dependency on target '_SwiftSyntaxCShims' in project 'swift-syntax'
➜ Explicit dependency on target 'SwiftSyntax509' in project 'swift-syntax'
➜ Explicit dependency on target 'SwiftSyntax510' in project 'swift-syntax'
➜ Explicit dependency on target 'SwiftSyntax600' in project 'swift-syntax'
➜ Explicit dependency on target 'SwiftSyntax' in project 'swift-syntax'
➜ Explicit dependency on target 'SwiftBasicFormat' in project 'swift-syntax'
➜ Explicit dependency on target 'SwiftParser' in project 'swift-syntax'
➜ Explicit dependency on target 'SwiftDiagnostics' in project 'swift-syntax'
➜ Explicit dependency on target 'SwiftParserDiagnostics' in project 'swift-syntax'
Target 'SwiftParserDiagnostics' in project 'swift-syntax'
➜ Explicit dependency on target '_SwiftSyntaxCShims' in project 'swift-syntax'
➜ Explicit dependency on target 'SwiftSyntax509' in project 'swift-syntax'
➜ Explicit dependency on target 'SwiftSyntax510' in project 'swift-syntax'
➜ Explicit dependency on target 'SwiftSyntax600' in project 'swift-syntax'
➜ Explicit dependency on target 'SwiftSyntax' in project 'swift-syntax'
➜ Explicit dependency on target 'SwiftBasicFormat' in project 'swift-syntax'
➜ Explicit dependency on target 'SwiftDiagnostics' in project 'swift-syntax'
➜ Explicit dependency on target 'SwiftParser' in project 'swift-syntax'
Target 'SwiftBasicFormat' in project 'swift-syntax'
➜ Explicit dependency on target '_SwiftSyntaxCShims' in project 'swift-syntax'
➜ Explicit dependency on target 'SwiftSyntax509' in project 'swift-syntax'
➜ Explicit dependency on target 'SwiftSyntax510' in project 'swift-syntax'
➜ Explicit dependency on target 'SwiftSyntax600' in project 'swift-syntax'
➜ Explicit dependency on target 'SwiftSyntax' in project 'swift-syntax'
Target 'SwiftParser' in project 'swift-syntax'
➜ Explicit dependency on target '_SwiftSyntaxCShims' in project 'swift-syntax'
➜ Explicit dependency on target 'SwiftSyntax509' in project 'swift-syntax'
➜ Explicit dependency on target 'SwiftSyntax510' in project 'swift-syntax'
➜ Explicit dependency on target 'SwiftSyntax600' in project 'swift-syntax'
➜ Explicit dependency on target 'SwiftSyntax' in project 'swift-syntax'
Target 'SwiftDiagnostics' in project 'swift-syntax'
➜ Explicit dependency on target '_SwiftSyntaxCShims' in project 'swift-syntax'
➜ Explicit dependency on target 'SwiftSyntax509' in project 'swift-syntax'
➜ Explicit dependency on target 'SwiftSyntax510' in project 'swift-syntax'
➜ Explicit dependency on target 'SwiftSyntax600' in project 'swift-syntax'
➜ Explicit dependency on target 'SwiftSyntax' in project 'swift-syntax'
Target 'SwiftSyntax' in project 'swift-syntax'
➜ Explicit dependency on target 'SwiftSyntax' in project 'swift-syntax'
➜ Explicit dependency on target '_SwiftSyntaxCShims' in project 'swift-syntax'
➜ Explicit dependency on target 'SwiftSyntax509' in project 'swift-syntax'
➜ Explicit dependency on target 'SwiftSyntax510' in project 'swift-syntax'
➜ Explicit dependency on target 'SwiftSyntax600' in project 'swift-syntax'
Target 'SwiftSyntax' in project 'swift-syntax'
➜ Explicit dependency on target '_SwiftSyntaxCShims' in project 'swift-syntax'
➜ Explicit dependency on target 'SwiftSyntax509' in project 'swift-syntax'
➜ Explicit dependency on target 'SwiftSyntax510' in project 'swift-syntax'
➜ Explicit dependency on target 'SwiftSyntax600' in project 'swift-syntax'
Target 'SwiftSyntax600' in project 'swift-syntax' (no dependencies)
Target 'SwiftSyntax510' in project 'swift-syntax' (no dependencies)
Target 'SwiftSyntax509' in project 'swift-syntax' (no dependencies)
Target '_SwiftSyntaxCShims' in project 'swift-syntax' (no dependencies)
GatherProvisioningInputs
CreateBuildDescription
ClangStatCache /Applications/Xcode-26.3.0.app/Contents/Developer/Toolchains/XcodeDefault.xctoolchain/usr/bin/clang-stat-cache /Applications/Xcode-26.3.0.app/Contents/Developer/Platforms/WatchOS.platform/Developer/SDKs/WatchOS26.2.sdk /Users/admin/builder/spi-builder-workspace/.derivedData/SDKStatCaches.noindex/watchos26.2-23S303-dc75598d0054f22ec865fa860f139d721753b489057de6bda919edfa1c59a62b.sdkstatcache
cd /Users/admin/builder/spi-builder-workspace/.swiftpm/xcode
/Applications/Xcode-26.3.0.app/Contents/Developer/Toolchains/XcodeDefault.xctoolchain/usr/bin/clang-stat-cache /Applications/Xcode-26.3.0.app/Contents/Developer/Platforms/WatchOS.platform/Developer/SDKs/WatchOS26.2.sdk -o /Users/admin/builder/spi-builder-workspace/.derivedData/SDKStatCaches.noindex/watchos26.2-23S303-dc75598d0054f22ec865fa860f139d721753b489057de6bda919edfa1c59a62b.sdkstatcache
ClangStatCache /Applications/Xcode-26.3.0.app/Contents/Developer/Toolchains/XcodeDefault.xctoolchain/usr/bin/clang-stat-cache /Applications/Xcode-26.3.0.app/Contents/Developer/Platforms/MacOSX.platform/Developer/SDKs/MacOSX26.2.sdk /Users/admin/builder/spi-builder-workspace/.derivedData/SDKStatCaches.noindex/macosx26.2-25C58-dc75598d0054f22ec865fa860f139d726b10091eae1b9012e514a50b0de53ce7.sdkstatcache
cd /Users/admin/builder/spi-builder-workspace/.swiftpm/xcode
/Applications/Xcode-26.3.0.app/Contents/Developer/Toolchains/XcodeDefault.xctoolchain/usr/bin/clang-stat-cache /Applications/Xcode-26.3.0.app/Contents/Developer/Platforms/MacOSX.platform/Developer/SDKs/MacOSX26.2.sdk -o /Users/admin/builder/spi-builder-workspace/.derivedData/SDKStatCaches.noindex/macosx26.2-25C58-dc75598d0054f22ec865fa860f139d726b10091eae1b9012e514a50b0de53ce7.sdkstatcache
RegisterExecutionPolicyException /Users/admin/builder/spi-builder-workspace/.derivedData/Build/Products/Debug-watchos/mlx-swift_Cmlx.bundle (in target 'mlx-swift_Cmlx' from project 'mlx-swift')
cd /Users/admin/builder/spi-builder-workspace/.dependencies/checkouts/mlx-swift
builtin-RegisterExecutionPolicyException /Users/admin/builder/spi-builder-workspace/.derivedData/Build/Products/Debug-watchos/mlx-swift_Cmlx.bundle
Touch /Users/admin/builder/spi-builder-workspace/.derivedData/Build/Products/Debug-watchos/mlx-swift_Cmlx.bundle (in target 'mlx-swift_Cmlx' from project 'mlx-swift')
cd /Users/admin/builder/spi-builder-workspace/.dependencies/checkouts/mlx-swift
/usr/bin/touch -c /Users/admin/builder/spi-builder-workspace/.derivedData/Build/Products/Debug-watchos/mlx-swift_Cmlx.bundle
ScanDependencies /Users/admin/builder/spi-builder-workspace/.derivedData/Build/Intermediates.noindex/swift-nio.build/Debug-watchos/CNIOWASI.build/Objects-normal/armv7k/CNIOWASI.o /Users/admin/builder/spi-builder-workspace/.dependencies/checkouts/swift-nio/Sources/CNIOWASI/CNIOWASI.c normal armv7k c com.apple.compilers.llvm.clang.1_0.compiler (in target 'CNIOWASI' from project 'swift-nio')
cd /Users/admin/builder/spi-builder-workspace/.swiftpm/xcode
Using response file: /Users/admin/builder/spi-builder-workspace/.derivedData/Build/Intermediates.noindex/swift-nio.build/Debug-watchos/CNIOWASI.build/Objects-normal/armv7k/7187679823f38a2a940e0043cdf9d637-common-args.resp
builtin-ScanDependencies -o /Users/admin/builder/spi-builder-workspace/.derivedData/Build/Intermediates.noindex/swift-nio.build/Debug-watchos/CNIOWASI.build/Objects-normal/armv7k/CNIOWASI.o.scan -- /Applications/Xcode-26.3.0.app/Contents/Developer/Toolchains/XcodeDefault.xctoolchain/usr/bin/clang -x c -ivfsstatcache /Users/admin/builder/spi-builder-workspace/.derivedData/SDKStatCaches.noindex/watchos26.2-23S303-dc75598d0054f22ec865fa860f139d721753b489057de6bda919edfa1c59a62b.sdkstatcache -fmessage-length\=0 -fdiagnostics-show-note-include-stack -fmacro-backtrace-limit\=0 -fno-color-diagnostics -fmodules-prune-interval\=86400 -fmodules-prune-after\=345600 -fbuild-session-file\=/Users/admin/builder/spi-builder-workspace/.derivedData/ModuleCache.noindex/Session.modulevalidation -fmodules-validate-once-per-build-session -Wnon-modular-include-in-framework-module -Werror\=non-modular-include-in-framework-module -Wno-trigraphs -Wno-missing-field-initializers -Wno-missing-prototypes -Wno-return-type -Wno-missing-braces -Wparentheses -Wswitch -Wno-unused-function -Wno-unused-label -Wno-unused-parameter -Wno-unused-variable -Wunused-value -Wno-empty-body -Wno-uninitialized -Wno-unknown-pragmas -w -Wno-shadow -Wno-four-char-constants -Wno-conversion -Wno-constant-conversion -Wno-int-conversion -Wno-bool-conversion -Wno-enum-conversion -Wno-float-conversion -Wno-non-literal-null-conversion -Wno-objc-literal-conversion -Wno-shorten-64-to-32 -Wpointer-sign -Wno-newline-eof -Wno-implicit-fallthrough -fstrict-aliasing -Wdeprecated-declarations -Wno-sign-conversion -Wno-infinite-recursion -Wno-comma -Wno-block-capture-autoreleasing -Wno-strict-prototypes -Wno-semicolon-before-method-body -index-store-path /Users/admin/builder/spi-builder-workspace/.derivedData/Index.noindex/DataStore @/Users/admin/builder/spi-builder-workspace/.derivedData/Build/Intermediates.noindex/swift-nio.build/Debug-watchos/CNIOWASI.build/Objects-normal/armv7k/7187679823f38a2a940e0043cdf9d637-common-args.resp -MMD -MT dependencies -MF /Users/admin/builder/spi-builder-workspace/.derivedData/Build/Intermediates.noindex/swift-nio.build/Debug-watchos/CNIOWASI.build/Objects-normal/armv7k/CNIOWASI.d --serialize-diagnostics /Users/admin/builder/spi-builder-workspace/.derivedData/Build/Intermediates.noindex/swift-nio.build/Debug-watchos/CNIOWASI.build/Objects-normal/armv7k/CNIOWASI.dia -c /Users/admin/builder/spi-builder-workspace/.dependencies/checkouts/swift-nio/Sources/CNIOWASI/CNIOWASI.c -o /Users/admin/builder/spi-builder-workspace/.derivedData/Build/Intermediates.noindex/swift-nio.build/Debug-watchos/CNIOWASI.build/Objects-normal/armv7k/CNIOWASI.o -index-unit-output-path /swift-nio.build/Debug-watchos/CNIOWASI.build/Objects-normal/armv7k/CNIOWASI.o
ScanDependencies /Users/admin/builder/spi-builder-workspace/.derivedData/Build/Intermediates.noindex/swift-nio.build/Debug-watchos/CNIOWindows.build/Objects-normal/armv7k/shim.o /Users/admin/builder/spi-builder-workspace/.dependencies/checkouts/swift-nio/Sources/CNIOWindows/shim.c normal armv7k c com.apple.compilers.llvm.clang.1_0.compiler (in target 'CNIOWindows' from project 'swift-nio')
cd /Users/admin/builder/spi-builder-workspace/.swiftpm/xcode
Using response file: /Users/admin/builder/spi-builder-workspace/.derivedData/Build/Intermediates.noindex/swift-nio.build/Debug-watchos/CNIOWindows.build/Objects-normal/armv7k/7187679823f38a2a940e0043cdf9d637-common-args.resp
builtin-ScanDependencies -o /Users/admin/builder/spi-builder-workspace/.derivedData/Build/Intermediates.noindex/swift-nio.build/Debug-watchos/CNIOWindows.build/Objects-normal/armv7k/shim.o.scan -- /Applications/Xcode-26.3.0.app/Contents/Developer/Toolchains/XcodeDefault.xctoolchain/usr/bin/clang -x c -ivfsstatcache /Users/admin/builder/spi-builder-workspace/.derivedData/SDKStatCaches.noindex/watchos26.2-23S303-dc75598d0054f22ec865fa860f139d721753b489057de6bda919edfa1c59a62b.sdkstatcache -fmessage-length\=0 -fdiagnostics-show-note-include-stack -fmacro-backtrace-limit\=0 -fno-color-diagnostics -fmodules-prune-interval\=86400 -fmodules-prune-after\=345600 -fbuild-session-file\=/Users/admin/builder/spi-builder-workspace/.derivedData/ModuleCache.noindex/Session.modulevalidation -fmodules-validate-once-per-build-session -Wnon-modular-include-in-framework-module -Werror\=non-modular-include-in-framework-module -Wno-trigraphs -Wno-missing-field-initializers -Wno-missing-prototypes -Wno-return-type -Wno-missing-braces -Wparentheses -Wswitch -Wno-unused-function -Wno-unused-label -Wno-unused-parameter -Wno-unused-variable -Wunused-value -Wno-empty-body -Wno-uninitialized -Wno-unknown-pragmas -w -Wno-shadow -Wno-four-char-constants -Wno-conversion -Wno-constant-conversion -Wno-int-conversion -Wno-bool-conversion -Wno-enum-conversion -Wno-float-conversion -Wno-non-literal-null-conversion -Wno-objc-literal-conversion -Wno-shorten-64-to-32 -Wpointer-sign -Wno-newline-eof -Wno-implicit-fallthrough -fstrict-aliasing -Wdeprecated-declarations -Wno-sign-conversion -Wno-infinite-recursion -Wno-comma -Wno-block-capture-autoreleasing -Wno-strict-prototypes -Wno-semicolon-before-method-body -index-store-path /Users/admin/builder/spi-builder-workspace/.derivedData/Index.noindex/DataStore @/Users/admin/builder/spi-builder-workspace/.derivedData/Build/Intermediates.noindex/swift-nio.build/Debug-watchos/CNIOWindows.build/Objects-normal/armv7k/7187679823f38a2a940e0043cdf9d637-common-args.resp -MMD -MT dependencies -MF /Users/admin/builder/spi-builder-workspace/.derivedData/Build/Intermediates.noindex/swift-nio.build/Debug-watchos/CNIOWindows.build/Objects-normal/armv7k/shim.d --serialize-diagnostics /Users/admin/builder/spi-builder-workspace/.derivedData/Build/Intermediates.noindex/swift-nio.build/Debug-watchos/CNIOWindows.build/Objects-normal/armv7k/shim.dia -c /Users/admin/builder/spi-builder-workspace/.dependencies/checkouts/swift-nio/Sources/CNIOWindows/shim.c -o /Users/admin/builder/spi-builder-workspace/.derivedData/Build/Intermediates.noindex/swift-nio.build/Debug-watchos/CNIOWindows.build/Objects-normal/armv7k/shim.o -index-unit-output-path /swift-nio.build/Debug-watchos/CNIOWindows.build/Objects-normal/armv7k/shim.o
CompileC /Users/admin/builder/spi-builder-workspace/.derivedData/Build/Intermediates.noindex/mlx-swift.build/Debug-watchos/Cmlx.build/Objects-normal/arm64_32/version-d327107eaf78aba26d01d50e6fea4928.o /Users/admin/builder/spi-builder-workspace/.dependencies/checkouts/mlx-swift/Source/Cmlx/mlx-c/mlx/c/version.cpp normal arm64_32 c++ com.apple.compilers.llvm.clang.1_0.compiler (in target 'Cmlx' from project 'mlx-swift')
cd /Users/admin/builder/spi-builder-workspace/.swiftpm/xcode
Using response file: /Users/admin/builder/spi-builder-workspace/.derivedData/Build/Intermediates.noindex/mlx-swift.build/Debug-watchos/Cmlx.build/Objects-normal/arm64_32/82b82416624d2658e5098eb0a28c15c5-common-args.resp
/Applications/Xcode-26.3.0.app/Contents/Developer/Toolchains/XcodeDefault.xctoolchain/usr/bin/clang -x c++ -ivfsstatcache /Users/admin/builder/spi-builder-workspace/.derivedData/SDKStatCaches.noindex/watchos26.2-23S303-dc75598d0054f22ec865fa860f139d721753b489057de6bda919edfa1c59a62b.sdkstatcache -fmessage-length\=0 -fdiagnostics-show-note-include-stack -fmacro-backtrace-limit\=0 -fno-color-diagnostics -fmodules-prune-interval\=86400 -fmodules-prune-after\=345600 -fbuild-session-file\=/Users/admin/builder/spi-builder-workspace/.derivedData/ModuleCache.noindex/Session.modulevalidation -fmodules-validate-once-per-build-session -Wnon-modular-include-in-framework-module -Werror\=non-modular-include-in-framework-module -Wno-trigraphs -Wno-missing-field-initializers -Wno-missing-prototypes -Wno-return-type -Wno-non-virtual-dtor -Wno-overloaded-virtual -Wno-exit-time-destructors -Wno-missing-braces -Wparentheses -Wswitch -Wno-unused-function -Wno-unused-label -Wno-unused-parameter -Wno-unused-variable -Wunused-value -Wno-empty-body -Wno-uninitialized -Wno-unknown-pragmas -w -Wno-shadow -Wno-four-char-constants -Wno-conversion -Wno-constant-conversion -Wno-int-conversion -Wno-bool-conversion -Wno-enum-conversion -Wno-float-conversion -Wno-non-literal-null-conversion -Wno-objc-literal-conversion -Wno-shorten-64-to-32 -Wno-newline-eof -Wno-c++11-extensions -Wno-implicit-fallthrough -fstrict-aliasing -Wdeprecated-declarations -Winvalid-offsetof -Wno-sign-conversion -Wno-infinite-recursion -Wno-move -Wno-comma -Wno-block-capture-autoreleasing -Wno-strict-prototypes -Wno-range-loop-analysis -Wno-semicolon-before-method-body -index-store-path /Users/admin/builder/spi-builder-workspace/.derivedData/Index.noindex/DataStore @/Users/admin/builder/spi-builder-workspace/.derivedData/Build/Intermediates.noindex/mlx-swift.build/Debug-watchos/Cmlx.build/Objects-normal/arm64_32/82b82416624d2658e5098eb0a28c15c5-common-args.resp -MMD -MT dependencies -MF /Users/admin/builder/spi-builder-workspace/.derivedData/Build/Intermediates.noindex/mlx-swift.build/Debug-watchos/Cmlx.build/Objects-normal/arm64_32/version-d327107eaf78aba26d01d50e6fea4928.d --serialize-diagnostics /Users/admin/builder/spi-builder-workspace/.derivedData/Build/Intermediates.noindex/mlx-swift.build/Debug-watchos/Cmlx.build/Objects-normal/arm64_32/version-d327107eaf78aba26d01d50e6fea4928.dia -c /Users/admin/builder/spi-builder-workspace/.dependencies/checkouts/mlx-swift/Source/Cmlx/mlx-c/mlx/c/version.cpp -o /Users/admin/builder/spi-builder-workspace/.derivedData/Build/Intermediates.noindex/mlx-swift.build/Debug-watchos/Cmlx.build/Objects-normal/arm64_32/version-d327107eaf78aba26d01d50e6fea4928.o -index-unit-output-path /mlx-swift.build/Debug-watchos/Cmlx.build/Objects-normal/arm64_32/version-d327107eaf78aba26d01d50e6fea4928.o
CompileC /Users/admin/builder/spi-builder-workspace/.derivedData/Build/Intermediates.noindex/mlx-swift.build/Debug-watchos/Cmlx.build/Objects-normal/arm64_32/vector.o /Users/admin/builder/spi-builder-workspace/.dependencies/checkouts/mlx-swift/Source/Cmlx/mlx-c/mlx/c/vector.cpp normal arm64_32 c++ com.apple.compilers.llvm.clang.1_0.compiler (in target 'Cmlx' from project 'mlx-swift')
cd /Users/admin/builder/spi-builder-workspace/.swiftpm/xcode
Using response file: /Users/admin/builder/spi-builder-workspace/.derivedData/Build/Intermediates.noindex/mlx-swift.build/Debug-watchos/Cmlx.build/Objects-normal/arm64_32/82b82416624d2658e5098eb0a28c15c5-common-args.resp
/Applications/Xcode-26.3.0.app/Contents/Developer/Toolchains/XcodeDefault.xctoolchain/usr/bin/clang -x c++ -ivfsstatcache /Users/admin/builder/spi-builder-workspace/.derivedData/SDKStatCaches.noindex/watchos26.2-23S303-dc75598d0054f22ec865fa860f139d721753b489057de6bda919edfa1c59a62b.sdkstatcache -fmessage-length\=0 -fdiagnostics-show-note-include-stack -fmacro-backtrace-limit\=0 -fno-color-diagnostics -fmodules-prune-interval\=86400 -fmodules-prune-after\=345600 -fbuild-session-file\=/Users/admin/builder/spi-builder-workspace/.derivedData/ModuleCache.noindex/Session.modulevalidation -fmodules-validate-once-per-build-session -Wnon-modular-include-in-framework-module -Werror\=non-modular-include-in-framework-module -Wno-trigraphs -Wno-missing-field-initializers -Wno-missing-prototypes -Wno-return-type -Wno-non-virtual-dtor -Wno-overloaded-virtual -Wno-exit-time-destructors -Wno-missing-braces -Wparentheses -Wswitch -Wno-unused-function -Wno-unused-label -Wno-unused-parameter -Wno-unused-variable -Wunused-value -Wno-empty-body -Wno-uninitialized -Wno-unknown-pragmas -w -Wno-shadow -Wno-four-char-constants -Wno-conversion -Wno-constant-conversion -Wno-int-conversion -Wno-bool-conversion -Wno-enum-conversion -Wno-float-conversion -Wno-non-literal-null-conversion -Wno-objc-literal-conversion -Wno-shorten-64-to-32 -Wno-newline-eof -Wno-c++11-extensions -Wno-implicit-fallthrough -fstrict-aliasing -Wdeprecated-declarations -Winvalid-offsetof -Wno-sign-conversion -Wno-infinite-recursion -Wno-move -Wno-comma -Wno-block-capture-autoreleasing -Wno-strict-prototypes -Wno-range-loop-analysis -Wno-semicolon-before-method-body -index-store-path /Users/admin/builder/spi-builder-workspace/.derivedData/Index.noindex/DataStore @/Users/admin/builder/spi-builder-workspace/.derivedData/Build/Intermediates.noindex/mlx-swift.build/Debug-watchos/Cmlx.build/Objects-normal/arm64_32/82b82416624d2658e5098eb0a28c15c5-common-args.resp -MMD -MT dependencies -MF /Users/admin/builder/spi-builder-workspace/.derivedData/Build/Intermediates.noindex/mlx-swift.build/Debug-watchos/Cmlx.build/Objects-normal/arm64_32/vector.d --serialize-diagnostics /Users/admin/builder/spi-builder-workspace/.derivedData/Build/Intermediates.noindex/mlx-swift.build/Debug-watchos/Cmlx.build/Objects-normal/arm64_32/vector.dia -c /Users/admin/builder/spi-builder-workspace/.dependencies/checkouts/mlx-swift/Source/Cmlx/mlx-c/mlx/c/vector.cpp -o /Users/admin/builder/spi-builder-workspace/.derivedData/Build/Intermediates.noindex/mlx-swift.build/Debug-watchos/Cmlx.build/Objects-normal/arm64_32/vector.o -index-unit-output-path /mlx-swift.build/Debug-watchos/Cmlx.build/Objects-normal/arm64_32/vector.o
CompileC /Users/admin/builder/spi-builder-workspace/.derivedData/Build/Intermediates.noindex/mlx-swift.build/Debug-watchos/Cmlx.build/Objects-normal/arm64_32/utils-cece7f7ad05e390b4c43c3ff21479e10.o /Users/admin/builder/spi-builder-workspace/.dependencies/checkouts/mlx-swift/Source/Cmlx/mlx/mlx/backend/metal/utils.cpp normal arm64_32 c++ com.apple.compilers.llvm.clang.1_0.compiler (in target 'Cmlx' from project 'mlx-swift')
cd /Users/admin/builder/spi-builder-workspace/.swiftpm/xcode
Using response file: /Users/admin/builder/spi-builder-workspace/.derivedData/Build/Intermediates.noindex/mlx-swift.build/Debug-watchos/Cmlx.build/Objects-normal/arm64_32/82b82416624d2658e5098eb0a28c15c5-common-args.resp
/Applications/Xcode-26.3.0.app/Contents/Developer/Toolchains/XcodeDefault.xctoolchain/usr/bin/clang -x c++ -ivfsstatcache /Users/admin/builder/spi-builder-workspace/.derivedData/SDKStatCaches.noindex/watchos26.2-23S303-dc75598d0054f22ec865fa860f139d721753b489057de6bda919edfa1c59a62b.sdkstatcache -fmessage-length\=0 -fdiagnostics-show-note-include-stack -fmacro-backtrace-limit\=0 -fno-color-diagnostics -fmodules-prune-interval\=86400 -fmodules-prune-after\=345600 -fbuild-session-file\=/Users/admin/builder/spi-builder-workspace/.derivedData/ModuleCache.noindex/Session.modulevalidation -fmodules-validate-once-per-build-session -Wnon-modular-include-in-framework-module -Werror\=non-modular-include-in-framework-module -Wno-trigraphs -Wno-missing-field-initializers -Wno-missing-prototypes -Wno-return-type -Wno-non-virtual-dtor -Wno-overloaded-virtual -Wno-exit-time-destructors -Wno-missing-braces -Wparentheses -Wswitch -Wno-unused-function -Wno-unused-label -Wno-unused-parameter -Wno-unused-variable -Wunused-value -Wno-empty-body -Wno-uninitialized -Wno-unknown-pragmas -w -Wno-shadow -Wno-four-char-constants -Wno-conversion -Wno-constant-conversion -Wno-int-conversion -Wno-bool-conversion -Wno-enum-conversion -Wno-float-conversion -Wno-non-literal-null-conversion -Wno-objc-literal-conversion -Wno-shorten-64-to-32 -Wno-newline-eof -Wno-c++11-extensions -Wno-implicit-fallthrough -fstrict-aliasing -Wdeprecated-declarations -Winvalid-offsetof -Wno-sign-conversion -Wno-infinite-recursion -Wno-move -Wno-comma -Wno-block-capture-autoreleasing -Wno-strict-prototypes -Wno-range-loop-analysis -Wno-semicolon-before-method-body -index-store-path /Users/admin/builder/spi-builder-workspace/.derivedData/Index.noindex/DataStore @/Users/admin/builder/spi-builder-workspace/.derivedData/Build/Intermediates.noindex/mlx-swift.build/Debug-watchos/Cmlx.build/Objects-normal/arm64_32/82b82416624d2658e5098eb0a28c15c5-common-args.resp -MMD -MT dependencies -MF /Users/admin/builder/spi-builder-workspace/.derivedData/Build/Intermediates.noindex/mlx-swift.build/Debug-watchos/Cmlx.build/Objects-normal/arm64_32/utils-cece7f7ad05e390b4c43c3ff21479e10.d --serialize-diagnostics /Users/admin/builder/spi-builder-workspace/.derivedData/Build/Intermediates.noindex/mlx-swift.build/Debug-watchos/Cmlx.build/Objects-normal/arm64_32/utils-cece7f7ad05e390b4c43c3ff21479e10.dia -c /Users/admin/builder/spi-builder-workspace/.dependencies/checkouts/mlx-swift/Source/Cmlx/mlx/mlx/backend/metal/utils.cpp -o /Users/admin/builder/spi-builder-workspace/.derivedData/Build/Intermediates.noindex/mlx-swift.build/Debug-watchos/Cmlx.build/Objects-normal/arm64_32/utils-cece7f7ad05e390b4c43c3ff21479e10.o -index-unit-output-path /mlx-swift.build/Debug-watchos/Cmlx.build/Objects-normal/arm64_32/utils-cece7f7ad05e390b4c43c3ff21479e10.o
In file included from /Users/admin/builder/spi-builder-workspace/.dependencies/checkouts/mlx-swift/Source/Cmlx/mlx/mlx/backend/metal/utils.cpp:3:
In file included from /Users/admin/builder/spi-builder-workspace/.dependencies/checkouts/mlx-swift/Source/Cmlx/mlx/mlx/backend/metal/utils.h:8:
In file included from /Users/admin/builder/spi-builder-workspace/.dependencies/checkouts/mlx-swift/Source/Cmlx/mlx/mlx/backend/metal/device.h:5:
In file included from /Users/admin/builder/spi-builder-workspace/.dependencies/checkouts/mlx-swift/Source/Cmlx/metal-cpp/Metal/Metal.hpp:25:
In file included from /Users/admin/builder/spi-builder-workspace/.dependencies/checkouts/mlx-swift/Source/Cmlx/metal-cpp/Metal/MTLAccelerationStructure.hpp:24:
In file included from /Users/admin/builder/spi-builder-workspace/.dependencies/checkouts/mlx-swift/Source/Cmlx/metal-cpp/Metal/MTLAccelerationStructureTypes.hpp:28:
In file included from /Users/admin/builder/spi-builder-workspace/.dependencies/checkouts/mlx-swift/Source/Cmlx/metal-cpp/Metal/MTLStageInputOutputDescriptor.hpp:24:
In file included from /Users/admin/builder/spi-builder-workspace/.dependencies/checkouts/mlx-swift/Source/Cmlx/metal-cpp/Metal/MTLArgument.hpp:29:
/Users/admin/builder/spi-builder-workspace/.dependencies/checkouts/mlx-swift/Source/Cmlx/metal-cpp/Metal/MTLTexture.hpp:30:10: fatal error: 'IOSurface/IOSurfaceRef.h' file not found
30 | #include <IOSurface/IOSurfaceRef.h>
| ^~~~~~~~~~~~~~~~~~~~~~~~~~
1 error generated.
CompileC /Users/admin/builder/spi-builder-workspace/.derivedData/Build/Intermediates.noindex/mlx-swift.build/Debug-watchos/Cmlx.build/Objects-normal/arm64_32/unary-cc4050d370f4f7e76a793bfe3ac0f69a.o /Users/admin/builder/spi-builder-workspace/.dependencies/checkouts/mlx-swift/Source/Cmlx/mlx/mlx/backend/cpu/unary.cpp normal arm64_32 c++ com.apple.compilers.llvm.clang.1_0.compiler (in target 'Cmlx' from project 'mlx-swift')
cd /Users/admin/builder/spi-builder-workspace/.swiftpm/xcode
Using response file: /Users/admin/builder/spi-builder-workspace/.derivedData/Build/Intermediates.noindex/mlx-swift.build/Debug-watchos/Cmlx.build/Objects-normal/arm64_32/82b82416624d2658e5098eb0a28c15c5-common-args.resp
/Applications/Xcode-26.3.0.app/Contents/Developer/Toolchains/XcodeDefault.xctoolchain/usr/bin/clang -x c++ -ivfsstatcache /Users/admin/builder/spi-builder-workspace/.derivedData/SDKStatCaches.noindex/watchos26.2-23S303-dc75598d0054f22ec865fa860f139d721753b489057de6bda919edfa1c59a62b.sdkstatcache -fmessage-length\=0 -fdiagnostics-show-note-include-stack -fmacro-backtrace-limit\=0 -fno-color-diagnostics -fmodules-prune-interval\=86400 -fmodules-prune-after\=345600 -fbuild-session-file\=/Users/admin/builder/spi-builder-workspace/.derivedData/ModuleCache.noindex/Session.modulevalidation -fmodules-validate-once-per-build-session -Wnon-modular-include-in-framework-module -Werror\=non-modular-include-in-framework-module -Wno-trigraphs -Wno-missing-field-initializers -Wno-missing-prototypes -Wno-return-type -Wno-non-virtual-dtor -Wno-overloaded-virtual -Wno-exit-time-destructors -Wno-missing-braces -Wparentheses -Wswitch -Wno-unused-function -Wno-unused-label -Wno-unused-parameter -Wno-unused-variable -Wunused-value -Wno-empty-body -Wno-uninitialized -Wno-unknown-pragmas -w -Wno-shadow -Wno-four-char-constants -Wno-conversion -Wno-constant-conversion -Wno-int-conversion -Wno-bool-conversion -Wno-enum-conversion -Wno-float-conversion -Wno-non-literal-null-conversion -Wno-objc-literal-conversion -Wno-shorten-64-to-32 -Wno-newline-eof -Wno-c++11-extensions -Wno-implicit-fallthrough -fstrict-aliasing -Wdeprecated-declarations -Winvalid-offsetof -Wno-sign-conversion -Wno-infinite-recursion -Wno-move -Wno-comma -Wno-block-capture-autoreleasing -Wno-strict-prototypes -Wno-range-loop-analysis -Wno-semicolon-before-method-body -index-store-path /Users/admin/builder/spi-builder-workspace/.derivedData/Index.noindex/DataStore @/Users/admin/builder/spi-builder-workspace/.derivedData/Build/Intermediates.noindex/mlx-swift.build/Debug-watchos/Cmlx.build/Objects-normal/arm64_32/82b82416624d2658e5098eb0a28c15c5-common-args.resp -MMD -MT dependencies -MF /Users/admin/builder/spi-builder-workspace/.derivedData/Build/Intermediates.noindex/mlx-swift.build/Debug-watchos/Cmlx.build/Objects-normal/arm64_32/unary-cc4050d370f4f7e76a793bfe3ac0f69a.d --serialize-diagnostics /Users/admin/builder/spi-builder-workspace/.derivedData/Build/Intermediates.noindex/mlx-swift.build/Debug-watchos/Cmlx.build/Objects-normal/arm64_32/unary-cc4050d370f4f7e76a793bfe3ac0f69a.dia -c /Users/admin/builder/spi-builder-workspace/.dependencies/checkouts/mlx-swift/Source/Cmlx/mlx/mlx/backend/cpu/unary.cpp -o /Users/admin/builder/spi-builder-workspace/.derivedData/Build/Intermediates.noindex/mlx-swift.build/Debug-watchos/Cmlx.build/Objects-normal/arm64_32/unary-cc4050d370f4f7e76a793bfe3ac0f69a.o -index-unit-output-path /mlx-swift.build/Debug-watchos/Cmlx.build/Objects-normal/arm64_32/unary-cc4050d370f4f7e76a793bfe3ac0f69a.o
CompileC /Users/admin/builder/spi-builder-workspace/.derivedData/Build/Intermediates.noindex/mlx-swift.build/Debug-watchos/Cmlx.build/Objects-normal/arm64_32/unary-6e1d4578540dbb1c15df5fc47f7a18d7.o /Users/admin/builder/spi-builder-workspace/.dependencies/checkouts/mlx-swift/Source/Cmlx/mlx/mlx/backend/metal/unary.cpp normal arm64_32 c++ com.apple.compilers.llvm.clang.1_0.compiler (in target 'Cmlx' from project 'mlx-swift')
cd /Users/admin/builder/spi-builder-workspace/.swiftpm/xcode
Using response file: /Users/admin/builder/spi-builder-workspace/.derivedData/Build/Intermediates.noindex/mlx-swift.build/Debug-watchos/Cmlx.build/Objects-normal/arm64_32/82b82416624d2658e5098eb0a28c15c5-common-args.resp
/Applications/Xcode-26.3.0.app/Contents/Developer/Toolchains/XcodeDefault.xctoolchain/usr/bin/clang -x c++ -ivfsstatcache /Users/admin/builder/spi-builder-workspace/.derivedData/SDKStatCaches.noindex/watchos26.2-23S303-dc75598d0054f22ec865fa860f139d721753b489057de6bda919edfa1c59a62b.sdkstatcache -fmessage-length\=0 -fdiagnostics-show-note-include-stack -fmacro-backtrace-limit\=0 -fno-color-diagnostics -fmodules-prune-interval\=86400 -fmodules-prune-after\=345600 -fbuild-session-file\=/Users/admin/builder/spi-builder-workspace/.derivedData/ModuleCache.noindex/Session.modulevalidation -fmodules-validate-once-per-build-session -Wnon-modular-include-in-framework-module -Werror\=non-modular-include-in-framework-module -Wno-trigraphs -Wno-missing-field-initializers -Wno-missing-prototypes -Wno-return-type -Wno-non-virtual-dtor -Wno-overloaded-virtual -Wno-exit-time-destructors -Wno-missing-braces -Wparentheses -Wswitch -Wno-unused-function -Wno-unused-label -Wno-unused-parameter -Wno-unused-variable -Wunused-value -Wno-empty-body -Wno-uninitialized -Wno-unknown-pragmas -w -Wno-shadow -Wno-four-char-constants -Wno-conversion -Wno-constant-conversion -Wno-int-conversion -Wno-bool-conversion -Wno-enum-conversion -Wno-float-conversion -Wno-non-literal-null-conversion -Wno-objc-literal-conversion -Wno-shorten-64-to-32 -Wno-newline-eof -Wno-c++11-extensions -Wno-implicit-fallthrough -fstrict-aliasing -Wdeprecated-declarations -Winvalid-offsetof -Wno-sign-conversion -Wno-infinite-recursion -Wno-move -Wno-comma -Wno-block-capture-autoreleasing -Wno-strict-prototypes -Wno-range-loop-analysis -Wno-semicolon-before-method-body -index-store-path /Users/admin/builder/spi-builder-workspace/.derivedData/Index.noindex/DataStore @/Users/admin/builder/spi-builder-workspace/.derivedData/Build/Intermediates.noindex/mlx-swift.build/Debug-watchos/Cmlx.build/Objects-normal/arm64_32/82b82416624d2658e5098eb0a28c15c5-common-args.resp -MMD -MT dependencies -MF /Users/admin/builder/spi-builder-workspace/.derivedData/Build/Intermediates.noindex/mlx-swift.build/Debug-watchos/Cmlx.build/Objects-normal/arm64_32/unary-6e1d4578540dbb1c15df5fc47f7a18d7.d --serialize-diagnostics /Users/admin/builder/spi-builder-workspace/.derivedData/Build/Intermediates.noindex/mlx-swift.build/Debug-watchos/Cmlx.build/Objects-normal/arm64_32/unary-6e1d4578540dbb1c15df5fc47f7a18d7.dia -c /Users/admin/builder/spi-builder-workspace/.dependencies/checkouts/mlx-swift/Source/Cmlx/mlx/mlx/backend/metal/unary.cpp -o /Users/admin/builder/spi-builder-workspace/.derivedData/Build/Intermediates.noindex/mlx-swift.build/Debug-watchos/Cmlx.build/Objects-normal/arm64_32/unary-6e1d4578540dbb1c15df5fc47f7a18d7.o -index-unit-output-path /mlx-swift.build/Debug-watchos/Cmlx.build/Objects-normal/arm64_32/unary-6e1d4578540dbb1c15df5fc47f7a18d7.o
In file included from /Users/admin/builder/spi-builder-workspace/.dependencies/checkouts/mlx-swift/Source/Cmlx/mlx/mlx/backend/metal/unary.cpp:4:
In file included from /Users/admin/builder/spi-builder-workspace/.dependencies/checkouts/mlx-swift/Source/Cmlx/mlx/mlx/backend/metal/device.h:5:
In file included from /Users/admin/builder/spi-builder-workspace/.dependencies/checkouts/mlx-swift/Source/Cmlx/metal-cpp/Metal/Metal.hpp:25:
In file included from /Users/admin/builder/spi-builder-workspace/.dependencies/checkouts/mlx-swift/Source/Cmlx/metal-cpp/Metal/MTLAccelerationStructure.hpp:24:
In file included from /Users/admin/builder/spi-builder-workspace/.dependencies/checkouts/mlx-swift/Source/Cmlx/metal-cpp/Metal/MTLAccelerationStructureTypes.hpp:28:
In file included from /Users/admin/builder/spi-builder-workspace/.dependencies/checkouts/mlx-swift/Source/Cmlx/metal-cpp/Metal/MTLStageInputOutputDescriptor.hpp:24:
In file included from /Users/admin/builder/spi-builder-workspace/.dependencies/checkouts/mlx-swift/Source/Cmlx/metal-cpp/Metal/MTLArgument.hpp:29:
/Users/admin/builder/spi-builder-workspace/.dependencies/checkouts/mlx-swift/Source/Cmlx/metal-cpp/Metal/MTLTexture.hpp:30:10: fatal error: 'IOSurface/IOSurfaceRef.h' file not found
30 | #include <IOSurface/IOSurfaceRef.h>
| ^~~~~~~~~~~~~~~~~~~~~~~~~~
CompileC /Users/admin/builder/spi-builder-workspace/.derivedData/Build/Intermediates.noindex/mlx-swift.build/Debug-watchos/Cmlx.build/Objects-normal/arm64_32/transforms_impl.o /Users/admin/builder/spi-builder-workspace/.dependencies/checkouts/mlx-swift/Source/Cmlx/mlx-c/mlx/c/transforms_impl.cpp normal arm64_32 c++ com.apple.compilers.llvm.clang.1_0.compiler (in target 'Cmlx' from project 'mlx-swift')
cd /Users/admin/builder/spi-builder-workspace/.swiftpm/xcode
Using response file: /Users/admin/builder/spi-builder-workspace/.derivedData/Build/Intermediates.noindex/mlx-swift.build/Debug-watchos/Cmlx.build/Objects-normal/arm64_32/82b82416624d2658e5098eb0a28c15c5-common-args.resp
/Applications/Xcode-26.3.0.app/Contents/Developer/Toolchains/XcodeDefault.xctoolchain/usr/bin/clang -x c++ -ivfsstatcache /Users/admin/builder/spi-builder-workspace/.derivedData/SDKStatCaches.noindex/watchos26.2-23S303-dc75598d0054f22ec865fa860f139d721753b489057de6bda919edfa1c59a62b.sdkstatcache -fmessage-length\=0 -fdiagnostics-show-note-include-stack -fmacro-backtrace-limit\=0 -fno-color-diagnostics -fmodules-prune-interval\=86400 -fmodules-prune-after\=345600 -fbuild-session-file\=/Users/admin/builder/spi-builder-workspace/.derivedData/ModuleCache.noindex/Session.modulevalidation -fmodules-validate-once-per-build-session -Wnon-modular-include-in-framework-module -Werror\=non-modular-include-in-framework-module -Wno-trigraphs -Wno-missing-field-initializers -Wno-missing-prototypes -Wno-return-type -Wno-non-virtual-dtor -Wno-overloaded-virtual -Wno-exit-time-destructors -Wno-missing-braces -Wparentheses -Wswitch -Wno-unused-function -Wno-unused-label -Wno-unused-parameter -Wno-unused-variable -Wunused-value -Wno-empty-body -Wno-uninitialized -Wno-unknown-pragmas -w -Wno-shadow -Wno-four-char-constants -Wno-conversion -Wno-constant-conversion -Wno-int-conversion -Wno-bool-conversion -Wno-enum-conversion -Wno-float-conversion -Wno-non-literal-null-conversion -Wno-objc-literal-conversion -Wno-shorten-64-to-32 -Wno-newline-eof -Wno-c++11-extensions -Wno-implicit-fallthrough -fstrict-aliasing -Wdeprecated-declarations -Winvalid-offsetof -Wno-sign-conversion -Wno-infinite-recursion -Wno-move -Wno-comma -Wno-block-capture-autoreleasing -Wno-strict-prototypes -Wno-range-loop-analysis -Wno-semicolon-before-method-body -index-store-path /Users/admin/builder/spi-builder-workspace/.derivedData/Index.noindex/DataStore @/Users/admin/builder/spi-builder-workspace/.derivedData/Build/Intermediates.noindex/mlx-swift.build/Debug-watchos/Cmlx.build/Objects-normal/arm64_32/82b82416624d2658e5098eb0a28c15c5-common-args.resp -MMD -MT dependencies -MF /Users/admin/builder/spi-builder-workspace/.derivedData/Build/Intermediates.noindex/mlx-swift.build/Debug-watchos/Cmlx.build/Objects-normal/arm64_32/transforms_impl.d --serialize-diagnostics /Users/admin/builder/spi-builder-workspace/.derivedData/Build/Intermediates.noindex/mlx-swift.build/Debug-watchos/Cmlx.build/Objects-normal/arm64_32/transforms_impl.dia -c /Users/admin/builder/spi-builder-workspace/.dependencies/checkouts/mlx-swift/Source/Cmlx/mlx-c/mlx/c/transforms_impl.cpp -o /Users/admin/builder/spi-builder-workspace/.derivedData/Build/Intermediates.noindex/mlx-swift.build/Debug-watchos/Cmlx.build/Objects-normal/arm64_32/transforms_impl.o -index-unit-output-path /mlx-swift.build/Debug-watchos/Cmlx.build/Objects-normal/arm64_32/transforms_impl.o
CompileC /Users/admin/builder/spi-builder-workspace/.derivedData/Build/Intermediates.noindex/mlx-swift.build/Debug-watchos/Cmlx.build/Objects-normal/arm64_32/transforms-d7906654fea2ef75ba2d3db78cef7bc2.o /Users/admin/builder/spi-builder-workspace/.dependencies/checkouts/mlx-swift/Source/Cmlx/mlx/mlx/transforms.cpp normal arm64_32 c++ com.apple.compilers.llvm.clang.1_0.compiler (in target 'Cmlx' from project 'mlx-swift')
cd /Users/admin/builder/spi-builder-workspace/.swiftpm/xcode
Using response file: /Users/admin/builder/spi-builder-workspace/.derivedData/Build/Intermediates.noindex/mlx-swift.build/Debug-watchos/Cmlx.build/Objects-normal/arm64_32/82b82416624d2658e5098eb0a28c15c5-common-args.resp
/Applications/Xcode-26.3.0.app/Contents/Developer/Toolchains/XcodeDefault.xctoolchain/usr/bin/clang -x c++ -ivfsstatcache /Users/admin/builder/spi-builder-workspace/.derivedData/SDKStatCaches.noindex/watchos26.2-23S303-dc75598d0054f22ec865fa860f139d721753b489057de6bda919edfa1c59a62b.sdkstatcache -fmessage-length\=0 -fdiagnostics-show-note-include-stack -fmacro-backtrace-limit\=0 -fno-color-diagnostics -fmodules-prune-interval\=86400 -fmodules-prune-after\=345600 -fbuild-session-file\=/Users/admin/builder/spi-builder-workspace/.derivedData/ModuleCache.noindex/Session.modulevalidation -fmodules-validate-once-per-build-session -Wnon-modular-include-in-framework-module -Werror\=non-modular-include-in-framework-module -Wno-trigraphs -Wno-missing-field-initializers -Wno-missing-prototypes -Wno-return-type -Wno-non-virtual-dtor -Wno-overloaded-virtual -Wno-exit-time-destructors -Wno-missing-braces -Wparentheses -Wswitch -Wno-unused-function -Wno-unused-label -Wno-unused-parameter -Wno-unused-variable -Wunused-value -Wno-empty-body -Wno-uninitialized -Wno-unknown-pragmas -w -Wno-shadow -Wno-four-char-constants -Wno-conversion -Wno-constant-conversion -Wno-int-conversion -Wno-bool-conversion -Wno-enum-conversion -Wno-float-conversion -Wno-non-literal-null-conversion -Wno-objc-literal-conversion -Wno-shorten-64-to-32 -Wno-newline-eof -Wno-c++11-extensions -Wno-implicit-fallthrough -fstrict-aliasing -Wdeprecated-declarations -Winvalid-offsetof -Wno-sign-conversion -Wno-infinite-recursion -Wno-move -Wno-comma -Wno-block-capture-autoreleasing -Wno-strict-prototypes -Wno-range-loop-analysis -Wno-semicolon-before-method-body -index-store-path /Users/admin/builder/spi-builder-workspace/.derivedData/Index.noindex/DataStore @/Users/admin/builder/spi-builder-workspace/.derivedData/Build/Intermediates.noindex/mlx-swift.build/Debug-watchos/Cmlx.build/Objects-normal/arm64_32/82b82416624d2658e5098eb0a28c15c5-common-args.resp -MMD -MT dependencies -MF /Users/admin/builder/spi-builder-workspace/.derivedData/Build/Intermediates.noindex/mlx-swift.build/Debug-watchos/Cmlx.build/Objects-normal/arm64_32/transforms-d7906654fea2ef75ba2d3db78cef7bc2.d --serialize-diagnostics /Users/admin/builder/spi-builder-workspace/.derivedData/Build/Intermediates.noindex/mlx-swift.build/Debug-watchos/Cmlx.build/Objects-normal/arm64_32/transforms-d7906654fea2ef75ba2d3db78cef7bc2.dia -c /Users/admin/builder/spi-builder-workspace/.dependencies/checkouts/mlx-swift/Source/Cmlx/mlx/mlx/transforms.cpp -o /Users/admin/builder/spi-builder-workspace/.derivedData/Build/Intermediates.noindex/mlx-swift.build/Debug-watchos/Cmlx.build/Objects-normal/arm64_32/transforms-d7906654fea2ef75ba2d3db78cef7bc2.o -index-unit-output-path /mlx-swift.build/Debug-watchos/Cmlx.build/Objects-normal/arm64_32/transforms-d7906654fea2ef75ba2d3db78cef7bc2.o
CompileC /Users/admin/builder/spi-builder-workspace/.derivedData/Build/Intermediates.noindex/mlx-swift.build/Debug-watchos/Cmlx.build/Objects-normal/arm64_32/transforms-ab093ac3bb79c19dc3cb7faff5161d52.o /Users/admin/builder/spi-builder-workspace/.dependencies/checkouts/mlx-swift/Source/Cmlx/mlx-c/mlx/c/transforms.cpp normal arm64_32 c++ com.apple.compilers.llvm.clang.1_0.compiler (in target 'Cmlx' from project 'mlx-swift')
cd /Users/admin/builder/spi-builder-workspace/.swiftpm/xcode
Using response file: /Users/admin/builder/spi-builder-workspace/.derivedData/Build/Intermediates.noindex/mlx-swift.build/Debug-watchos/Cmlx.build/Objects-normal/arm64_32/82b82416624d2658e5098eb0a28c15c5-common-args.resp
/Applications/Xcode-26.3.0.app/Contents/Developer/Toolchains/XcodeDefault.xctoolchain/usr/bin/clang -x c++ -ivfsstatcache /Users/admin/builder/spi-builder-workspace/.derivedData/SDKStatCaches.noindex/watchos26.2-23S303-dc75598d0054f22ec865fa860f139d721753b489057de6bda919edfa1c59a62b.sdkstatcache -fmessage-length\=0 -fdiagnostics-show-note-include-stack -fmacro-backtrace-limit\=0 -fno-color-diagnostics -fmodules-prune-interval\=86400 -fmodules-prune-after\=345600 -fbuild-session-file\=/Users/admin/builder/spi-builder-workspace/.derivedData/ModuleCache.noindex/Session.modulevalidation -fmodules-validate-once-per-build-session -Wnon-modular-include-in-framework-module -Werror\=non-modular-include-in-framework-module -Wno-trigraphs -Wno-missing-field-initializers -Wno-missing-prototypes -Wno-return-type -Wno-non-virtual-dtor -Wno-overloaded-virtual -Wno-exit-time-destructors -Wno-missing-braces -Wparentheses -Wswitch -Wno-unused-function -Wno-unused-label -Wno-unused-parameter -Wno-unused-variable -Wunused-value -Wno-empty-body -Wno-uninitialized -Wno-unknown-pragmas -w -Wno-shadow -Wno-four-char-constants -Wno-conversion -Wno-constant-conversion -Wno-int-conversion -Wno-bool-conversion -Wno-enum-conversion -Wno-float-conversion -Wno-non-literal-null-conversion -Wno-objc-literal-conversion -Wno-shorten-64-to-32 -Wno-newline-eof -Wno-c++11-extensions -Wno-implicit-fallthrough -fstrict-aliasing -Wdeprecated-declarations -Winvalid-offsetof -Wno-sign-conversion -Wno-infinite-recursion -Wno-move -Wno-comma -Wno-block-capture-autoreleasing -Wno-strict-prototypes -Wno-range-loop-analysis -Wno-semicolon-before-method-body -index-store-path /Users/admin/builder/spi-builder-workspace/.derivedData/Index.noindex/DataStore @/Users/admin/builder/spi-builder-workspace/.derivedData/Build/Intermediates.noindex/mlx-swift.build/Debug-watchos/Cmlx.build/Objects-normal/arm64_32/82b82416624d2658e5098eb0a28c15c5-common-args.resp -MMD -MT dependencies -MF /Users/admin/builder/spi-builder-workspace/.derivedData/Build/Intermediates.noindex/mlx-swift.build/Debug-watchos/Cmlx.build/Objects-normal/arm64_32/transforms-ab093ac3bb79c19dc3cb7faff5161d52.d --serialize-diagnostics /Users/admin/builder/spi-builder-workspace/.derivedData/Build/Intermediates.noindex/mlx-swift.build/Debug-watchos/Cmlx.build/Objects-normal/arm64_32/transforms-ab093ac3bb79c19dc3cb7faff5161d52.dia -c /Users/admin/builder/spi-builder-workspace/.dependencies/checkouts/mlx-swift/Source/Cmlx/mlx-c/mlx/c/transforms.cpp -o /Users/admin/builder/spi-builder-workspace/.derivedData/Build/Intermediates.noindex/mlx-swift.build/Debug-watchos/Cmlx.build/Objects-normal/arm64_32/transforms-ab093ac3bb79c19dc3cb7faff5161d52.o -index-unit-output-path /mlx-swift.build/Debug-watchos/Cmlx.build/Objects-normal/arm64_32/transforms-ab093ac3bb79c19dc3cb7faff5161d52.o
SwiftDriver InternalCollectionsUtilities normal armv7k com.apple.xcode.tools.swift.compiler (in target 'InternalCollectionsUtilities' from project 'swift-collections')
cd /Users/admin/builder/spi-builder-workspace/.swiftpm/xcode
builtin-SwiftDriver -- /Applications/Xcode-26.3.0.app/Contents/Developer/Toolchains/XcodeDefault.xctoolchain/usr/bin/swiftc -module-name InternalCollectionsUtilities -Onone -enforce-exclusivity\=checked @/Users/admin/builder/spi-builder-workspace/.derivedData/Build/Intermediates.noindex/swift-collections.build/Debug-watchos/InternalCollectionsUtilities.build/Objects-normal/armv7k/InternalCollectionsUtilities.SwiftFileList -DSWIFT_PACKAGE -DDEBUG -DSWIFT_MODULE_RESOURCE_BUNDLE_UNAVAILABLE -DCOLLECTIONS_RANDOMIZED_TESTING -DXcode -enable-experimental-feature AvailabilityMacro\=SwiftStdlib\ 5.0:\ macOS\ 10.14.4,\ iOS\ 12.2,\ watchOS\ 5.2,\ tvOS\ 12.2 -enable-experimental-feature AvailabilityMacro\=SwiftStdlib\ 5.1:\ macOS\ 10.15,\ iOS\ 13.0,\ watchOS\ 6.0,\ tvOS\ 13.0 -enable-experimental-feature AvailabilityMacro\=SwiftStdlib\ 5.6:\ macOS\ 12.3,\ iOS\ 15.4,\ watchOS\ 8.5,\ tvOS\ 15.4 -enable-experimental-feature AvailabilityMacro\=SwiftStdlib\ 5.7:\ macOS\ 13.0,\ iOS\ 16.0,\ watchOS\ 9.0,\ tvOS\ 16.0 -enable-experimental-feature AvailabilityMacro\=SwiftStdlib\ 5.8:\ macOS\ 13.3,\ iOS\ 16.4,\ watchOS\ 9.4,\ tvOS\ 16.4 -enable-experimental-feature AvailabilityMacro\=SwiftStdlib\ 5.9:\ macOS\ 14.0,\ iOS\ 17.0,\ watchOS\ 10.0,\ tvOS\ 17.0 -enable-experimental-feature AvailabilityMacro\=SwiftStdlib\ 5.10:\ macOS\ 14.4,\ iOS\ 17.4,\ watchOS\ 10.4,\ tvOS\ 17.4,\ visionOS\ 1.1 -enable-experimental-feature AvailabilityMacro\=SwiftStdlib\ 6.0:\ macOS\ 15.0,\ iOS\ 18.0,\ watchOS\ 11.0,\ tvOS\ 18.0,\ visionOS\ 2.0 -enable-experimental-feature AvailabilityMacro\=SwiftStdlib\ 6.1:\ macOS\ 15.4,\ iOS\ 18.4,\ watchOS\ 11.4,\ tvOS\ 18.4,\ visionOS\ 2.4 -enable-experimental-feature AvailabilityMacro\=SwiftStdlib\ 6.2:\ macOS\ 26.0,\ iOS\ 26.0,\ watchOS\ 26.0,\ tvOS\ 26.0,\ visionOS\ 26.0 -enable-experimental-feature AvailabilityMacro\=SwiftStdlib\ 6.3:\ macOS\ 26.4,\ iOS\ 26.4,\ watchOS\ 26.4,\ tvOS\ 26.4,\ visionOS\ 26.4 -enable-experimental-feature AvailabilityMacro\=SwiftStdlib\ 6.4:\ macOS\ 9999,\ iOS\ 9999,\ watchOS\ 9999,\ tvOS\ 9999,\ visionOS\ 9999 -enable-experimental-feature AvailabilityMacro\=SwiftStdlib\ 6.5:\ macOS\ 9999,\ iOS\ 9999,\ watchOS\ 9999,\ tvOS\ 9999,\ visionOS\ 9999 -enable-upcoming-feature MemberImportVisibility -enable-experimental-feature BuiltinModule -enable-experimental-feature Lifetimes -enable-experimental-feature InoutLifetimeDependence -enable-experimental-feature AddressableParameters -enable-experimental-feature AddressableTypes -enable-experimental-feature SuppressedAssociatedTypesWithDefaults -plugin-path /Applications/Xcode-26.3.0.app/Contents/Developer/Toolchains/XcodeDefault.xctoolchain/usr/lib/swift/host/plugins/testing -enable-experimental-feature DebugDescriptionMacro -sdk /Applications/Xcode-26.3.0.app/Contents/Developer/Platforms/WatchOS.platform/Developer/SDKs/WatchOS26.2.sdk -target armv7k-apple-watchos5.0 -g -module-cache-path /Users/admin/builder/spi-builder-workspace/.derivedData/ModuleCache.noindex -Xfrontend -serialize-debugging-options -profile-coverage-mapping -profile-generate -enable-testing -suppress-warnings -index-store-path /Users/admin/builder/spi-builder-workspace/.derivedData/Index.noindex/DataStore -Xcc -D_LIBCPP_HARDENING_MODE\=_LIBCPP_HARDENING_MODE_DEBUG -swift-version 6 -I /Users/admin/builder/spi-builder-workspace/.derivedData/Build/Products/Debug-watchos -Isystem /Applications/Xcode-26.3.0.app/Contents/Developer/Platforms/WatchOS.platform/Developer/usr/lib -F /Users/admin/builder/spi-builder-workspace/.derivedData/Build/Products/Debug-watchos -F /Applications/Xcode-26.3.0.app/Contents/Developer/Platforms/WatchOS.platform/Developer/Library/Frameworks -F /Applications/Xcode-26.3.0.app/Contents/Developer/Platforms/WatchOS.platform/Developer/SDKs/WatchOS26.2.sdk/Developer/Library/Frameworks -c -j10 -enable-batch-mode -incremental -Xcc -ivfsstatcache -Xcc /Users/admin/builder/spi-builder-workspace/.derivedData/SDKStatCaches.noindex/watchos26.2-23S303-dc75598d0054f22ec865fa860f139d721753b489057de6bda919edfa1c59a62b.sdkstatcache -output-file-map /Users/admin/builder/spi-builder-workspace/.derivedData/Build/Intermediates.noindex/swift-collections.build/Debug-watchos/InternalCollectionsUtilities.build/Objects-normal/armv7k/InternalCollectionsUtilities-OutputFileMap.json -use-frontend-parseable-output -save-temps -no-color-diagnostics -explicit-module-build -module-cache-path /Users/admin/builder/spi-builder-workspace/.derivedData/Build/Intermediates.noindex/SwiftExplicitPrecompiledModules -clang-scanner-module-cache-path /Users/admin/builder/spi-builder-workspace/.derivedData/ModuleCache.noindex -sdk-module-cache-path /Users/admin/builder/spi-builder-workspace/.derivedData/ModuleCache.noindex -serialize-diagnostics -emit-dependencies -emit-module -emit-module-path /Users/admin/builder/spi-builder-workspace/.derivedData/Build/Intermediates.noindex/swift-collections.build/Debug-watchos/InternalCollectionsUtilities.build/Objects-normal/armv7k/InternalCollectionsUtilities.swiftmodule -user-module-version 1.6.0 -validate-clang-modules-once -clang-build-session-file /Users/admin/builder/spi-builder-workspace/.derivedData/ModuleCache.noindex/Session.modulevalidation -package-name swift_collections -Xcc -I/Users/admin/builder/spi-builder-workspace/.derivedData/Build/Intermediates.noindex/swift-collections.build/Debug-watchos/InternalCollectionsUtilities.build/swift-overrides.hmap -emit-const-values -Xfrontend -const-gather-protocols-file -Xfrontend /Users/admin/builder/spi-builder-workspace/.derivedData/Build/Intermediates.noindex/swift-collections.build/Debug-watchos/InternalCollectionsUtilities.build/Objects-normal/armv7k/InternalCollectionsUtilities_const_extract_protocols.json -Xcc -I/Users/admin/builder/spi-builder-workspace/.derivedData/Build/Products/Debug-watchos/include -Xcc -I/Users/admin/builder/spi-builder-workspace/.derivedData/Build/Intermediates.noindex/swift-collections.build/Debug-watchos/InternalCollectionsUtilities.build/DerivedSources-normal/armv7k -Xcc -I/Users/admin/builder/spi-builder-workspace/.derivedData/Build/Intermediates.noindex/swift-collections.build/Debug-watchos/InternalCollectionsUtilities.build/DerivedSources/armv7k -Xcc -I/Users/admin/builder/spi-builder-workspace/.derivedData/Build/Intermediates.noindex/swift-collections.build/Debug-watchos/InternalCollectionsUtilities.build/DerivedSources -Xcc -DSWIFT_PACKAGE -Xcc -DDEBUG\=1 -emit-objc-header -emit-objc-header-path /Users/admin/builder/spi-builder-workspace/.derivedData/Build/Intermediates.noindex/swift-collections.build/Debug-watchos/InternalCollectionsUtilities.build/Objects-normal/armv7k/InternalCollectionsUtilities-Swift.h -working-directory /Users/admin/builder/spi-builder-workspace/.swiftpm/xcode -experimental-emit-module-separately -disable-cmo
SwiftDriver Crypto normal arm64 com.apple.xcode.tools.swift.compiler (in target 'Crypto' from project 'swift-crypto')
cd /Users/admin/builder/spi-builder-workspace/.swiftpm/xcode
builtin-SwiftDriver -- /Applications/Xcode-26.3.0.app/Contents/Developer/Toolchains/XcodeDefault.xctoolchain/usr/bin/swiftc -module-name Crypto -Onone -enforce-exclusivity\=checked @/Users/admin/builder/spi-builder-workspace/.derivedData/Build/Intermediates.noindex/swift-crypto.build/Debug-watchos/Crypto.build/Objects-normal/arm64/Crypto.SwiftFileList -DSWIFT_PACKAGE -DDEBUG -DSWIFT_MODULE_RESOURCE_BUNDLE_AVAILABLE -DCRYPTO_IN_SWIFTPM -DXcode -enable-upcoming-feature MemberImportVisibility -plugin-path /Applications/Xcode-26.3.0.app/Contents/Developer/Toolchains/XcodeDefault.xctoolchain/usr/lib/swift/host/plugins/testing -enable-experimental-feature DebugDescriptionMacro -sdk /Applications/Xcode-26.3.0.app/Contents/Developer/Platforms/WatchOS.platform/Developer/SDKs/WatchOS26.2.sdk -target arm64-apple-watchos5.0 -g -module-cache-path /Users/admin/builder/spi-builder-workspace/.derivedData/ModuleCache.noindex -Xfrontend -serialize-debugging-options -profile-coverage-mapping -profile-generate -enable-testing -suppress-warnings -index-store-path /Users/admin/builder/spi-builder-workspace/.derivedData/Index.noindex/DataStore -Xcc -D_LIBCPP_HARDENING_MODE\=_LIBCPP_HARDENING_MODE_DEBUG -swift-version 6 -I /Users/admin/builder/spi-builder-workspace/.derivedData/Build/Products/Debug-watchos -Isystem /Applications/Xcode-26.3.0.app/Contents/Developer/Platforms/WatchOS.platform/Developer/usr/lib -F /Users/admin/builder/spi-builder-workspace/.derivedData/Build/Products/Debug-watchos -F /Applications/Xcode-26.3.0.app/Contents/Developer/Platforms/WatchOS.platform/Developer/Library/Frameworks -F /Applications/Xcode-26.3.0.app/Contents/Developer/Platforms/WatchOS.platform/Developer/SDKs/WatchOS26.2.sdk/Developer/Library/Frameworks -c -j10 -enable-batch-mode -incremental -Xcc -ivfsstatcache -Xcc /Users/admin/builder/spi-builder-workspace/.derivedData/SDKStatCaches.noindex/watchos26.2-23S303-dc75598d0054f22ec865fa860f139d721753b489057de6bda919edfa1c59a62b.sdkstatcache -output-file-map /Users/admin/builder/spi-builder-workspace/.derivedData/Build/Intermediates.noindex/swift-crypto.build/Debug-watchos/Crypto.build/Objects-normal/arm64/Crypto-OutputFileMap.json -use-frontend-parseable-output -save-temps -no-color-diagnostics -explicit-module-build -module-cache-path /Users/admin/builder/spi-builder-workspace/.derivedData/Build/Intermediates.noindex/SwiftExplicitPrecompiledModules -clang-scanner-module-cache-path /Users/admin/builder/spi-builder-workspace/.derivedData/ModuleCache.noindex -sdk-module-cache-path /Users/admin/builder/spi-builder-workspace/.derivedData/ModuleCache.noindex -serialize-diagnostics -emit-dependencies -emit-module -emit-module-path /Users/admin/builder/spi-builder-workspace/.derivedData/Build/Intermediates.noindex/swift-crypto.build/Debug-watchos/Crypto.build/Objects-normal/arm64/Crypto.swiftmodule -user-module-version 4.5.0 -validate-clang-modules-once -clang-build-session-file /Users/admin/builder/spi-builder-workspace/.derivedData/ModuleCache.noindex/Session.modulevalidation -package-name swift_crypto -Xcc -I/Users/admin/builder/spi-builder-workspace/.derivedData/Build/Intermediates.noindex/swift-crypto.build/Debug-watchos/Crypto.build/swift-overrides.hmap -emit-const-values -Xfrontend -const-gather-protocols-file -Xfrontend /Users/admin/builder/spi-builder-workspace/.derivedData/Build/Intermediates.noindex/swift-crypto.build/Debug-watchos/Crypto.build/Objects-normal/arm64/Crypto_const_extract_protocols.json -Xcc -I/Users/admin/builder/spi-builder-workspace/.derivedData/Build/Products/Debug-watchos/include -Xcc -I/Users/admin/builder/spi-builder-workspace/.derivedData/Build/Intermediates.noindex/swift-crypto.build/Debug-watchos/Crypto.build/DerivedSources-normal/arm64 -Xcc -I/Users/admin/builder/spi-builder-workspace/.derivedData/Build/Intermediates.noindex/swift-crypto.build/Debug-watchos/Crypto.build/DerivedSources/arm64 -Xcc -I/Users/admin/builder/spi-builder-workspace/.derivedData/Build/Intermediates.noindex/swift-crypto.build/Debug-watchos/Crypto.build/DerivedSources -Xcc -DSWIFT_PACKAGE -Xcc -DDEBUG\=1 -emit-objc-header -emit-objc-header-path /Users/admin/builder/spi-builder-workspace/.derivedData/Build/Intermediates.noindex/swift-crypto.build/Debug-watchos/Crypto.build/Objects-normal/arm64/Crypto-Swift.h -working-directory /Users/admin/builder/spi-builder-workspace/.swiftpm/xcode -experimental-emit-module-separately -disable-cmo
SwiftDriver Crypto normal armv7k com.apple.xcode.tools.swift.compiler (in target 'Crypto' from project 'swift-crypto')
cd /Users/admin/builder/spi-builder-workspace/.swiftpm/xcode
builtin-SwiftDriver -- /Applications/Xcode-26.3.0.app/Contents/Developer/Toolchains/XcodeDefault.xctoolchain/usr/bin/swiftc -module-name Crypto -Onone -enforce-exclusivity\=checked @/Users/admin/builder/spi-builder-workspace/.derivedData/Build/Intermediates.noindex/swift-crypto.build/Debug-watchos/Crypto.build/Objects-normal/armv7k/Crypto.SwiftFileList -DSWIFT_PACKAGE -DDEBUG -DSWIFT_MODULE_RESOURCE_BUNDLE_AVAILABLE -DCRYPTO_IN_SWIFTPM -DXcode -enable-upcoming-feature MemberImportVisibility -plugin-path /Applications/Xcode-26.3.0.app/Contents/Developer/Toolchains/XcodeDefault.xctoolchain/usr/lib/swift/host/plugins/testing -enable-experimental-feature DebugDescriptionMacro -sdk /Applications/Xcode-26.3.0.app/Contents/Developer/Platforms/WatchOS.platform/Developer/SDKs/WatchOS26.2.sdk -target armv7k-apple-watchos5.0 -g -module-cache-path /Users/admin/builder/spi-builder-workspace/.derivedData/ModuleCache.noindex -Xfrontend -serialize-debugging-options -profile-coverage-mapping -profile-generate -enable-testing -suppress-warnings -index-store-path /Users/admin/builder/spi-builder-workspace/.derivedData/Index.noindex/DataStore -Xcc -D_LIBCPP_HARDENING_MODE\=_LIBCPP_HARDENING_MODE_DEBUG -swift-version 6 -I /Users/admin/builder/spi-builder-workspace/.derivedData/Build/Products/Debug-watchos -Isystem /Applications/Xcode-26.3.0.app/Contents/Developer/Platforms/WatchOS.platform/Developer/usr/lib -F /Users/admin/builder/spi-builder-workspace/.derivedData/Build/Products/Debug-watchos -F /Applications/Xcode-26.3.0.app/Contents/Developer/Platforms/WatchOS.platform/Developer/Library/Frameworks -F /Applications/Xcode-26.3.0.app/Contents/Developer/Platforms/WatchOS.platform/Developer/SDKs/WatchOS26.2.sdk/Developer/Library/Frameworks -c -j10 -enable-batch-mode -incremental -Xcc -ivfsstatcache -Xcc /Users/admin/builder/spi-builder-workspace/.derivedData/SDKStatCaches.noindex/watchos26.2-23S303-dc75598d0054f22ec865fa860f139d721753b489057de6bda919edfa1c59a62b.sdkstatcache -output-file-map /Users/admin/builder/spi-builder-workspace/.derivedData/Build/Intermediates.noindex/swift-crypto.build/Debug-watchos/Crypto.build/Objects-normal/armv7k/Crypto-OutputFileMap.json -use-frontend-parseable-output -save-temps -no-color-diagnostics -explicit-module-build -module-cache-path /Users/admin/builder/spi-builder-workspace/.derivedData/Build/Intermediates.noindex/SwiftExplicitPrecompiledModules -clang-scanner-module-cache-path /Users/admin/builder/spi-builder-workspace/.derivedData/ModuleCache.noindex -sdk-module-cache-path /Users/admin/builder/spi-builder-workspace/.derivedData/ModuleCache.noindex -serialize-diagnostics -emit-dependencies -emit-module -emit-module-path /Users/admin/builder/spi-builder-workspace/.derivedData/Build/Intermediates.noindex/swift-crypto.build/Debug-watchos/Crypto.build/Objects-normal/armv7k/Crypto.swiftmodule -user-module-version 4.5.0 -validate-clang-modules-once -clang-build-session-file /Users/admin/builder/spi-builder-workspace/.derivedData/ModuleCache.noindex/Session.modulevalidation -package-name swift_crypto -Xcc -I/Users/admin/builder/spi-builder-workspace/.derivedData/Build/Intermediates.noindex/swift-crypto.build/Debug-watchos/Crypto.build/swift-overrides.hmap -emit-const-values -Xfrontend -const-gather-protocols-file -Xfrontend /Users/admin/builder/spi-builder-workspace/.derivedData/Build/Intermediates.noindex/swift-crypto.build/Debug-watchos/Crypto.build/Objects-normal/armv7k/Crypto_const_extract_protocols.json -Xcc -I/Users/admin/builder/spi-builder-workspace/.derivedData/Build/Products/Debug-watchos/include -Xcc -I/Users/admin/builder/spi-builder-workspace/.derivedData/Build/Intermediates.noindex/swift-crypto.build/Debug-watchos/Crypto.build/DerivedSources-normal/armv7k -Xcc -I/Users/admin/builder/spi-builder-workspace/.derivedData/Build/Intermediates.noindex/swift-crypto.build/Debug-watchos/Crypto.build/DerivedSources/armv7k -Xcc -I/Users/admin/builder/spi-builder-workspace/.derivedData/Build/Intermediates.noindex/swift-crypto.build/Debug-watchos/Crypto.build/DerivedSources -Xcc -DSWIFT_PACKAGE -Xcc -DDEBUG\=1 -emit-objc-header -emit-objc-header-path /Users/admin/builder/spi-builder-workspace/.derivedData/Build/Intermediates.noindex/swift-crypto.build/Debug-watchos/Crypto.build/Objects-normal/armv7k/Crypto-Swift.h -working-directory /Users/admin/builder/spi-builder-workspace/.swiftpm/xcode -experimental-emit-module-separately -disable-cmo
SwiftDriver Crypto normal arm64_32 com.apple.xcode.tools.swift.compiler (in target 'Crypto' from project 'swift-crypto')
cd /Users/admin/builder/spi-builder-workspace/.swiftpm/xcode
builtin-SwiftDriver -- /Applications/Xcode-26.3.0.app/Contents/Developer/Toolchains/XcodeDefault.xctoolchain/usr/bin/swiftc -module-name Crypto -Onone -enforce-exclusivity\=checked @/Users/admin/builder/spi-builder-workspace/.derivedData/Build/Intermediates.noindex/swift-crypto.build/Debug-watchos/Crypto.build/Objects-normal/arm64_32/Crypto.SwiftFileList -DSWIFT_PACKAGE -DDEBUG -DSWIFT_MODULE_RESOURCE_BUNDLE_AVAILABLE -DCRYPTO_IN_SWIFTPM -DXcode -enable-upcoming-feature MemberImportVisibility -plugin-path /Applications/Xcode-26.3.0.app/Contents/Developer/Toolchains/XcodeDefault.xctoolchain/usr/lib/swift/host/plugins/testing -enable-experimental-feature DebugDescriptionMacro -sdk /Applications/Xcode-26.3.0.app/Contents/Developer/Platforms/WatchOS.platform/Developer/SDKs/WatchOS26.2.sdk -target arm64_32-apple-watchos5.0 -g -module-cache-path /Users/admin/builder/spi-builder-workspace/.derivedData/ModuleCache.noindex -Xfrontend -serialize-debugging-options -profile-coverage-mapping -profile-generate -enable-testing -suppress-warnings -index-store-path /Users/admin/builder/spi-builder-workspace/.derivedData/Index.noindex/DataStore -Xcc -D_LIBCPP_HARDENING_MODE\=_LIBCPP_HARDENING_MODE_DEBUG -swift-version 6 -I /Users/admin/builder/spi-builder-workspace/.derivedData/Build/Products/Debug-watchos -Isystem /Applications/Xcode-26.3.0.app/Contents/Developer/Platforms/WatchOS.platform/Developer/usr/lib -F /Users/admin/builder/spi-builder-workspace/.derivedData/Build/Products/Debug-watchos -F /Applications/Xcode-26.3.0.app/Contents/Developer/Platforms/WatchOS.platform/Developer/Library/Frameworks -F /Applications/Xcode-26.3.0.app/Contents/Developer/Platforms/WatchOS.platform/Developer/SDKs/WatchOS26.2.sdk/Developer/Library/Frameworks -c -j10 -enable-batch-mode -incremental -Xcc -ivfsstatcache -Xcc /Users/admin/builder/spi-builder-workspace/.derivedData/SDKStatCaches.noindex/watchos26.2-23S303-dc75598d0054f22ec865fa860f139d721753b489057de6bda919edfa1c59a62b.sdkstatcache -output-file-map /Users/admin/builder/spi-builder-workspace/.derivedData/Build/Intermediates.noindex/swift-crypto.build/Debug-watchos/Crypto.build/Objects-normal/arm64_32/Crypto-OutputFileMap.json -use-frontend-parseable-output -save-temps -no-color-diagnostics -explicit-module-build -module-cache-path /Users/admin/builder/spi-builder-workspace/.derivedData/Build/Intermediates.noindex/SwiftExplicitPrecompiledModules -clang-scanner-module-cache-path /Users/admin/builder/spi-builder-workspace/.derivedData/ModuleCache.noindex -sdk-module-cache-path /Users/admin/builder/spi-builder-workspace/.derivedData/ModuleCache.noindex -serialize-diagnostics -emit-dependencies -emit-module -emit-module-path /Users/admin/builder/spi-builder-workspace/.derivedData/Build/Intermediates.noindex/swift-crypto.build/Debug-watchos/Crypto.build/Objects-normal/arm64_32/Crypto.swiftmodule -user-module-version 4.5.0 -validate-clang-modules-once -clang-build-session-file /Users/admin/builder/spi-builder-workspace/.derivedData/ModuleCache.noindex/Session.modulevalidation -package-name swift_crypto -Xcc -I/Users/admin/builder/spi-builder-workspace/.derivedData/Build/Intermediates.noindex/swift-crypto.build/Debug-watchos/Crypto.build/swift-overrides.hmap -emit-const-values -Xfrontend -const-gather-protocols-file -Xfrontend /Users/admin/builder/spi-builder-workspace/.derivedData/Build/Intermediates.noindex/swift-crypto.build/Debug-watchos/Crypto.build/Objects-normal/arm64_32/Crypto_const_extract_protocols.json -Xcc -I/Users/admin/builder/spi-builder-workspace/.derivedData/Build/Products/Debug-watchos/include -Xcc -I/Users/admin/builder/spi-builder-workspace/.derivedData/Build/Intermediates.noindex/swift-crypto.build/Debug-watchos/Crypto.build/DerivedSources-normal/arm64_32 -Xcc -I/Users/admin/builder/spi-builder-workspace/.derivedData/Build/Intermediates.noindex/swift-crypto.build/Debug-watchos/Crypto.build/DerivedSources/arm64_32 -Xcc -I/Users/admin/builder/spi-builder-workspace/.derivedData/Build/Intermediates.noindex/swift-crypto.build/Debug-watchos/Crypto.build/DerivedSources -Xcc -DSWIFT_PACKAGE -Xcc -DDEBUG\=1 -emit-objc-header -emit-objc-header-path /Users/admin/builder/spi-builder-workspace/.derivedData/Build/Intermediates.noindex/swift-crypto.build/Debug-watchos/Crypto.build/Objects-normal/arm64_32/Crypto-Swift.h -working-directory /Users/admin/builder/spi-builder-workspace/.swiftpm/xcode -experimental-emit-module-separately -disable-cmo
SwiftEmitModule normal arm64 Emitting\ module\ for\ Crypto (in target 'Crypto' from project 'swift-crypto')
EmitSwiftModule normal arm64 (in target 'Crypto' from project 'swift-crypto')
cd /Users/admin/builder/spi-builder-workspace/.swiftpm/xcode
SwiftDriver Atomics normal arm64_32 com.apple.xcode.tools.swift.compiler (in target 'Atomics' from project 'swift-atomics')
cd /Users/admin/builder/spi-builder-workspace/.swiftpm/xcode
builtin-SwiftDriver -- /Applications/Xcode-26.3.0.app/Contents/Developer/Toolchains/XcodeDefault.xctoolchain/usr/bin/swiftc -module-name Atomics -Onone -enforce-exclusivity\=checked @/Users/admin/builder/spi-builder-workspace/.derivedData/Build/Intermediates.noindex/swift-atomics.build/Debug-watchos/Atomics.build/Objects-normal/arm64_32/Atomics.SwiftFileList -DSWIFT_PACKAGE -DDEBUG -DSWIFT_MODULE_RESOURCE_BUNDLE_UNAVAILABLE -DXcode -enable-experimental-feature BuiltinModule -plugin-path /Applications/Xcode-26.3.0.app/Contents/Developer/Toolchains/XcodeDefault.xctoolchain/usr/lib/swift/host/plugins/testing -enable-experimental-feature DebugDescriptionMacro -sdk /Applications/Xcode-26.3.0.app/Contents/Developer/Platforms/WatchOS.platform/Developer/SDKs/WatchOS26.2.sdk -target arm64_32-apple-watchos5.0 -g -module-cache-path /Users/admin/builder/spi-builder-workspace/.derivedData/ModuleCache.noindex -Xfrontend -serialize-debugging-options -profile-coverage-mapping -profile-generate -enable-testing -suppress-warnings -index-store-path /Users/admin/builder/spi-builder-workspace/.derivedData/Index.noindex/DataStore -Xcc -D_LIBCPP_HARDENING_MODE\=_LIBCPP_HARDENING_MODE_DEBUG -swift-version 5 -I /Users/admin/builder/spi-builder-workspace/.derivedData/Build/Products/Debug-watchos -Isystem /Applications/Xcode-26.3.0.app/Contents/Developer/Platforms/WatchOS.platform/Developer/usr/lib -F /Users/admin/builder/spi-builder-workspace/.derivedData/Build/Products/Debug-watchos/PackageFrameworks -F /Users/admin/builder/spi-builder-workspace/.derivedData/Build/Products/Debug-watchos -F /Applications/Xcode-26.3.0.app/Contents/Developer/Platforms/WatchOS.platform/Developer/Library/Frameworks -F /Applications/Xcode-26.3.0.app/Contents/Developer/Platforms/WatchOS.platform/Developer/SDKs/WatchOS26.2.sdk/Developer/Library/Frameworks -c -j10 -enable-batch-mode -incremental -Xcc -ivfsstatcache -Xcc /Users/admin/builder/spi-builder-workspace/.derivedData/SDKStatCaches.noindex/watchos26.2-23S303-dc75598d0054f22ec865fa860f139d721753b489057de6bda919edfa1c59a62b.sdkstatcache -output-file-map /Users/admin/builder/spi-builder-workspace/.derivedData/Build/Intermediates.noindex/swift-atomics.build/Debug-watchos/Atomics.build/Objects-normal/arm64_32/Atomics-OutputFileMap.json -use-frontend-parseable-output -save-temps -no-color-diagnostics -explicit-module-build -module-cache-path /Users/admin/builder/spi-builder-workspace/.derivedData/Build/Intermediates.noindex/SwiftExplicitPrecompiledModules -clang-scanner-module-cache-path /Users/admin/builder/spi-builder-workspace/.derivedData/ModuleCache.noindex -sdk-module-cache-path /Users/admin/builder/spi-builder-workspace/.derivedData/ModuleCache.noindex -serialize-diagnostics -emit-dependencies -emit-module -emit-module-path /Users/admin/builder/spi-builder-workspace/.derivedData/Build/Intermediates.noindex/swift-atomics.build/Debug-watchos/Atomics.build/Objects-normal/arm64_32/Atomics.swiftmodule -validate-clang-modules-once -clang-build-session-file /Users/admin/builder/spi-builder-workspace/.derivedData/ModuleCache.noindex/Session.modulevalidation -package-name swift_atomics -Xcc -I/Users/admin/builder/spi-builder-workspace/.derivedData/Build/Intermediates.noindex/swift-atomics.build/Debug-watchos/Atomics.build/swift-overrides.hmap -emit-const-values -Xfrontend -const-gather-protocols-file -Xfrontend /Users/admin/builder/spi-builder-workspace/.derivedData/Build/Intermediates.noindex/swift-atomics.build/Debug-watchos/Atomics.build/Objects-normal/arm64_32/Atomics_const_extract_protocols.json -Xcc -I/Users/admin/builder/spi-builder-workspace/.dependencies/checkouts/swift-atomics/Sources/_AtomicsShims/include -Xcc -I/Users/admin/builder/spi-builder-workspace/.derivedData/Build/Products/Debug-watchos/include -Xcc -I/Users/admin/builder/spi-builder-workspace/.derivedData/Build/Intermediates.noindex/swift-atomics.build/Debug-watchos/Atomics.build/DerivedSources-normal/arm64_32 -Xcc -I/Users/admin/builder/spi-builder-workspace/.derivedData/Build/Intermediates.noindex/swift-atomics.build/Debug-watchos/Atomics.build/DerivedSources/arm64_32 -Xcc -I/Users/admin/builder/spi-builder-workspace/.derivedData/Build/Intermediates.noindex/swift-atomics.build/Debug-watchos/Atomics.build/DerivedSources -Xcc -DSWIFT_PACKAGE -Xcc -DDEBUG\=1 -emit-objc-header -emit-objc-header-path /Users/admin/builder/spi-builder-workspace/.derivedData/Build/Intermediates.noindex/swift-atomics.build/Debug-watchos/Atomics.build/Objects-normal/arm64_32/Atomics-Swift.h -working-directory /Users/admin/builder/spi-builder-workspace/.swiftpm/xcode -experimental-emit-module-separately -disable-cmo
SwiftEmitModule normal arm64_32 Emitting\ module\ for\ Crypto (in target 'Crypto' from project 'swift-crypto')
EmitSwiftModule normal arm64_32 (in target 'Crypto' from project 'swift-crypto')
cd /Users/admin/builder/spi-builder-workspace/.swiftpm/xcode
SwiftDriverJobDiscovery normal arm64 Emitting module for Crypto (in target 'Crypto' from project 'swift-crypto')
SwiftDriver\ Compilation\ Requirements Crypto normal arm64 com.apple.xcode.tools.swift.compiler (in target 'Crypto' from project 'swift-crypto')
cd /Users/admin/builder/spi-builder-workspace/.swiftpm/xcode
builtin-Swift-Compilation-Requirements -- /Applications/Xcode-26.3.0.app/Contents/Developer/Toolchains/XcodeDefault.xctoolchain/usr/bin/swiftc -module-name Crypto -Onone -enforce-exclusivity\=checked @/Users/admin/builder/spi-builder-workspace/.derivedData/Build/Intermediates.noindex/swift-crypto.build/Debug-watchos/Crypto.build/Objects-normal/arm64/Crypto.SwiftFileList -DSWIFT_PACKAGE -DDEBUG -DSWIFT_MODULE_RESOURCE_BUNDLE_AVAILABLE -DCRYPTO_IN_SWIFTPM -DXcode -enable-upcoming-feature MemberImportVisibility -plugin-path /Applications/Xcode-26.3.0.app/Contents/Developer/Toolchains/XcodeDefault.xctoolchain/usr/lib/swift/host/plugins/testing -enable-experimental-feature DebugDescriptionMacro -sdk /Applications/Xcode-26.3.0.app/Contents/Developer/Platforms/WatchOS.platform/Developer/SDKs/WatchOS26.2.sdk -target arm64-apple-watchos5.0 -g -module-cache-path /Users/admin/builder/spi-builder-workspace/.derivedData/ModuleCache.noindex -Xfrontend -serialize-debugging-options -profile-coverage-mapping -profile-generate -enable-testing -suppress-warnings -index-store-path /Users/admin/builder/spi-builder-workspace/.derivedData/Index.noindex/DataStore -Xcc -D_LIBCPP_HARDENING_MODE\=_LIBCPP_HARDENING_MODE_DEBUG -swift-version 6 -I /Users/admin/builder/spi-builder-workspace/.derivedData/Build/Products/Debug-watchos -Isystem /Applications/Xcode-26.3.0.app/Contents/Developer/Platforms/WatchOS.platform/Developer/usr/lib -F /Users/admin/builder/spi-builder-workspace/.derivedData/Build/Products/Debug-watchos -F /Applications/Xcode-26.3.0.app/Contents/Developer/Platforms/WatchOS.platform/Developer/Library/Frameworks -F /Applications/Xcode-26.3.0.app/Contents/Developer/Platforms/WatchOS.platform/Developer/SDKs/WatchOS26.2.sdk/Developer/Library/Frameworks -c -j10 -enable-batch-mode -incremental -Xcc -ivfsstatcache -Xcc /Users/admin/builder/spi-builder-workspace/.derivedData/SDKStatCaches.noindex/watchos26.2-23S303-dc75598d0054f22ec865fa860f139d721753b489057de6bda919edfa1c59a62b.sdkstatcache -output-file-map /Users/admin/builder/spi-builder-workspace/.derivedData/Build/Intermediates.noindex/swift-crypto.build/Debug-watchos/Crypto.build/Objects-normal/arm64/Crypto-OutputFileMap.json -use-frontend-parseable-output -save-temps -no-color-diagnostics -explicit-module-build -module-cache-path /Users/admin/builder/spi-builder-workspace/.derivedData/Build/Intermediates.noindex/SwiftExplicitPrecompiledModules -clang-scanner-module-cache-path /Users/admin/builder/spi-builder-workspace/.derivedData/ModuleCache.noindex -sdk-module-cache-path /Users/admin/builder/spi-builder-workspace/.derivedData/ModuleCache.noindex -serialize-diagnostics -emit-dependencies -emit-module -emit-module-path /Users/admin/builder/spi-builder-workspace/.derivedData/Build/Intermediates.noindex/swift-crypto.build/Debug-watchos/Crypto.build/Objects-normal/arm64/Crypto.swiftmodule -user-module-version 4.5.0 -validate-clang-modules-once -clang-build-session-file /Users/admin/builder/spi-builder-workspace/.derivedData/ModuleCache.noindex/Session.modulevalidation -package-name swift_crypto -Xcc -I/Users/admin/builder/spi-builder-workspace/.derivedData/Build/Intermediates.noindex/swift-crypto.build/Debug-watchos/Crypto.build/swift-overrides.hmap -emit-const-values -Xfrontend -const-gather-protocols-file -Xfrontend /Users/admin/builder/spi-builder-workspace/.derivedData/Build/Intermediates.noindex/swift-crypto.build/Debug-watchos/Crypto.build/Objects-normal/arm64/Crypto_const_extract_protocols.json -Xcc -I/Users/admin/builder/spi-builder-workspace/.derivedData/Build/Products/Debug-watchos/include -Xcc -I/Users/admin/builder/spi-builder-workspace/.derivedData/Build/Intermediates.noindex/swift-crypto.build/Debug-watchos/Crypto.build/DerivedSources-normal/arm64 -Xcc -I/Users/admin/builder/spi-builder-workspace/.derivedData/Build/Intermediates.noindex/swift-crypto.build/Debug-watchos/Crypto.build/DerivedSources/arm64 -Xcc -I/Users/admin/builder/spi-builder-workspace/.derivedData/Build/Intermediates.noindex/swift-crypto.build/Debug-watchos/Crypto.build/DerivedSources -Xcc -DSWIFT_PACKAGE -Xcc -DDEBUG\=1 -emit-objc-header -emit-objc-header-path /Users/admin/builder/spi-builder-workspace/.derivedData/Build/Intermediates.noindex/swift-crypto.build/Debug-watchos/Crypto.build/Objects-normal/arm64/Crypto-Swift.h -working-directory /Users/admin/builder/spi-builder-workspace/.swiftpm/xcode -experimental-emit-module-separately -disable-cmo
SwiftDriver Atomics normal arm64 com.apple.xcode.tools.swift.compiler (in target 'Atomics' from project 'swift-atomics')
cd /Users/admin/builder/spi-builder-workspace/.swiftpm/xcode
builtin-SwiftDriver -- /Applications/Xcode-26.3.0.app/Contents/Developer/Toolchains/XcodeDefault.xctoolchain/usr/bin/swiftc -module-name Atomics -Onone -enforce-exclusivity\=checked @/Users/admin/builder/spi-builder-workspace/.derivedData/Build/Intermediates.noindex/swift-atomics.build/Debug-watchos/Atomics.build/Objects-normal/arm64/Atomics.SwiftFileList -DSWIFT_PACKAGE -DDEBUG -DSWIFT_MODULE_RESOURCE_BUNDLE_UNAVAILABLE -DXcode -enable-experimental-feature BuiltinModule -plugin-path /Applications/Xcode-26.3.0.app/Contents/Developer/Toolchains/XcodeDefault.xctoolchain/usr/lib/swift/host/plugins/testing -enable-experimental-feature DebugDescriptionMacro -sdk /Applications/Xcode-26.3.0.app/Contents/Developer/Platforms/WatchOS.platform/Developer/SDKs/WatchOS26.2.sdk -target arm64-apple-watchos5.0 -g -module-cache-path /Users/admin/builder/spi-builder-workspace/.derivedData/ModuleCache.noindex -Xfrontend -serialize-debugging-options -profile-coverage-mapping -profile-generate -enable-testing -suppress-warnings -index-store-path /Users/admin/builder/spi-builder-workspace/.derivedData/Index.noindex/DataStore -Xcc -D_LIBCPP_HARDENING_MODE\=_LIBCPP_HARDENING_MODE_DEBUG -swift-version 5 -I /Users/admin/builder/spi-builder-workspace/.derivedData/Build/Products/Debug-watchos -Isystem /Applications/Xcode-26.3.0.app/Contents/Developer/Platforms/WatchOS.platform/Developer/usr/lib -F /Users/admin/builder/spi-builder-workspace/.derivedData/Build/Products/Debug-watchos/PackageFrameworks -F /Users/admin/builder/spi-builder-workspace/.derivedData/Build/Products/Debug-watchos -F /Applications/Xcode-26.3.0.app/Contents/Developer/Platforms/WatchOS.platform/Developer/Library/Frameworks -F /Applications/Xcode-26.3.0.app/Contents/Developer/Platforms/WatchOS.platform/Developer/SDKs/WatchOS26.2.sdk/Developer/Library/Frameworks -c -j10 -enable-batch-mode -incremental -Xcc -ivfsstatcache -Xcc /Users/admin/builder/spi-builder-workspace/.derivedData/SDKStatCaches.noindex/watchos26.2-23S303-dc75598d0054f22ec865fa860f139d721753b489057de6bda919edfa1c59a62b.sdkstatcache -output-file-map /Users/admin/builder/spi-builder-workspace/.derivedData/Build/Intermediates.noindex/swift-atomics.build/Debug-watchos/Atomics.build/Objects-normal/arm64/Atomics-OutputFileMap.json -use-frontend-parseable-output -save-temps -no-color-diagnostics -explicit-module-build -module-cache-path /Users/admin/builder/spi-builder-workspace/.derivedData/Build/Intermediates.noindex/SwiftExplicitPrecompiledModules -clang-scanner-module-cache-path /Users/admin/builder/spi-builder-workspace/.derivedData/ModuleCache.noindex -sdk-module-cache-path /Users/admin/builder/spi-builder-workspace/.derivedData/ModuleCache.noindex -serialize-diagnostics -emit-dependencies -emit-module -emit-module-path /Users/admin/builder/spi-builder-workspace/.derivedData/Build/Intermediates.noindex/swift-atomics.build/Debug-watchos/Atomics.build/Objects-normal/arm64/Atomics.swiftmodule -validate-clang-modules-once -clang-build-session-file /Users/admin/builder/spi-builder-workspace/.derivedData/ModuleCache.noindex/Session.modulevalidation -package-name swift_atomics -Xcc -I/Users/admin/builder/spi-builder-workspace/.derivedData/Build/Intermediates.noindex/swift-atomics.build/Debug-watchos/Atomics.build/swift-overrides.hmap -emit-const-values -Xfrontend -const-gather-protocols-file -Xfrontend /Users/admin/builder/spi-builder-workspace/.derivedData/Build/Intermediates.noindex/swift-atomics.build/Debug-watchos/Atomics.build/Objects-normal/arm64/Atomics_const_extract_protocols.json -Xcc -I/Users/admin/builder/spi-builder-workspace/.dependencies/checkouts/swift-atomics/Sources/_AtomicsShims/include -Xcc -I/Users/admin/builder/spi-builder-workspace/.derivedData/Build/Products/Debug-watchos/include -Xcc -I/Users/admin/builder/spi-builder-workspace/.derivedData/Build/Intermediates.noindex/swift-atomics.build/Debug-watchos/Atomics.build/DerivedSources-normal/arm64 -Xcc -I/Users/admin/builder/spi-builder-workspace/.derivedData/Build/Intermediates.noindex/swift-atomics.build/Debug-watchos/Atomics.build/DerivedSources/arm64 -Xcc -I/Users/admin/builder/spi-builder-workspace/.derivedData/Build/Intermediates.noindex/swift-atomics.build/Debug-watchos/Atomics.build/DerivedSources -Xcc -DSWIFT_PACKAGE -Xcc -DDEBUG\=1 -emit-objc-header -emit-objc-header-path /Users/admin/builder/spi-builder-workspace/.derivedData/Build/Intermediates.noindex/swift-atomics.build/Debug-watchos/Atomics.build/Objects-normal/arm64/Atomics-Swift.h -working-directory /Users/admin/builder/spi-builder-workspace/.swiftpm/xcode -experimental-emit-module-separately -disable-cmo
Copy /Users/admin/builder/spi-builder-workspace/.derivedData/Build/Products/Debug-watchos/Crypto.swiftmodule/arm64-apple-watchos.swiftmodule /Users/admin/builder/spi-builder-workspace/.derivedData/Build/Intermediates.noindex/swift-crypto.build/Debug-watchos/Crypto.build/Objects-normal/arm64/Crypto.swiftmodule (in target 'Crypto' from project 'swift-crypto')
cd /Users/admin/builder/spi-builder-workspace/.dependencies/checkouts/swift-crypto
builtin-copy -exclude .DS_Store -exclude CVS -exclude .svn -exclude .git -exclude .hg -resolve-src-symlinks -rename /Users/admin/builder/spi-builder-workspace/.derivedData/Build/Intermediates.noindex/swift-crypto.build/Debug-watchos/Crypto.build/Objects-normal/arm64/Crypto.swiftmodule /Users/admin/builder/spi-builder-workspace/.derivedData/Build/Products/Debug-watchos/Crypto.swiftmodule/arm64-apple-watchos.swiftmodule
Copy /Users/admin/builder/spi-builder-workspace/.derivedData/Build/Products/Debug-watchos/Crypto.swiftmodule/arm64-apple-watchos.swiftdoc /Users/admin/builder/spi-builder-workspace/.derivedData/Build/Intermediates.noindex/swift-crypto.build/Debug-watchos/Crypto.build/Objects-normal/arm64/Crypto.swiftdoc (in target 'Crypto' from project 'swift-crypto')
cd /Users/admin/builder/spi-builder-workspace/.dependencies/checkouts/swift-crypto
builtin-copy -exclude .DS_Store -exclude CVS -exclude .svn -exclude .git -exclude .hg -resolve-src-symlinks -rename /Users/admin/builder/spi-builder-workspace/.derivedData/Build/Intermediates.noindex/swift-crypto.build/Debug-watchos/Crypto.build/Objects-normal/arm64/Crypto.swiftdoc /Users/admin/builder/spi-builder-workspace/.derivedData/Build/Products/Debug-watchos/Crypto.swiftmodule/arm64-apple-watchos.swiftdoc
Copy /Users/admin/builder/spi-builder-workspace/.derivedData/Build/Products/Debug-watchos/Crypto.swiftmodule/arm64-apple-watchos.abi.json /Users/admin/builder/spi-builder-workspace/.derivedData/Build/Intermediates.noindex/swift-crypto.build/Debug-watchos/Crypto.build/Objects-normal/arm64/Crypto.abi.json (in target 'Crypto' from project 'swift-crypto')
cd /Users/admin/builder/spi-builder-workspace/.dependencies/checkouts/swift-crypto
builtin-copy -exclude .DS_Store -exclude CVS -exclude .svn -exclude .git -exclude .hg -resolve-src-symlinks -rename /Users/admin/builder/spi-builder-workspace/.derivedData/Build/Intermediates.noindex/swift-crypto.build/Debug-watchos/Crypto.build/Objects-normal/arm64/Crypto.abi.json /Users/admin/builder/spi-builder-workspace/.derivedData/Build/Products/Debug-watchos/Crypto.swiftmodule/arm64-apple-watchos.abi.json
Copy /Users/admin/builder/spi-builder-workspace/.derivedData/Build/Products/Debug-watchos/Crypto.swiftmodule/Project/arm64-apple-watchos.swiftsourceinfo /Users/admin/builder/spi-builder-workspace/.derivedData/Build/Intermediates.noindex/swift-crypto.build/Debug-watchos/Crypto.build/Objects-normal/arm64/Crypto.swiftsourceinfo (in target 'Crypto' from project 'swift-crypto')
cd /Users/admin/builder/spi-builder-workspace/.dependencies/checkouts/swift-crypto
builtin-copy -exclude .DS_Store -exclude CVS -exclude .svn -exclude .git -exclude .hg -resolve-src-symlinks -rename /Users/admin/builder/spi-builder-workspace/.derivedData/Build/Intermediates.noindex/swift-crypto.build/Debug-watchos/Crypto.build/Objects-normal/arm64/Crypto.swiftsourceinfo /Users/admin/builder/spi-builder-workspace/.derivedData/Build/Products/Debug-watchos/Crypto.swiftmodule/Project/arm64-apple-watchos.swiftsourceinfo
SwiftDriver Atomics normal armv7k com.apple.xcode.tools.swift.compiler (in target 'Atomics' from project 'swift-atomics')
cd /Users/admin/builder/spi-builder-workspace/.swiftpm/xcode
builtin-SwiftDriver -- /Applications/Xcode-26.3.0.app/Contents/Developer/Toolchains/XcodeDefault.xctoolchain/usr/bin/swiftc -module-name Atomics -Onone -enforce-exclusivity\=checked @/Users/admin/builder/spi-builder-workspace/.derivedData/Build/Intermediates.noindex/swift-atomics.build/Debug-watchos/Atomics.build/Objects-normal/armv7k/Atomics.SwiftFileList -DSWIFT_PACKAGE -DDEBUG -DSWIFT_MODULE_RESOURCE_BUNDLE_UNAVAILABLE -DXcode -enable-experimental-feature BuiltinModule -plugin-path /Applications/Xcode-26.3.0.app/Contents/Developer/Toolchains/XcodeDefault.xctoolchain/usr/lib/swift/host/plugins/testing -enable-experimental-feature DebugDescriptionMacro -sdk /Applications/Xcode-26.3.0.app/Contents/Developer/Platforms/WatchOS.platform/Developer/SDKs/WatchOS26.2.sdk -target armv7k-apple-watchos5.0 -g -module-cache-path /Users/admin/builder/spi-builder-workspace/.derivedData/ModuleCache.noindex -Xfrontend -serialize-debugging-options -profile-coverage-mapping -profile-generate -enable-testing -suppress-warnings -index-store-path /Users/admin/builder/spi-builder-workspace/.derivedData/Index.noindex/DataStore -Xcc -D_LIBCPP_HARDENING_MODE\=_LIBCPP_HARDENING_MODE_DEBUG -swift-version 5 -I /Users/admin/builder/spi-builder-workspace/.derivedData/Build/Products/Debug-watchos -Isystem /Applications/Xcode-26.3.0.app/Contents/Developer/Platforms/WatchOS.platform/Developer/usr/lib -F /Users/admin/builder/spi-builder-workspace/.derivedData/Build/Products/Debug-watchos/PackageFrameworks -F /Users/admin/builder/spi-builder-workspace/.derivedData/Build/Products/Debug-watchos -F /Applications/Xcode-26.3.0.app/Contents/Developer/Platforms/WatchOS.platform/Developer/Library/Frameworks -F /Applications/Xcode-26.3.0.app/Contents/Developer/Platforms/WatchOS.platform/Developer/SDKs/WatchOS26.2.sdk/Developer/Library/Frameworks -c -j10 -enable-batch-mode -incremental -Xcc -ivfsstatcache -Xcc /Users/admin/builder/spi-builder-workspace/.derivedData/SDKStatCaches.noindex/watchos26.2-23S303-dc75598d0054f22ec865fa860f139d721753b489057de6bda919edfa1c59a62b.sdkstatcache -output-file-map /Users/admin/builder/spi-builder-workspace/.derivedData/Build/Intermediates.noindex/swift-atomics.build/Debug-watchos/Atomics.build/Objects-normal/armv7k/Atomics-OutputFileMap.json -use-frontend-parseable-output -save-temps -no-color-diagnostics -explicit-module-build -module-cache-path /Users/admin/builder/spi-builder-workspace/.derivedData/Build/Intermediates.noindex/SwiftExplicitPrecompiledModules -clang-scanner-module-cache-path /Users/admin/builder/spi-builder-workspace/.derivedData/ModuleCache.noindex -sdk-module-cache-path /Users/admin/builder/spi-builder-workspace/.derivedData/ModuleCache.noindex -serialize-diagnostics -emit-dependencies -emit-module -emit-module-path /Users/admin/builder/spi-builder-workspace/.derivedData/Build/Intermediates.noindex/swift-atomics.build/Debug-watchos/Atomics.build/Objects-normal/armv7k/Atomics.swiftmodule -validate-clang-modules-once -clang-build-session-file /Users/admin/builder/spi-builder-workspace/.derivedData/ModuleCache.noindex/Session.modulevalidation -package-name swift_atomics -Xcc -I/Users/admin/builder/spi-builder-workspace/.derivedData/Build/Intermediates.noindex/swift-atomics.build/Debug-watchos/Atomics.build/swift-overrides.hmap -emit-const-values -Xfrontend -const-gather-protocols-file -Xfrontend /Users/admin/builder/spi-builder-workspace/.derivedData/Build/Intermediates.noindex/swift-atomics.build/Debug-watchos/Atomics.build/Objects-normal/armv7k/Atomics_const_extract_protocols.json -Xcc -I/Users/admin/builder/spi-builder-workspace/.dependencies/checkouts/swift-atomics/Sources/_AtomicsShims/include -Xcc -I/Users/admin/builder/spi-builder-workspace/.derivedData/Build/Products/Debug-watchos/include -Xcc -I/Users/admin/builder/spi-builder-workspace/.derivedData/Build/Intermediates.noindex/swift-atomics.build/Debug-watchos/Atomics.build/DerivedSources-normal/armv7k -Xcc -I/Users/admin/builder/spi-builder-workspace/.derivedData/Build/Intermediates.noindex/swift-atomics.build/Debug-watchos/Atomics.build/DerivedSources/armv7k -Xcc -I/Users/admin/builder/spi-builder-workspace/.derivedData/Build/Intermediates.noindex/swift-atomics.build/Debug-watchos/Atomics.build/DerivedSources -Xcc -DSWIFT_PACKAGE -Xcc -DDEBUG\=1 -emit-objc-header -emit-objc-header-path /Users/admin/builder/spi-builder-workspace/.derivedData/Build/Intermediates.noindex/swift-atomics.build/Debug-watchos/Atomics.build/Objects-normal/armv7k/Atomics-Swift.h -working-directory /Users/admin/builder/spi-builder-workspace/.swiftpm/xcode -experimental-emit-module-separately -disable-cmo
SwiftExplicitDependencyGeneratePcm arm64_32 /Users/admin/builder/spi-builder-workspace/.derivedData/ModuleCache.noindex/_AvailabilityInternal-AT45JBTV7ZIGO40P4HOV38OTX.pcm
SwiftDriverJobDiscovery normal arm64_32 Emitting module for Crypto (in target 'Crypto' from project 'swift-crypto')
SwiftDriver\ Compilation\ Requirements Crypto normal arm64_32 com.apple.xcode.tools.swift.compiler (in target 'Crypto' from project 'swift-crypto')
cd /Users/admin/builder/spi-builder-workspace/.swiftpm/xcode
builtin-Swift-Compilation-Requirements -- /Applications/Xcode-26.3.0.app/Contents/Developer/Toolchains/XcodeDefault.xctoolchain/usr/bin/swiftc -module-name Crypto -Onone -enforce-exclusivity\=checked @/Users/admin/builder/spi-builder-workspace/.derivedData/Build/Intermediates.noindex/swift-crypto.build/Debug-watchos/Crypto.build/Objects-normal/arm64_32/Crypto.SwiftFileList -DSWIFT_PACKAGE -DDEBUG -DSWIFT_MODULE_RESOURCE_BUNDLE_AVAILABLE -DCRYPTO_IN_SWIFTPM -DXcode -enable-upcoming-feature MemberImportVisibility -plugin-path /Applications/Xcode-26.3.0.app/Contents/Developer/Toolchains/XcodeDefault.xctoolchain/usr/lib/swift/host/plugins/testing -enable-experimental-feature DebugDescriptionMacro -sdk /Applications/Xcode-26.3.0.app/Contents/Developer/Platforms/WatchOS.platform/Developer/SDKs/WatchOS26.2.sdk -target arm64_32-apple-watchos5.0 -g -module-cache-path /Users/admin/builder/spi-builder-workspace/.derivedData/ModuleCache.noindex -Xfrontend -serialize-debugging-options -profile-coverage-mapping -profile-generate -enable-testing -suppress-warnings -index-store-path /Users/admin/builder/spi-builder-workspace/.derivedData/Index.noindex/DataStore -Xcc -D_LIBCPP_HARDENING_MODE\=_LIBCPP_HARDENING_MODE_DEBUG -swift-version 6 -I /Users/admin/builder/spi-builder-workspace/.derivedData/Build/Products/Debug-watchos -Isystem /Applications/Xcode-26.3.0.app/Contents/Developer/Platforms/WatchOS.platform/Developer/usr/lib -F /Users/admin/builder/spi-builder-workspace/.derivedData/Build/Products/Debug-watchos -F /Applications/Xcode-26.3.0.app/Contents/Developer/Platforms/WatchOS.platform/Developer/Library/Frameworks -F /Applications/Xcode-26.3.0.app/Contents/Developer/Platforms/WatchOS.platform/Developer/SDKs/WatchOS26.2.sdk/Developer/Library/Frameworks -c -j10 -enable-batch-mode -incremental -Xcc -ivfsstatcache -Xcc /Users/admin/builder/spi-builder-workspace/.derivedData/SDKStatCaches.noindex/watchos26.2-23S303-dc75598d0054f22ec865fa860f139d721753b489057de6bda919edfa1c59a62b.sdkstatcache -output-file-map /Users/admin/builder/spi-builder-workspace/.derivedData/Build/Intermediates.noindex/swift-crypto.build/Debug-watchos/Crypto.build/Objects-normal/arm64_32/Crypto-OutputFileMap.json -use-frontend-parseable-output -save-temps -no-color-diagnostics -explicit-module-build -module-cache-path /Users/admin/builder/spi-builder-workspace/.derivedData/Build/Intermediates.noindex/SwiftExplicitPrecompiledModules -clang-scanner-module-cache-path /Users/admin/builder/spi-builder-workspace/.derivedData/ModuleCache.noindex -sdk-module-cache-path /Users/admin/builder/spi-builder-workspace/.derivedData/ModuleCache.noindex -serialize-diagnostics -emit-dependencies -emit-module -emit-module-path /Users/admin/builder/spi-builder-workspace/.derivedData/Build/Intermediates.noindex/swift-crypto.build/Debug-watchos/Crypto.build/Objects-normal/arm64_32/Crypto.swiftmodule -user-module-version 4.5.0 -validate-clang-modules-once -clang-build-session-file /Users/admin/builder/spi-builder-workspace/.derivedData/ModuleCache.noindex/Session.modulevalidation -package-name swift_crypto -Xcc -I/Users/admin/builder/spi-builder-workspace/.derivedData/Build/Intermediates.noindex/swift-crypto.build/Debug-watchos/Crypto.build/swift-overrides.hmap -emit-const-values -Xfrontend -const-gather-protocols-file -Xfrontend /Users/admin/builder/spi-builder-workspace/.derivedData/Build/Intermediates.noindex/swift-crypto.build/Debug-watchos/Crypto.build/Objects-normal/arm64_32/Crypto_const_extract_protocols.json -Xcc -I/Users/admin/builder/spi-builder-workspace/.derivedData/Build/Products/Debug-watchos/include -Xcc -I/Users/admin/builder/spi-builder-workspace/.derivedData/Build/Intermediates.noindex/swift-crypto.build/Debug-watchos/Crypto.build/DerivedSources-normal/arm64_32 -Xcc -I/Users/admin/builder/spi-builder-workspace/.derivedData/Build/Intermediates.noindex/swift-crypto.build/Debug-watchos/Crypto.build/DerivedSources/arm64_32 -Xcc -I/Users/admin/builder/spi-builder-workspace/.derivedData/Build/Intermediates.noindex/swift-crypto.build/Debug-watchos/Crypto.build/DerivedSources -Xcc -DSWIFT_PACKAGE -Xcc -DDEBUG\=1 -emit-objc-header -emit-objc-header-path /Users/admin/builder/spi-builder-workspace/.derivedData/Build/Intermediates.noindex/swift-crypto.build/Debug-watchos/Crypto.build/Objects-normal/arm64_32/Crypto-Swift.h -working-directory /Users/admin/builder/spi-builder-workspace/.swiftpm/xcode -experimental-emit-module-separately -disable-cmo
SwiftExplicitDependencyGeneratePcm armv7k /Users/admin/builder/spi-builder-workspace/.derivedData/ModuleCache.noindex/Foundation-BFCHXYDNJGNDW2FA1JATYZ9KO.pcm
Copy /Users/admin/builder/spi-builder-workspace/.derivedData/Build/Products/Debug-watchos/Crypto.swiftmodule/arm64_32-apple-watchos.swiftmodule /Users/admin/builder/spi-builder-workspace/.derivedData/Build/Intermediates.noindex/swift-crypto.build/Debug-watchos/Crypto.build/Objects-normal/arm64_32/Crypto.swiftmodule (in target 'Crypto' from project 'swift-crypto')
cd /Users/admin/builder/spi-builder-workspace/.dependencies/checkouts/swift-crypto
builtin-copy -exclude .DS_Store -exclude CVS -exclude .svn -exclude .git -exclude .hg -resolve-src-symlinks -rename /Users/admin/builder/spi-builder-workspace/.derivedData/Build/Intermediates.noindex/swift-crypto.build/Debug-watchos/Crypto.build/Objects-normal/arm64_32/Crypto.swiftmodule /Users/admin/builder/spi-builder-workspace/.derivedData/Build/Products/Debug-watchos/Crypto.swiftmodule/arm64_32-apple-watchos.swiftmodule
Copy /Users/admin/builder/spi-builder-workspace/.derivedData/Build/Products/Debug-watchos/Crypto.swiftmodule/arm64_32-apple-watchos.swiftdoc /Users/admin/builder/spi-builder-workspace/.derivedData/Build/Intermediates.noindex/swift-crypto.build/Debug-watchos/Crypto.build/Objects-normal/arm64_32/Crypto.swiftdoc (in target 'Crypto' from project 'swift-crypto')
cd /Users/admin/builder/spi-builder-workspace/.dependencies/checkouts/swift-crypto
builtin-copy -exclude .DS_Store -exclude CVS -exclude .svn -exclude .git -exclude .hg -resolve-src-symlinks -rename /Users/admin/builder/spi-builder-workspace/.derivedData/Build/Intermediates.noindex/swift-crypto.build/Debug-watchos/Crypto.build/Objects-normal/arm64_32/Crypto.swiftdoc /Users/admin/builder/spi-builder-workspace/.derivedData/Build/Products/Debug-watchos/Crypto.swiftmodule/arm64_32-apple-watchos.swiftdoc
Copy /Users/admin/builder/spi-builder-workspace/.derivedData/Build/Products/Debug-watchos/Crypto.swiftmodule/arm64_32-apple-watchos.abi.json /Users/admin/builder/spi-builder-workspace/.derivedData/Build/Intermediates.noindex/swift-crypto.build/Debug-watchos/Crypto.build/Objects-normal/arm64_32/Crypto.abi.json (in target 'Crypto' from project 'swift-crypto')
cd /Users/admin/builder/spi-builder-workspace/.dependencies/checkouts/swift-crypto
builtin-copy -exclude .DS_Store -exclude CVS -exclude .svn -exclude .git -exclude .hg -resolve-src-symlinks -rename /Users/admin/builder/spi-builder-workspace/.derivedData/Build/Intermediates.noindex/swift-crypto.build/Debug-watchos/Crypto.build/Objects-normal/arm64_32/Crypto.abi.json /Users/admin/builder/spi-builder-workspace/.derivedData/Build/Products/Debug-watchos/Crypto.swiftmodule/arm64_32-apple-watchos.abi.json
Copy /Users/admin/builder/spi-builder-workspace/.derivedData/Build/Products/Debug-watchos/Crypto.swiftmodule/Project/arm64_32-apple-watchos.swiftsourceinfo /Users/admin/builder/spi-builder-workspace/.derivedData/Build/Intermediates.noindex/swift-crypto.build/Debug-watchos/Crypto.build/Objects-normal/arm64_32/Crypto.swiftsourceinfo (in target 'Crypto' from project 'swift-crypto')
cd /Users/admin/builder/spi-builder-workspace/.dependencies/checkouts/swift-crypto
builtin-copy -exclude .DS_Store -exclude CVS -exclude .svn -exclude .git -exclude .hg -resolve-src-symlinks -rename /Users/admin/builder/spi-builder-workspace/.derivedData/Build/Intermediates.noindex/swift-crypto.build/Debug-watchos/Crypto.build/Objects-normal/arm64_32/Crypto.swiftsourceinfo /Users/admin/builder/spi-builder-workspace/.derivedData/Build/Products/Debug-watchos/Crypto.swiftmodule/Project/arm64_32-apple-watchos.swiftsourceinfo
SwiftExplicitDependencyGeneratePcm armv7k /Users/admin/builder/spi-builder-workspace/.derivedData/ModuleCache.noindex/_Builtin_stdbool-3SSVOWQSYKMDF9LAAICA6FU9H.pcm
SwiftExplicitDependencyGeneratePcm arm64_32 /Users/admin/builder/spi-builder-workspace/.derivedData/ModuleCache.noindex/ptrcheck-AA5GJME3GXGO73H210XMPC07G.pcm
SwiftExplicitDependencyGeneratePcm armv7k /Users/admin/builder/spi-builder-workspace/.derivedData/ModuleCache.noindex/_Builtin_stdarg-1BUNRX2QJIKYWJ1962CPXCMS2.pcm
SwiftExplicitDependencyGeneratePcm arm64 /Users/admin/builder/spi-builder-workspace/.derivedData/ModuleCache.noindex/_Builtin_stddef-BFZNESQOB31O3W68M3ZQ64Q5W.pcm
SwiftExplicitDependencyGeneratePcm arm64 /Users/admin/builder/spi-builder-workspace/.derivedData/ModuleCache.noindex/_Builtin_stdarg-41VMB7R3H5MIU0RJWRTVECF73.pcm
SwiftExplicitDependencyGeneratePcm arm64 /Users/admin/builder/spi-builder-workspace/.derivedData/ModuleCache.noindex/_AvailabilityInternal-AHCR9CD21F4JF161R0D7SVS8U.pcm
SwiftExplicitDependencyGeneratePcm armv7k /Users/admin/builder/spi-builder-workspace/.derivedData/ModuleCache.noindex/ptrcheck-7LSYX6ETTNTOSEGXFGUGJ6PK3.pcm
SwiftExplicitDependencyGeneratePcm armv7k /Users/admin/builder/spi-builder-workspace/.derivedData/ModuleCache.noindex/_Builtin_stddef-BOED5FAOPQQQ8EQJ4TOKIV54N.pcm
SwiftExplicitDependencyGeneratePcm armv7k /Users/admin/builder/spi-builder-workspace/.derivedData/ModuleCache.noindex/LocalAuthentication-4ZW6TSE4UH5APYLZYCS650Y8F.pcm
SwiftExplicitDependencyGeneratePcm arm64_32 /Users/admin/builder/spi-builder-workspace/.derivedData/ModuleCache.noindex/_Builtin_stdarg-3DKNO61VH3IRYCOYDXNL008WT.pcm
SwiftExplicitDependencyGeneratePcm arm64_32 /Users/admin/builder/spi-builder-workspace/.derivedData/ModuleCache.noindex/_DarwinFoundation1-CO2PQHYUB6SXX1609DCI88KWW.pcm
SwiftEmitModule normal armv7k Emitting\ module\ for\ Crypto (in target 'Crypto' from project 'swift-crypto')
SwiftExplicitDependencyGeneratePcm arm64 /Users/admin/builder/spi-builder-workspace/.derivedData/ModuleCache.noindex/ptrcheck-BZQSFWKT9QTVPI5QDZ5NVKV9.pcm
2026-06-28 17:37:09.839 xcodebuild[2360:11026] [MT] IDERunDestination: Supported platforms for the buildables in the current scheme is empty.
** BUILD FAILED **
The following build commands failed:
CompileC /Users/admin/builder/spi-builder-workspace/.derivedData/Build/Intermediates.noindex/mlx-swift.build/Debug-watchos/Cmlx.build/Objects-normal/arm64_32/utils-cece7f7ad05e390b4c43c3ff21479e10.o /Users/admin/builder/spi-builder-workspace/.dependencies/checkouts/mlx-swift/Source/Cmlx/mlx/mlx/backend/metal/utils.cpp normal arm64_32 c++ com.apple.compilers.llvm.clang.1_0.compiler (in target 'Cmlx' from project 'mlx-swift')
Building workspace spi-builder-workspace with scheme PrivateFoundationModels-Package
(2 failures)
BUILD FAILURE 6.2 watchOS