Build Information
Failed to build swift-aws-lambda-runtime, reference 1.0.0-alpha.2 (8d9f44), with Swift 6.4 for watchOS using Xcode 27.0 on 22 Sep 2026 16:25:02 UTC.
Build Command
env DEVELOPER_DIR=/Applications/Xcode-27.0.0-Release.Candidate.app xcrun xcodebuild -IDEClonedSourcePackagesDirPathOverride=$PWD/.dependencies -skipMacroValidation -skipPackagePluginValidation -derivedDataPath $PWD/.derivedData build -scheme swift-aws-lambda-runtime-Package -destination generic/platform=watchOSBuild Log
2026-09-22 12:24:35.503 appintentsmetadataprocessor[1914:10859] Starting appintentsmetadataprocessor export
2026-09-22 12:24:35.569 appintentsmetadataprocessor[1914:10859] Extracted no relevant App Intents symbols, skipping writing output
SwiftEmitModule normal arm64 Emitting\ module\ for\ AWSLambdaRuntimeCore (in target 'AWSLambdaRuntimeCore' from project 'swift-aws-lambda-runtime')
SwiftCompile normal arm64 (in target 'AWSLambdaRuntimeCore' from project 'swift-aws-lambda-runtime')
cd /Users/admin/builder/spi-builder-workspace/.swiftpm/xcode
/Users/admin/builder/spi-builder-workspace/Sources/AWSLambdaRuntimeCore/LambdaHandler.swift:85:9: warning: setter for property 'outputBuffer' is private and cannot be referenced from an '@inlinable' function; this will be an error in a future Swift language mode
68 | let handler: Underlying
69 | @usableFromInline
70 | private(set) var outputBuffer: ByteBuffer
| `- note: setter for property 'outputBuffer' is not '@usableFromInline' or public
71 |
72 | @inlinable
:
83 | init(handler: Underlying, allocator: ByteBufferAllocator) {
84 | self.handler = handler
85 | self.outputBuffer = allocator.buffer(capacity: 1024 * 1024)
| `- warning: setter for property 'outputBuffer' is private and cannot be referenced from an '@inlinable' function; this will be an error in a future Swift language mode
86 | }
87 |
/Users/admin/builder/spi-builder-workspace/Sources/AWSLambdaRuntimeCore/LambdaHandler.swift:102:17: warning: setter for property 'outputBuffer' is private and cannot be referenced from an '@inlinable' function; this will be an error in a future Swift language mode
68 | let handler: Underlying
69 | @usableFromInline
70 | private(set) var outputBuffer: ByteBuffer
| `- note: setter for property 'outputBuffer' is not '@usableFromInline' or public
71 |
72 | @inlinable
:
100 |
101 | do {
102 | self.outputBuffer.clear()
| `- warning: setter for property 'outputBuffer' is private and cannot be referenced from an '@inlinable' function; this will be an error in a future Swift language mode
103 | try self.handler.encode(value: output, into: &self.outputBuffer)
104 | return self.outputBuffer
/Users/admin/builder/spi-builder-workspace/Sources/AWSLambdaRuntimeCore/LambdaHandler.swift:103:63: warning: setter for property 'outputBuffer' is private and cannot be referenced from an '@inlinable' function; this will be an error in a future Swift language mode
68 | let handler: Underlying
69 | @usableFromInline
70 | private(set) var outputBuffer: ByteBuffer
| `- note: setter for property 'outputBuffer' is not '@usableFromInline' or public
71 |
72 | @inlinable
:
101 | do {
102 | self.outputBuffer.clear()
103 | try self.handler.encode(value: output, into: &self.outputBuffer)
| `- warning: setter for property 'outputBuffer' is private and cannot be referenced from an '@inlinable' function; this will be an error in a future Swift language mode
104 | return self.outputBuffer
105 | } catch {
/Users/admin/builder/spi-builder-workspace/Sources/AWSLambdaRuntimeCore/LambdaHandler.swift:207:9: warning: setter for property 'outputBuffer' is private and cannot be referenced from an '@inlinable' function; this will be an error in a future Swift language mode
190 | let handler: Underlying
191 | @usableFromInline
192 | private(set) var outputBuffer: ByteBuffer
| `- note: setter for property 'outputBuffer' is not '@usableFromInline' or public
193 |
194 | @inlinable
:
205 | init(handler: Underlying, allocator: ByteBufferAllocator) {
206 | self.handler = handler
207 | self.outputBuffer = allocator.buffer(capacity: 1024 * 1024)
| `- warning: setter for property 'outputBuffer' is private and cannot be referenced from an '@inlinable' function; this will be an error in a future Swift language mode
208 | }
209 |
/Users/admin/builder/spi-builder-workspace/Sources/AWSLambdaRuntimeCore/LambdaHandler.swift:224:17: warning: setter for property 'outputBuffer' is private and cannot be referenced from an '@inlinable' function; this will be an error in a future Swift language mode
190 | let handler: Underlying
191 | @usableFromInline
192 | private(set) var outputBuffer: ByteBuffer
| `- note: setter for property 'outputBuffer' is not '@usableFromInline' or public
193 |
194 | @inlinable
:
222 |
223 | do {
224 | self.outputBuffer.clear()
| `- warning: setter for property 'outputBuffer' is private and cannot be referenced from an '@inlinable' function; this will be an error in a future Swift language mode
225 | try self.handler.encode(value: output, into: &self.outputBuffer)
226 | return self.outputBuffer
/Users/admin/builder/spi-builder-workspace/Sources/AWSLambdaRuntimeCore/LambdaHandler.swift:225:63: warning: setter for property 'outputBuffer' is private and cannot be referenced from an '@inlinable' function; this will be an error in a future Swift language mode
190 | let handler: Underlying
191 | @usableFromInline
192 | private(set) var outputBuffer: ByteBuffer
| `- note: setter for property 'outputBuffer' is not '@usableFromInline' or public
193 |
194 | @inlinable
:
223 | do {
224 | self.outputBuffer.clear()
225 | try self.handler.encode(value: output, into: &self.outputBuffer)
| `- warning: setter for property 'outputBuffer' is private and cannot be referenced from an '@inlinable' function; this will be an error in a future Swift language mode
226 | return self.outputBuffer
227 | } catch {
/Users/admin/builder/spi-builder-workspace/Sources/AWSLambdaRuntimeCore/LambdaHandler.swift:355:9: warning: setter for property 'outputBuffer' is private and cannot be referenced from an '@inlinable' function; this will be an error in a future Swift language mode
341 | let handler: Underlying
342 | @usableFromInline
343 | private(set) var outputBuffer: ByteBuffer
| `- note: setter for property 'outputBuffer' is not '@usableFromInline' or public
344 |
345 | @inlinable
:
353 | init(handler: Underlying, allocator: ByteBufferAllocator) {
354 | self.handler = handler
355 | self.outputBuffer = allocator.buffer(capacity: 1024 * 1024)
| `- warning: setter for property 'outputBuffer' is private and cannot be referenced from an '@inlinable' function; this will be an error in a future Swift language mode
356 | }
357 |
/Users/admin/builder/spi-builder-workspace/Sources/AWSLambdaRuntimeCore/LambdaHandler.swift:369:17: warning: setter for property 'outputBuffer' is private and cannot be referenced from an '@inlinable' function; this will be an error in a future Swift language mode
341 | let handler: Underlying
342 | @usableFromInline
343 | private(set) var outputBuffer: ByteBuffer
| `- note: setter for property 'outputBuffer' is not '@usableFromInline' or public
344 |
345 | @inlinable
:
367 | return self.handler.handle(input, context: context).flatMapThrowing { output in
368 | do {
369 | self.outputBuffer.clear()
| `- warning: setter for property 'outputBuffer' is private and cannot be referenced from an '@inlinable' function; this will be an error in a future Swift language mode
370 | try self.handler.encode(value: output, into: &self.outputBuffer)
371 | return self.outputBuffer
SwiftCompile normal arm64 Compiling\ Utils.swift /Users/admin/builder/spi-builder-workspace/Sources/AWSLambdaRuntimeCore/Utils.swift (in target 'AWSLambdaRuntimeCore' from project 'swift-aws-lambda-runtime')
SwiftCompile normal arm64 /Users/admin/builder/spi-builder-workspace/Sources/AWSLambdaRuntimeCore/Utils.swift (in target 'AWSLambdaRuntimeCore' from project 'swift-aws-lambda-runtime')
cd /Users/admin/builder/spi-builder-workspace/.swiftpm/xcode
builtin-SwiftPerFileCompile Utils.swift
SwiftCompile normal arm64 Compiling\ LambdaRuntimeClient.swift /Users/admin/builder/spi-builder-workspace/Sources/AWSLambdaRuntimeCore/LambdaRuntimeClient.swift (in target 'AWSLambdaRuntimeCore' from project 'swift-aws-lambda-runtime')
SwiftCompile normal arm64 /Users/admin/builder/spi-builder-workspace/Sources/AWSLambdaRuntimeCore/LambdaRuntimeClient.swift (in target 'AWSLambdaRuntimeCore' from project 'swift-aws-lambda-runtime')
cd /Users/admin/builder/spi-builder-workspace/.swiftpm/xcode
builtin-SwiftPerFileCompile LambdaRuntimeClient.swift
SwiftCompile normal arm64 Compiling\ LambdaHandler.swift,\ LambdaRequestID.swift /Users/admin/builder/spi-builder-workspace/Sources/AWSLambdaRuntimeCore/LambdaHandler.swift /Users/admin/builder/spi-builder-workspace/Sources/AWSLambdaRuntimeCore/LambdaRequestID.swift (in target 'AWSLambdaRuntimeCore' from project 'swift-aws-lambda-runtime')
SwiftCompile normal arm64 /Users/admin/builder/spi-builder-workspace/Sources/AWSLambdaRuntimeCore/LambdaHandler.swift (in target 'AWSLambdaRuntimeCore' from project 'swift-aws-lambda-runtime')
cd /Users/admin/builder/spi-builder-workspace/.swiftpm/xcode
builtin-SwiftPerFileCompile LambdaHandler.swift
SwiftCompile normal arm64 /Users/admin/builder/spi-builder-workspace/Sources/AWSLambdaRuntimeCore/LambdaRequestID.swift (in target 'AWSLambdaRuntimeCore' from project 'swift-aws-lambda-runtime')
cd /Users/admin/builder/spi-builder-workspace/.swiftpm/xcode
builtin-SwiftPerFileCompile LambdaRequestID.swift
/Users/admin/builder/spi-builder-workspace/Sources/AWSLambdaRuntimeCore/LambdaHandler.swift:85:9: warning: setter for property 'outputBuffer' is private and cannot be referenced from an '@inlinable' function; this will be an error in a future Swift language mode
68 | let handler: Underlying
69 | @usableFromInline
70 | private(set) var outputBuffer: ByteBuffer
| `- note: setter for property 'outputBuffer' is not '@usableFromInline' or public
71 |
72 | @inlinable
:
83 | init(handler: Underlying, allocator: ByteBufferAllocator) {
84 | self.handler = handler
85 | self.outputBuffer = allocator.buffer(capacity: 1024 * 1024)
| `- warning: setter for property 'outputBuffer' is private and cannot be referenced from an '@inlinable' function; this will be an error in a future Swift language mode
86 | }
87 |
/Users/admin/builder/spi-builder-workspace/Sources/AWSLambdaRuntimeCore/LambdaHandler.swift:102:17: warning: setter for property 'outputBuffer' is private and cannot be referenced from an '@inlinable' function; this will be an error in a future Swift language mode
68 | let handler: Underlying
69 | @usableFromInline
70 | private(set) var outputBuffer: ByteBuffer
| `- note: setter for property 'outputBuffer' is not '@usableFromInline' or public
71 |
72 | @inlinable
:
100 |
101 | do {
102 | self.outputBuffer.clear()
| `- warning: setter for property 'outputBuffer' is private and cannot be referenced from an '@inlinable' function; this will be an error in a future Swift language mode
103 | try self.handler.encode(value: output, into: &self.outputBuffer)
104 | return self.outputBuffer
/Users/admin/builder/spi-builder-workspace/Sources/AWSLambdaRuntimeCore/LambdaHandler.swift:103:63: warning: setter for property 'outputBuffer' is private and cannot be referenced from an '@inlinable' function; this will be an error in a future Swift language mode
68 | let handler: Underlying
69 | @usableFromInline
70 | private(set) var outputBuffer: ByteBuffer
| `- note: setter for property 'outputBuffer' is not '@usableFromInline' or public
71 |
72 | @inlinable
:
101 | do {
102 | self.outputBuffer.clear()
103 | try self.handler.encode(value: output, into: &self.outputBuffer)
| `- warning: setter for property 'outputBuffer' is private and cannot be referenced from an '@inlinable' function; this will be an error in a future Swift language mode
104 | return self.outputBuffer
105 | } catch {
/Users/admin/builder/spi-builder-workspace/Sources/AWSLambdaRuntimeCore/LambdaHandler.swift:207:9: warning: setter for property 'outputBuffer' is private and cannot be referenced from an '@inlinable' function; this will be an error in a future Swift language mode
190 | let handler: Underlying
191 | @usableFromInline
192 | private(set) var outputBuffer: ByteBuffer
| `- note: setter for property 'outputBuffer' is not '@usableFromInline' or public
193 |
194 | @inlinable
:
205 | init(handler: Underlying, allocator: ByteBufferAllocator) {
206 | self.handler = handler
207 | self.outputBuffer = allocator.buffer(capacity: 1024 * 1024)
| `- warning: setter for property 'outputBuffer' is private and cannot be referenced from an '@inlinable' function; this will be an error in a future Swift language mode
208 | }
209 |
/Users/admin/builder/spi-builder-workspace/Sources/AWSLambdaRuntimeCore/LambdaHandler.swift:224:17: warning: setter for property 'outputBuffer' is private and cannot be referenced from an '@inlinable' function; this will be an error in a future Swift language mode
190 | let handler: Underlying
191 | @usableFromInline
192 | private(set) var outputBuffer: ByteBuffer
| `- note: setter for property 'outputBuffer' is not '@usableFromInline' or public
193 |
194 | @inlinable
:
222 |
223 | do {
224 | self.outputBuffer.clear()
| `- warning: setter for property 'outputBuffer' is private and cannot be referenced from an '@inlinable' function; this will be an error in a future Swift language mode
225 | try self.handler.encode(value: output, into: &self.outputBuffer)
226 | return self.outputBuffer
/Users/admin/builder/spi-builder-workspace/Sources/AWSLambdaRuntimeCore/LambdaHandler.swift:225:63: warning: setter for property 'outputBuffer' is private and cannot be referenced from an '@inlinable' function; this will be an error in a future Swift language mode
190 | let handler: Underlying
191 | @usableFromInline
192 | private(set) var outputBuffer: ByteBuffer
| `- note: setter for property 'outputBuffer' is not '@usableFromInline' or public
193 |
194 | @inlinable
:
223 | do {
224 | self.outputBuffer.clear()
225 | try self.handler.encode(value: output, into: &self.outputBuffer)
| `- warning: setter for property 'outputBuffer' is private and cannot be referenced from an '@inlinable' function; this will be an error in a future Swift language mode
226 | return self.outputBuffer
227 | } catch {
/Users/admin/builder/spi-builder-workspace/Sources/AWSLambdaRuntimeCore/LambdaHandler.swift:355:9: warning: setter for property 'outputBuffer' is private and cannot be referenced from an '@inlinable' function; this will be an error in a future Swift language mode
341 | let handler: Underlying
342 | @usableFromInline
343 | private(set) var outputBuffer: ByteBuffer
| `- note: setter for property 'outputBuffer' is not '@usableFromInline' or public
344 |
345 | @inlinable
:
353 | init(handler: Underlying, allocator: ByteBufferAllocator) {
354 | self.handler = handler
355 | self.outputBuffer = allocator.buffer(capacity: 1024 * 1024)
| `- warning: setter for property 'outputBuffer' is private and cannot be referenced from an '@inlinable' function; this will be an error in a future Swift language mode
356 | }
357 |
/Users/admin/builder/spi-builder-workspace/Sources/AWSLambdaRuntimeCore/LambdaHandler.swift:369:17: warning: setter for property 'outputBuffer' is private and cannot be referenced from an '@inlinable' function; this will be an error in a future Swift language mode
341 | let handler: Underlying
342 | @usableFromInline
343 | private(set) var outputBuffer: ByteBuffer
| `- note: setter for property 'outputBuffer' is not '@usableFromInline' or public
344 |
345 | @inlinable
:
367 | return self.handler.handle(input, context: context).flatMapThrowing { output in
368 | do {
369 | self.outputBuffer.clear()
| `- warning: setter for property 'outputBuffer' is private and cannot be referenced from an '@inlinable' function; this will be an error in a future Swift language mode
370 | try self.handler.encode(value: output, into: &self.outputBuffer)
371 | return self.outputBuffer
SwiftCompile normal arm64 Compiling\ ControlPlaneRequest.swift,\ ControlPlaneRequestEncoder.swift /Users/admin/builder/spi-builder-workspace/Sources/AWSLambdaRuntimeCore/ControlPlaneRequest.swift /Users/admin/builder/spi-builder-workspace/Sources/AWSLambdaRuntimeCore/ControlPlaneRequestEncoder.swift (in target 'AWSLambdaRuntimeCore' from project 'swift-aws-lambda-runtime')
SwiftCompile normal arm64 /Users/admin/builder/spi-builder-workspace/Sources/AWSLambdaRuntimeCore/ControlPlaneRequest.swift (in target 'AWSLambdaRuntimeCore' from project 'swift-aws-lambda-runtime')
cd /Users/admin/builder/spi-builder-workspace/.swiftpm/xcode
builtin-SwiftPerFileCompile ControlPlaneRequest.swift
SwiftCompile normal arm64 /Users/admin/builder/spi-builder-workspace/Sources/AWSLambdaRuntimeCore/ControlPlaneRequestEncoder.swift (in target 'AWSLambdaRuntimeCore' from project 'swift-aws-lambda-runtime')
cd /Users/admin/builder/spi-builder-workspace/.swiftpm/xcode
builtin-SwiftPerFileCompile ControlPlaneRequestEncoder.swift
SwiftCompile normal arm64 Compiling\ main.swift /Users/admin/builder/spi-builder-workspace/Sources/MockServer/main.swift (in target 'MockServer-product' from project 'swift-aws-lambda-runtime')
SwiftCompile normal arm64 /Users/admin/builder/spi-builder-workspace/Sources/MockServer/main.swift (in target 'MockServer-product' from project 'swift-aws-lambda-runtime')
cd /Users/admin/builder/spi-builder-workspace/.swiftpm/xcode
builtin-SwiftPerFileCompile main.swift
SwiftEmitModule normal arm64 Emitting\ module\ for\ MockServer (in target 'MockServer-product' from project 'swift-aws-lambda-runtime')
SwiftCompile normal arm64 (in target 'MockServer-product' from project 'swift-aws-lambda-runtime')
cd /Users/admin/builder/spi-builder-workspace/.swiftpm/xcode
SwiftCompile normal arm64 Compiling\ LambdaRuntime.swift /Users/admin/builder/spi-builder-workspace/Sources/AWSLambdaRuntimeCore/LambdaRuntime.swift (in target 'AWSLambdaRuntimeCore' from project 'swift-aws-lambda-runtime')
SwiftCompile normal arm64 /Users/admin/builder/spi-builder-workspace/Sources/AWSLambdaRuntimeCore/LambdaRuntime.swift (in target 'AWSLambdaRuntimeCore' from project 'swift-aws-lambda-runtime')
cd /Users/admin/builder/spi-builder-workspace/.swiftpm/xcode
builtin-SwiftPerFileCompile LambdaRuntime.swift
SwiftCompile normal arm64 Compiling\ Lambda+String.swift,\ Lambda.swift /Users/admin/builder/spi-builder-workspace/Sources/AWSLambdaRuntimeCore/Lambda+String.swift /Users/admin/builder/spi-builder-workspace/Sources/AWSLambdaRuntimeCore/Lambda.swift (in target 'AWSLambdaRuntimeCore' from project 'swift-aws-lambda-runtime')
SwiftCompile normal arm64 /Users/admin/builder/spi-builder-workspace/Sources/AWSLambdaRuntimeCore/Lambda+String.swift (in target 'AWSLambdaRuntimeCore' from project 'swift-aws-lambda-runtime')
cd /Users/admin/builder/spi-builder-workspace/.swiftpm/xcode
builtin-SwiftPerFileCompile Lambda+String.swift
SwiftCompile normal arm64 /Users/admin/builder/spi-builder-workspace/Sources/AWSLambdaRuntimeCore/Lambda.swift (in target 'AWSLambdaRuntimeCore' from project 'swift-aws-lambda-runtime')
cd /Users/admin/builder/spi-builder-workspace/.swiftpm/xcode
builtin-SwiftPerFileCompile Lambda.swift
SwiftCompile normal arm64 Compiling\ LambdaConfiguration.swift,\ LambdaContext.swift /Users/admin/builder/spi-builder-workspace/Sources/AWSLambdaRuntimeCore/LambdaConfiguration.swift /Users/admin/builder/spi-builder-workspace/Sources/AWSLambdaRuntimeCore/LambdaContext.swift (in target 'AWSLambdaRuntimeCore' from project 'swift-aws-lambda-runtime')
/Users/admin/builder/spi-builder-workspace/Sources/AWSLambdaRuntimeCore/LambdaConfiguration.swift:38:86: error: ambiguous use of 'init'
36 |
37 | init(logLevel: Logger.Level? = nil) {
38 | self.logLevel = logLevel ?? Lambda.env("LOG_LEVEL").flatMap(Logger.Level.init) ?? .info
| `- error: ambiguous use of 'init'
39 | }
40 |
Logging.Logger.Level.init:3:19: note: found this candidate in module 'Logging'
1 | struct Logger {
2 | enum Level {
3 | @inlinable public init?(rawValue: String) }
| `- note: found this candidate in module 'Logging'
4 | }
5 |
Logging.Logger.Level.init:3:8: note: found this candidate in module 'Logging'
1 | struct Logger {
2 | enum Level {
3 | public init?(_ description: String) }
| `- note: found this candidate in module 'Logging'
4 | }
5 |
Failed frontend command:
/Applications/Xcode-27.0.0-Release.Candidate.app/Contents/Developer/Toolchains/XcodeDefault.xctoolchain/usr/bin/swift-frontend -frontend -c /Users/admin/builder/spi-builder-workspace/Sources/AWSLambdaRuntimeCore/ControlPlaneRequest.swift /Users/admin/builder/spi-builder-workspace/Sources/AWSLambdaRuntimeCore/ControlPlaneRequestEncoder.swift /Users/admin/builder/spi-builder-workspace/Sources/AWSLambdaRuntimeCore/HTTPClient.swift /Users/admin/builder/spi-builder-workspace/Sources/AWSLambdaRuntimeCore/Lambda+LocalServer.swift /Users/admin/builder/spi-builder-workspace/Sources/AWSLambdaRuntimeCore/Lambda+String.swift /Users/admin/builder/spi-builder-workspace/Sources/AWSLambdaRuntimeCore/Lambda.swift -primary-file /Users/admin/builder/spi-builder-workspace/Sources/AWSLambdaRuntimeCore/LambdaConfiguration.swift -primary-file /Users/admin/builder/spi-builder-workspace/Sources/AWSLambdaRuntimeCore/LambdaContext.swift /Users/admin/builder/spi-builder-workspace/Sources/AWSLambdaRuntimeCore/LambdaHandler.swift /Users/admin/builder/spi-builder-workspace/Sources/AWSLambdaRuntimeCore/LambdaRequestID.swift /Users/admin/builder/spi-builder-workspace/Sources/AWSLambdaRuntimeCore/LambdaRunner.swift /Users/admin/builder/spi-builder-workspace/Sources/AWSLambdaRuntimeCore/LambdaRuntime.swift /Users/admin/builder/spi-builder-workspace/Sources/AWSLambdaRuntimeCore/LambdaRuntimeClient.swift /Users/admin/builder/spi-builder-workspace/Sources/AWSLambdaRuntimeCore/Terminator.swift /Users/admin/builder/spi-builder-workspace/Sources/AWSLambdaRuntimeCore/Utils.swift -emit-dependencies-path /Users/admin/builder/spi-builder-workspace/.derivedData/Build/Intermediates.noindex/swift-aws-lambda-runtime.build/Debug-watchos/AWSLambdaRuntimeCore-t.build/Objects-normal/arm64/LambdaConfiguration.d -emit-const-values-path /Users/admin/builder/spi-builder-workspace/.derivedData/Build/Intermediates.noindex/swift-aws-lambda-runtime.build/Debug-watchos/AWSLambdaRuntimeCore-t.build/Objects-normal/arm64/LambdaConfiguration.swiftconstvalues -emit-reference-dependencies-path /Users/admin/builder/spi-builder-workspace/.derivedData/Build/Intermediates.noindex/swift-aws-lambda-runtime.build/Debug-watchos/AWSLambdaRuntimeCore-t.build/Objects-normal/arm64/LambdaConfiguration.swiftdeps -serialize-diagnostics-path /Users/admin/builder/spi-builder-workspace/.derivedData/Build/Intermediates.noindex/swift-aws-lambda-runtime.build/Debug-watchos/AWSLambdaRuntimeCore-t.build/Objects-normal/arm64/LambdaConfiguration.dia -emit-dependencies-path /Users/admin/builder/spi-builder-workspace/.derivedData/Build/Intermediates.noindex/swift-aws-lambda-runtime.build/Debug-watchos/AWSLambdaRuntimeCore-t.build/Objects-normal/arm64/LambdaContext.d -emit-const-values-path /Users/admin/builder/spi-builder-workspace/.derivedData/Build/Intermediates.noindex/swift-aws-lambda-runtime.build/Debug-watchos/AWSLambdaRuntimeCore-t.build/Objects-normal/arm64/LambdaContext.swiftconstvalues -emit-reference-dependencies-path /Users/admin/builder/spi-builder-workspace/.derivedData/Build/Intermediates.noindex/swift-aws-lambda-runtime.build/Debug-watchos/AWSLambdaRuntimeCore-t.build/Objects-normal/arm64/LambdaContext.swiftdeps -serialize-diagnostics-path /Users/admin/builder/spi-builder-workspace/.derivedData/Build/Intermediates.noindex/swift-aws-lambda-runtime.build/Debug-watchos/AWSLambdaRuntimeCore-t.build/Objects-normal/arm64/LambdaContext.dia -target arm64-apple-watchos9.0 -disable-cross-import-overlay-search -swift-module-cross-import Darwin /Applications/Xcode-27.0.0-Release.Candidate.app/Contents/Developer/Platforms/WatchOS.platform/Developer/SDKs/WatchOS.sdk/usr/include/Darwin.swiftcrossimport/xlocale.swiftoverlay -load-resolved-plugin /Applications/Xcode-27.0.0-Release.Candidate.app/Contents/Developer/Platforms/WatchOS.platform/Developer/usr/lib/swift/host/plugins/libFoundationMacros.dylib\#/Applications/Xcode-27.0.0-Release.Candidate.app/Contents/Developer/Platforms/WatchOS.platform/Developer/usr/bin/swift-plugin-server\#FoundationMacros -load-resolved-plugin /Applications/Xcode-27.0.0-Release.Candidate.app/Contents/Developer/Platforms/WatchOS.platform/Developer/usr/lib/swift/host/plugins/libObservationMacros.dylib\#/Applications/Xcode-27.0.0-Release.Candidate.app/Contents/Developer/Platforms/WatchOS.platform/Developer/usr/bin/swift-plugin-server\#ObservationMacros -load-resolved-plugin /Applications/Xcode-27.0.0-Release.Candidate.app/Contents/Developer/Platforms/WatchOS.platform/Developer/usr/lib/swift/host/plugins/libSwiftMacros.dylib\#/Applications/Xcode-27.0.0-Release.Candidate.app/Contents/Developer/Platforms/WatchOS.platform/Developer/usr/bin/swift-plugin-server\#SwiftMacros -disable-implicit-swift-modules -Xcc -fno-implicit-modules -Xcc -fno-implicit-module-maps -explicit-swift-module-map-file /Users/admin/builder/spi-builder-workspace/.derivedData/Build/Intermediates.noindex/swift-aws-lambda-runtime.build/Debug-watchos/AWSLambdaRuntimeCore-t.build/Objects-normal/arm64/AWSLambdaRuntimeCore-dependencies-1.json -Xllvm -aarch64-use-tbi -enable-objc-interop -stack-check -sdk /Applications/Xcode-27.0.0-Release.Candidate.app/Contents/Developer/Platforms/WatchOS.platform/Developer/SDKs/WatchOS27.0.sdk -I /Users/admin/builder/spi-builder-workspace/.derivedData/Build/Products/Debug-watchos -Isystem /Applications/Xcode-27.0.0-Release.Candidate.app/Contents/Developer/Platforms/WatchOS.platform/Developer/usr/lib -F /Users/admin/builder/spi-builder-workspace/.derivedData/Build/Products/Debug-watchos/PackageFrameworks -F /Users/admin/builder/spi-builder-workspace/.derivedData/Build/Products/Debug-watchos -F /Applications/Xcode-27.0.0-Release.Candidate.app/Contents/Developer/Platforms/WatchOS.platform/Developer/Library/Frameworks -F /Applications/Xcode-27.0.0-Release.Candidate.app/Contents/Developer/Platforms/WatchOS.platform/Developer/SDKs/WatchOS27.0.sdk/Developer/Library/Frameworks -module-cache-path /Users/admin/builder/spi-builder-workspace/.derivedData/Build/Intermediates.noindex/SwiftExplicitPrecompiledModules -no-color-diagnostics -Xcc -fno-color-diagnostics -enable-testing -g -debug-info-format\=dwarf -dwarf-version\=4 -profile-generate -profile-coverage-mapping -swift-version 5 -Onone -D SWIFT_PACKAGE -D DEBUG -D SWIFT_MODULE_RESOURCE_BUNDLE_UNAVAILABLE -D Xcode -serialize-debugging-options -enable-experimental-feature DebugDescriptionMacro -empty-abi-descriptor -validate-clang-modules-once -clang-build-session-file /Users/admin/builder/spi-builder-workspace/.derivedData/ModuleCache.noindex/Session.modulevalidation -Xcc -working-directory -Xcc /Users/admin/builder/spi-builder-workspace/.swiftpm/xcode -enable-anonymous-context-mangled-names -file-compilation-dir /Users/admin/builder/spi-builder-workspace/.swiftpm/xcode -Xcc -fmodule-map-file\=/Users/admin/builder/spi-builder-workspace/.derivedData/Build/Intermediates.noindex/GeneratedModuleMaps-watchos/CNIOLLHTTP.modulemap -Xcc -fmodule-map-file\=/Users/admin/builder/spi-builder-workspace/.dependencies/checkouts/swift-atomics/Sources/_AtomicsShims/include/module.modulemap -Xcc -fmodule-map-file\=/Users/admin/builder/spi-builder-workspace/.derivedData/Build/Intermediates.noindex/GeneratedModuleMaps-watchos/CNIOPosix.modulemap -Xcc -fmodule-map-file\=/Users/admin/builder/spi-builder-workspace/.derivedData/Build/Intermediates.noindex/GeneratedModuleMaps-watchos/CNIOWASI.modulemap -Xcc -fmodule-map-file\=/Users/admin/builder/spi-builder-workspace/.derivedData/Build/Intermediates.noindex/GeneratedModuleMaps-watchos/CNIOFreeBSD.modulemap -Xcc -fmodule-map-file\=/Users/admin/builder/spi-builder-workspace/.derivedData/Build/Intermediates.noindex/GeneratedModuleMaps-watchos/CNIOAtomics.modulemap -Xcc -fmodule-map-file\=/Users/admin/builder/spi-builder-workspace/.dependencies/checkouts/swift-nio/Sources/CNIOWindows/include/module.modulemap -Xcc -fmodule-map-file\=/Users/admin/builder/spi-builder-workspace/.derivedData/Build/Intermediates.noindex/GeneratedModuleMaps-watchos/CNIODarwin.modulemap -Xcc -fmodule-map-file\=/Users/admin/builder/spi-builder-workspace/.derivedData/Build/Intermediates.noindex/GeneratedModuleMaps-watchos/CNIOLinux.modulemap -Xcc -fmodule-map-file\=/Users/admin/builder/spi-builder-workspace/.derivedData/Build/Intermediates.noindex/GeneratedModuleMaps-watchos/CNIOOpenBSD.modulemap -Xcc -D_LIBCPP_HARDENING_MODE\=_LIBCPP_HARDENING_MODE_DEBUG -Xcc -ivfsstatcache -Xcc /Users/admin/builder/spi-builder-workspace/.derivedData/SDKStatCaches.noindex/watchos27.0-24R360-e829b21a6f8c9b70876ba0858053c04477534ef55a1706bf4c1112bbb242f0a2.sdkstatcache -Xcc -fmodules-prune-interval\=86400 -Xcc -fmodules-prune-after\=345600 -Xcc -I/Users/admin/builder/spi-builder-workspace/.dependencies/checkouts/swift-nio/Sources/CNIOLLHTTP/include -Xcc -I/Users/admin/builder/spi-builder-workspace/.dependencies/checkouts/swift-atomics/Sources/_AtomicsShims/include -Xcc -I/Users/admin/builder/spi-builder-workspace/.dependencies/checkouts/swift-nio/Sources/CNIOPosix/include -Xcc -I/Users/admin/builder/spi-builder-workspace/.dependencies/checkouts/swift-nio/Sources/CNIOWASI/include -Xcc -I/Users/admin/builder/spi-builder-workspace/.dependencies/checkouts/swift-nio/Sources/CNIOFreeBSD/include -Xcc -I/Users/admin/builder/spi-builder-workspace/.dependencies/checkouts/swift-nio/Sources/CNIOAtomics/include -Xcc -I/Users/admin/builder/spi-builder-workspace/.dependencies/checkouts/swift-nio/Sources/CNIOWindows/include -Xcc -I/Users/admin/builder/spi-builder-workspace/.dependencies/checkouts/swift-nio/Sources/CNIODarwin/include -Xcc -I/Users/admin/builder/spi-builder-workspace/.dependencies/checkouts/swift-nio/Sources/CNIOLinux/include -Xcc -I/Users/admin/builder/spi-builder-workspace/.dependencies/checkouts/swift-nio/Sources/CNIOOpenBSD/include -Xcc -I/Users/admin/builder/spi-builder-workspace/.derivedData/Build/Products/Debug-watchos/include -Xcc -I/Users/admin/builder/spi-builder-workspace/.derivedData/Build/Intermediates.noindex/swift-aws-lambda-runtime.build/Debug-watchos/AWSLambdaRuntimeCore-t.build/DerivedSources-normal/arm64 -Xcc -I/Users/admin/builder/spi-builder-workspace/.derivedData/Build/Intermediates.noindex/swift-aws-lambda-runtime.build/Debug-watchos/AWSLambdaRuntimeCore-t.build/DerivedSources/arm64 -Xcc -I/Users/admin/builder/spi-builder-workspace/.derivedData/Build/Intermediates.noindex/swift-aws-lambda-runtime.build/Debug-watchos/AWSLambdaRuntimeCore-t.build/DerivedSources -Xcc -DSWIFT_PACKAGE -Xcc -DDEBUG\=1 -no-auto-bridging-header-chaining -module-name AWSLambdaRuntimeCore -package-name spi_builder_workspace -const-gather-protocols-file /Users/admin/builder/spi-builder-workspace/.derivedData/Build/Intermediates.noindex/swift-aws-lambda-runtime.build/Debug-watchos/AWSLambdaRuntimeCore-t.build/Objects-normal/arm64/AWSLambdaRuntimeCore_const_extract_protocols.json -disable-clang-spi -clang-target arm64-apple-watchos27.0 -target-sdk-version 27.0 -target-sdk-name watchos27.0 -in-process-plugin-server-path /Applications/Xcode-27.0.0-Release.Candidate.app/Contents/Developer/Toolchains/XcodeDefault.xctoolchain/usr/lib/swift/host/libSwiftInProcPluginServer.dylib -parse-as-library -o /Users/admin/builder/spi-builder-workspace/.derivedData/Build/Intermediates.noindex/swift-aws-lambda-runtime.build/Debug-watchos/AWSLambdaRuntimeCore-t.build/Objects-normal/arm64/LambdaConfiguration.o -o /Users/admin/builder/spi-builder-workspace/.derivedData/Build/Intermediates.noindex/swift-aws-lambda-runtime.build/Debug-watchos/AWSLambdaRuntimeCore-t.build/Objects-normal/arm64/LambdaContext.o -debug-module-path /Users/admin/builder/spi-builder-workspace/.derivedData/Build/Intermediates.noindex/swift-aws-lambda-runtime.build/Debug-watchos/AWSLambdaRuntimeCore-t.build/Objects-normal/arm64/AWSLambdaRuntimeCore.swiftmodule -index-unit-output-path /swift-aws-lambda-runtime.build/Debug-watchos/AWSLambdaRuntimeCore-t.build/Objects-normal/arm64/LambdaConfiguration.o -index-unit-output-path /swift-aws-lambda-runtime.build/Debug-watchos/AWSLambdaRuntimeCore-t.build/Objects-normal/arm64/LambdaContext.o -index-store-path /Users/admin/builder/spi-builder-workspace/.derivedData/Index.noindex/DataStore -index-system-modules
SwiftCompile normal arm64 /Users/admin/builder/spi-builder-workspace/Sources/AWSLambdaRuntimeCore/LambdaConfiguration.swift (in target 'AWSLambdaRuntimeCore' from project 'swift-aws-lambda-runtime')
cd /Users/admin/builder/spi-builder-workspace/.swiftpm/xcode
builtin-SwiftPerFileCompile LambdaConfiguration.swift
SwiftCompile normal arm64 /Users/admin/builder/spi-builder-workspace/Sources/AWSLambdaRuntimeCore/LambdaContext.swift (in target 'AWSLambdaRuntimeCore' from project 'swift-aws-lambda-runtime')
cd /Users/admin/builder/spi-builder-workspace/.swiftpm/xcode
builtin-SwiftPerFileCompile LambdaContext.swift
SwiftEmitModule normal arm64_32 Emitting\ module\ for\ MockServer (in target 'MockServer-product' from project 'swift-aws-lambda-runtime')
SwiftCompile normal arm64_32 (in target 'MockServer-product' from project 'swift-aws-lambda-runtime')
cd /Users/admin/builder/spi-builder-workspace/.swiftpm/xcode
SwiftDriverJobDiscovery normal arm64 Emitting module for MockServer (in target 'MockServer-product' from project 'swift-aws-lambda-runtime')
SwiftDriver\ Compilation\ Requirements MockServer normal arm64 com.apple.xcode.tools.swift.compiler (in target 'MockServer-product' from project 'swift-aws-lambda-runtime')
cd /Users/admin/builder/spi-builder-workspace/.swiftpm/xcode
builtin-Swift-Compilation-Requirements -- /Applications/Xcode-27.0.0-Release.Candidate.app/Contents/Developer/Toolchains/XcodeDefault.xctoolchain/usr/bin/swiftc -module-name MockServer -Onone @/Users/admin/builder/spi-builder-workspace/.derivedData/Build/Intermediates.noindex/swift-aws-lambda-runtime.build/Debug-watchos/MockServer-p.build/Objects-normal/arm64/MockServer.SwiftFileList -DSWIFT_PACKAGE -DDEBUG -Xcc -fmodule-map-file\=/Users/admin/builder/spi-builder-workspace/.derivedData/Build/Intermediates.noindex/GeneratedModuleMaps-watchos/CNIOLLHTTP.modulemap -Xcc -fmodule-map-file\=/Users/admin/builder/spi-builder-workspace/.dependencies/checkouts/swift-atomics/Sources/_AtomicsShims/include/module.modulemap -Xcc -fmodule-map-file\=/Users/admin/builder/spi-builder-workspace/.derivedData/Build/Intermediates.noindex/GeneratedModuleMaps-watchos/CNIOPosix.modulemap -Xcc -fmodule-map-file\=/Users/admin/builder/spi-builder-workspace/.derivedData/Build/Intermediates.noindex/GeneratedModuleMaps-watchos/CNIOWASI.modulemap -Xcc -fmodule-map-file\=/Users/admin/builder/spi-builder-workspace/.dependencies/checkouts/swift-nio/Sources/CNIOWindows/include/module.modulemap -Xcc -fmodule-map-file\=/Users/admin/builder/spi-builder-workspace/.derivedData/Build/Intermediates.noindex/GeneratedModuleMaps-watchos/CNIOLinux.modulemap -Xcc -fmodule-map-file\=/Users/admin/builder/spi-builder-workspace/.derivedData/Build/Intermediates.noindex/GeneratedModuleMaps-watchos/CNIODarwin.modulemap -Xcc -fmodule-map-file\=/Users/admin/builder/spi-builder-workspace/.derivedData/Build/Intermediates.noindex/GeneratedModuleMaps-watchos/CNIOFreeBSD.modulemap -Xcc -fmodule-map-file\=/Users/admin/builder/spi-builder-workspace/.derivedData/Build/Intermediates.noindex/GeneratedModuleMaps-watchos/CNIOOpenBSD.modulemap -Xcc -fmodule-map-file\=/Users/admin/builder/spi-builder-workspace/.derivedData/Build/Intermediates.noindex/GeneratedModuleMaps-watchos/CNIOAtomics.modulemap -DXcode -plugin-path /Applications/Xcode-27.0.0-Release.Candidate.app/Contents/Developer/Toolchains/XcodeDefault.xctoolchain/usr/lib/swift/host/plugins/testing -enable-experimental-feature DebugDescriptionMacro -sdk /Applications/Xcode-27.0.0-Release.Candidate.app/Contents/Developer/Platforms/WatchOS.platform/Developer/SDKs/WatchOS27.0.sdk -target arm64-apple-watchos9.0 -g -module-cache-path /Users/admin/builder/spi-builder-workspace/.derivedData/ModuleCache.noindex -Xfrontend -serialize-debugging-options -profile-coverage-mapping -profile-generate -enable-testing -index-store-path /Users/admin/builder/spi-builder-workspace/.derivedData/Index.noindex/DataStore -Xcc -D_LIBCPP_HARDENING_MODE\=_LIBCPP_HARDENING_MODE_DEBUG -swift-version 5 -I /Users/admin/builder/spi-builder-workspace/.derivedData/Build/Products/Debug-watchos -Isystem /Applications/Xcode-27.0.0-Release.Candidate.app/Contents/Developer/Platforms/WatchOS.platform/Developer/usr/lib -F /Users/admin/builder/spi-builder-workspace/.derivedData/Build/Products/Debug-watchos/PackageFrameworks -F /Users/admin/builder/spi-builder-workspace/.derivedData/Build/Products/Debug-watchos -F /Applications/Xcode-27.0.0-Release.Candidate.app/Contents/Developer/Platforms/WatchOS.platform/Developer/Library/Frameworks -F /Applications/Xcode-27.0.0-Release.Candidate.app/Contents/Developer/Platforms/WatchOS.platform/Developer/SDKs/WatchOS27.0.sdk/Developer/Library/Frameworks -c -j10 -enable-batch-mode -incremental -Xcc -ivfsstatcache -Xcc /Users/admin/builder/spi-builder-workspace/.derivedData/SDKStatCaches.noindex/watchos27.0-24R360-e829b21a6f8c9b70876ba0858053c04477534ef55a1706bf4c1112bbb242f0a2.sdkstatcache -output-file-map /Users/admin/builder/spi-builder-workspace/.derivedData/Build/Intermediates.noindex/swift-aws-lambda-runtime.build/Debug-watchos/MockServer-p.build/Objects-normal/arm64/MockServer-OutputFileMap.json -save-temps -no-color-diagnostics -explicit-module-build -module-cache-path /Users/admin/builder/spi-builder-workspace/.derivedData/Build/Intermediates.noindex/SwiftExplicitPrecompiledModules -clang-scanner-module-cache-path /Users/admin/builder/spi-builder-workspace/.derivedData/ModuleCache.noindex -sdk-module-cache-path /Users/admin/builder/spi-builder-workspace/.derivedData/SDKExplicitPrecompiledModules -emit-dependencies -emit-module -emit-module-path /Users/admin/builder/spi-builder-workspace/.derivedData/Build/Intermediates.noindex/swift-aws-lambda-runtime.build/Debug-watchos/MockServer-p.build/Objects-normal/arm64/MockServer.swiftmodule -serialize-diagnostics -dependency-scan-serialize-diagnostics-path /Users/admin/builder/spi-builder-workspace/.derivedData/Build/Intermediates.noindex/swift-aws-lambda-runtime.build/Debug-watchos/MockServer-p.build/Objects-normal/arm64/MockServer-dependency-scan.dia -validate-clang-modules-once -clang-build-session-file /Users/admin/builder/spi-builder-workspace/.derivedData/ModuleCache.noindex/Session.modulevalidation -Xcc -fmodules-prune-interval\=86400 -Xcc -fmodules-prune-after\=345600 -package-name spi_builder_workspace -emit-const-values -const-gather-protocols-list /Users/admin/builder/spi-builder-workspace/.derivedData/Build/Intermediates.noindex/swift-aws-lambda-runtime.build/Debug-watchos/MockServer-p.build/Objects-normal/arm64/MockServer_const_extract_protocols.json -Xcc -I/Users/admin/builder/spi-builder-workspace/.dependencies/checkouts/swift-nio/Sources/CNIOLLHTTP/include -Xcc -I/Users/admin/builder/spi-builder-workspace/.dependencies/checkouts/swift-atomics/Sources/_AtomicsShims/include -Xcc -I/Users/admin/builder/spi-builder-workspace/.dependencies/checkouts/swift-nio/Sources/CNIOPosix/include -Xcc -I/Users/admin/builder/spi-builder-workspace/.dependencies/checkouts/swift-nio/Sources/CNIOWASI/include -Xcc -I/Users/admin/builder/spi-builder-workspace/.dependencies/checkouts/swift-nio/Sources/CNIOWindows/include -Xcc -I/Users/admin/builder/spi-builder-workspace/.dependencies/checkouts/swift-nio/Sources/CNIOLinux/include -Xcc -I/Users/admin/builder/spi-builder-workspace/.dependencies/checkouts/swift-nio/Sources/CNIODarwin/include -Xcc -I/Users/admin/builder/spi-builder-workspace/.dependencies/checkouts/swift-nio/Sources/CNIOFreeBSD/include -Xcc -I/Users/admin/builder/spi-builder-workspace/.dependencies/checkouts/swift-nio/Sources/CNIOOpenBSD/include -Xcc -I/Users/admin/builder/spi-builder-workspace/.dependencies/checkouts/swift-nio/Sources/CNIOAtomics/include -Xcc -I/Users/admin/builder/spi-builder-workspace/.derivedData/Build/Products/Debug-watchos/include -Xcc -I/Users/admin/builder/spi-builder-workspace/.derivedData/Build/Intermediates.noindex/swift-aws-lambda-runtime.build/Debug-watchos/MockServer-p.build/DerivedSources-normal/arm64 -Xcc -I/Users/admin/builder/spi-builder-workspace/.derivedData/Build/Intermediates.noindex/swift-aws-lambda-runtime.build/Debug-watchos/MockServer-p.build/DerivedSources/arm64 -Xcc -I/Users/admin/builder/spi-builder-workspace/.derivedData/Build/Intermediates.noindex/swift-aws-lambda-runtime.build/Debug-watchos/MockServer-p.build/DerivedSources -Xcc -DSWIFT_PACKAGE -Xcc -DDEBUG\=1 -working-directory /Users/admin/builder/spi-builder-workspace/.swiftpm/xcode -experimental-emit-module-separately -disable-cmo
SwiftDriverJobDiscovery normal arm64 Compiling LambdaRuntimeClient.swift (in target 'AWSLambdaRuntimeCore' from project 'swift-aws-lambda-runtime')
SwiftEmitModule normal arm64_32 Emitting\ module\ for\ AWSLambdaRuntimeCore (in target 'AWSLambdaRuntimeCore' from project 'swift-aws-lambda-runtime')
SwiftCompile normal arm64_32 (in target 'AWSLambdaRuntimeCore' from project 'swift-aws-lambda-runtime')
cd /Users/admin/builder/spi-builder-workspace/.swiftpm/xcode
SwiftCompile normal arm64_32 Compiling\ main.swift /Users/admin/builder/spi-builder-workspace/Sources/MockServer/main.swift (in target 'MockServer-product' from project 'swift-aws-lambda-runtime')
SwiftCompile normal arm64_32 /Users/admin/builder/spi-builder-workspace/Sources/MockServer/main.swift (in target 'MockServer-product' from project 'swift-aws-lambda-runtime')
cd /Users/admin/builder/spi-builder-workspace/.swiftpm/xcode
builtin-SwiftPerFileCompile main.swift
PruneExplicitPrecompiledModules /Users/admin/builder/spi-builder-workspace/.derivedData/Build/Intermediates.noindex/SwiftExplicitPrecompiledModules
PruneExplicitPrecompiledModules /Users/admin/builder/spi-builder-workspace/.derivedData/Build/Intermediates.noindex/ExplicitPrecompiledModules
PruneExplicitPrecompiledModules /Users/admin/builder/spi-builder-workspace/.derivedData/SDKExplicitPrecompiledModules
2026-09-22 12:24:05.603 xcodebuild[1105:6452] [MT] IDERunDestination: Supported platforms for the buildables in the current scheme is empty.
** BUILD FAILED **
The following build commands failed:
SwiftCompile normal arm64 Compiling\ LambdaConfiguration.swift,\ LambdaContext.swift /Users/admin/builder/spi-builder-workspace/Sources/AWSLambdaRuntimeCore/LambdaConfiguration.swift /Users/admin/builder/spi-builder-workspace/Sources/AWSLambdaRuntimeCore/LambdaContext.swift (in target 'AWSLambdaRuntimeCore' from project 'swift-aws-lambda-runtime')
SwiftCompile normal arm64 /Users/admin/builder/spi-builder-workspace/Sources/AWSLambdaRuntimeCore/LambdaConfiguration.swift (in target 'AWSLambdaRuntimeCore' from project 'swift-aws-lambda-runtime')
Building workspace swift-aws-lambda-runtime with scheme swift-aws-lambda-runtime-Package
(3 failures)
Command line invocation:
/Applications/Xcode-27.0.0-Release.Candidate.app/Contents/Developer/usr/bin/xcodebuild -IDEClonedSourcePackagesDirPathOverride=/Users/admin/builder/spi-builder-workspace/.dependencies -resolvePackageDependencies
Resolve Package Graph
Resolved source packages:
swift-log: https://github.com/apple/swift-log.git @ 1.15.1
swift-system: https://github.com/apple/swift-system.git @ 1.8.1
SwiftDocCPlugin: https://github.com/apple/swift-docc-plugin @ 1.5.0
swift-collections: https://github.com/apple/swift-collections.git @ 1.6.0
swift-nio: https://github.com/apple/swift-nio.git @ 2.103.0
SymbolKit: https://github.com/swiftlang/swift-docc-symbolkit @ 1.0.0
swift-atomics: https://github.com/apple/swift-atomics.git @ 1.3.1
swift-aws-lambda-runtime: /Users/admin/builder/spi-builder-workspace
resolved source packages: swift-log, swift-system, SwiftDocCPlugin, swift-collections, swift-nio, SymbolKit, swift-atomics, swift-aws-lambda-runtime
2026-09-22 12:24:43.609 xcodebuild[1927:10930] [MT] IDERunDestination: Supported platforms for the buildables in the current scheme is empty.
{
"dependencies" : [
{
"identity" : "swift-nio",
"requirement" : {
"range" : [
{
"lower_bound" : "2.43.1",
"upper_bound" : "3.0.0"
}
]
},
"type" : "sourceControl",
"url" : "https://github.com/apple/swift-nio.git"
},
{
"identity" : "swift-log",
"requirement" : {
"range" : [
{
"lower_bound" : "1.4.2",
"upper_bound" : "2.0.0"
}
]
},
"type" : "sourceControl",
"url" : "https://github.com/apple/swift-log.git"
},
{
"identity" : "swift-docc-plugin",
"requirement" : {
"range" : [
{
"lower_bound" : "1.0.0",
"upper_bound" : "2.0.0"
}
]
},
"type" : "sourceControl",
"url" : "https://github.com/apple/swift-docc-plugin"
}
],
"manifest_display_name" : "swift-aws-lambda-runtime",
"name" : "swift-aws-lambda-runtime",
"path" : "/Users/admin/builder/spi-builder-workspace",
"platforms" : [
{
"name" : "macos",
"version" : "12.0"
},
{
"name" : "ios",
"version" : "15.0"
},
{
"name" : "tvos",
"version" : "15.0"
},
{
"name" : "watchos",
"version" : "8.0"
}
],
"products" : [
{
"name" : "AWSLambdaRuntime",
"targets" : [
"AWSLambdaRuntime"
],
"type" : {
"library" : [
"automatic"
]
}
},
{
"name" : "AWSLambdaRuntimeCore",
"targets" : [
"AWSLambdaRuntimeCore"
],
"type" : {
"library" : [
"automatic"
]
}
},
{
"name" : "AWSLambdaPackager",
"targets" : [
"AWSLambdaPackager"
],
"type" : {
"plugin" : null
}
},
{
"name" : "AWSLambdaTesting",
"targets" : [
"AWSLambdaTesting"
],
"type" : {
"library" : [
"automatic"
]
}
},
{
"name" : "MockServer",
"targets" : [
"MockServer"
],
"type" : {
"executable" : null
}
}
],
"targets" : [
{
"c99name" : "MockServer",
"module_type" : "SwiftTarget",
"name" : "MockServer",
"path" : "Sources/MockServer",
"product_dependencies" : [
"NIOHTTP1",
"NIO"
],
"product_memberships" : [
"MockServer"
],
"sources" : [
"main.swift"
],
"type" : "executable"
},
{
"c99name" : "AWSLambdaTestingTests",
"module_type" : "SwiftTarget",
"name" : "AWSLambdaTestingTests",
"path" : "Tests/AWSLambdaTestingTests",
"sources" : [
"Tests.swift"
],
"target_dependencies" : [
"AWSLambdaTesting"
],
"type" : "test"
},
{
"c99name" : "AWSLambdaTesting",
"module_type" : "SwiftTarget",
"name" : "AWSLambdaTesting",
"path" : "Sources/AWSLambdaTesting",
"product_dependencies" : [
"NIO"
],
"product_memberships" : [
"AWSLambdaTesting"
],
"sources" : [
"Lambda+Testing.swift"
],
"target_dependencies" : [
"AWSLambdaRuntime"
],
"type" : "library"
},
{
"c99name" : "AWSLambdaRuntimeTests",
"module_type" : "SwiftTarget",
"name" : "AWSLambdaRuntimeTests",
"path" : "Tests/AWSLambdaRuntimeTests",
"sources" : [
"Lambda+CodableTest.swift"
],
"target_dependencies" : [
"AWSLambdaRuntimeCore",
"AWSLambdaRuntime"
],
"type" : "test"
},
{
"c99name" : "AWSLambdaRuntimeCoreTests",
"module_type" : "SwiftTarget",
"name" : "AWSLambdaRuntimeCoreTests",
"path" : "Tests/AWSLambdaRuntimeCoreTests",
"product_dependencies" : [
"NIOTestUtils",
"NIOFoundationCompat"
],
"sources" : [
"ControlPlaneRequestEncoderTests.swift",
"ControlPlaneRequestTests.swift",
"LambdaHandlerTest.swift",
"LambdaHandlers.swift",
"LambdaRequestIDTests.swift",
"LambdaRunnerTest.swift",
"LambdaRuntimeClientTest.swift",
"LambdaRuntimeTest.swift",
"LambdaTest.swift",
"MockLambdaServer.swift",
"Utils.swift",
"UtilsTest.swift"
],
"target_dependencies" : [
"AWSLambdaRuntimeCore"
],
"type" : "test"
},
{
"c99name" : "AWSLambdaRuntimeCore",
"module_type" : "SwiftTarget",
"name" : "AWSLambdaRuntimeCore",
"path" : "Sources/AWSLambdaRuntimeCore",
"product_dependencies" : [
"Logging",
"NIOHTTP1",
"NIOCore",
"NIOConcurrencyHelpers",
"NIOPosix"
],
"product_memberships" : [
"AWSLambdaRuntime",
"AWSLambdaRuntimeCore",
"AWSLambdaTesting"
],
"sources" : [
"ControlPlaneRequest.swift",
"ControlPlaneRequestEncoder.swift",
"HTTPClient.swift",
"Lambda+LocalServer.swift",
"Lambda+String.swift",
"Lambda.swift",
"LambdaConfiguration.swift",
"LambdaContext.swift",
"LambdaHandler.swift",
"LambdaRequestID.swift",
"LambdaRunner.swift",
"LambdaRuntime.swift",
"LambdaRuntimeClient.swift",
"Terminator.swift",
"Utils.swift"
],
"type" : "library"
},
{
"c99name" : "AWSLambdaRuntime",
"module_type" : "SwiftTarget",
"name" : "AWSLambdaRuntime",
"path" : "Sources/AWSLambdaRuntime",
"product_dependencies" : [
"NIOCore",
"NIOFoundationCompat"
],
"product_memberships" : [
"AWSLambdaRuntime",
"AWSLambdaTesting"
],
"sources" : [
"Context+Foundation.swift",
"Lambda+Codable.swift"
],
"target_dependencies" : [
"AWSLambdaRuntimeCore"
],
"type" : "library"
},
{
"c99name" : "AWSLambdaPackager",
"module_type" : "PluginTarget",
"name" : "AWSLambdaPackager",
"path" : "Plugins/AWSLambdaPackager",
"plugin_capability" : {
"intent" : {
"description" : "Archive the Lambda binary and prepare it for uploading to AWS. Requires docker on macOS or non Amazonlinux 2 distributions.",
"type" : "custom",
"verb" : "archive"
},
"permissions" : [
],
"type" : "command"
},
"product_memberships" : [
"AWSLambdaPackager"
],
"sources" : [
"Plugin.swift"
],
"type" : "plugin"
}
],
"tools_version" : "5.9"
}
{
"workspace" : {
"name" : "swift-aws-lambda-runtime",
"schemes" : [
"AWSLambdaRuntime",
"AWSLambdaRuntimeCore",
"AWSLambdaTesting",
"MockServer",
"swift-aws-lambda-runtime-Package"
]
}
}
2026-09-22 12:24:51.434 xcodebuild[1986:11323] [MT] IDERunDestination: Supported platforms for the buildables in the current scheme is empty.
Running build ...
env DEVELOPER_DIR=/Applications/Xcode-27.0.0-Release.Candidate.app xcrun xcodebuild -IDEClonedSourcePackagesDirPathOverride=$PWD/.dependencies -skipMacroValidation -skipPackagePluginValidation -derivedDataPath $PWD/.derivedData build -scheme swift-aws-lambda-runtime-Package -destination generic/platform=watchOS
Command line invocation:
/Applications/Xcode-27.0.0-Release.Candidate.app/Contents/Developer/usr/bin/xcodebuild -IDEClonedSourcePackagesDirPathOverride=/Users/admin/builder/spi-builder-workspace/.dependencies -skipMacroValidation -skipPackagePluginValidation -derivedDataPath /Users/admin/builder/spi-builder-workspace/.derivedData build -scheme swift-aws-lambda-runtime-Package -destination generic/platform=watchOS
Resolve Package Graph
Resolved source packages:
swift-aws-lambda-runtime: /Users/admin/builder/spi-builder-workspace
swift-log: https://github.com/apple/swift-log.git @ 1.15.1
swift-system: https://github.com/apple/swift-system.git @ 1.8.1
swift-atomics: https://github.com/apple/swift-atomics.git @ 1.3.1
swift-collections: https://github.com/apple/swift-collections.git @ 1.6.0
SwiftDocCPlugin: https://github.com/apple/swift-docc-plugin @ 1.5.0
SymbolKit: https://github.com/swiftlang/swift-docc-symbolkit @ 1.0.0
swift-nio: https://github.com/apple/swift-nio.git @ 2.103.0
ComputePackagePrebuildTargetDependencyGraph
Prepare packages
Compile plug-in “AWSLambdaPackager” in package “spi-builder-workspace”
[debug]: Compiling plugin to executable at /Users/admin/builder/spi-builder-workspace/.derivedData/Build/Products/PluginExecutables/AWSLambdaPackager
[debug]: Using compiler /Applications/Xcode-27.0.0-Release.Candidate.app/Contents/Developer/Toolchains/XcodeDefault.xctoolchain/usr/bin/swiftc
[debug]: Plugin compilation output directory '/Users/admin/builder/spi-builder-workspace/.derivedData/Build/Products/PluginExecutables'
[debug]: Computed hash of plugin compilation inputs: 309326638e4dfba755d49781b47dd9c0565e36081faa8a67117c30a4a2633ef9
Process build tool plug-in results
CreateBuildRequest
SendProjectDescription
CreateBuildOperation
ComputeTargetDependencyGraph
note: Building targets in dependency order
note: Target dependency graph (42 targets)
Target 'MockServer-product' in project 'swift-aws-lambda-runtime'
➜ Explicit dependency on target 'NIOHTTP1-product' in project 'swift-nio'
➜ Explicit dependency on target 'NIO-product' in project 'swift-nio'
Target 'AWSLambdaTesting-product' in project 'swift-aws-lambda-runtime'
➜ Explicit dependency on target 'AWSLambdaTesting' in project 'swift-aws-lambda-runtime'
➜ Explicit dependency on target 'AWSLambdaRuntimeCore' in project 'swift-aws-lambda-runtime'
➜ Explicit dependency on target 'AWSLambdaRuntime' in project 'swift-aws-lambda-runtime'
➜ Explicit dependency on target 'Logging-product' in project 'swift-log'
➜ Explicit dependency on target 'NIOHTTP1-product' in project 'swift-nio'
➜ Explicit dependency on target 'NIOCore-product' in project 'swift-nio'
➜ Explicit dependency on target 'NIOConcurrencyHelpers-product' in project 'swift-nio'
➜ Explicit dependency on target 'NIOPosix-product' in project 'swift-nio'
➜ Explicit dependency on target 'NIOFoundationCompat-product' in project 'swift-nio'
➜ Explicit dependency on target 'NIO-product' in project 'swift-nio'
Target 'AWSLambdaTesting' in project 'swift-aws-lambda-runtime'
➜ Explicit dependency on target 'AWSLambdaRuntimeCore' in project 'swift-aws-lambda-runtime'
➜ Explicit dependency on target 'AWSLambdaRuntime' in project 'swift-aws-lambda-runtime'
➜ Explicit dependency on target 'Logging-product' in project 'swift-log'
➜ Explicit dependency on target 'NIOHTTP1-product' in project 'swift-nio'
➜ Explicit dependency on target 'NIOCore-product' in project 'swift-nio'
➜ Explicit dependency on target 'NIOConcurrencyHelpers-product' in project 'swift-nio'
➜ Explicit dependency on target 'NIOPosix-product' in project 'swift-nio'
➜ Explicit dependency on target 'NIOFoundationCompat-product' in project 'swift-nio'
➜ Explicit dependency on target 'NIO-product' in project 'swift-nio'
Target 'NIO-product' in project 'swift-nio'
➜ Explicit dependency on target 'NIO' in project 'swift-nio'
➜ Explicit dependency on target 'CNIOAtomics' in project 'swift-nio'
➜ Explicit dependency on target 'NIOConcurrencyHelpers' in project 'swift-nio'
➜ Explicit dependency on target '_NIOBase64' in project 'swift-nio'
➜ Explicit dependency on target 'CNIOOpenBSD' in project 'swift-nio'
➜ Explicit dependency on target 'CNIOFreeBSD' in project 'swift-nio'
➜ Explicit dependency on target 'CNIODarwin' in project 'swift-nio'
➜ Explicit dependency on target 'CNIOLinux' in project 'swift-nio'
➜ Explicit dependency on target 'CNIOWindows' in project 'swift-nio'
➜ Explicit dependency on target 'CNIOWASI' in project 'swift-nio'
➜ Explicit dependency on target '_NIODataStructures' in project 'swift-nio'
➜ Explicit dependency on target 'NIOCore' in project 'swift-nio'
➜ Explicit dependency on target 'NIOEmbedded' in project 'swift-nio'
➜ Explicit dependency on target 'CNIOPosix' in project 'swift-nio'
➜ Explicit dependency on target 'NIOPosix' in project 'swift-nio'
➜ Explicit dependency on target 'DequeModule-product' in project 'swift-collections'
➜ Explicit dependency on target 'Atomics-product' in project 'swift-atomics'
Target 'AWSLambdaRuntimeCore-product' in project 'swift-aws-lambda-runtime'
➜ Explicit dependency on target 'AWSLambdaRuntimeCore' in project 'swift-aws-lambda-runtime'
➜ Explicit dependency on target 'Logging-product' in project 'swift-log'
➜ Explicit dependency on target 'NIOHTTP1-product' in project 'swift-nio'
➜ Explicit dependency on target 'NIOCore-product' in project 'swift-nio'
➜ Explicit dependency on target 'NIOConcurrencyHelpers-product' in project 'swift-nio'
➜ Explicit dependency on target 'NIOPosix-product' in project 'swift-nio'
Target 'AWSLambdaRuntime-product' in project 'swift-aws-lambda-runtime'
➜ Explicit dependency on target 'AWSLambdaRuntime' in project 'swift-aws-lambda-runtime'
➜ Explicit dependency on target 'AWSLambdaRuntimeCore' in project 'swift-aws-lambda-runtime'
➜ Explicit dependency on target 'Logging-product' in project 'swift-log'
➜ Explicit dependency on target 'NIOHTTP1-product' in project 'swift-nio'
➜ Explicit dependency on target 'NIOCore-product' in project 'swift-nio'
➜ Explicit dependency on target 'NIOConcurrencyHelpers-product' in project 'swift-nio'
➜ Explicit dependency on target 'NIOPosix-product' in project 'swift-nio'
➜ Explicit dependency on target 'NIOFoundationCompat-product' in project 'swift-nio'
Target 'AWSLambdaRuntime' in project 'swift-aws-lambda-runtime'
➜ Explicit dependency on target 'AWSLambdaRuntimeCore' in project 'swift-aws-lambda-runtime'
➜ Explicit dependency on target 'Logging-product' in project 'swift-log'
➜ Explicit dependency on target 'NIOHTTP1-product' in project 'swift-nio'
➜ Explicit dependency on target 'NIOCore-product' in project 'swift-nio'
➜ Explicit dependency on target 'NIOConcurrencyHelpers-product' in project 'swift-nio'
➜ Explicit dependency on target 'NIOPosix-product' in project 'swift-nio'
➜ Explicit dependency on target 'NIOFoundationCompat-product' in project 'swift-nio'
Target 'NIOFoundationCompat-product' in project 'swift-nio'
➜ Explicit dependency on target 'NIOFoundationCompat' in project 'swift-nio'
➜ Explicit dependency on target 'CNIOAtomics' in project 'swift-nio'
➜ Explicit dependency on target 'NIOConcurrencyHelpers' in project 'swift-nio'
➜ Explicit dependency on target '_NIOBase64' in project 'swift-nio'
➜ Explicit dependency on target 'CNIOOpenBSD' in project 'swift-nio'
➜ Explicit dependency on target 'CNIOFreeBSD' in project 'swift-nio'
➜ Explicit dependency on target 'CNIODarwin' in project 'swift-nio'
➜ Explicit dependency on target 'CNIOLinux' in project 'swift-nio'
➜ Explicit dependency on target 'CNIOWindows' in project 'swift-nio'
➜ Explicit dependency on target 'CNIOWASI' in project 'swift-nio'
➜ Explicit dependency on target '_NIODataStructures' in project 'swift-nio'
➜ Explicit dependency on target 'NIOCore' in project 'swift-nio'
➜ Explicit dependency on target 'NIOEmbedded' in project 'swift-nio'
➜ Explicit dependency on target 'CNIOPosix' in project 'swift-nio'
➜ Explicit dependency on target 'NIOPosix' in project 'swift-nio'
➜ Explicit dependency on target 'NIO' in project 'swift-nio'
➜ Explicit dependency on target 'NIOFoundationEssentialsCompat' in project 'swift-nio'
➜ Explicit dependency on target 'DequeModule-product' in project 'swift-collections'
➜ Explicit dependency on target 'Atomics-product' in project 'swift-atomics'
Target 'NIOFoundationCompat' in project 'swift-nio'
➜ Explicit dependency on target 'CNIOAtomics' in project 'swift-nio'
➜ Explicit dependency on target 'NIOConcurrencyHelpers' in project 'swift-nio'
➜ Explicit dependency on target '_NIOBase64' in project 'swift-nio'
➜ Explicit dependency on target 'CNIOOpenBSD' in project 'swift-nio'
➜ Explicit dependency on target 'CNIOFreeBSD' in project 'swift-nio'
➜ Explicit dependency on target 'CNIODarwin' in project 'swift-nio'
➜ Explicit dependency on target 'CNIOLinux' in project 'swift-nio'
➜ Explicit dependency on target 'CNIOWindows' in project 'swift-nio'
➜ Explicit dependency on target 'CNIOWASI' in project 'swift-nio'
➜ Explicit dependency on target '_NIODataStructures' in project 'swift-nio'
➜ Explicit dependency on target 'NIOCore' in project 'swift-nio'
➜ Explicit dependency on target 'NIOEmbedded' in project 'swift-nio'
➜ Explicit dependency on target 'CNIOPosix' in project 'swift-nio'
➜ Explicit dependency on target 'NIOPosix' in project 'swift-nio'
➜ Explicit dependency on target 'NIO' in project 'swift-nio'
➜ Explicit dependency on target 'NIOFoundationEssentialsCompat' in project 'swift-nio'
➜ Explicit dependency on target 'DequeModule-product' in project 'swift-collections'
➜ Explicit dependency on target 'Atomics-product' in project 'swift-atomics'
Target 'NIOFoundationEssentialsCompat' in project 'swift-nio'
➜ Explicit dependency on target 'CNIOAtomics' in project 'swift-nio'
➜ Explicit dependency on target 'NIOConcurrencyHelpers' in project 'swift-nio'
➜ Explicit dependency on target '_NIOBase64' in project 'swift-nio'
➜ Explicit dependency on target 'CNIOOpenBSD' in project 'swift-nio'
➜ Explicit dependency on target 'CNIOFreeBSD' in project 'swift-nio'
➜ Explicit dependency on target 'CNIODarwin' in project 'swift-nio'
➜ Explicit dependency on target 'CNIOLinux' in project 'swift-nio'
➜ Explicit dependency on target 'CNIOWindows' in project 'swift-nio'
➜ Explicit dependency on target 'CNIOWASI' in project 'swift-nio'
➜ Explicit dependency on target '_NIODataStructures' in project 'swift-nio'
➜ Explicit dependency on target 'NIOCore' in project 'swift-nio'
➜ Explicit dependency on target 'DequeModule-product' in project 'swift-collections'
➜ Explicit dependency on target 'Atomics-product' in project 'swift-atomics'
Target 'AWSLambdaRuntimeCore' in project 'swift-aws-lambda-runtime'
➜ Explicit dependency on target 'Logging-product' in project 'swift-log'
➜ Explicit dependency on target 'NIOHTTP1-product' in project 'swift-nio'
➜ Explicit dependency on target 'NIOCore-product' in project 'swift-nio'
➜ Explicit dependency on target 'NIOConcurrencyHelpers-product' in project 'swift-nio'
➜ Explicit dependency on target 'NIOPosix-product' in project 'swift-nio'
Target 'NIOPosix-product' in project 'swift-nio'
➜ Explicit dependency on target 'NIOPosix' in project 'swift-nio'
➜ Explicit dependency on target 'swift-nio_NIOPosix' in project 'swift-nio'
➜ Explicit dependency on target 'CNIOOpenBSD' in project 'swift-nio'
➜ Explicit dependency on target 'CNIOLinux' in project 'swift-nio'
➜ Explicit dependency on target 'CNIODarwin' in project 'swift-nio'
➜ Explicit dependency on target 'CNIOWindows' in project 'swift-nio'
➜ Explicit dependency on target 'CNIOAtomics' in project 'swift-nio'
➜ Explicit dependency on target 'NIOConcurrencyHelpers' in project 'swift-nio'
➜ Explicit dependency on target '_NIOBase64' in project 'swift-nio'
➜ Explicit dependency on target 'CNIOFreeBSD' in project 'swift-nio'
➜ Explicit dependency on target 'CNIOWASI' in project 'swift-nio'
➜ Explicit dependency on target '_NIODataStructures' in project 'swift-nio'
➜ Explicit dependency on target 'NIOCore' in project 'swift-nio'
➜ Explicit dependency on target 'CNIOPosix' in project 'swift-nio'
➜ Explicit dependency on target 'DequeModule-product' in project 'swift-collections'
➜ Explicit dependency on target 'Atomics-product' in project 'swift-atomics'
Target 'NIOConcurrencyHelpers-product' in project 'swift-nio'
➜ Explicit dependency on target 'NIOConcurrencyHelpers' in project 'swift-nio'
➜ Explicit dependency on target 'CNIOAtomics' in project 'swift-nio'
Target 'NIOCore-product' in project 'swift-nio'
➜ Explicit dependency on target 'NIOCore' in project 'swift-nio'
➜ Explicit dependency on target 'CNIOAtomics' in project 'swift-nio'
➜ Explicit dependency on target 'NIOConcurrencyHelpers' in project 'swift-nio'
➜ Explicit dependency on target '_NIOBase64' in project 'swift-nio'
➜ Explicit dependency on target 'CNIOOpenBSD' in project 'swift-nio'
➜ Explicit dependency on target 'CNIOFreeBSD' in project 'swift-nio'
➜ Explicit dependency on target 'CNIODarwin' in project 'swift-nio'
➜ Explicit dependency on target 'CNIOLinux' in project 'swift-nio'
➜ Explicit dependency on target 'CNIOWindows' in project 'swift-nio'
➜ Explicit dependency on target 'CNIOWASI' in project 'swift-nio'
➜ Explicit dependency on target '_NIODataStructures' in project 'swift-nio'
➜ Explicit dependency on target 'DequeModule-product' in project 'swift-collections'
➜ Explicit dependency on target 'Atomics-product' in project 'swift-atomics'
Target 'NIOHTTP1-product' in project 'swift-nio'
➜ Explicit dependency on target 'NIOHTTP1' in project 'swift-nio'
➜ Explicit dependency on target 'CNIOAtomics' in project 'swift-nio'
➜ Explicit dependency on target 'NIOConcurrencyHelpers' in project 'swift-nio'
➜ Explicit dependency on target '_NIOBase64' in project 'swift-nio'
➜ Explicit dependency on target 'CNIOOpenBSD' in project 'swift-nio'
➜ Explicit dependency on target 'CNIOFreeBSD' in project 'swift-nio'
➜ Explicit dependency on target 'CNIODarwin' in project 'swift-nio'
➜ Explicit dependency on target 'CNIOLinux' in project 'swift-nio'
➜ Explicit dependency on target 'CNIOWindows' in project 'swift-nio'
➜ Explicit dependency on target 'CNIOWASI' in project 'swift-nio'
➜ Explicit dependency on target '_NIODataStructures' in project 'swift-nio'
➜ Explicit dependency on target 'NIOCore' in project 'swift-nio'
➜ Explicit dependency on target 'NIOEmbedded' in project 'swift-nio'
➜ Explicit dependency on target 'CNIOPosix' in project 'swift-nio'
➜ Explicit dependency on target 'NIOPosix' in project 'swift-nio'
➜ Explicit dependency on target 'NIO' in project 'swift-nio'
➜ Explicit dependency on target 'CNIOLLHTTP' in project 'swift-nio'
➜ Explicit dependency on target 'DequeModule-product' in project 'swift-collections'
➜ Explicit dependency on target 'Atomics-product' in project 'swift-atomics'
Target 'NIOHTTP1' in project 'swift-nio'
➜ Explicit dependency on target 'CNIOAtomics' in project 'swift-nio'
➜ Explicit dependency on target 'NIOConcurrencyHelpers' in project 'swift-nio'
➜ Explicit dependency on target '_NIOBase64' in project 'swift-nio'
➜ Explicit dependency on target 'CNIOOpenBSD' in project 'swift-nio'
➜ Explicit dependency on target 'CNIOFreeBSD' in project 'swift-nio'
➜ Explicit dependency on target 'CNIODarwin' in project 'swift-nio'
➜ Explicit dependency on target 'CNIOLinux' in project 'swift-nio'
➜ Explicit dependency on target 'CNIOWindows' in project 'swift-nio'
➜ Explicit dependency on target 'CNIOWASI' in project 'swift-nio'
➜ Explicit dependency on target '_NIODataStructures' in project 'swift-nio'
➜ Explicit dependency on target 'NIOCore' in project 'swift-nio'
➜ Explicit dependency on target 'NIOEmbedded' in project 'swift-nio'
➜ Explicit dependency on target 'CNIOPosix' in project 'swift-nio'
➜ Explicit dependency on target 'NIOPosix' in project 'swift-nio'
➜ Explicit dependency on target 'NIO' in project 'swift-nio'
➜ Explicit dependency on target 'CNIOLLHTTP' in project 'swift-nio'
➜ Explicit dependency on target 'DequeModule-product' in project 'swift-collections'
➜ Explicit dependency on target 'Atomics-product' in project 'swift-atomics'
Target 'CNIOLLHTTP' in project 'swift-nio' (no dependencies)
Target 'NIO' in project 'swift-nio'
➜ Explicit dependency on target 'CNIOAtomics' in project 'swift-nio'
➜ Explicit dependency on target 'NIOConcurrencyHelpers' in project 'swift-nio'
➜ Explicit dependency on target '_NIOBase64' in project 'swift-nio'
➜ Explicit dependency on target 'CNIOOpenBSD' in project 'swift-nio'
➜ Explicit dependency on target 'CNIOFreeBSD' in project 'swift-nio'
➜ Explicit dependency on target 'CNIODarwin' in project 'swift-nio'
➜ Explicit dependency on target 'CNIOLinux' in project 'swift-nio'
➜ Explicit dependency on target 'CNIOWindows' in project 'swift-nio'
➜ Explicit dependency on target 'CNIOWASI' in project 'swift-nio'
➜ Explicit dependency on target '_NIODataStructures' in project 'swift-nio'
➜ Explicit dependency on target 'NIOCore' in project 'swift-nio'
➜ Explicit dependency on target 'NIOEmbedded' in project 'swift-nio'
➜ Explicit dependency on target 'CNIOPosix' in project 'swift-nio'
➜ Explicit dependency on target 'NIOPosix' in project 'swift-nio'
➜ Explicit dependency on target 'DequeModule-product' in project 'swift-collections'
➜ Explicit dependency on target 'Atomics-product' in project 'swift-atomics'
Target 'NIOPosix' in project 'swift-nio'
➜ Explicit dependency on target 'swift-nio_NIOPosix' in project 'swift-nio'
➜ Explicit dependency on target 'CNIOOpenBSD' in project 'swift-nio'
➜ Explicit dependency on target 'CNIOLinux' in project 'swift-nio'
➜ Explicit dependency on target 'CNIODarwin' in project 'swift-nio'
➜ Explicit dependency on target 'CNIOWindows' in project 'swift-nio'
➜ Explicit dependency on target 'CNIOAtomics' in project 'swift-nio'
➜ Explicit dependency on target 'NIOConcurrencyHelpers' in project 'swift-nio'
➜ Explicit dependency on target '_NIOBase64' in project 'swift-nio'
➜ Explicit dependency on target 'CNIOFreeBSD' in project 'swift-nio'
➜ Explicit dependency on target 'CNIOWASI' in project 'swift-nio'
➜ Explicit dependency on target '_NIODataStructures' in project 'swift-nio'
➜ Explicit dependency on target 'NIOCore' in project 'swift-nio'
➜ Explicit dependency on target 'CNIOPosix' in project 'swift-nio'
➜ Explicit dependency on target 'DequeModule-product' in project 'swift-collections'
➜ Explicit dependency on target 'Atomics-product' in project 'swift-atomics'
Target 'swift-nio_NIOPosix' in project 'swift-nio' (no dependencies)
Target 'CNIOPosix' in project 'swift-nio' (no dependencies)
Target 'NIOEmbedded' in project 'swift-nio'
➜ Explicit dependency on target 'CNIOAtomics' in project 'swift-nio'
➜ Explicit dependency on target 'NIOConcurrencyHelpers' in project 'swift-nio'
➜ Explicit dependency on target '_NIOBase64' in project 'swift-nio'
➜ Explicit dependency on target 'CNIOOpenBSD' in project 'swift-nio'
➜ Explicit dependency on target 'CNIOFreeBSD' in project 'swift-nio'
➜ Explicit dependency on target 'CNIODarwin' in project 'swift-nio'
➜ Explicit dependency on target 'CNIOLinux' in project 'swift-nio'
➜ Explicit dependency on target 'CNIOWindows' in project 'swift-nio'
➜ Explicit dependency on target 'CNIOWASI' in project 'swift-nio'
➜ Explicit dependency on target '_NIODataStructures' in project 'swift-nio'
➜ Explicit dependency on target 'NIOCore' in project 'swift-nio'
➜ Explicit dependency on target 'DequeModule-product' in project 'swift-collections'
➜ Explicit dependency on target 'Atomics-product' in project 'swift-atomics'
Target 'NIOCore' in project 'swift-nio'
➜ Explicit dependency on target 'CNIOAtomics' in project 'swift-nio'
➜ Explicit dependency on target 'NIOConcurrencyHelpers' in project 'swift-nio'
➜ Explicit dependency on target '_NIOBase64' in project 'swift-nio'
➜ Explicit dependency on target 'CNIOOpenBSD' in project 'swift-nio'
➜ Explicit dependency on target 'CNIOFreeBSD' in project 'swift-nio'
➜ Explicit dependency on target 'CNIODarwin' in project 'swift-nio'
➜ Explicit dependency on target 'CNIOLinux' in project 'swift-nio'
➜ Explicit dependency on target 'CNIOWindows' in project 'swift-nio'
➜ Explicit dependency on target 'CNIOWASI' in project 'swift-nio'
➜ Explicit dependency on target '_NIODataStructures' in project 'swift-nio'
➜ Explicit dependency on target 'DequeModule-product' in project 'swift-collections'
➜ Explicit dependency on target 'Atomics-product' in project 'swift-atomics'
Target 'Atomics-product' in project 'swift-atomics'
➜ Explicit dependency on target 'Atomics' in project 'swift-atomics'
➜ Explicit dependency on target '_AtomicsShims' in project 'swift-atomics'
Target 'Atomics' in project 'swift-atomics'
➜ Explicit dependency on target '_AtomicsShims' in project 'swift-atomics'
Target '_AtomicsShims' in project 'swift-atomics' (no dependencies)
Target 'DequeModule-product' in project 'swift-collections'
➜ Explicit dependency on target 'DequeModule' in project 'swift-collections'
➜ Explicit dependency on target 'InternalCollectionsUtilities' in project 'swift-collections'
➜ Explicit dependency on target 'ContainersPreview' in project 'swift-collections'
Target 'DequeModule' in project 'swift-collections'
➜ Explicit dependency on target 'InternalCollectionsUtilities' in project 'swift-collections'
➜ Explicit dependency on target 'ContainersPreview' in project 'swift-collections'
Target 'ContainersPreview' in project 'swift-collections'
➜ Explicit dependency on target 'InternalCollectionsUtilities' in project 'swift-collections'
Target 'InternalCollectionsUtilities' in project 'swift-collections' (no dependencies)
Target '_NIODataStructures' in project 'swift-nio' (no dependencies)
Target 'CNIOWASI' in project 'swift-nio' (no dependencies)
Target 'CNIOWindows' in project 'swift-nio' (no dependencies)
Target 'CNIOLinux' in project 'swift-nio' (no dependencies)
Target 'CNIODarwin' in project 'swift-nio' (no dependencies)
Target 'CNIOFreeBSD' in project 'swift-nio' (no dependencies)
Target 'CNIOOpenBSD' in project 'swift-nio' (no dependencies)
Target '_NIOBase64' in project 'swift-nio' (no dependencies)
Target 'NIOConcurrencyHelpers' in project 'swift-nio'
➜ Explicit dependency on target 'CNIOAtomics' in project 'swift-nio'
Target 'CNIOAtomics' in project 'swift-nio' (no dependencies)
Target 'Logging-product' in project 'swift-log'
➜ Explicit dependency on target 'Logging' in project 'swift-log'
Target 'Logging' in project 'swift-log' (no dependencies)
GatherProvisioningInputs
CreateBuildDescription
ClangStatCache /Applications/Xcode-27.0.0-Release.Candidate.app/Contents/Developer/Toolchains/XcodeDefault.xctoolchain/usr/bin/clang-stat-cache /Applications/Xcode-27.0.0-Release.Candidate.app/Contents/Developer/Platforms/WatchOS.platform/Developer/SDKs/WatchOS27.0.sdk /Users/admin/builder/spi-builder-workspace/.derivedData/SDKStatCaches.noindex/watchos27.0-24R360-e829b21a6f8c9b70876ba0858053c04477534ef55a1706bf4c1112bbb242f0a2.sdkstatcache
cd /Users/admin/builder/spi-builder-workspace/.swiftpm/xcode
/Applications/Xcode-27.0.0-Release.Candidate.app/Contents/Developer/Toolchains/XcodeDefault.xctoolchain/usr/bin/clang-stat-cache /Applications/Xcode-27.0.0-Release.Candidate.app/Contents/Developer/Platforms/WatchOS.platform/Developer/SDKs/WatchOS27.0.sdk -o /Users/admin/builder/spi-builder-workspace/.derivedData/SDKStatCaches.noindex/watchos27.0-24R360-e829b21a6f8c9b70876ba0858053c04477534ef55a1706bf4c1112bbb242f0a2.sdkstatcache
SwiftDriver MockServer normal arm64 com.apple.xcode.tools.swift.compiler (in target 'MockServer-product' from project 'swift-aws-lambda-runtime')
cd /Users/admin/builder/spi-builder-workspace/.swiftpm/xcode
builtin-SwiftDriver -- /Applications/Xcode-27.0.0-Release.Candidate.app/Contents/Developer/Toolchains/XcodeDefault.xctoolchain/usr/bin/swiftc -module-name MockServer -Onone @/Users/admin/builder/spi-builder-workspace/.derivedData/Build/Intermediates.noindex/swift-aws-lambda-runtime.build/Debug-watchos/MockServer-p.build/Objects-normal/arm64/MockServer.SwiftFileList -DSWIFT_PACKAGE -DDEBUG -Xcc -fmodule-map-file\=/Users/admin/builder/spi-builder-workspace/.derivedData/Build/Intermediates.noindex/GeneratedModuleMaps-watchos/CNIOLLHTTP.modulemap -Xcc -fmodule-map-file\=/Users/admin/builder/spi-builder-workspace/.dependencies/checkouts/swift-atomics/Sources/_AtomicsShims/include/module.modulemap -Xcc -fmodule-map-file\=/Users/admin/builder/spi-builder-workspace/.derivedData/Build/Intermediates.noindex/GeneratedModuleMaps-watchos/CNIOPosix.modulemap -Xcc -fmodule-map-file\=/Users/admin/builder/spi-builder-workspace/.derivedData/Build/Intermediates.noindex/GeneratedModuleMaps-watchos/CNIOWASI.modulemap -Xcc -fmodule-map-file\=/Users/admin/builder/spi-builder-workspace/.dependencies/checkouts/swift-nio/Sources/CNIOWindows/include/module.modulemap -Xcc -fmodule-map-file\=/Users/admin/builder/spi-builder-workspace/.derivedData/Build/Intermediates.noindex/GeneratedModuleMaps-watchos/CNIOLinux.modulemap -Xcc -fmodule-map-file\=/Users/admin/builder/spi-builder-workspace/.derivedData/Build/Intermediates.noindex/GeneratedModuleMaps-watchos/CNIODarwin.modulemap -Xcc -fmodule-map-file\=/Users/admin/builder/spi-builder-workspace/.derivedData/Build/Intermediates.noindex/GeneratedModuleMaps-watchos/CNIOFreeBSD.modulemap -Xcc -fmodule-map-file\=/Users/admin/builder/spi-builder-workspace/.derivedData/Build/Intermediates.noindex/GeneratedModuleMaps-watchos/CNIOOpenBSD.modulemap -Xcc -fmodule-map-file\=/Users/admin/builder/spi-builder-workspace/.derivedData/Build/Intermediates.noindex/GeneratedModuleMaps-watchos/CNIOAtomics.modulemap -DXcode -plugin-path /Applications/Xcode-27.0.0-Release.Candidate.app/Contents/Developer/Toolchains/XcodeDefault.xctoolchain/usr/lib/swift/host/plugins/testing -enable-experimental-feature DebugDescriptionMacro -sdk /Applications/Xcode-27.0.0-Release.Candidate.app/Contents/Developer/Platforms/WatchOS.platform/Developer/SDKs/WatchOS27.0.sdk -target arm64-apple-watchos9.0 -g -module-cache-path /Users/admin/builder/spi-builder-workspace/.derivedData/ModuleCache.noindex -Xfrontend -serialize-debugging-options -profile-coverage-mapping -profile-generate -enable-testing -index-store-path /Users/admin/builder/spi-builder-workspace/.derivedData/Index.noindex/DataStore -Xcc -D_LIBCPP_HARDENING_MODE\=_LIBCPP_HARDENING_MODE_DEBUG -swift-version 5 -I /Users/admin/builder/spi-builder-workspace/.derivedData/Build/Products/Debug-watchos -Isystem /Applications/Xcode-27.0.0-Release.Candidate.app/Contents/Developer/Platforms/WatchOS.platform/Developer/usr/lib -F /Users/admin/builder/spi-builder-workspace/.derivedData/Build/Products/Debug-watchos/PackageFrameworks -F /Users/admin/builder/spi-builder-workspace/.derivedData/Build/Products/Debug-watchos -F /Applications/Xcode-27.0.0-Release.Candidate.app/Contents/Developer/Platforms/WatchOS.platform/Developer/Library/Frameworks -F /Applications/Xcode-27.0.0-Release.Candidate.app/Contents/Developer/Platforms/WatchOS.platform/Developer/SDKs/WatchOS27.0.sdk/Developer/Library/Frameworks -c -j10 -enable-batch-mode -incremental -Xcc -ivfsstatcache -Xcc /Users/admin/builder/spi-builder-workspace/.derivedData/SDKStatCaches.noindex/watchos27.0-24R360-e829b21a6f8c9b70876ba0858053c04477534ef55a1706bf4c1112bbb242f0a2.sdkstatcache -output-file-map /Users/admin/builder/spi-builder-workspace/.derivedData/Build/Intermediates.noindex/swift-aws-lambda-runtime.build/Debug-watchos/MockServer-p.build/Objects-normal/arm64/MockServer-OutputFileMap.json -save-temps -no-color-diagnostics -explicit-module-build -module-cache-path /Users/admin/builder/spi-builder-workspace/.derivedData/Build/Intermediates.noindex/SwiftExplicitPrecompiledModules -clang-scanner-module-cache-path /Users/admin/builder/spi-builder-workspace/.derivedData/ModuleCache.noindex -sdk-module-cache-path /Users/admin/builder/spi-builder-workspace/.derivedData/SDKExplicitPrecompiledModules -emit-dependencies -emit-module -emit-module-path /Users/admin/builder/spi-builder-workspace/.derivedData/Build/Intermediates.noindex/swift-aws-lambda-runtime.build/Debug-watchos/MockServer-p.build/Objects-normal/arm64/MockServer.swiftmodule -serialize-diagnostics -dependency-scan-serialize-diagnostics-path /Users/admin/builder/spi-builder-workspace/.derivedData/Build/Intermediates.noindex/swift-aws-lambda-runtime.build/Debug-watchos/MockServer-p.build/Objects-normal/arm64/MockServer-dependency-scan.dia -validate-clang-modules-once -clang-build-session-file /Users/admin/builder/spi-builder-workspace/.derivedData/ModuleCache.noindex/Session.modulevalidation -Xcc -fmodules-prune-interval\=86400 -Xcc -fmodules-prune-after\=345600 -package-name spi_builder_workspace -emit-const-values -const-gather-protocols-list /Users/admin/builder/spi-builder-workspace/.derivedData/Build/Intermediates.noindex/swift-aws-lambda-runtime.build/Debug-watchos/MockServer-p.build/Objects-normal/arm64/MockServer_const_extract_protocols.json -Xcc -I/Users/admin/builder/spi-builder-workspace/.dependencies/checkouts/swift-nio/Sources/CNIOLLHTTP/include -Xcc -I/Users/admin/builder/spi-builder-workspace/.dependencies/checkouts/swift-atomics/Sources/_AtomicsShims/include -Xcc -I/Users/admin/builder/spi-builder-workspace/.dependencies/checkouts/swift-nio/Sources/CNIOPosix/include -Xcc -I/Users/admin/builder/spi-builder-workspace/.dependencies/checkouts/swift-nio/Sources/CNIOWASI/include -Xcc -I/Users/admin/builder/spi-builder-workspace/.dependencies/checkouts/swift-nio/Sources/CNIOWindows/include -Xcc -I/Users/admin/builder/spi-builder-workspace/.dependencies/checkouts/swift-nio/Sources/CNIOLinux/include -Xcc -I/Users/admin/builder/spi-builder-workspace/.dependencies/checkouts/swift-nio/Sources/CNIODarwin/include -Xcc -I/Users/admin/builder/spi-builder-workspace/.dependencies/checkouts/swift-nio/Sources/CNIOFreeBSD/include -Xcc -I/Users/admin/builder/spi-builder-workspace/.dependencies/checkouts/swift-nio/Sources/CNIOOpenBSD/include -Xcc -I/Users/admin/builder/spi-builder-workspace/.dependencies/checkouts/swift-nio/Sources/CNIOAtomics/include -Xcc -I/Users/admin/builder/spi-builder-workspace/.derivedData/Build/Products/Debug-watchos/include -Xcc -I/Users/admin/builder/spi-builder-workspace/.derivedData/Build/Intermediates.noindex/swift-aws-lambda-runtime.build/Debug-watchos/MockServer-p.build/DerivedSources-normal/arm64 -Xcc -I/Users/admin/builder/spi-builder-workspace/.derivedData/Build/Intermediates.noindex/swift-aws-lambda-runtime.build/Debug-watchos/MockServer-p.build/DerivedSources/arm64 -Xcc -I/Users/admin/builder/spi-builder-workspace/.derivedData/Build/Intermediates.noindex/swift-aws-lambda-runtime.build/Debug-watchos/MockServer-p.build/DerivedSources -Xcc -DSWIFT_PACKAGE -Xcc -DDEBUG\=1 -working-directory /Users/admin/builder/spi-builder-workspace/.swiftpm/xcode -experimental-emit-module-separately -disable-cmo
SwiftDriver MockServer normal arm64_32 com.apple.xcode.tools.swift.compiler (in target 'MockServer-product' from project 'swift-aws-lambda-runtime')
cd /Users/admin/builder/spi-builder-workspace/.swiftpm/xcode
builtin-SwiftDriver -- /Applications/Xcode-27.0.0-Release.Candidate.app/Contents/Developer/Toolchains/XcodeDefault.xctoolchain/usr/bin/swiftc -module-name MockServer -Onone @/Users/admin/builder/spi-builder-workspace/.derivedData/Build/Intermediates.noindex/swift-aws-lambda-runtime.build/Debug-watchos/MockServer-p.build/Objects-normal/arm64_32/MockServer.SwiftFileList -DSWIFT_PACKAGE -DDEBUG -Xcc -fmodule-map-file\=/Users/admin/builder/spi-builder-workspace/.derivedData/Build/Intermediates.noindex/GeneratedModuleMaps-watchos/CNIOLLHTTP.modulemap -Xcc -fmodule-map-file\=/Users/admin/builder/spi-builder-workspace/.dependencies/checkouts/swift-atomics/Sources/_AtomicsShims/include/module.modulemap -Xcc -fmodule-map-file\=/Users/admin/builder/spi-builder-workspace/.derivedData/Build/Intermediates.noindex/GeneratedModuleMaps-watchos/CNIOPosix.modulemap -Xcc -fmodule-map-file\=/Users/admin/builder/spi-builder-workspace/.derivedData/Build/Intermediates.noindex/GeneratedModuleMaps-watchos/CNIOWASI.modulemap -Xcc -fmodule-map-file\=/Users/admin/builder/spi-builder-workspace/.dependencies/checkouts/swift-nio/Sources/CNIOWindows/include/module.modulemap -Xcc -fmodule-map-file\=/Users/admin/builder/spi-builder-workspace/.derivedData/Build/Intermediates.noindex/GeneratedModuleMaps-watchos/CNIOLinux.modulemap -Xcc -fmodule-map-file\=/Users/admin/builder/spi-builder-workspace/.derivedData/Build/Intermediates.noindex/GeneratedModuleMaps-watchos/CNIODarwin.modulemap -Xcc -fmodule-map-file\=/Users/admin/builder/spi-builder-workspace/.derivedData/Build/Intermediates.noindex/GeneratedModuleMaps-watchos/CNIOFreeBSD.modulemap -Xcc -fmodule-map-file\=/Users/admin/builder/spi-builder-workspace/.derivedData/Build/Intermediates.noindex/GeneratedModuleMaps-watchos/CNIOOpenBSD.modulemap -Xcc -fmodule-map-file\=/Users/admin/builder/spi-builder-workspace/.derivedData/Build/Intermediates.noindex/GeneratedModuleMaps-watchos/CNIOAtomics.modulemap -DXcode -plugin-path /Applications/Xcode-27.0.0-Release.Candidate.app/Contents/Developer/Toolchains/XcodeDefault.xctoolchain/usr/lib/swift/host/plugins/testing -enable-experimental-feature DebugDescriptionMacro -sdk /Applications/Xcode-27.0.0-Release.Candidate.app/Contents/Developer/Platforms/WatchOS.platform/Developer/SDKs/WatchOS27.0.sdk -target arm64_32-apple-watchos9.0 -g -module-cache-path /Users/admin/builder/spi-builder-workspace/.derivedData/ModuleCache.noindex -Xfrontend -serialize-debugging-options -profile-coverage-mapping -profile-generate -enable-testing -index-store-path /Users/admin/builder/spi-builder-workspace/.derivedData/Index.noindex/DataStore -Xcc -D_LIBCPP_HARDENING_MODE\=_LIBCPP_HARDENING_MODE_DEBUG -swift-version 5 -I /Users/admin/builder/spi-builder-workspace/.derivedData/Build/Products/Debug-watchos -Isystem /Applications/Xcode-27.0.0-Release.Candidate.app/Contents/Developer/Platforms/WatchOS.platform/Developer/usr/lib -F /Users/admin/builder/spi-builder-workspace/.derivedData/Build/Products/Debug-watchos/PackageFrameworks -F /Users/admin/builder/spi-builder-workspace/.derivedData/Build/Products/Debug-watchos -F /Applications/Xcode-27.0.0-Release.Candidate.app/Contents/Developer/Platforms/WatchOS.platform/Developer/Library/Frameworks -F /Applications/Xcode-27.0.0-Release.Candidate.app/Contents/Developer/Platforms/WatchOS.platform/Developer/SDKs/WatchOS27.0.sdk/Developer/Library/Frameworks -c -j10 -enable-batch-mode -incremental -Xcc -ivfsstatcache -Xcc /Users/admin/builder/spi-builder-workspace/.derivedData/SDKStatCaches.noindex/watchos27.0-24R360-e829b21a6f8c9b70876ba0858053c04477534ef55a1706bf4c1112bbb242f0a2.sdkstatcache -output-file-map /Users/admin/builder/spi-builder-workspace/.derivedData/Build/Intermediates.noindex/swift-aws-lambda-runtime.build/Debug-watchos/MockServer-p.build/Objects-normal/arm64_32/MockServer-OutputFileMap.json -save-temps -no-color-diagnostics -explicit-module-build -module-cache-path /Users/admin/builder/spi-builder-workspace/.derivedData/Build/Intermediates.noindex/SwiftExplicitPrecompiledModules -clang-scanner-module-cache-path /Users/admin/builder/spi-builder-workspace/.derivedData/ModuleCache.noindex -sdk-module-cache-path /Users/admin/builder/spi-builder-workspace/.derivedData/SDKExplicitPrecompiledModules -emit-dependencies -emit-module -emit-module-path /Users/admin/builder/spi-builder-workspace/.derivedData/Build/Intermediates.noindex/swift-aws-lambda-runtime.build/Debug-watchos/MockServer-p.build/Objects-normal/arm64_32/MockServer.swiftmodule -serialize-diagnostics -dependency-scan-serialize-diagnostics-path /Users/admin/builder/spi-builder-workspace/.derivedData/Build/Intermediates.noindex/swift-aws-lambda-runtime.build/Debug-watchos/MockServer-p.build/Objects-normal/arm64_32/MockServer-dependency-scan.dia -validate-clang-modules-once -clang-build-session-file /Users/admin/builder/spi-builder-workspace/.derivedData/ModuleCache.noindex/Session.modulevalidation -Xcc -fmodules-prune-interval\=86400 -Xcc -fmodules-prune-after\=345600 -package-name spi_builder_workspace -emit-const-values -const-gather-protocols-list /Users/admin/builder/spi-builder-workspace/.derivedData/Build/Intermediates.noindex/swift-aws-lambda-runtime.build/Debug-watchos/MockServer-p.build/Objects-normal/arm64_32/MockServer_const_extract_protocols.json -Xcc -I/Users/admin/builder/spi-builder-workspace/.dependencies/checkouts/swift-nio/Sources/CNIOLLHTTP/include -Xcc -I/Users/admin/builder/spi-builder-workspace/.dependencies/checkouts/swift-atomics/Sources/_AtomicsShims/include -Xcc -I/Users/admin/builder/spi-builder-workspace/.dependencies/checkouts/swift-nio/Sources/CNIOPosix/include -Xcc -I/Users/admin/builder/spi-builder-workspace/.dependencies/checkouts/swift-nio/Sources/CNIOWASI/include -Xcc -I/Users/admin/builder/spi-builder-workspace/.dependencies/checkouts/swift-nio/Sources/CNIOWindows/include -Xcc -I/Users/admin/builder/spi-builder-workspace/.dependencies/checkouts/swift-nio/Sources/CNIOLinux/include -Xcc -I/Users/admin/builder/spi-builder-workspace/.dependencies/checkouts/swift-nio/Sources/CNIODarwin/include -Xcc -I/Users/admin/builder/spi-builder-workspace/.dependencies/checkouts/swift-nio/Sources/CNIOFreeBSD/include -Xcc -I/Users/admin/builder/spi-builder-workspace/.dependencies/checkouts/swift-nio/Sources/CNIOOpenBSD/include -Xcc -I/Users/admin/builder/spi-builder-workspace/.dependencies/checkouts/swift-nio/Sources/CNIOAtomics/include -Xcc -I/Users/admin/builder/spi-builder-workspace/.derivedData/Build/Products/Debug-watchos/include -Xcc -I/Users/admin/builder/spi-builder-workspace/.derivedData/Build/Intermediates.noindex/swift-aws-lambda-runtime.build/Debug-watchos/MockServer-p.build/DerivedSources-normal/arm64_32 -Xcc -I/Users/admin/builder/spi-builder-workspace/.derivedData/Build/Intermediates.noindex/swift-aws-lambda-runtime.build/Debug-watchos/MockServer-p.build/DerivedSources/arm64_32 -Xcc -I/Users/admin/builder/spi-builder-workspace/.derivedData/Build/Intermediates.noindex/swift-aws-lambda-runtime.build/Debug-watchos/MockServer-p.build/DerivedSources -Xcc -DSWIFT_PACKAGE -Xcc -DDEBUG\=1 -working-directory /Users/admin/builder/spi-builder-workspace/.swiftpm/xcode -experimental-emit-module-separately -disable-cmo
SwiftDriver AWSLambdaRuntimeCore normal arm64 com.apple.xcode.tools.swift.compiler (in target 'AWSLambdaRuntimeCore' from project 'swift-aws-lambda-runtime')
cd /Users/admin/builder/spi-builder-workspace/.swiftpm/xcode
builtin-SwiftDriver -- /Applications/Xcode-27.0.0-Release.Candidate.app/Contents/Developer/Toolchains/XcodeDefault.xctoolchain/usr/bin/swiftc -parse-as-library -module-name AWSLambdaRuntimeCore -Onone @/Users/admin/builder/spi-builder-workspace/.derivedData/Build/Intermediates.noindex/swift-aws-lambda-runtime.build/Debug-watchos/AWSLambdaRuntimeCore-t.build/Objects-normal/arm64/AWSLambdaRuntimeCore.SwiftFileList -DSWIFT_PACKAGE -DDEBUG -DSWIFT_MODULE_RESOURCE_BUNDLE_UNAVAILABLE -Xcc -fmodule-map-file\=/Users/admin/builder/spi-builder-workspace/.derivedData/Build/Intermediates.noindex/GeneratedModuleMaps-watchos/CNIOLLHTTP.modulemap -Xcc -fmodule-map-file\=/Users/admin/builder/spi-builder-workspace/.dependencies/checkouts/swift-atomics/Sources/_AtomicsShims/include/module.modulemap -Xcc -fmodule-map-file\=/Users/admin/builder/spi-builder-workspace/.derivedData/Build/Intermediates.noindex/GeneratedModuleMaps-watchos/CNIOPosix.modulemap -Xcc -fmodule-map-file\=/Users/admin/builder/spi-builder-workspace/.derivedData/Build/Intermediates.noindex/GeneratedModuleMaps-watchos/CNIOWASI.modulemap -Xcc -fmodule-map-file\=/Users/admin/builder/spi-builder-workspace/.derivedData/Build/Intermediates.noindex/GeneratedModuleMaps-watchos/CNIOFreeBSD.modulemap -Xcc -fmodule-map-file\=/Users/admin/builder/spi-builder-workspace/.derivedData/Build/Intermediates.noindex/GeneratedModuleMaps-watchos/CNIOAtomics.modulemap -Xcc -fmodule-map-file\=/Users/admin/builder/spi-builder-workspace/.dependencies/checkouts/swift-nio/Sources/CNIOWindows/include/module.modulemap -Xcc -fmodule-map-file\=/Users/admin/builder/spi-builder-workspace/.derivedData/Build/Intermediates.noindex/GeneratedModuleMaps-watchos/CNIODarwin.modulemap -Xcc -fmodule-map-file\=/Users/admin/builder/spi-builder-workspace/.derivedData/Build/Intermediates.noindex/GeneratedModuleMaps-watchos/CNIOLinux.modulemap -Xcc -fmodule-map-file\=/Users/admin/builder/spi-builder-workspace/.derivedData/Build/Intermediates.noindex/GeneratedModuleMaps-watchos/CNIOOpenBSD.modulemap -DXcode -plugin-path /Applications/Xcode-27.0.0-Release.Candidate.app/Contents/Developer/Toolchains/XcodeDefault.xctoolchain/usr/lib/swift/host/plugins/testing -enable-experimental-feature DebugDescriptionMacro -sdk /Applications/Xcode-27.0.0-Release.Candidate.app/Contents/Developer/Platforms/WatchOS.platform/Developer/SDKs/WatchOS27.0.sdk -target arm64-apple-watchos9.0 -g -module-cache-path /Users/admin/builder/spi-builder-workspace/.derivedData/ModuleCache.noindex -Xfrontend -serialize-debugging-options -profile-coverage-mapping -profile-generate -enable-testing -index-store-path /Users/admin/builder/spi-builder-workspace/.derivedData/Index.noindex/DataStore -Xcc -D_LIBCPP_HARDENING_MODE\=_LIBCPP_HARDENING_MODE_DEBUG -swift-version 5 -I /Users/admin/builder/spi-builder-workspace/.derivedData/Build/Products/Debug-watchos -Isystem /Applications/Xcode-27.0.0-Release.Candidate.app/Contents/Developer/Platforms/WatchOS.platform/Developer/usr/lib -F /Users/admin/builder/spi-builder-workspace/.derivedData/Build/Products/Debug-watchos/PackageFrameworks -F /Users/admin/builder/spi-builder-workspace/.derivedData/Build/Products/Debug-watchos -F /Applications/Xcode-27.0.0-Release.Candidate.app/Contents/Developer/Platforms/WatchOS.platform/Developer/Library/Frameworks -F /Applications/Xcode-27.0.0-Release.Candidate.app/Contents/Developer/Platforms/WatchOS.platform/Developer/SDKs/WatchOS27.0.sdk/Developer/Library/Frameworks -c -j10 -enable-batch-mode -incremental -Xcc -ivfsstatcache -Xcc /Users/admin/builder/spi-builder-workspace/.derivedData/SDKStatCaches.noindex/watchos27.0-24R360-e829b21a6f8c9b70876ba0858053c04477534ef55a1706bf4c1112bbb242f0a2.sdkstatcache -output-file-map /Users/admin/builder/spi-builder-workspace/.derivedData/Build/Intermediates.noindex/swift-aws-lambda-runtime.build/Debug-watchos/AWSLambdaRuntimeCore-t.build/Objects-normal/arm64/AWSLambdaRuntimeCore-OutputFileMap.json -save-temps -no-color-diagnostics -explicit-module-build -module-cache-path /Users/admin/builder/spi-builder-workspace/.derivedData/Build/Intermediates.noindex/SwiftExplicitPrecompiledModules -clang-scanner-module-cache-path /Users/admin/builder/spi-builder-workspace/.derivedData/ModuleCache.noindex -sdk-module-cache-path /Users/admin/builder/spi-builder-workspace/.derivedData/SDKExplicitPrecompiledModules -emit-dependencies -emit-module -emit-module-path /Users/admin/builder/spi-builder-workspace/.derivedData/Build/Intermediates.noindex/swift-aws-lambda-runtime.build/Debug-watchos/AWSLambdaRuntimeCore-t.build/Objects-normal/arm64/AWSLambdaRuntimeCore.swiftmodule -serialize-diagnostics -dependency-scan-serialize-diagnostics-path /Users/admin/builder/spi-builder-workspace/.derivedData/Build/Intermediates.noindex/swift-aws-lambda-runtime.build/Debug-watchos/AWSLambdaRuntimeCore-t.build/Objects-normal/arm64/AWSLambdaRuntimeCore-dependency-scan.dia -validate-clang-modules-once -clang-build-session-file /Users/admin/builder/spi-builder-workspace/.derivedData/ModuleCache.noindex/Session.modulevalidation -Xcc -fmodules-prune-interval\=86400 -Xcc -fmodules-prune-after\=345600 -package-name spi_builder_workspace -emit-const-values -const-gather-protocols-list /Users/admin/builder/spi-builder-workspace/.derivedData/Build/Intermediates.noindex/swift-aws-lambda-runtime.build/Debug-watchos/AWSLambdaRuntimeCore-t.build/Objects-normal/arm64/AWSLambdaRuntimeCore_const_extract_protocols.json -Xcc -I/Users/admin/builder/spi-builder-workspace/.dependencies/checkouts/swift-nio/Sources/CNIOLLHTTP/include -Xcc -I/Users/admin/builder/spi-builder-workspace/.dependencies/checkouts/swift-atomics/Sources/_AtomicsShims/include -Xcc -I/Users/admin/builder/spi-builder-workspace/.dependencies/checkouts/swift-nio/Sources/CNIOPosix/include -Xcc -I/Users/admin/builder/spi-builder-workspace/.dependencies/checkouts/swift-nio/Sources/CNIOWASI/include -Xcc -I/Users/admin/builder/spi-builder-workspace/.dependencies/checkouts/swift-nio/Sources/CNIOFreeBSD/include -Xcc -I/Users/admin/builder/spi-builder-workspace/.dependencies/checkouts/swift-nio/Sources/CNIOAtomics/include -Xcc -I/Users/admin/builder/spi-builder-workspace/.dependencies/checkouts/swift-nio/Sources/CNIOWindows/include -Xcc -I/Users/admin/builder/spi-builder-workspace/.dependencies/checkouts/swift-nio/Sources/CNIODarwin/include -Xcc -I/Users/admin/builder/spi-builder-workspace/.dependencies/checkouts/swift-nio/Sources/CNIOLinux/include -Xcc -I/Users/admin/builder/spi-builder-workspace/.dependencies/checkouts/swift-nio/Sources/CNIOOpenBSD/include -Xcc -I/Users/admin/builder/spi-builder-workspace/.derivedData/Build/Products/Debug-watchos/include -Xcc -I/Users/admin/builder/spi-builder-workspace/.derivedData/Build/Intermediates.noindex/swift-aws-lambda-runtime.build/Debug-watchos/AWSLambdaRuntimeCore-t.build/DerivedSources-normal/arm64 -Xcc -I/Users/admin/builder/spi-builder-workspace/.derivedData/Build/Intermediates.noindex/swift-aws-lambda-runtime.build/Debug-watchos/AWSLambdaRuntimeCore-t.build/DerivedSources/arm64 -Xcc -I/Users/admin/builder/spi-builder-workspace/.derivedData/Build/Intermediates.noindex/swift-aws-lambda-runtime.build/Debug-watchos/AWSLambdaRuntimeCore-t.build/DerivedSources -Xcc -DSWIFT_PACKAGE -Xcc -DDEBUG\=1 -emit-objc-header -emit-objc-header-path /Users/admin/builder/spi-builder-workspace/.derivedData/Build/Intermediates.noindex/swift-aws-lambda-runtime.build/Debug-watchos/AWSLambdaRuntimeCore-t.build/Objects-normal/arm64/AWSLambdaRuntimeCore-Swift.h -working-directory /Users/admin/builder/spi-builder-workspace/.swiftpm/xcode -experimental-emit-module-separately -disable-cmo
SwiftDriver AWSLambdaRuntimeCore normal arm64_32 com.apple.xcode.tools.swift.compiler (in target 'AWSLambdaRuntimeCore' from project 'swift-aws-lambda-runtime')
cd /Users/admin/builder/spi-builder-workspace/.swiftpm/xcode
builtin-SwiftDriver -- /Applications/Xcode-27.0.0-Release.Candidate.app/Contents/Developer/Toolchains/XcodeDefault.xctoolchain/usr/bin/swiftc -parse-as-library -module-name AWSLambdaRuntimeCore -Onone @/Users/admin/builder/spi-builder-workspace/.derivedData/Build/Intermediates.noindex/swift-aws-lambda-runtime.build/Debug-watchos/AWSLambdaRuntimeCore-t.build/Objects-normal/arm64_32/AWSLambdaRuntimeCore.SwiftFileList -DSWIFT_PACKAGE -DDEBUG -DSWIFT_MODULE_RESOURCE_BUNDLE_UNAVAILABLE -Xcc -fmodule-map-file\=/Users/admin/builder/spi-builder-workspace/.derivedData/Build/Intermediates.noindex/GeneratedModuleMaps-watchos/CNIOLLHTTP.modulemap -Xcc -fmodule-map-file\=/Users/admin/builder/spi-builder-workspace/.dependencies/checkouts/swift-atomics/Sources/_AtomicsShims/include/module.modulemap -Xcc -fmodule-map-file\=/Users/admin/builder/spi-builder-workspace/.derivedData/Build/Intermediates.noindex/GeneratedModuleMaps-watchos/CNIOPosix.modulemap -Xcc -fmodule-map-file\=/Users/admin/builder/spi-builder-workspace/.derivedData/Build/Intermediates.noindex/GeneratedModuleMaps-watchos/CNIOWASI.modulemap -Xcc -fmodule-map-file\=/Users/admin/builder/spi-builder-workspace/.derivedData/Build/Intermediates.noindex/GeneratedModuleMaps-watchos/CNIOFreeBSD.modulemap -Xcc -fmodule-map-file\=/Users/admin/builder/spi-builder-workspace/.derivedData/Build/Intermediates.noindex/GeneratedModuleMaps-watchos/CNIOAtomics.modulemap -Xcc -fmodule-map-file\=/Users/admin/builder/spi-builder-workspace/.dependencies/checkouts/swift-nio/Sources/CNIOWindows/include/module.modulemap -Xcc -fmodule-map-file\=/Users/admin/builder/spi-builder-workspace/.derivedData/Build/Intermediates.noindex/GeneratedModuleMaps-watchos/CNIODarwin.modulemap -Xcc -fmodule-map-file\=/Users/admin/builder/spi-builder-workspace/.derivedData/Build/Intermediates.noindex/GeneratedModuleMaps-watchos/CNIOLinux.modulemap -Xcc -fmodule-map-file\=/Users/admin/builder/spi-builder-workspace/.derivedData/Build/Intermediates.noindex/GeneratedModuleMaps-watchos/CNIOOpenBSD.modulemap -DXcode -plugin-path /Applications/Xcode-27.0.0-Release.Candidate.app/Contents/Developer/Toolchains/XcodeDefault.xctoolchain/usr/lib/swift/host/plugins/testing -enable-experimental-feature DebugDescriptionMacro -sdk /Applications/Xcode-27.0.0-Release.Candidate.app/Contents/Developer/Platforms/WatchOS.platform/Developer/SDKs/WatchOS27.0.sdk -target arm64_32-apple-watchos9.0 -g -module-cache-path /Users/admin/builder/spi-builder-workspace/.derivedData/ModuleCache.noindex -Xfrontend -serialize-debugging-options -profile-coverage-mapping -profile-generate -enable-testing -index-store-path /Users/admin/builder/spi-builder-workspace/.derivedData/Index.noindex/DataStore -Xcc -D_LIBCPP_HARDENING_MODE\=_LIBCPP_HARDENING_MODE_DEBUG -swift-version 5 -I /Users/admin/builder/spi-builder-workspace/.derivedData/Build/Products/Debug-watchos -Isystem /Applications/Xcode-27.0.0-Release.Candidate.app/Contents/Developer/Platforms/WatchOS.platform/Developer/usr/lib -F /Users/admin/builder/spi-builder-workspace/.derivedData/Build/Products/Debug-watchos/PackageFrameworks -F /Users/admin/builder/spi-builder-workspace/.derivedData/Build/Products/Debug-watchos -F /Applications/Xcode-27.0.0-Release.Candidate.app/Contents/Developer/Platforms/WatchOS.platform/Developer/Library/Frameworks -F /Applications/Xcode-27.0.0-Release.Candidate.app/Contents/Developer/Platforms/WatchOS.platform/Developer/SDKs/WatchOS27.0.sdk/Developer/Library/Frameworks -c -j10 -enable-batch-mode -incremental -Xcc -ivfsstatcache -Xcc /Users/admin/builder/spi-builder-workspace/.derivedData/SDKStatCaches.noindex/watchos27.0-24R360-e829b21a6f8c9b70876ba0858053c04477534ef55a1706bf4c1112bbb242f0a2.sdkstatcache -output-file-map /Users/admin/builder/spi-builder-workspace/.derivedData/Build/Intermediates.noindex/swift-aws-lambda-runtime.build/Debug-watchos/AWSLambdaRuntimeCore-t.build/Objects-normal/arm64_32/AWSLambdaRuntimeCore-OutputFileMap.json -save-temps -no-color-diagnostics -explicit-module-build -module-cache-path /Users/admin/builder/spi-builder-workspace/.derivedData/Build/Intermediates.noindex/SwiftExplicitPrecompiledModules -clang-scanner-module-cache-path /Users/admin/builder/spi-builder-workspace/.derivedData/ModuleCache.noindex -sdk-module-cache-path /Users/admin/builder/spi-builder-workspace/.derivedData/SDKExplicitPrecompiledModules -emit-dependencies -emit-module -emit-module-path /Users/admin/builder/spi-builder-workspace/.derivedData/Build/Intermediates.noindex/swift-aws-lambda-runtime.build/Debug-watchos/AWSLambdaRuntimeCore-t.build/Objects-normal/arm64_32/AWSLambdaRuntimeCore.swiftmodule -serialize-diagnostics -dependency-scan-serialize-diagnostics-path /Users/admin/builder/spi-builder-workspace/.derivedData/Build/Intermediates.noindex/swift-aws-lambda-runtime.build/Debug-watchos/AWSLambdaRuntimeCore-t.build/Objects-normal/arm64_32/AWSLambdaRuntimeCore-dependency-scan.dia -validate-clang-modules-once -clang-build-session-file /Users/admin/builder/spi-builder-workspace/.derivedData/ModuleCache.noindex/Session.modulevalidation -Xcc -fmodules-prune-interval\=86400 -Xcc -fmodules-prune-after\=345600 -package-name spi_builder_workspace -emit-const-values -const-gather-protocols-list /Users/admin/builder/spi-builder-workspace/.derivedData/Build/Intermediates.noindex/swift-aws-lambda-runtime.build/Debug-watchos/AWSLambdaRuntimeCore-t.build/Objects-normal/arm64_32/AWSLambdaRuntimeCore_const_extract_protocols.json -Xcc -I/Users/admin/builder/spi-builder-workspace/.dependencies/checkouts/swift-nio/Sources/CNIOLLHTTP/include -Xcc -I/Users/admin/builder/spi-builder-workspace/.dependencies/checkouts/swift-atomics/Sources/_AtomicsShims/include -Xcc -I/Users/admin/builder/spi-builder-workspace/.dependencies/checkouts/swift-nio/Sources/CNIOPosix/include -Xcc -I/Users/admin/builder/spi-builder-workspace/.dependencies/checkouts/swift-nio/Sources/CNIOWASI/include -Xcc -I/Users/admin/builder/spi-builder-workspace/.dependencies/checkouts/swift-nio/Sources/CNIOFreeBSD/include -Xcc -I/Users/admin/builder/spi-builder-workspace/.dependencies/checkouts/swift-nio/Sources/CNIOAtomics/include -Xcc -I/Users/admin/builder/spi-builder-workspace/.dependencies/checkouts/swift-nio/Sources/CNIOWindows/include -Xcc -I/Users/admin/builder/spi-builder-workspace/.dependencies/checkouts/swift-nio/Sources/CNIODarwin/include -Xcc -I/Users/admin/builder/spi-builder-workspace/.dependencies/checkouts/swift-nio/Sources/CNIOLinux/include -Xcc -I/Users/admin/builder/spi-builder-workspace/.dependencies/checkouts/swift-nio/Sources/CNIOOpenBSD/include -Xcc -I/Users/admin/builder/spi-builder-workspace/.derivedData/Build/Products/Debug-watchos/include -Xcc -I/Users/admin/builder/spi-builder-workspace/.derivedData/Build/Intermediates.noindex/swift-aws-lambda-runtime.build/Debug-watchos/AWSLambdaRuntimeCore-t.build/DerivedSources-normal/arm64_32 -Xcc -I/Users/admin/builder/spi-builder-workspace/.derivedData/Build/Intermediates.noindex/swift-aws-lambda-runtime.build/Debug-watchos/AWSLambdaRuntimeCore-t.build/DerivedSources/arm64_32 -Xcc -I/Users/admin/builder/spi-builder-workspace/.derivedData/Build/Intermediates.noindex/swift-aws-lambda-runtime.build/Debug-watchos/AWSLambdaRuntimeCore-t.build/DerivedSources -Xcc -DSWIFT_PACKAGE -Xcc -DDEBUG\=1 -emit-objc-header -emit-objc-header-path /Users/admin/builder/spi-builder-workspace/.derivedData/Build/Intermediates.noindex/swift-aws-lambda-runtime.build/Debug-watchos/AWSLambdaRuntimeCore-t.build/Objects-normal/arm64_32/AWSLambdaRuntimeCore-Swift.h -working-directory /Users/admin/builder/spi-builder-workspace/.swiftpm/xcode -experimental-emit-module-separately -disable-cmo
SwiftEmitModule normal arm64_32 Emitting\ module\ for\ MockServer (in target 'MockServer-product' from project 'swift-aws-lambda-runtime')
SwiftCompile normal arm64_32 (in target 'MockServer-product' from project 'swift-aws-lambda-runtime')
cd /Users/admin/builder/spi-builder-workspace/.swiftpm/xcode
SwiftEmitModule normal arm64 Emitting\ module\ for\ MockServer (in target 'MockServer-product' from project 'swift-aws-lambda-runtime')
SwiftCompile normal arm64 (in target 'MockServer-product' from project 'swift-aws-lambda-runtime')
cd /Users/admin/builder/spi-builder-workspace/.swiftpm/xcode
SwiftCompile normal arm64_32 Compiling\ main.swift /Users/admin/builder/spi-builder-workspace/Sources/MockServer/main.swift (in target 'MockServer-product' from project 'swift-aws-lambda-runtime')
SwiftCompile normal arm64_32 /Users/admin/builder/spi-builder-workspace/Sources/MockServer/main.swift (in target 'MockServer-product' from project 'swift-aws-lambda-runtime')
cd /Users/admin/builder/spi-builder-workspace/.swiftpm/xcode
builtin-SwiftPerFileCompile main.swift
SwiftCompile normal arm64 Compiling\ main.swift /Users/admin/builder/spi-builder-workspace/Sources/MockServer/main.swift (in target 'MockServer-product' from project 'swift-aws-lambda-runtime')
SwiftCompile normal arm64 /Users/admin/builder/spi-builder-workspace/Sources/MockServer/main.swift (in target 'MockServer-product' from project 'swift-aws-lambda-runtime')
cd /Users/admin/builder/spi-builder-workspace/.swiftpm/xcode
builtin-SwiftPerFileCompile main.swift
SwiftCompile normal arm64_32 Compiling\ HTTPClient.swift,\ Lambda+LocalServer.swift /Users/admin/builder/spi-builder-workspace/Sources/AWSLambdaRuntimeCore/HTTPClient.swift /Users/admin/builder/spi-builder-workspace/Sources/AWSLambdaRuntimeCore/Lambda+LocalServer.swift (in target 'AWSLambdaRuntimeCore' from project 'swift-aws-lambda-runtime')
SwiftCompile normal arm64_32 /Users/admin/builder/spi-builder-workspace/Sources/AWSLambdaRuntimeCore/HTTPClient.swift (in target 'AWSLambdaRuntimeCore' from project 'swift-aws-lambda-runtime')
cd /Users/admin/builder/spi-builder-workspace/.swiftpm/xcode
builtin-SwiftPerFileCompile HTTPClient.swift
SwiftCompile normal arm64_32 /Users/admin/builder/spi-builder-workspace/Sources/AWSLambdaRuntimeCore/Lambda+LocalServer.swift (in target 'AWSLambdaRuntimeCore' from project 'swift-aws-lambda-runtime')
cd /Users/admin/builder/spi-builder-workspace/.swiftpm/xcode
builtin-SwiftPerFileCompile Lambda+LocalServer.swift
SwiftEmitModule normal arm64_32 Emitting\ module\ for\ AWSLambdaRuntimeCore (in target 'AWSLambdaRuntimeCore' from project 'swift-aws-lambda-runtime')
/Users/admin/builder/spi-builder-workspace/Sources/AWSLambdaRuntimeCore/LambdaHandler.swift:85:9: warning: setter for property 'outputBuffer' is private and cannot be referenced from an '@inlinable' function; this will be an error in a future Swift language mode
68 | let handler: Underlying
69 | @usableFromInline
70 | private(set) var outputBuffer: ByteBuffer
| `- note: setter for property 'outputBuffer' is not '@usableFromInline' or public
71 |
72 | @inlinable
:
83 | init(handler: Underlying, allocator: ByteBufferAllocator) {
84 | self.handler = handler
85 | self.outputBuffer = allocator.buffer(capacity: 1024 * 1024)
| `- warning: setter for property 'outputBuffer' is private and cannot be referenced from an '@inlinable' function; this will be an error in a future Swift language mode
86 | }
87 |
/Users/admin/builder/spi-builder-workspace/Sources/AWSLambdaRuntimeCore/LambdaHandler.swift:102:17: warning: setter for property 'outputBuffer' is private and cannot be referenced from an '@inlinable' function; this will be an error in a future Swift language mode
68 | let handler: Underlying
69 | @usableFromInline
70 | private(set) var outputBuffer: ByteBuffer
| `- note: setter for property 'outputBuffer' is not '@usableFromInline' or public
71 |
72 | @inlinable
:
100 |
101 | do {
102 | self.outputBuffer.clear()
| `- warning: setter for property 'outputBuffer' is private and cannot be referenced from an '@inlinable' function; this will be an error in a future Swift language mode
103 | try self.handler.encode(value: output, into: &self.outputBuffer)
104 | return self.outputBuffer
/Users/admin/builder/spi-builder-workspace/Sources/AWSLambdaRuntimeCore/LambdaHandler.swift:103:63: warning: setter for property 'outputBuffer' is private and cannot be referenced from an '@inlinable' function; this will be an error in a future Swift language mode
68 | let handler: Underlying
69 | @usableFromInline
70 | private(set) var outputBuffer: ByteBuffer
| `- note: setter for property 'outputBuffer' is not '@usableFromInline' or public
71 |
72 | @inlinable
:
101 | do {
102 | self.outputBuffer.clear()
103 | try self.handler.encode(value: output, into: &self.outputBuffer)
| `- warning: setter for property 'outputBuffer' is private and cannot be referenced from an '@inlinable' function; this will be an error in a future Swift language mode
104 | return self.outputBuffer
105 | } catch {
/Users/admin/builder/spi-builder-workspace/Sources/AWSLambdaRuntimeCore/LambdaHandler.swift:207:9: warning: setter for property 'outputBuffer' is private and cannot be referenced from an '@inlinable' function; this will be an error in a future Swift language mode
190 | let handler: Underlying
191 | @usableFromInline
192 | private(set) var outputBuffer: ByteBuffer
| `- note: setter for property 'outputBuffer' is not '@usableFromInline' or public
193 |
194 | @inlinable
:
205 | init(handler: Underlying, allocator: ByteBufferAllocator) {
206 | self.handler = handler
207 | self.outputBuffer = allocator.buffer(capacity: 1024 * 1024)
| `- warning: setter for property 'outputBuffer' is private and cannot be referenced from an '@inlinable' function; this will be an error in a future Swift language mode
208 | }
209 |
/Users/admin/builder/spi-builder-workspace/Sources/AWSLambdaRuntimeCore/LambdaHandler.swift:224:17: warning: setter for property 'outputBuffer' is private and cannot be referenced from an '@inlinable' function; this will be an error in a future Swift language mode
190 | let handler: Underlying
191 | @usableFromInline
192 | private(set) var outputBuffer: ByteBuffer
| `- note: setter for property 'outputBuffer' is not '@usableFromInline' or public
193 |
194 | @inlinable
:
222 |
223 | do {
224 | self.outputBuffer.clear()
| `- warning: setter for property 'outputBuffer' is private and cannot be referenced from an '@inlinable' function; this will be an error in a future Swift language mode
225 | try self.handler.encode(value: output, into: &self.outputBuffer)
226 | return self.outputBuffer
/Users/admin/builder/spi-builder-workspace/Sources/AWSLambdaRuntimeCore/LambdaHandler.swift:225:63: warning: setter for property 'outputBuffer' is private and cannot be referenced from an '@inlinable' function; this will be an error in a future Swift language mode
190 | let handler: Underlying
191 | @usableFromInline
192 | private(set) var outputBuffer: ByteBuffer
| `- note: setter for property 'outputBuffer' is not '@usableFromInline' or public
193 |
194 | @inlinable
:
223 | do {
224 | self.outputBuffer.clear()
225 | try self.handler.encode(value: output, into: &self.outputBuffer)
| `- warning: setter for property 'outputBuffer' is private and cannot be referenced from an '@inlinable' function; this will be an error in a future Swift language mode
226 | return self.outputBuffer
227 | } catch {
/Users/admin/builder/spi-builder-workspace/Sources/AWSLambdaRuntimeCore/LambdaHandler.swift:355:9: warning: setter for property 'outputBuffer' is private and cannot be referenced from an '@inlinable' function; this will be an error in a future Swift language mode
341 | let handler: Underlying
342 | @usableFromInline
343 | private(set) var outputBuffer: ByteBuffer
| `- note: setter for property 'outputBuffer' is not '@usableFromInline' or public
344 |
345 | @inlinable
:
353 | init(handler: Underlying, allocator: ByteBufferAllocator) {
354 | self.handler = handler
355 | self.outputBuffer = allocator.buffer(capacity: 1024 * 1024)
| `- warning: setter for property 'outputBuffer' is private and cannot be referenced from an '@inlinable' function; this will be an error in a future Swift language mode
356 | }
357 |
/Users/admin/builder/spi-builder-workspace/Sources/AWSLambdaRuntimeCore/LambdaHandler.swift:369:17: warning: setter for property 'outputBuffer' is private and cannot be referenced from an '@inlinable' function; this will be an error in a future Swift language mode
341 | let handler: Underlying
342 | @usableFromInline
343 | private(set) var outputBuffer: ByteBuffer
| `- note: setter for property 'outputBuffer' is not '@usableFromInline' or public
344 |
345 | @inlinable
:
367 | return self.handler.handle(input, context: context).flatMapThrowing { output in
368 | do {
369 | self.outputBuffer.clear()
| `- warning: setter for property 'outputBuffer' is private and cannot be referenced from an '@inlinable' function; this will be an error in a future Swift language mode
370 | try self.handler.encode(value: output, into: &self.outputBuffer)
371 | return self.outputBuffer
/Users/admin/builder/spi-builder-workspace/Sources/AWSLambdaRuntimeCore/LambdaHandler.swift:370:63: warning: setter for property 'outputBuffer' is private and cannot be referenced from an '@inlinable' function; this will be an error in a future Swift language mode
341 | let handler: Underlying
342 | @usableFromInline
343 | private(set) var outputBuffer: ByteBuffer
| `- note: setter for property 'outputBuffer' is not '@usableFromInline' or public
344 |
345 | @inlinable
:
368 | do {
369 | self.outputBuffer.clear()
370 | try self.handler.encode(value: output, into: &self.outputBuffer)
| `- warning: setter for property 'outputBuffer' is private and cannot be referenced from an '@inlinable' function; this will be an error in a future Swift language mode
371 | return self.outputBuffer
372 | } catch {
SwiftCompile normal arm64_32 (in target 'AWSLambdaRuntimeCore' from project 'swift-aws-lambda-runtime')
cd /Users/admin/builder/spi-builder-workspace/.swiftpm/xcode
SwiftCompile normal arm64_32 Compiling\ Utils.swift /Users/admin/builder/spi-builder-workspace/Sources/AWSLambdaRuntimeCore/Utils.swift (in target 'AWSLambdaRuntimeCore' from project 'swift-aws-lambda-runtime')
SwiftCompile normal arm64_32 /Users/admin/builder/spi-builder-workspace/Sources/AWSLambdaRuntimeCore/Utils.swift (in target 'AWSLambdaRuntimeCore' from project 'swift-aws-lambda-runtime')
cd /Users/admin/builder/spi-builder-workspace/.swiftpm/xcode
builtin-SwiftPerFileCompile Utils.swift
SwiftCompile normal arm64_32 Compiling\ LambdaHandler.swift,\ LambdaRequestID.swift /Users/admin/builder/spi-builder-workspace/Sources/AWSLambdaRuntimeCore/LambdaHandler.swift /Users/admin/builder/spi-builder-workspace/Sources/AWSLambdaRuntimeCore/LambdaRequestID.swift (in target 'AWSLambdaRuntimeCore' from project 'swift-aws-lambda-runtime')
SwiftCompile normal arm64_32 /Users/admin/builder/spi-builder-workspace/Sources/AWSLambdaRuntimeCore/LambdaHandler.swift (in target 'AWSLambdaRuntimeCore' from project 'swift-aws-lambda-runtime')
cd /Users/admin/builder/spi-builder-workspace/.swiftpm/xcode
builtin-SwiftPerFileCompile LambdaHandler.swift
SwiftCompile normal arm64_32 /Users/admin/builder/spi-builder-workspace/Sources/AWSLambdaRuntimeCore/LambdaRequestID.swift (in target 'AWSLambdaRuntimeCore' from project 'swift-aws-lambda-runtime')
cd /Users/admin/builder/spi-builder-workspace/.swiftpm/xcode
builtin-SwiftPerFileCompile LambdaRequestID.swift
/Users/admin/builder/spi-builder-workspace/Sources/AWSLambdaRuntimeCore/LambdaHandler.swift:85:9: warning: setter for property 'outputBuffer' is private and cannot be referenced from an '@inlinable' function; this will be an error in a future Swift language mode
68 | let handler: Underlying
69 | @usableFromInline
70 | private(set) var outputBuffer: ByteBuffer
| `- note: setter for property 'outputBuffer' is not '@usableFromInline' or public
71 |
72 | @inlinable
:
83 | init(handler: Underlying, allocator: ByteBufferAllocator) {
84 | self.handler = handler
85 | self.outputBuffer = allocator.buffer(capacity: 1024 * 1024)
| `- warning: setter for property 'outputBuffer' is private and cannot be referenced from an '@inlinable' function; this will be an error in a future Swift language mode
86 | }
87 |
/Users/admin/builder/spi-builder-workspace/Sources/AWSLambdaRuntimeCore/LambdaHandler.swift:102:17: warning: setter for property 'outputBuffer' is private and cannot be referenced from an '@inlinable' function; this will be an error in a future Swift language mode
68 | let handler: Underlying
69 | @usableFromInline
70 | private(set) var outputBuffer: ByteBuffer
| `- note: setter for property 'outputBuffer' is not '@usableFromInline' or public
71 |
72 | @inlinable
:
100 |
101 | do {
102 | self.outputBuffer.clear()
| `- warning: setter for property 'outputBuffer' is private and cannot be referenced from an '@inlinable' function; this will be an error in a future Swift language mode
103 | try self.handler.encode(value: output, into: &self.outputBuffer)
104 | return self.outputBuffer
/Users/admin/builder/spi-builder-workspace/Sources/AWSLambdaRuntimeCore/LambdaHandler.swift:103:63: warning: setter for property 'outputBuffer' is private and cannot be referenced from an '@inlinable' function; this will be an error in a future Swift language mode
68 | let handler: Underlying
69 | @usableFromInline
70 | private(set) var outputBuffer: ByteBuffer
| `- note: setter for property 'outputBuffer' is not '@usableFromInline' or public
71 |
72 | @inlinable
:
101 | do {
102 | self.outputBuffer.clear()
103 | try self.handler.encode(value: output, into: &self.outputBuffer)
| `- warning: setter for property 'outputBuffer' is private and cannot be referenced from an '@inlinable' function; this will be an error in a future Swift language mode
104 | return self.outputBuffer
105 | } catch {
/Users/admin/builder/spi-builder-workspace/Sources/AWSLambdaRuntimeCore/LambdaHandler.swift:207:9: warning: setter for property 'outputBuffer' is private and cannot be referenced from an '@inlinable' function; this will be an error in a future Swift language mode
190 | let handler: Underlying
191 | @usableFromInline
192 | private(set) var outputBuffer: ByteBuffer
| `- note: setter for property 'outputBuffer' is not '@usableFromInline' or public
193 |
194 | @inlinable
:
205 | init(handler: Underlying, allocator: ByteBufferAllocator) {
206 | self.handler = handler
207 | self.outputBuffer = allocator.buffer(capacity: 1024 * 1024)
| `- warning: setter for property 'outputBuffer' is private and cannot be referenced from an '@inlinable' function; this will be an error in a future Swift language mode
208 | }
209 |
/Users/admin/builder/spi-builder-workspace/Sources/AWSLambdaRuntimeCore/LambdaHandler.swift:224:17: warning: setter for property 'outputBuffer' is private and cannot be referenced from an '@inlinable' function; this will be an error in a future Swift language mode
190 | let handler: Underlying
191 | @usableFromInline
192 | private(set) var outputBuffer: ByteBuffer
| `- note: setter for property 'outputBuffer' is not '@usableFromInline' or public
193 |
194 | @inlinable
:
222 |
223 | do {
224 | self.outputBuffer.clear()
| `- warning: setter for property 'outputBuffer' is private and cannot be referenced from an '@inlinable' function; this will be an error in a future Swift language mode
225 | try self.handler.encode(value: output, into: &self.outputBuffer)
226 | return self.outputBuffer
/Users/admin/builder/spi-builder-workspace/Sources/AWSLambdaRuntimeCore/LambdaHandler.swift:225:63: warning: setter for property 'outputBuffer' is private and cannot be referenced from an '@inlinable' function; this will be an error in a future Swift language mode
190 | let handler: Underlying
191 | @usableFromInline
192 | private(set) var outputBuffer: ByteBuffer
| `- note: setter for property 'outputBuffer' is not '@usableFromInline' or public
193 |
194 | @inlinable
:
223 | do {
224 | self.outputBuffer.clear()
225 | try self.handler.encode(value: output, into: &self.outputBuffer)
| `- warning: setter for property 'outputBuffer' is private and cannot be referenced from an '@inlinable' function; this will be an error in a future Swift language mode
226 | return self.outputBuffer
227 | } catch {
/Users/admin/builder/spi-builder-workspace/Sources/AWSLambdaRuntimeCore/LambdaHandler.swift:355:9: warning: setter for property 'outputBuffer' is private and cannot be referenced from an '@inlinable' function; this will be an error in a future Swift language mode
341 | let handler: Underlying
342 | @usableFromInline
343 | private(set) var outputBuffer: ByteBuffer
| `- note: setter for property 'outputBuffer' is not '@usableFromInline' or public
344 |
345 | @inlinable
:
353 | init(handler: Underlying, allocator: ByteBufferAllocator) {
354 | self.handler = handler
355 | self.outputBuffer = allocator.buffer(capacity: 1024 * 1024)
| `- warning: setter for property 'outputBuffer' is private and cannot be referenced from an '@inlinable' function; this will be an error in a future Swift language mode
356 | }
357 |
/Users/admin/builder/spi-builder-workspace/Sources/AWSLambdaRuntimeCore/LambdaHandler.swift:369:17: warning: setter for property 'outputBuffer' is private and cannot be referenced from an '@inlinable' function; this will be an error in a future Swift language mode
341 | let handler: Underlying
342 | @usableFromInline
343 | private(set) var outputBuffer: ByteBuffer
| `- note: setter for property 'outputBuffer' is not '@usableFromInline' or public
344 |
345 | @inlinable
:
367 | return self.handler.handle(input, context: context).flatMapThrowing { output in
368 | do {
369 | self.outputBuffer.clear()
| `- warning: setter for property 'outputBuffer' is private and cannot be referenced from an '@inlinable' function; this will be an error in a future Swift language mode
370 | try self.handler.encode(value: output, into: &self.outputBuffer)
371 | return self.outputBuffer
SwiftCompile normal arm64_32 Compiling\ LambdaRuntimeClient.swift /Users/admin/builder/spi-builder-workspace/Sources/AWSLambdaRuntimeCore/LambdaRuntimeClient.swift (in target 'AWSLambdaRuntimeCore' from project 'swift-aws-lambda-runtime')
SwiftCompile normal arm64_32 /Users/admin/builder/spi-builder-workspace/Sources/AWSLambdaRuntimeCore/LambdaRuntimeClient.swift (in target 'AWSLambdaRuntimeCore' from project 'swift-aws-lambda-runtime')
cd /Users/admin/builder/spi-builder-workspace/.swiftpm/xcode
builtin-SwiftPerFileCompile LambdaRuntimeClient.swift
SwiftCompile normal arm64_32 Compiling\ LambdaRuntime.swift /Users/admin/builder/spi-builder-workspace/Sources/AWSLambdaRuntimeCore/LambdaRuntime.swift (in target 'AWSLambdaRuntimeCore' from project 'swift-aws-lambda-runtime')
SwiftCompile normal arm64_32 /Users/admin/builder/spi-builder-workspace/Sources/AWSLambdaRuntimeCore/LambdaRuntime.swift (in target 'AWSLambdaRuntimeCore' from project 'swift-aws-lambda-runtime')
cd /Users/admin/builder/spi-builder-workspace/.swiftpm/xcode
builtin-SwiftPerFileCompile LambdaRuntime.swift
SwiftEmitModule normal arm64 Emitting\ module\ for\ AWSLambdaRuntimeCore (in target 'AWSLambdaRuntimeCore' from project 'swift-aws-lambda-runtime')
/Users/admin/builder/spi-builder-workspace/Sources/AWSLambdaRuntimeCore/LambdaHandler.swift:85:9: warning: setter for property 'outputBuffer' is private and cannot be referenced from an '@inlinable' function; this will be an error in a future Swift language mode
68 | let handler: Underlying
69 | @usableFromInline
70 | private(set) var outputBuffer: ByteBuffer
| `- note: setter for property 'outputBuffer' is not '@usableFromInline' or public
71 |
72 | @inlinable
:
83 | init(handler: Underlying, allocator: ByteBufferAllocator) {
84 | self.handler = handler
85 | self.outputBuffer = allocator.buffer(capacity: 1024 * 1024)
| `- warning: setter for property 'outputBuffer' is private and cannot be referenced from an '@inlinable' function; this will be an error in a future Swift language mode
86 | }
87 |
/Users/admin/builder/spi-builder-workspace/Sources/AWSLambdaRuntimeCore/LambdaHandler.swift:102:17: warning: setter for property 'outputBuffer' is private and cannot be referenced from an '@inlinable' function; this will be an error in a future Swift language mode
68 | let handler: Underlying
69 | @usableFromInline
70 | private(set) var outputBuffer: ByteBuffer
| `- note: setter for property 'outputBuffer' is not '@usableFromInline' or public
71 |
72 | @inlinable
:
100 |
101 | do {
102 | self.outputBuffer.clear()
| `- warning: setter for property 'outputBuffer' is private and cannot be referenced from an '@inlinable' function; this will be an error in a future Swift language mode
103 | try self.handler.encode(value: output, into: &self.outputBuffer)
104 | return self.outputBuffer
/Users/admin/builder/spi-builder-workspace/Sources/AWSLambdaRuntimeCore/LambdaHandler.swift:103:63: warning: setter for property 'outputBuffer' is private and cannot be referenced from an '@inlinable' function; this will be an error in a future Swift language mode
68 | let handler: Underlying
69 | @usableFromInline
70 | private(set) var outputBuffer: ByteBuffer
| `- note: setter for property 'outputBuffer' is not '@usableFromInline' or public
71 |
72 | @inlinable
:
101 | do {
102 | self.outputBuffer.clear()
103 | try self.handler.encode(value: output, into: &self.outputBuffer)
| `- warning: setter for property 'outputBuffer' is private and cannot be referenced from an '@inlinable' function; this will be an error in a future Swift language mode
104 | return self.outputBuffer
105 | } catch {
/Users/admin/builder/spi-builder-workspace/Sources/AWSLambdaRuntimeCore/LambdaHandler.swift:207:9: warning: setter for property 'outputBuffer' is private and cannot be referenced from an '@inlinable' function; this will be an error in a future Swift language mode
190 | let handler: Underlying
191 | @usableFromInline
192 | private(set) var outputBuffer: ByteBuffer
| `- note: setter for property 'outputBuffer' is not '@usableFromInline' or public
193 |
194 | @inlinable
:
205 | init(handler: Underlying, allocator: ByteBufferAllocator) {
206 | self.handler = handler
207 | self.outputBuffer = allocator.buffer(capacity: 1024 * 1024)
| `- warning: setter for property 'outputBuffer' is private and cannot be referenced from an '@inlinable' function; this will be an error in a future Swift language mode
208 | }
209 |
/Users/admin/builder/spi-builder-workspace/Sources/AWSLambdaRuntimeCore/LambdaHandler.swift:224:17: warning: setter for property 'outputBuffer' is private and cannot be referenced from an '@inlinable' function; this will be an error in a future Swift language mode
190 | let handler: Underlying
191 | @usableFromInline
192 | private(set) var outputBuffer: ByteBuffer
| `- note: setter for property 'outputBuffer' is not '@usableFromInline' or public
193 |
194 | @inlinable
:
222 |
223 | do {
224 | self.outputBuffer.clear()
| `- warning: setter for property 'outputBuffer' is private and cannot be referenced from an '@inlinable' function; this will be an error in a future Swift language mode
225 | try self.handler.encode(value: output, into: &self.outputBuffer)
226 | return self.outputBuffer
/Users/admin/builder/spi-builder-workspace/Sources/AWSLambdaRuntimeCore/LambdaHandler.swift:225:63: warning: setter for property 'outputBuffer' is private and cannot be referenced from an '@inlinable' function; this will be an error in a future Swift language mode
190 | let handler: Underlying
191 | @usableFromInline
192 | private(set) var outputBuffer: ByteBuffer
| `- note: setter for property 'outputBuffer' is not '@usableFromInline' or public
193 |
194 | @inlinable
:
223 | do {
224 | self.outputBuffer.clear()
225 | try self.handler.encode(value: output, into: &self.outputBuffer)
| `- warning: setter for property 'outputBuffer' is private and cannot be referenced from an '@inlinable' function; this will be an error in a future Swift language mode
226 | return self.outputBuffer
227 | } catch {
/Users/admin/builder/spi-builder-workspace/Sources/AWSLambdaRuntimeCore/LambdaHandler.swift:355:9: warning: setter for property 'outputBuffer' is private and cannot be referenced from an '@inlinable' function; this will be an error in a future Swift language mode
341 | let handler: Underlying
342 | @usableFromInline
343 | private(set) var outputBuffer: ByteBuffer
| `- note: setter for property 'outputBuffer' is not '@usableFromInline' or public
344 |
345 | @inlinable
:
353 | init(handler: Underlying, allocator: ByteBufferAllocator) {
354 | self.handler = handler
355 | self.outputBuffer = allocator.buffer(capacity: 1024 * 1024)
| `- warning: setter for property 'outputBuffer' is private and cannot be referenced from an '@inlinable' function; this will be an error in a future Swift language mode
356 | }
357 |
/Users/admin/builder/spi-builder-workspace/Sources/AWSLambdaRuntimeCore/LambdaHandler.swift:369:17: warning: setter for property 'outputBuffer' is private and cannot be referenced from an '@inlinable' function; this will be an error in a future Swift language mode
341 | let handler: Underlying
342 | @usableFromInline
343 | private(set) var outputBuffer: ByteBuffer
| `- note: setter for property 'outputBuffer' is not '@usableFromInline' or public
344 |
345 | @inlinable
:
367 | return self.handler.handle(input, context: context).flatMapThrowing { output in
368 | do {
369 | self.outputBuffer.clear()
| `- warning: setter for property 'outputBuffer' is private and cannot be referenced from an '@inlinable' function; this will be an error in a future Swift language mode
370 | try self.handler.encode(value: output, into: &self.outputBuffer)
371 | return self.outputBuffer
/Users/admin/builder/spi-builder-workspace/Sources/AWSLambdaRuntimeCore/LambdaHandler.swift:370:63: warning: setter for property 'outputBuffer' is private and cannot be referenced from an '@inlinable' function; this will be an error in a future Swift language mode
341 | let handler: Underlying
342 | @usableFromInline
343 | private(set) var outputBuffer: ByteBuffer
| `- note: setter for property 'outputBuffer' is not '@usableFromInline' or public
344 |
345 | @inlinable
:
368 | do {
369 | self.outputBuffer.clear()
370 | try self.handler.encode(value: output, into: &self.outputBuffer)
| `- warning: setter for property 'outputBuffer' is private and cannot be referenced from an '@inlinable' function; this will be an error in a future Swift language mode
371 | return self.outputBuffer
372 | } catch {
SwiftCompile normal arm64 (in target 'AWSLambdaRuntimeCore' from project 'swift-aws-lambda-runtime')
cd /Users/admin/builder/spi-builder-workspace/.swiftpm/xcode
SwiftDriverJobDiscovery normal arm64_32 Emitting module for MockServer (in target 'MockServer-product' from project 'swift-aws-lambda-runtime')
SwiftCompile normal arm64 Compiling\ HTTPClient.swift,\ Lambda+LocalServer.swift /Users/admin/builder/spi-builder-workspace/Sources/AWSLambdaRuntimeCore/HTTPClient.swift /Users/admin/builder/spi-builder-workspace/Sources/AWSLambdaRuntimeCore/Lambda+LocalServer.swift (in target 'AWSLambdaRuntimeCore' from project 'swift-aws-lambda-runtime')
SwiftCompile normal arm64 /Users/admin/builder/spi-builder-workspace/Sources/AWSLambdaRuntimeCore/HTTPClient.swift (in target 'AWSLambdaRuntimeCore' from project 'swift-aws-lambda-runtime')
cd /Users/admin/builder/spi-builder-workspace/.swiftpm/xcode
builtin-SwiftPerFileCompile HTTPClient.swift
SwiftCompile normal arm64 /Users/admin/builder/spi-builder-workspace/Sources/AWSLambdaRuntimeCore/Lambda+LocalServer.swift (in target 'AWSLambdaRuntimeCore' from project 'swift-aws-lambda-runtime')
cd /Users/admin/builder/spi-builder-workspace/.swiftpm/xcode
builtin-SwiftPerFileCompile Lambda+LocalServer.swift
SwiftDriver\ Compilation\ Requirements MockServer normal arm64_32 com.apple.xcode.tools.swift.compiler (in target 'MockServer-product' from project 'swift-aws-lambda-runtime')
cd /Users/admin/builder/spi-builder-workspace/.swiftpm/xcode
builtin-Swift-Compilation-Requirements -- /Applications/Xcode-27.0.0-Release.Candidate.app/Contents/Developer/Toolchains/XcodeDefault.xctoolchain/usr/bin/swiftc -module-name MockServer -Onone @/Users/admin/builder/spi-builder-workspace/.derivedData/Build/Intermediates.noindex/swift-aws-lambda-runtime.build/Debug-watchos/MockServer-p.build/Objects-normal/arm64_32/MockServer.SwiftFileList -DSWIFT_PACKAGE -DDEBUG -Xcc -fmodule-map-file\=/Users/admin/builder/spi-builder-workspace/.derivedData/Build/Intermediates.noindex/GeneratedModuleMaps-watchos/CNIOLLHTTP.modulemap -Xcc -fmodule-map-file\=/Users/admin/builder/spi-builder-workspace/.dependencies/checkouts/swift-atomics/Sources/_AtomicsShims/include/module.modulemap -Xcc -fmodule-map-file\=/Users/admin/builder/spi-builder-workspace/.derivedData/Build/Intermediates.noindex/GeneratedModuleMaps-watchos/CNIOPosix.modulemap -Xcc -fmodule-map-file\=/Users/admin/builder/spi-builder-workspace/.derivedData/Build/Intermediates.noindex/GeneratedModuleMaps-watchos/CNIOWASI.modulemap -Xcc -fmodule-map-file\=/Users/admin/builder/spi-builder-workspace/.dependencies/checkouts/swift-nio/Sources/CNIOWindows/include/module.modulemap -Xcc -fmodule-map-file\=/Users/admin/builder/spi-builder-workspace/.derivedData/Build/Intermediates.noindex/GeneratedModuleMaps-watchos/CNIOLinux.modulemap -Xcc -fmodule-map-file\=/Users/admin/builder/spi-builder-workspace/.derivedData/Build/Intermediates.noindex/GeneratedModuleMaps-watchos/CNIODarwin.modulemap -Xcc -fmodule-map-file\=/Users/admin/builder/spi-builder-workspace/.derivedData/Build/Intermediates.noindex/GeneratedModuleMaps-watchos/CNIOFreeBSD.modulemap -Xcc -fmodule-map-file\=/Users/admin/builder/spi-builder-workspace/.derivedData/Build/Intermediates.noindex/GeneratedModuleMaps-watchos/CNIOOpenBSD.modulemap -Xcc -fmodule-map-file\=/Users/admin/builder/spi-builder-workspace/.derivedData/Build/Intermediates.noindex/GeneratedModuleMaps-watchos/CNIOAtomics.modulemap -DXcode -plugin-path /Applications/Xcode-27.0.0-Release.Candidate.app/Contents/Developer/Toolchains/XcodeDefault.xctoolchain/usr/lib/swift/host/plugins/testing -enable-experimental-feature DebugDescriptionMacro -sdk /Applications/Xcode-27.0.0-Release.Candidate.app/Contents/Developer/Platforms/WatchOS.platform/Developer/SDKs/WatchOS27.0.sdk -target arm64_32-apple-watchos9.0 -g -module-cache-path /Users/admin/builder/spi-builder-workspace/.derivedData/ModuleCache.noindex -Xfrontend -serialize-debugging-options -profile-coverage-mapping -profile-generate -enable-testing -index-store-path /Users/admin/builder/spi-builder-workspace/.derivedData/Index.noindex/DataStore -Xcc -D_LIBCPP_HARDENING_MODE\=_LIBCPP_HARDENING_MODE_DEBUG -swift-version 5 -I /Users/admin/builder/spi-builder-workspace/.derivedData/Build/Products/Debug-watchos -Isystem /Applications/Xcode-27.0.0-Release.Candidate.app/Contents/Developer/Platforms/WatchOS.platform/Developer/usr/lib -F /Users/admin/builder/spi-builder-workspace/.derivedData/Build/Products/Debug-watchos/PackageFrameworks -F /Users/admin/builder/spi-builder-workspace/.derivedData/Build/Products/Debug-watchos -F /Applications/Xcode-27.0.0-Release.Candidate.app/Contents/Developer/Platforms/WatchOS.platform/Developer/Library/Frameworks -F /Applications/Xcode-27.0.0-Release.Candidate.app/Contents/Developer/Platforms/WatchOS.platform/Developer/SDKs/WatchOS27.0.sdk/Developer/Library/Frameworks -c -j10 -enable-batch-mode -incremental -Xcc -ivfsstatcache -Xcc /Users/admin/builder/spi-builder-workspace/.derivedData/SDKStatCaches.noindex/watchos27.0-24R360-e829b21a6f8c9b70876ba0858053c04477534ef55a1706bf4c1112bbb242f0a2.sdkstatcache -output-file-map /Users/admin/builder/spi-builder-workspace/.derivedData/Build/Intermediates.noindex/swift-aws-lambda-runtime.build/Debug-watchos/MockServer-p.build/Objects-normal/arm64_32/MockServer-OutputFileMap.json -save-temps -no-color-diagnostics -explicit-module-build -module-cache-path /Users/admin/builder/spi-builder-workspace/.derivedData/Build/Intermediates.noindex/SwiftExplicitPrecompiledModules -clang-scanner-module-cache-path /Users/admin/builder/spi-builder-workspace/.derivedData/ModuleCache.noindex -sdk-module-cache-path /Users/admin/builder/spi-builder-workspace/.derivedData/SDKExplicitPrecompiledModules -emit-dependencies -emit-module -emit-module-path /Users/admin/builder/spi-builder-workspace/.derivedData/Build/Intermediates.noindex/swift-aws-lambda-runtime.build/Debug-watchos/MockServer-p.build/Objects-normal/arm64_32/MockServer.swiftmodule -serialize-diagnostics -dependency-scan-serialize-diagnostics-path /Users/admin/builder/spi-builder-workspace/.derivedData/Build/Intermediates.noindex/swift-aws-lambda-runtime.build/Debug-watchos/MockServer-p.build/Objects-normal/arm64_32/MockServer-dependency-scan.dia -validate-clang-modules-once -clang-build-session-file /Users/admin/builder/spi-builder-workspace/.derivedData/ModuleCache.noindex/Session.modulevalidation -Xcc -fmodules-prune-interval\=86400 -Xcc -fmodules-prune-after\=345600 -package-name spi_builder_workspace -emit-const-values -const-gather-protocols-list /Users/admin/builder/spi-builder-workspace/.derivedData/Build/Intermediates.noindex/swift-aws-lambda-runtime.build/Debug-watchos/MockServer-p.build/Objects-normal/arm64_32/MockServer_const_extract_protocols.json -Xcc -I/Users/admin/builder/spi-builder-workspace/.dependencies/checkouts/swift-nio/Sources/CNIOLLHTTP/include -Xcc -I/Users/admin/builder/spi-builder-workspace/.dependencies/checkouts/swift-atomics/Sources/_AtomicsShims/include -Xcc -I/Users/admin/builder/spi-builder-workspace/.dependencies/checkouts/swift-nio/Sources/CNIOPosix/include -Xcc -I/Users/admin/builder/spi-builder-workspace/.dependencies/checkouts/swift-nio/Sources/CNIOWASI/include -Xcc -I/Users/admin/builder/spi-builder-workspace/.dependencies/checkouts/swift-nio/Sources/CNIOWindows/include -Xcc -I/Users/admin/builder/spi-builder-workspace/.dependencies/checkouts/swift-nio/Sources/CNIOLinux/include -Xcc -I/Users/admin/builder/spi-builder-workspace/.dependencies/checkouts/swift-nio/Sources/CNIODarwin/include -Xcc -I/Users/admin/builder/spi-builder-workspace/.dependencies/checkouts/swift-nio/Sources/CNIOFreeBSD/include -Xcc -I/Users/admin/builder/spi-builder-workspace/.dependencies/checkouts/swift-nio/Sources/CNIOOpenBSD/include -Xcc -I/Users/admin/builder/spi-builder-workspace/.dependencies/checkouts/swift-nio/Sources/CNIOAtomics/include -Xcc -I/Users/admin/builder/spi-builder-workspace/.derivedData/Build/Products/Debug-watchos/include -Xcc -I/Users/admin/builder/spi-builder-workspace/.derivedData/Build/Intermediates.noindex/swift-aws-lambda-runtime.build/Debug-watchos/MockServer-p.build/DerivedSources-normal/arm64_32 -Xcc -I/Users/admin/builder/spi-builder-workspace/.derivedData/Build/Intermediates.noindex/swift-aws-lambda-runtime.build/Debug-watchos/MockServer-p.build/DerivedSources/arm64_32 -Xcc -I/Users/admin/builder/spi-builder-workspace/.derivedData/Build/Intermediates.noindex/swift-aws-lambda-runtime.build/Debug-watchos/MockServer-p.build/DerivedSources -Xcc -DSWIFT_PACKAGE -Xcc -DDEBUG\=1 -working-directory /Users/admin/builder/spi-builder-workspace/.swiftpm/xcode -experimental-emit-module-separately -disable-cmo
SwiftDriverJobDiscovery normal arm64_32 Compiling LambdaRuntimeClient.swift (in target 'AWSLambdaRuntimeCore' from project 'swift-aws-lambda-runtime')
SwiftCompile normal arm64 Compiling\ LambdaRequestID.swift /Users/admin/builder/spi-builder-workspace/Sources/AWSLambdaRuntimeCore/LambdaRequestID.swift (in target 'AWSLambdaRuntimeCore' from project 'swift-aws-lambda-runtime')
SwiftCompile normal arm64 /Users/admin/builder/spi-builder-workspace/Sources/AWSLambdaRuntimeCore/LambdaRequestID.swift (in target 'AWSLambdaRuntimeCore' from project 'swift-aws-lambda-runtime')
cd /Users/admin/builder/spi-builder-workspace/.swiftpm/xcode
builtin-SwiftPerFileCompile LambdaRequestID.swift
SwiftCompile normal arm64 Compiling\ LambdaConfiguration.swift,\ LambdaContext.swift /Users/admin/builder/spi-builder-workspace/Sources/AWSLambdaRuntimeCore/LambdaConfiguration.swift /Users/admin/builder/spi-builder-workspace/Sources/AWSLambdaRuntimeCore/LambdaContext.swift (in target 'AWSLambdaRuntimeCore' from project 'swift-aws-lambda-runtime')
/Users/admin/builder/spi-builder-workspace/Sources/AWSLambdaRuntimeCore/LambdaConfiguration.swift:38:86: error: ambiguous use of 'init'
36 |
37 | init(logLevel: Logger.Level? = nil) {
38 | self.logLevel = logLevel ?? Lambda.env("LOG_LEVEL").flatMap(Logger.Level.init) ?? .info
| `- error: ambiguous use of 'init'
39 | }
40 |
Logging.Logger.Level.init:3:19: note: found this candidate in module 'Logging'
1 | struct Logger {
2 | enum Level {
3 | @inlinable public init?(rawValue: String) }
| `- note: found this candidate in module 'Logging'
4 | }
5 |
Logging.Logger.Level.init:3:8: note: found this candidate in module 'Logging'
1 | struct Logger {
2 | enum Level {
3 | public init?(_ description: String) }
| `- note: found this candidate in module 'Logging'
4 | }
5 |
Failed frontend command:
/Applications/Xcode-27.0.0-Release.Candidate.app/Contents/Developer/Toolchains/XcodeDefault.xctoolchain/usr/bin/swift-frontend -frontend -c /Users/admin/builder/spi-builder-workspace/Sources/AWSLambdaRuntimeCore/ControlPlaneRequest.swift /Users/admin/builder/spi-builder-workspace/Sources/AWSLambdaRuntimeCore/ControlPlaneRequestEncoder.swift /Users/admin/builder/spi-builder-workspace/Sources/AWSLambdaRuntimeCore/HTTPClient.swift /Users/admin/builder/spi-builder-workspace/Sources/AWSLambdaRuntimeCore/Lambda+LocalServer.swift /Users/admin/builder/spi-builder-workspace/Sources/AWSLambdaRuntimeCore/Lambda+String.swift /Users/admin/builder/spi-builder-workspace/Sources/AWSLambdaRuntimeCore/Lambda.swift -primary-file /Users/admin/builder/spi-builder-workspace/Sources/AWSLambdaRuntimeCore/LambdaConfiguration.swift -primary-file /Users/admin/builder/spi-builder-workspace/Sources/AWSLambdaRuntimeCore/LambdaContext.swift /Users/admin/builder/spi-builder-workspace/Sources/AWSLambdaRuntimeCore/LambdaHandler.swift /Users/admin/builder/spi-builder-workspace/Sources/AWSLambdaRuntimeCore/LambdaRequestID.swift /Users/admin/builder/spi-builder-workspace/Sources/AWSLambdaRuntimeCore/LambdaRunner.swift /Users/admin/builder/spi-builder-workspace/Sources/AWSLambdaRuntimeCore/LambdaRuntime.swift /Users/admin/builder/spi-builder-workspace/Sources/AWSLambdaRuntimeCore/LambdaRuntimeClient.swift /Users/admin/builder/spi-builder-workspace/Sources/AWSLambdaRuntimeCore/Terminator.swift /Users/admin/builder/spi-builder-workspace/Sources/AWSLambdaRuntimeCore/Utils.swift -emit-dependencies-path /Users/admin/builder/spi-builder-workspace/.derivedData/Build/Intermediates.noindex/swift-aws-lambda-runtime.build/Debug-watchos/AWSLambdaRuntimeCore-t.build/Objects-normal/arm64/LambdaConfiguration.d -emit-const-values-path /Users/admin/builder/spi-builder-workspace/.derivedData/Build/Intermediates.noindex/swift-aws-lambda-runtime.build/Debug-watchos/AWSLambdaRuntimeCore-t.build/Objects-normal/arm64/LambdaConfiguration.swiftconstvalues -emit-reference-dependencies-path /Users/admin/builder/spi-builder-workspace/.derivedData/Build/Intermediates.noindex/swift-aws-lambda-runtime.build/Debug-watchos/AWSLambdaRuntimeCore-t.build/Objects-normal/arm64/LambdaConfiguration.swiftdeps -serialize-diagnostics-path /Users/admin/builder/spi-builder-workspace/.derivedData/Build/Intermediates.noindex/swift-aws-lambda-runtime.build/Debug-watchos/AWSLambdaRuntimeCore-t.build/Objects-normal/arm64/LambdaConfiguration.dia -emit-dependencies-path /Users/admin/builder/spi-builder-workspace/.derivedData/Build/Intermediates.noindex/swift-aws-lambda-runtime.build/Debug-watchos/AWSLambdaRuntimeCore-t.build/Objects-normal/arm64/LambdaContext.d -emit-const-values-path /Users/admin/builder/spi-builder-workspace/.derivedData/Build/Intermediates.noindex/swift-aws-lambda-runtime.build/Debug-watchos/AWSLambdaRuntimeCore-t.build/Objects-normal/arm64/LambdaContext.swiftconstvalues -emit-reference-dependencies-path /Users/admin/builder/spi-builder-workspace/.derivedData/Build/Intermediates.noindex/swift-aws-lambda-runtime.build/Debug-watchos/AWSLambdaRuntimeCore-t.build/Objects-normal/arm64/LambdaContext.swiftdeps -serialize-diagnostics-path /Users/admin/builder/spi-builder-workspace/.derivedData/Build/Intermediates.noindex/swift-aws-lambda-runtime.build/Debug-watchos/AWSLambdaRuntimeCore-t.build/Objects-normal/arm64/LambdaContext.dia -target arm64-apple-watchos9.0 -disable-cross-import-overlay-search -swift-module-cross-import Darwin /Applications/Xcode-27.0.0-Release.Candidate.app/Contents/Developer/Platforms/WatchOS.platform/Developer/SDKs/WatchOS.sdk/usr/include/Darwin.swiftcrossimport/xlocale.swiftoverlay -load-resolved-plugin /Applications/Xcode-27.0.0-Release.Candidate.app/Contents/Developer/Platforms/WatchOS.platform/Developer/usr/lib/swift/host/plugins/libFoundationMacros.dylib\#/Applications/Xcode-27.0.0-Release.Candidate.app/Contents/Developer/Platforms/WatchOS.platform/Developer/usr/bin/swift-plugin-server\#FoundationMacros -load-resolved-plugin /Applications/Xcode-27.0.0-Release.Candidate.app/Contents/Developer/Platforms/WatchOS.platform/Developer/usr/lib/swift/host/plugins/libObservationMacros.dylib\#/Applications/Xcode-27.0.0-Release.Candidate.app/Contents/Developer/Platforms/WatchOS.platform/Developer/usr/bin/swift-plugin-server\#ObservationMacros -load-resolved-plugin /Applications/Xcode-27.0.0-Release.Candidate.app/Contents/Developer/Platforms/WatchOS.platform/Developer/usr/lib/swift/host/plugins/libSwiftMacros.dylib\#/Applications/Xcode-27.0.0-Release.Candidate.app/Contents/Developer/Platforms/WatchOS.platform/Developer/usr/bin/swift-plugin-server\#SwiftMacros -disable-implicit-swift-modules -Xcc -fno-implicit-modules -Xcc -fno-implicit-module-maps -explicit-swift-module-map-file /Users/admin/builder/spi-builder-workspace/.derivedData/Build/Intermediates.noindex/swift-aws-lambda-runtime.build/Debug-watchos/AWSLambdaRuntimeCore-t.build/Objects-normal/arm64/AWSLambdaRuntimeCore-dependencies-2.json -Xllvm -aarch64-use-tbi -enable-objc-interop -stack-check -sdk /Applications/Xcode-27.0.0-Release.Candidate.app/Contents/Developer/Platforms/WatchOS.platform/Developer/SDKs/WatchOS27.0.sdk -I /Users/admin/builder/spi-builder-workspace/.derivedData/Build/Products/Debug-watchos -Isystem /Applications/Xcode-27.0.0-Release.Candidate.app/Contents/Developer/Platforms/WatchOS.platform/Developer/usr/lib -F /Users/admin/builder/spi-builder-workspace/.derivedData/Build/Products/Debug-watchos/PackageFrameworks -F /Users/admin/builder/spi-builder-workspace/.derivedData/Build/Products/Debug-watchos -F /Applications/Xcode-27.0.0-Release.Candidate.app/Contents/Developer/Platforms/WatchOS.platform/Developer/Library/Frameworks -F /Applications/Xcode-27.0.0-Release.Candidate.app/Contents/Developer/Platforms/WatchOS.platform/Developer/SDKs/WatchOS27.0.sdk/Developer/Library/Frameworks -module-cache-path /Users/admin/builder/spi-builder-workspace/.derivedData/Build/Intermediates.noindex/SwiftExplicitPrecompiledModules -no-color-diagnostics -Xcc -fno-color-diagnostics -enable-testing -g -debug-info-format\=dwarf -dwarf-version\=4 -profile-generate -profile-coverage-mapping -swift-version 5 -Onone -D SWIFT_PACKAGE -D DEBUG -D SWIFT_MODULE_RESOURCE_BUNDLE_UNAVAILABLE -D Xcode -serialize-debugging-options -enable-experimental-feature DebugDescriptionMacro -empty-abi-descriptor -validate-clang-modules-once -clang-build-session-file /Users/admin/builder/spi-builder-workspace/.derivedData/ModuleCache.noindex/Session.modulevalidation -Xcc -working-directory -Xcc /Users/admin/builder/spi-builder-workspace/.swiftpm/xcode -enable-anonymous-context-mangled-names -file-compilation-dir /Users/admin/builder/spi-builder-workspace/.swiftpm/xcode -Xcc -fmodule-map-file\=/Users/admin/builder/spi-builder-workspace/.derivedData/Build/Intermediates.noindex/GeneratedModuleMaps-watchos/CNIOLLHTTP.modulemap -Xcc -fmodule-map-file\=/Users/admin/builder/spi-builder-workspace/.dependencies/checkouts/swift-atomics/Sources/_AtomicsShims/include/module.modulemap -Xcc -fmodule-map-file\=/Users/admin/builder/spi-builder-workspace/.derivedData/Build/Intermediates.noindex/GeneratedModuleMaps-watchos/CNIOPosix.modulemap -Xcc -fmodule-map-file\=/Users/admin/builder/spi-builder-workspace/.derivedData/Build/Intermediates.noindex/GeneratedModuleMaps-watchos/CNIOWASI.modulemap -Xcc -fmodule-map-file\=/Users/admin/builder/spi-builder-workspace/.derivedData/Build/Intermediates.noindex/GeneratedModuleMaps-watchos/CNIOFreeBSD.modulemap -Xcc -fmodule-map-file\=/Users/admin/builder/spi-builder-workspace/.derivedData/Build/Intermediates.noindex/GeneratedModuleMaps-watchos/CNIOAtomics.modulemap -Xcc -fmodule-map-file\=/Users/admin/builder/spi-builder-workspace/.dependencies/checkouts/swift-nio/Sources/CNIOWindows/include/module.modulemap -Xcc -fmodule-map-file\=/Users/admin/builder/spi-builder-workspace/.derivedData/Build/Intermediates.noindex/GeneratedModuleMaps-watchos/CNIODarwin.modulemap -Xcc -fmodule-map-file\=/Users/admin/builder/spi-builder-workspace/.derivedData/Build/Intermediates.noindex/GeneratedModuleMaps-watchos/CNIOLinux.modulemap -Xcc -fmodule-map-file\=/Users/admin/builder/spi-builder-workspace/.derivedData/Build/Intermediates.noindex/GeneratedModuleMaps-watchos/CNIOOpenBSD.modulemap -Xcc -D_LIBCPP_HARDENING_MODE\=_LIBCPP_HARDENING_MODE_DEBUG -Xcc -ivfsstatcache -Xcc /Users/admin/builder/spi-builder-workspace/.derivedData/SDKStatCaches.noindex/watchos27.0-24R360-e829b21a6f8c9b70876ba0858053c04477534ef55a1706bf4c1112bbb242f0a2.sdkstatcache -Xcc -fmodules-prune-interval\=86400 -Xcc -fmodules-prune-after\=345600 -Xcc -I/Users/admin/builder/spi-builder-workspace/.dependencies/checkouts/swift-nio/Sources/CNIOLLHTTP/include -Xcc -I/Users/admin/builder/spi-builder-workspace/.dependencies/checkouts/swift-atomics/Sources/_AtomicsShims/include -Xcc -I/Users/admin/builder/spi-builder-workspace/.dependencies/checkouts/swift-nio/Sources/CNIOPosix/include -Xcc -I/Users/admin/builder/spi-builder-workspace/.dependencies/checkouts/swift-nio/Sources/CNIOWASI/include -Xcc -I/Users/admin/builder/spi-builder-workspace/.dependencies/checkouts/swift-nio/Sources/CNIOFreeBSD/include -Xcc -I/Users/admin/builder/spi-builder-workspace/.dependencies/checkouts/swift-nio/Sources/CNIOAtomics/include -Xcc -I/Users/admin/builder/spi-builder-workspace/.dependencies/checkouts/swift-nio/Sources/CNIOWindows/include -Xcc -I/Users/admin/builder/spi-builder-workspace/.dependencies/checkouts/swift-nio/Sources/CNIODarwin/include -Xcc -I/Users/admin/builder/spi-builder-workspace/.dependencies/checkouts/swift-nio/Sources/CNIOLinux/include -Xcc -I/Users/admin/builder/spi-builder-workspace/.dependencies/checkouts/swift-nio/Sources/CNIOOpenBSD/include -Xcc -I/Users/admin/builder/spi-builder-workspace/.derivedData/Build/Products/Debug-watchos/include -Xcc -I/Users/admin/builder/spi-builder-workspace/.derivedData/Build/Intermediates.noindex/swift-aws-lambda-runtime.build/Debug-watchos/AWSLambdaRuntimeCore-t.build/DerivedSources-normal/arm64 -Xcc -I/Users/admin/builder/spi-builder-workspace/.derivedData/Build/Intermediates.noindex/swift-aws-lambda-runtime.build/Debug-watchos/AWSLambdaRuntimeCore-t.build/DerivedSources/arm64 -Xcc -I/Users/admin/builder/spi-builder-workspace/.derivedData/Build/Intermediates.noindex/swift-aws-lambda-runtime.build/Debug-watchos/AWSLambdaRuntimeCore-t.build/DerivedSources -Xcc -DSWIFT_PACKAGE -Xcc -DDEBUG\=1 -no-auto-bridging-header-chaining -module-name AWSLambdaRuntimeCore -package-name spi_builder_workspace -const-gather-protocols-file /Users/admin/builder/spi-builder-workspace/.derivedData/Build/Intermediates.noindex/swift-aws-lambda-runtime.build/Debug-watchos/AWSLambdaRuntimeCore-t.build/Objects-normal/arm64/AWSLambdaRuntimeCore_const_extract_protocols.json -disable-clang-spi -clang-target arm64-apple-watchos27.0 -target-sdk-version 27.0 -target-sdk-name watchos27.0 -in-process-plugin-server-path /Applications/Xcode-27.0.0-Release.Candidate.app/Contents/Developer/Toolchains/XcodeDefault.xctoolchain/usr/lib/swift/host/libSwiftInProcPluginServer.dylib -parse-as-library -o /Users/admin/builder/spi-builder-workspace/.derivedData/Build/Intermediates.noindex/swift-aws-lambda-runtime.build/Debug-watchos/AWSLambdaRuntimeCore-t.build/Objects-normal/arm64/LambdaConfiguration.o -o /Users/admin/builder/spi-builder-workspace/.derivedData/Build/Intermediates.noindex/swift-aws-lambda-runtime.build/Debug-watchos/AWSLambdaRuntimeCore-t.build/Objects-normal/arm64/LambdaContext.o -debug-module-path /Users/admin/builder/spi-builder-workspace/.derivedData/Build/Intermediates.noindex/swift-aws-lambda-runtime.build/Debug-watchos/AWSLambdaRuntimeCore-t.build/Objects-normal/arm64/AWSLambdaRuntimeCore.swiftmodule -index-unit-output-path /swift-aws-lambda-runtime.build/Debug-watchos/AWSLambdaRuntimeCore-t.build/Objects-normal/arm64/LambdaConfiguration.o -index-unit-output-path /swift-aws-lambda-runtime.build/Debug-watchos/AWSLambdaRuntimeCore-t.build/Objects-normal/arm64/LambdaContext.o -index-store-path /Users/admin/builder/spi-builder-workspace/.derivedData/Index.noindex/DataStore -index-system-modules
SwiftCompile normal arm64 /Users/admin/builder/spi-builder-workspace/Sources/AWSLambdaRuntimeCore/LambdaConfiguration.swift (in target 'AWSLambdaRuntimeCore' from project 'swift-aws-lambda-runtime')
cd /Users/admin/builder/spi-builder-workspace/.swiftpm/xcode
builtin-SwiftPerFileCompile LambdaConfiguration.swift
SwiftCompile normal arm64 /Users/admin/builder/spi-builder-workspace/Sources/AWSLambdaRuntimeCore/LambdaContext.swift (in target 'AWSLambdaRuntimeCore' from project 'swift-aws-lambda-runtime')
cd /Users/admin/builder/spi-builder-workspace/.swiftpm/xcode
builtin-SwiftPerFileCompile LambdaContext.swift
SwiftDriverJobDiscovery normal arm64_32 Compiling LambdaRuntime.swift (in target 'AWSLambdaRuntimeCore' from project 'swift-aws-lambda-runtime')
SwiftDriverJobDiscovery normal arm64_32 Emitting module for AWSLambdaRuntimeCore (in target 'AWSLambdaRuntimeCore' from project 'swift-aws-lambda-runtime')
SwiftCompile normal arm64 Compiling\ Lambda+String.swift,\ Lambda.swift /Users/admin/builder/spi-builder-workspace/Sources/AWSLambdaRuntimeCore/Lambda+String.swift /Users/admin/builder/spi-builder-workspace/Sources/AWSLambdaRuntimeCore/Lambda.swift (in target 'AWSLambdaRuntimeCore' from project 'swift-aws-lambda-runtime')
SwiftCompile normal arm64 /Users/admin/builder/spi-builder-workspace/Sources/AWSLambdaRuntimeCore/Lambda+String.swift (in target 'AWSLambdaRuntimeCore' from project 'swift-aws-lambda-runtime')
cd /Users/admin/builder/spi-builder-workspace/.swiftpm/xcode
builtin-SwiftPerFileCompile Lambda+String.swift
SwiftCompile normal arm64 /Users/admin/builder/spi-builder-workspace/Sources/AWSLambdaRuntimeCore/Lambda.swift (in target 'AWSLambdaRuntimeCore' from project 'swift-aws-lambda-runtime')
cd /Users/admin/builder/spi-builder-workspace/.swiftpm/xcode
builtin-SwiftPerFileCompile Lambda.swift
SwiftDriver\ Compilation\ Requirements AWSLambdaRuntimeCore normal arm64_32 com.apple.xcode.tools.swift.compiler (in target 'AWSLambdaRuntimeCore' from project 'swift-aws-lambda-runtime')
cd /Users/admin/builder/spi-builder-workspace/.swiftpm/xcode
builtin-Swift-Compilation-Requirements -- /Applications/Xcode-27.0.0-Release.Candidate.app/Contents/Developer/Toolchains/XcodeDefault.xctoolchain/usr/bin/swiftc -parse-as-library -module-name AWSLambdaRuntimeCore -Onone @/Users/admin/builder/spi-builder-workspace/.derivedData/Build/Intermediates.noindex/swift-aws-lambda-runtime.build/Debug-watchos/AWSLambdaRuntimeCore-t.build/Objects-normal/arm64_32/AWSLambdaRuntimeCore.SwiftFileList -DSWIFT_PACKAGE -DDEBUG -DSWIFT_MODULE_RESOURCE_BUNDLE_UNAVAILABLE -Xcc -fmodule-map-file\=/Users/admin/builder/spi-builder-workspace/.derivedData/Build/Intermediates.noindex/GeneratedModuleMaps-watchos/CNIOLLHTTP.modulemap -Xcc -fmodule-map-file\=/Users/admin/builder/spi-builder-workspace/.dependencies/checkouts/swift-atomics/Sources/_AtomicsShims/include/module.modulemap -Xcc -fmodule-map-file\=/Users/admin/builder/spi-builder-workspace/.derivedData/Build/Intermediates.noindex/GeneratedModuleMaps-watchos/CNIOPosix.modulemap -Xcc -fmodule-map-file\=/Users/admin/builder/spi-builder-workspace/.derivedData/Build/Intermediates.noindex/GeneratedModuleMaps-watchos/CNIOWASI.modulemap -Xcc -fmodule-map-file\=/Users/admin/builder/spi-builder-workspace/.derivedData/Build/Intermediates.noindex/GeneratedModuleMaps-watchos/CNIOFreeBSD.modulemap -Xcc -fmodule-map-file\=/Users/admin/builder/spi-builder-workspace/.derivedData/Build/Intermediates.noindex/GeneratedModuleMaps-watchos/CNIOAtomics.modulemap -Xcc -fmodule-map-file\=/Users/admin/builder/spi-builder-workspace/.dependencies/checkouts/swift-nio/Sources/CNIOWindows/include/module.modulemap -Xcc -fmodule-map-file\=/Users/admin/builder/spi-builder-workspace/.derivedData/Build/Intermediates.noindex/GeneratedModuleMaps-watchos/CNIODarwin.modulemap -Xcc -fmodule-map-file\=/Users/admin/builder/spi-builder-workspace/.derivedData/Build/Intermediates.noindex/GeneratedModuleMaps-watchos/CNIOLinux.modulemap -Xcc -fmodule-map-file\=/Users/admin/builder/spi-builder-workspace/.derivedData/Build/Intermediates.noindex/GeneratedModuleMaps-watchos/CNIOOpenBSD.modulemap -DXcode -plugin-path /Applications/Xcode-27.0.0-Release.Candidate.app/Contents/Developer/Toolchains/XcodeDefault.xctoolchain/usr/lib/swift/host/plugins/testing -enable-experimental-feature DebugDescriptionMacro -sdk /Applications/Xcode-27.0.0-Release.Candidate.app/Contents/Developer/Platforms/WatchOS.platform/Developer/SDKs/WatchOS27.0.sdk -target arm64_32-apple-watchos9.0 -g -module-cache-path /Users/admin/builder/spi-builder-workspace/.derivedData/ModuleCache.noindex -Xfrontend -serialize-debugging-options -profile-coverage-mapping -profile-generate -enable-testing -index-store-path /Users/admin/builder/spi-builder-workspace/.derivedData/Index.noindex/DataStore -Xcc -D_LIBCPP_HARDENING_MODE\=_LIBCPP_HARDENING_MODE_DEBUG -swift-version 5 -I /Users/admin/builder/spi-builder-workspace/.derivedData/Build/Products/Debug-watchos -Isystem /Applications/Xcode-27.0.0-Release.Candidate.app/Contents/Developer/Platforms/WatchOS.platform/Developer/usr/lib -F /Users/admin/builder/spi-builder-workspace/.derivedData/Build/Products/Debug-watchos/PackageFrameworks -F /Users/admin/builder/spi-builder-workspace/.derivedData/Build/Products/Debug-watchos -F /Applications/Xcode-27.0.0-Release.Candidate.app/Contents/Developer/Platforms/WatchOS.platform/Developer/Library/Frameworks -F /Applications/Xcode-27.0.0-Release.Candidate.app/Contents/Developer/Platforms/WatchOS.platform/Developer/SDKs/WatchOS27.0.sdk/Developer/Library/Frameworks -c -j10 -enable-batch-mode -incremental -Xcc -ivfsstatcache -Xcc /Users/admin/builder/spi-builder-workspace/.derivedData/SDKStatCaches.noindex/watchos27.0-24R360-e829b21a6f8c9b70876ba0858053c04477534ef55a1706bf4c1112bbb242f0a2.sdkstatcache -output-file-map /Users/admin/builder/spi-builder-workspace/.derivedData/Build/Intermediates.noindex/swift-aws-lambda-runtime.build/Debug-watchos/AWSLambdaRuntimeCore-t.build/Objects-normal/arm64_32/AWSLambdaRuntimeCore-OutputFileMap.json -save-temps -no-color-diagnostics -explicit-module-build -module-cache-path /Users/admin/builder/spi-builder-workspace/.derivedData/Build/Intermediates.noindex/SwiftExplicitPrecompiledModules -clang-scanner-module-cache-path /Users/admin/builder/spi-builder-workspace/.derivedData/ModuleCache.noindex -sdk-module-cache-path /Users/admin/builder/spi-builder-workspace/.derivedData/SDKExplicitPrecompiledModules -emit-dependencies -emit-module -emit-module-path /Users/admin/builder/spi-builder-workspace/.derivedData/Build/Intermediates.noindex/swift-aws-lambda-runtime.build/Debug-watchos/AWSLambdaRuntimeCore-t.build/Objects-normal/arm64_32/AWSLambdaRuntimeCore.swiftmodule -serialize-diagnostics -dependency-scan-serialize-diagnostics-path /Users/admin/builder/spi-builder-workspace/.derivedData/Build/Intermediates.noindex/swift-aws-lambda-runtime.build/Debug-watchos/AWSLambdaRuntimeCore-t.build/Objects-normal/arm64_32/AWSLambdaRuntimeCore-dependency-scan.dia -validate-clang-modules-once -clang-build-session-file /Users/admin/builder/spi-builder-workspace/.derivedData/ModuleCache.noindex/Session.modulevalidation -Xcc -fmodules-prune-interval\=86400 -Xcc -fmodules-prune-after\=345600 -package-name spi_builder_workspace -emit-const-values -const-gather-protocols-list /Users/admin/builder/spi-builder-workspace/.derivedData/Build/Intermediates.noindex/swift-aws-lambda-runtime.build/Debug-watchos/AWSLambdaRuntimeCore-t.build/Objects-normal/arm64_32/AWSLambdaRuntimeCore_const_extract_protocols.json -Xcc -I/Users/admin/builder/spi-builder-workspace/.dependencies/checkouts/swift-nio/Sources/CNIOLLHTTP/include -Xcc -I/Users/admin/builder/spi-builder-workspace/.dependencies/checkouts/swift-atomics/Sources/_AtomicsShims/include -Xcc -I/Users/admin/builder/spi-builder-workspace/.dependencies/checkouts/swift-nio/Sources/CNIOPosix/include -Xcc -I/Users/admin/builder/spi-builder-workspace/.dependencies/checkouts/swift-nio/Sources/CNIOWASI/include -Xcc -I/Users/admin/builder/spi-builder-workspace/.dependencies/checkouts/swift-nio/Sources/CNIOFreeBSD/include -Xcc -I/Users/admin/builder/spi-builder-workspace/.dependencies/checkouts/swift-nio/Sources/CNIOAtomics/include -Xcc -I/Users/admin/builder/spi-builder-workspace/.dependencies/checkouts/swift-nio/Sources/CNIOWindows/include -Xcc -I/Users/admin/builder/spi-builder-workspace/.dependencies/checkouts/swift-nio/Sources/CNIODarwin/include -Xcc -I/Users/admin/builder/spi-builder-workspace/.dependencies/checkouts/swift-nio/Sources/CNIOLinux/include -Xcc -I/Users/admin/builder/spi-builder-workspace/.dependencies/checkouts/swift-nio/Sources/CNIOOpenBSD/include -Xcc -I/Users/admin/builder/spi-builder-workspace/.derivedData/Build/Products/Debug-watchos/include -Xcc -I/Users/admin/builder/spi-builder-workspace/.derivedData/Build/Intermediates.noindex/swift-aws-lambda-runtime.build/Debug-watchos/AWSLambdaRuntimeCore-t.build/DerivedSources-normal/arm64_32 -Xcc -I/Users/admin/builder/spi-builder-workspace/.derivedData/Build/Intermediates.noindex/swift-aws-lambda-runtime.build/Debug-watchos/AWSLambdaRuntimeCore-t.build/DerivedSources/arm64_32 -Xcc -I/Users/admin/builder/spi-builder-workspace/.derivedData/Build/Intermediates.noindex/swift-aws-lambda-runtime.build/Debug-watchos/AWSLambdaRuntimeCore-t.build/DerivedSources -Xcc -DSWIFT_PACKAGE -Xcc -DDEBUG\=1 -emit-objc-header -emit-objc-header-path /Users/admin/builder/spi-builder-workspace/.derivedData/Build/Intermediates.noindex/swift-aws-lambda-runtime.build/Debug-watchos/AWSLambdaRuntimeCore-t.build/Objects-normal/arm64_32/AWSLambdaRuntimeCore-Swift.h -working-directory /Users/admin/builder/spi-builder-workspace/.swiftpm/xcode -experimental-emit-module-separately -disable-cmo
SwiftDriverJobDiscovery normal arm64_32 Compiling Utils.swift (in target 'AWSLambdaRuntimeCore' from project 'swift-aws-lambda-runtime')
SwiftCompile normal arm64 Compiling\ Terminator.swift /Users/admin/builder/spi-builder-workspace/Sources/AWSLambdaRuntimeCore/Terminator.swift (in target 'AWSLambdaRuntimeCore' from project 'swift-aws-lambda-runtime')
SwiftCompile normal arm64 /Users/admin/builder/spi-builder-workspace/Sources/AWSLambdaRuntimeCore/Terminator.swift (in target 'AWSLambdaRuntimeCore' from project 'swift-aws-lambda-runtime')
cd /Users/admin/builder/spi-builder-workspace/.swiftpm/xcode
builtin-SwiftPerFileCompile Terminator.swift
Copy /Users/admin/builder/spi-builder-workspace/.derivedData/Build/Products/Debug-watchos/AWSLambdaRuntimeCore.swiftmodule/arm64_32-apple-watchos.swiftmodule /Users/admin/builder/spi-builder-workspace/.derivedData/Build/Intermediates.noindex/swift-aws-lambda-runtime.build/Debug-watchos/AWSLambdaRuntimeCore-t.build/Objects-normal/arm64_32/AWSLambdaRuntimeCore.swiftmodule (in target 'AWSLambdaRuntimeCore' from project 'swift-aws-lambda-runtime')
cd /Users/admin/builder/spi-builder-workspace
builtin-copy -exclude .DS_Store -exclude CVS -exclude .svn -exclude .git -exclude .hg -resolve-src-symlinks -rename /Users/admin/builder/spi-builder-workspace/.derivedData/Build/Intermediates.noindex/swift-aws-lambda-runtime.build/Debug-watchos/AWSLambdaRuntimeCore-t.build/Objects-normal/arm64_32/AWSLambdaRuntimeCore.swiftmodule /Users/admin/builder/spi-builder-workspace/.derivedData/Build/Products/Debug-watchos/AWSLambdaRuntimeCore.swiftmodule/arm64_32-apple-watchos.swiftmodule
SwiftDriverJobDiscovery normal arm64 Compiling main.swift (in target 'MockServer-product' from project 'swift-aws-lambda-runtime')
Copy /Users/admin/builder/spi-builder-workspace/.derivedData/Build/Products/Debug-watchos/AWSLambdaRuntimeCore.swiftmodule/arm64_32-apple-watchos.swiftdoc /Users/admin/builder/spi-builder-workspace/.derivedData/Build/Intermediates.noindex/swift-aws-lambda-runtime.build/Debug-watchos/AWSLambdaRuntimeCore-t.build/Objects-normal/arm64_32/AWSLambdaRuntimeCore.swiftdoc (in target 'AWSLambdaRuntimeCore' from project 'swift-aws-lambda-runtime')
cd /Users/admin/builder/spi-builder-workspace
builtin-copy -exclude .DS_Store -exclude CVS -exclude .svn -exclude .git -exclude .hg -resolve-src-symlinks -rename /Users/admin/builder/spi-builder-workspace/.derivedData/Build/Intermediates.noindex/swift-aws-lambda-runtime.build/Debug-watchos/AWSLambdaRuntimeCore-t.build/Objects-normal/arm64_32/AWSLambdaRuntimeCore.swiftdoc /Users/admin/builder/spi-builder-workspace/.derivedData/Build/Products/Debug-watchos/AWSLambdaRuntimeCore.swiftmodule/arm64_32-apple-watchos.swiftdoc
Copy /Users/admin/builder/spi-builder-workspace/.derivedData/Build/Products/Debug-watchos/AWSLambdaRuntimeCore.swiftmodule/arm64_32-apple-watchos.abi.json /Users/admin/builder/spi-builder-workspace/.derivedData/Build/Intermediates.noindex/swift-aws-lambda-runtime.build/Debug-watchos/AWSLambdaRuntimeCore-t.build/Objects-normal/arm64_32/AWSLambdaRuntimeCore.abi.json (in target 'AWSLambdaRuntimeCore' from project 'swift-aws-lambda-runtime')
cd /Users/admin/builder/spi-builder-workspace
builtin-copy -exclude .DS_Store -exclude CVS -exclude .svn -exclude .git -exclude .hg -resolve-src-symlinks -rename /Users/admin/builder/spi-builder-workspace/.derivedData/Build/Intermediates.noindex/swift-aws-lambda-runtime.build/Debug-watchos/AWSLambdaRuntimeCore-t.build/Objects-normal/arm64_32/AWSLambdaRuntimeCore.abi.json /Users/admin/builder/spi-builder-workspace/.derivedData/Build/Products/Debug-watchos/AWSLambdaRuntimeCore.swiftmodule/arm64_32-apple-watchos.abi.json
Copy /Users/admin/builder/spi-builder-workspace/.derivedData/Build/Products/Debug-watchos/AWSLambdaRuntimeCore.swiftmodule/Project/arm64_32-apple-watchos.swiftsourceinfo /Users/admin/builder/spi-builder-workspace/.derivedData/Build/Intermediates.noindex/swift-aws-lambda-runtime.build/Debug-watchos/AWSLambdaRuntimeCore-t.build/Objects-normal/arm64_32/AWSLambdaRuntimeCore.swiftsourceinfo (in target 'AWSLambdaRuntimeCore' from project 'swift-aws-lambda-runtime')
cd /Users/admin/builder/spi-builder-workspace
builtin-copy -exclude .DS_Store -exclude CVS -exclude .svn -exclude .git -exclude .hg -resolve-src-symlinks -rename /Users/admin/builder/spi-builder-workspace/.derivedData/Build/Intermediates.noindex/swift-aws-lambda-runtime.build/Debug-watchos/AWSLambdaRuntimeCore-t.build/Objects-normal/arm64_32/AWSLambdaRuntimeCore.swiftsourceinfo /Users/admin/builder/spi-builder-workspace/.derivedData/Build/Products/Debug-watchos/AWSLambdaRuntimeCore.swiftmodule/Project/arm64_32-apple-watchos.swiftsourceinfo
SwiftCompile normal arm64 Compiling\ LambdaRunner.swift /Users/admin/builder/spi-builder-workspace/Sources/AWSLambdaRuntimeCore/LambdaRunner.swift (in target 'AWSLambdaRuntimeCore' from project 'swift-aws-lambda-runtime')
SwiftCompile normal arm64 /Users/admin/builder/spi-builder-workspace/Sources/AWSLambdaRuntimeCore/LambdaRunner.swift (in target 'AWSLambdaRuntimeCore' from project 'swift-aws-lambda-runtime')
cd /Users/admin/builder/spi-builder-workspace/.swiftpm/xcode
builtin-SwiftPerFileCompile LambdaRunner.swift
SwiftCompile normal arm64_32 Compiling\ Lambda+String.swift,\ Lambda.swift /Users/admin/builder/spi-builder-workspace/Sources/AWSLambdaRuntimeCore/Lambda+String.swift /Users/admin/builder/spi-builder-workspace/Sources/AWSLambdaRuntimeCore/Lambda.swift (in target 'AWSLambdaRuntimeCore' from project 'swift-aws-lambda-runtime')
SwiftCompile normal arm64_32 /Users/admin/builder/spi-builder-workspace/Sources/AWSLambdaRuntimeCore/Lambda+String.swift (in target 'AWSLambdaRuntimeCore' from project 'swift-aws-lambda-runtime')
cd /Users/admin/builder/spi-builder-workspace/.swiftpm/xcode
builtin-SwiftPerFileCompile Lambda+String.swift
SwiftCompile normal arm64_32 /Users/admin/builder/spi-builder-workspace/Sources/AWSLambdaRuntimeCore/Lambda.swift (in target 'AWSLambdaRuntimeCore' from project 'swift-aws-lambda-runtime')
cd /Users/admin/builder/spi-builder-workspace/.swiftpm/xcode
builtin-SwiftPerFileCompile Lambda.swift
SwiftDriverJobDiscovery normal arm64_32 Compiling main.swift (in target 'MockServer-product' from project 'swift-aws-lambda-runtime')
SwiftDriver\ Compilation MockServer normal arm64_32 com.apple.xcode.tools.swift.compiler (in target 'MockServer-product' from project 'swift-aws-lambda-runtime')
cd /Users/admin/builder/spi-builder-workspace/.swiftpm/xcode
builtin-Swift-Compilation -- /Applications/Xcode-27.0.0-Release.Candidate.app/Contents/Developer/Toolchains/XcodeDefault.xctoolchain/usr/bin/swiftc -module-name MockServer -Onone @/Users/admin/builder/spi-builder-workspace/.derivedData/Build/Intermediates.noindex/swift-aws-lambda-runtime.build/Debug-watchos/MockServer-p.build/Objects-normal/arm64_32/MockServer.SwiftFileList -DSWIFT_PACKAGE -DDEBUG -Xcc -fmodule-map-file\=/Users/admin/builder/spi-builder-workspace/.derivedData/Build/Intermediates.noindex/GeneratedModuleMaps-watchos/CNIOLLHTTP.modulemap -Xcc -fmodule-map-file\=/Users/admin/builder/spi-builder-workspace/.dependencies/checkouts/swift-atomics/Sources/_AtomicsShims/include/module.modulemap -Xcc -fmodule-map-file\=/Users/admin/builder/spi-builder-workspace/.derivedData/Build/Intermediates.noindex/GeneratedModuleMaps-watchos/CNIOPosix.modulemap -Xcc -fmodule-map-file\=/Users/admin/builder/spi-builder-workspace/.derivedData/Build/Intermediates.noindex/GeneratedModuleMaps-watchos/CNIOWASI.modulemap -Xcc -fmodule-map-file\=/Users/admin/builder/spi-builder-workspace/.dependencies/checkouts/swift-nio/Sources/CNIOWindows/include/module.modulemap -Xcc -fmodule-map-file\=/Users/admin/builder/spi-builder-workspace/.derivedData/Build/Intermediates.noindex/GeneratedModuleMaps-watchos/CNIOLinux.modulemap -Xcc -fmodule-map-file\=/Users/admin/builder/spi-builder-workspace/.derivedData/Build/Intermediates.noindex/GeneratedModuleMaps-watchos/CNIODarwin.modulemap -Xcc -fmodule-map-file\=/Users/admin/builder/spi-builder-workspace/.derivedData/Build/Intermediates.noindex/GeneratedModuleMaps-watchos/CNIOFreeBSD.modulemap -Xcc -fmodule-map-file\=/Users/admin/builder/spi-builder-workspace/.derivedData/Build/Intermediates.noindex/GeneratedModuleMaps-watchos/CNIOOpenBSD.modulemap -Xcc -fmodule-map-file\=/Users/admin/builder/spi-builder-workspace/.derivedData/Build/Intermediates.noindex/GeneratedModuleMaps-watchos/CNIOAtomics.modulemap -DXcode -plugin-path /Applications/Xcode-27.0.0-Release.Candidate.app/Contents/Developer/Toolchains/XcodeDefault.xctoolchain/usr/lib/swift/host/plugins/testing -enable-experimental-feature DebugDescriptionMacro -sdk /Applications/Xcode-27.0.0-Release.Candidate.app/Contents/Developer/Platforms/WatchOS.platform/Developer/SDKs/WatchOS27.0.sdk -target arm64_32-apple-watchos9.0 -g -module-cache-path /Users/admin/builder/spi-builder-workspace/.derivedData/ModuleCache.noindex -Xfrontend -serialize-debugging-options -profile-coverage-mapping -profile-generate -enable-testing -index-store-path /Users/admin/builder/spi-builder-workspace/.derivedData/Index.noindex/DataStore -Xcc -D_LIBCPP_HARDENING_MODE\=_LIBCPP_HARDENING_MODE_DEBUG -swift-version 5 -I /Users/admin/builder/spi-builder-workspace/.derivedData/Build/Products/Debug-watchos -Isystem /Applications/Xcode-27.0.0-Release.Candidate.app/Contents/Developer/Platforms/WatchOS.platform/Developer/usr/lib -F /Users/admin/builder/spi-builder-workspace/.derivedData/Build/Products/Debug-watchos/PackageFrameworks -F /Users/admin/builder/spi-builder-workspace/.derivedData/Build/Products/Debug-watchos -F /Applications/Xcode-27.0.0-Release.Candidate.app/Contents/Developer/Platforms/WatchOS.platform/Developer/Library/Frameworks -F /Applications/Xcode-27.0.0-Release.Candidate.app/Contents/Developer/Platforms/WatchOS.platform/Developer/SDKs/WatchOS27.0.sdk/Developer/Library/Frameworks -c -j10 -enable-batch-mode -incremental -Xcc -ivfsstatcache -Xcc /Users/admin/builder/spi-builder-workspace/.derivedData/SDKStatCaches.noindex/watchos27.0-24R360-e829b21a6f8c9b70876ba0858053c04477534ef55a1706bf4c1112bbb242f0a2.sdkstatcache -output-file-map /Users/admin/builder/spi-builder-workspace/.derivedData/Build/Intermediates.noindex/swift-aws-lambda-runtime.build/Debug-watchos/MockServer-p.build/Objects-normal/arm64_32/MockServer-OutputFileMap.json -save-temps -no-color-diagnostics -explicit-module-build -module-cache-path /Users/admin/builder/spi-builder-workspace/.derivedData/Build/Intermediates.noindex/SwiftExplicitPrecompiledModules -clang-scanner-module-cache-path /Users/admin/builder/spi-builder-workspace/.derivedData/ModuleCache.noindex -sdk-module-cache-path /Users/admin/builder/spi-builder-workspace/.derivedData/SDKExplicitPrecompiledModules -emit-dependencies -emit-module -emit-module-path /Users/admin/builder/spi-builder-workspace/.derivedData/Build/Intermediates.noindex/swift-aws-lambda-runtime.build/Debug-watchos/MockServer-p.build/Objects-normal/arm64_32/MockServer.swiftmodule -serialize-diagnostics -dependency-scan-serialize-diagnostics-path /Users/admin/builder/spi-builder-workspace/.derivedData/Build/Intermediates.noindex/swift-aws-lambda-runtime.build/Debug-watchos/MockServer-p.build/Objects-normal/arm64_32/MockServer-dependency-scan.dia -validate-clang-modules-once -clang-build-session-file /Users/admin/builder/spi-builder-workspace/.derivedData/ModuleCache.noindex/Session.modulevalidation -Xcc -fmodules-prune-interval\=86400 -Xcc -fmodules-prune-after\=345600 -package-name spi_builder_workspace -emit-const-values -const-gather-protocols-list /Users/admin/builder/spi-builder-workspace/.derivedData/Build/Intermediates.noindex/swift-aws-lambda-runtime.build/Debug-watchos/MockServer-p.build/Objects-normal/arm64_32/MockServer_const_extract_protocols.json -Xcc -I/Users/admin/builder/spi-builder-workspace/.dependencies/checkouts/swift-nio/Sources/CNIOLLHTTP/include -Xcc -I/Users/admin/builder/spi-builder-workspace/.dependencies/checkouts/swift-atomics/Sources/_AtomicsShims/include -Xcc -I/Users/admin/builder/spi-builder-workspace/.dependencies/checkouts/swift-nio/Sources/CNIOPosix/include -Xcc -I/Users/admin/builder/spi-builder-workspace/.dependencies/checkouts/swift-nio/Sources/CNIOWASI/include -Xcc -I/Users/admin/builder/spi-builder-workspace/.dependencies/checkouts/swift-nio/Sources/CNIOWindows/include -Xcc -I/Users/admin/builder/spi-builder-workspace/.dependencies/checkouts/swift-nio/Sources/CNIOLinux/include -Xcc -I/Users/admin/builder/spi-builder-workspace/.dependencies/checkouts/swift-nio/Sources/CNIODarwin/include -Xcc -I/Users/admin/builder/spi-builder-workspace/.dependencies/checkouts/swift-nio/Sources/CNIOFreeBSD/include -Xcc -I/Users/admin/builder/spi-builder-workspace/.dependencies/checkouts/swift-nio/Sources/CNIOOpenBSD/include -Xcc -I/Users/admin/builder/spi-builder-workspace/.dependencies/checkouts/swift-nio/Sources/CNIOAtomics/include -Xcc -I/Users/admin/builder/spi-builder-workspace/.derivedData/Build/Products/Debug-watchos/include -Xcc -I/Users/admin/builder/spi-builder-workspace/.derivedData/Build/Intermediates.noindex/swift-aws-lambda-runtime.build/Debug-watchos/MockServer-p.build/DerivedSources-normal/arm64_32 -Xcc -I/Users/admin/builder/spi-builder-workspace/.derivedData/Build/Intermediates.noindex/swift-aws-lambda-runtime.build/Debug-watchos/MockServer-p.build/DerivedSources/arm64_32 -Xcc -I/Users/admin/builder/spi-builder-workspace/.derivedData/Build/Intermediates.noindex/swift-aws-lambda-runtime.build/Debug-watchos/MockServer-p.build/DerivedSources -Xcc -DSWIFT_PACKAGE -Xcc -DDEBUG\=1 -working-directory /Users/admin/builder/spi-builder-workspace/.swiftpm/xcode -experimental-emit-module-separately -disable-cmo
SwiftDriverJobDiscovery normal arm64 Emitting module for AWSLambdaRuntimeCore (in target 'AWSLambdaRuntimeCore' from project 'swift-aws-lambda-runtime')
SwiftDriver\ Compilation\ Requirements AWSLambdaRuntimeCore normal arm64 com.apple.xcode.tools.swift.compiler (in target 'AWSLambdaRuntimeCore' from project 'swift-aws-lambda-runtime')
cd /Users/admin/builder/spi-builder-workspace/.swiftpm/xcode
builtin-Swift-Compilation-Requirements -- /Applications/Xcode-27.0.0-Release.Candidate.app/Contents/Developer/Toolchains/XcodeDefault.xctoolchain/usr/bin/swiftc -parse-as-library -module-name AWSLambdaRuntimeCore -Onone @/Users/admin/builder/spi-builder-workspace/.derivedData/Build/Intermediates.noindex/swift-aws-lambda-runtime.build/Debug-watchos/AWSLambdaRuntimeCore-t.build/Objects-normal/arm64/AWSLambdaRuntimeCore.SwiftFileList -DSWIFT_PACKAGE -DDEBUG -DSWIFT_MODULE_RESOURCE_BUNDLE_UNAVAILABLE -Xcc -fmodule-map-file\=/Users/admin/builder/spi-builder-workspace/.derivedData/Build/Intermediates.noindex/GeneratedModuleMaps-watchos/CNIOLLHTTP.modulemap -Xcc -fmodule-map-file\=/Users/admin/builder/spi-builder-workspace/.dependencies/checkouts/swift-atomics/Sources/_AtomicsShims/include/module.modulemap -Xcc -fmodule-map-file\=/Users/admin/builder/spi-builder-workspace/.derivedData/Build/Intermediates.noindex/GeneratedModuleMaps-watchos/CNIOPosix.modulemap -Xcc -fmodule-map-file\=/Users/admin/builder/spi-builder-workspace/.derivedData/Build/Intermediates.noindex/GeneratedModuleMaps-watchos/CNIOWASI.modulemap -Xcc -fmodule-map-file\=/Users/admin/builder/spi-builder-workspace/.derivedData/Build/Intermediates.noindex/GeneratedModuleMaps-watchos/CNIOFreeBSD.modulemap -Xcc -fmodule-map-file\=/Users/admin/builder/spi-builder-workspace/.derivedData/Build/Intermediates.noindex/GeneratedModuleMaps-watchos/CNIOAtomics.modulemap -Xcc -fmodule-map-file\=/Users/admin/builder/spi-builder-workspace/.dependencies/checkouts/swift-nio/Sources/CNIOWindows/include/module.modulemap -Xcc -fmodule-map-file\=/Users/admin/builder/spi-builder-workspace/.derivedData/Build/Intermediates.noindex/GeneratedModuleMaps-watchos/CNIODarwin.modulemap -Xcc -fmodule-map-file\=/Users/admin/builder/spi-builder-workspace/.derivedData/Build/Intermediates.noindex/GeneratedModuleMaps-watchos/CNIOLinux.modulemap -Xcc -fmodule-map-file\=/Users/admin/builder/spi-builder-workspace/.derivedData/Build/Intermediates.noindex/GeneratedModuleMaps-watchos/CNIOOpenBSD.modulemap -DXcode -plugin-path /Applications/Xcode-27.0.0-Release.Candidate.app/Contents/Developer/Toolchains/XcodeDefault.xctoolchain/usr/lib/swift/host/plugins/testing -enable-experimental-feature DebugDescriptionMacro -sdk /Applications/Xcode-27.0.0-Release.Candidate.app/Contents/Developer/Platforms/WatchOS.platform/Developer/SDKs/WatchOS27.0.sdk -target arm64-apple-watchos9.0 -g -module-cache-path /Users/admin/builder/spi-builder-workspace/.derivedData/ModuleCache.noindex -Xfrontend -serialize-debugging-options -profile-coverage-mapping -profile-generate -enable-testing -index-store-path /Users/admin/builder/spi-builder-workspace/.derivedData/Index.noindex/DataStore -Xcc -D_LIBCPP_HARDENING_MODE\=_LIBCPP_HARDENING_MODE_DEBUG -swift-version 5 -I /Users/admin/builder/spi-builder-workspace/.derivedData/Build/Products/Debug-watchos -Isystem /Applications/Xcode-27.0.0-Release.Candidate.app/Contents/Developer/Platforms/WatchOS.platform/Developer/usr/lib -F /Users/admin/builder/spi-builder-workspace/.derivedData/Build/Products/Debug-watchos/PackageFrameworks -F /Users/admin/builder/spi-builder-workspace/.derivedData/Build/Products/Debug-watchos -F /Applications/Xcode-27.0.0-Release.Candidate.app/Contents/Developer/Platforms/WatchOS.platform/Developer/Library/Frameworks -F /Applications/Xcode-27.0.0-Release.Candidate.app/Contents/Developer/Platforms/WatchOS.platform/Developer/SDKs/WatchOS27.0.sdk/Developer/Library/Frameworks -c -j10 -enable-batch-mode -incremental -Xcc -ivfsstatcache -Xcc /Users/admin/builder/spi-builder-workspace/.derivedData/SDKStatCaches.noindex/watchos27.0-24R360-e829b21a6f8c9b70876ba0858053c04477534ef55a1706bf4c1112bbb242f0a2.sdkstatcache -output-file-map /Users/admin/builder/spi-builder-workspace/.derivedData/Build/Intermediates.noindex/swift-aws-lambda-runtime.build/Debug-watchos/AWSLambdaRuntimeCore-t.build/Objects-normal/arm64/AWSLambdaRuntimeCore-OutputFileMap.json -save-temps -no-color-diagnostics -explicit-module-build -module-cache-path /Users/admin/builder/spi-builder-workspace/.derivedData/Build/Intermediates.noindex/SwiftExplicitPrecompiledModules -clang-scanner-module-cache-path /Users/admin/builder/spi-builder-workspace/.derivedData/ModuleCache.noindex -sdk-module-cache-path /Users/admin/builder/spi-builder-workspace/.derivedData/SDKExplicitPrecompiledModules -emit-dependencies -emit-module -emit-module-path /Users/admin/builder/spi-builder-workspace/.derivedData/Build/Intermediates.noindex/swift-aws-lambda-runtime.build/Debug-watchos/AWSLambdaRuntimeCore-t.build/Objects-normal/arm64/AWSLambdaRuntimeCore.swiftmodule -serialize-diagnostics -dependency-scan-serialize-diagnostics-path /Users/admin/builder/spi-builder-workspace/.derivedData/Build/Intermediates.noindex/swift-aws-lambda-runtime.build/Debug-watchos/AWSLambdaRuntimeCore-t.build/Objects-normal/arm64/AWSLambdaRuntimeCore-dependency-scan.dia -validate-clang-modules-once -clang-build-session-file /Users/admin/builder/spi-builder-workspace/.derivedData/ModuleCache.noindex/Session.modulevalidation -Xcc -fmodules-prune-interval\=86400 -Xcc -fmodules-prune-after\=345600 -package-name spi_builder_workspace -emit-const-values -const-gather-protocols-list /Users/admin/builder/spi-builder-workspace/.derivedData/Build/Intermediates.noindex/swift-aws-lambda-runtime.build/Debug-watchos/AWSLambdaRuntimeCore-t.build/Objects-normal/arm64/AWSLambdaRuntimeCore_const_extract_protocols.json -Xcc -I/Users/admin/builder/spi-builder-workspace/.dependencies/checkouts/swift-nio/Sources/CNIOLLHTTP/include -Xcc -I/Users/admin/builder/spi-builder-workspace/.dependencies/checkouts/swift-atomics/Sources/_AtomicsShims/include -Xcc -I/Users/admin/builder/spi-builder-workspace/.dependencies/checkouts/swift-nio/Sources/CNIOPosix/include -Xcc -I/Users/admin/builder/spi-builder-workspace/.dependencies/checkouts/swift-nio/Sources/CNIOWASI/include -Xcc -I/Users/admin/builder/spi-builder-workspace/.dependencies/checkouts/swift-nio/Sources/CNIOFreeBSD/include -Xcc -I/Users/admin/builder/spi-builder-workspace/.dependencies/checkouts/swift-nio/Sources/CNIOAtomics/include -Xcc -I/Users/admin/builder/spi-builder-workspace/.dependencies/checkouts/swift-nio/Sources/CNIOWindows/include -Xcc -I/Users/admin/builder/spi-builder-workspace/.dependencies/checkouts/swift-nio/Sources/CNIODarwin/include -Xcc -I/Users/admin/builder/spi-builder-workspace/.dependencies/checkouts/swift-nio/Sources/CNIOLinux/include -Xcc -I/Users/admin/builder/spi-builder-workspace/.dependencies/checkouts/swift-nio/Sources/CNIOOpenBSD/include -Xcc -I/Users/admin/builder/spi-builder-workspace/.derivedData/Build/Products/Debug-watchos/include -Xcc -I/Users/admin/builder/spi-builder-workspace/.derivedData/Build/Intermediates.noindex/swift-aws-lambda-runtime.build/Debug-watchos/AWSLambdaRuntimeCore-t.build/DerivedSources-normal/arm64 -Xcc -I/Users/admin/builder/spi-builder-workspace/.derivedData/Build/Intermediates.noindex/swift-aws-lambda-runtime.build/Debug-watchos/AWSLambdaRuntimeCore-t.build/DerivedSources/arm64 -Xcc -I/Users/admin/builder/spi-builder-workspace/.derivedData/Build/Intermediates.noindex/swift-aws-lambda-runtime.build/Debug-watchos/AWSLambdaRuntimeCore-t.build/DerivedSources -Xcc -DSWIFT_PACKAGE -Xcc -DDEBUG\=1 -emit-objc-header -emit-objc-header-path /Users/admin/builder/spi-builder-workspace/.derivedData/Build/Intermediates.noindex/swift-aws-lambda-runtime.build/Debug-watchos/AWSLambdaRuntimeCore-t.build/Objects-normal/arm64/AWSLambdaRuntimeCore-Swift.h -working-directory /Users/admin/builder/spi-builder-workspace/.swiftpm/xcode -experimental-emit-module-separately -disable-cmo
Ld /Users/admin/builder/spi-builder-workspace/.derivedData/Build/Intermediates.noindex/swift-aws-lambda-runtime.build/Debug-watchos/MockServer-p.build/Objects-normal/arm64_32/Binary/MockServer normal arm64_32 (in target 'MockServer-product' from project 'swift-aws-lambda-runtime')
cd /Users/admin/builder/spi-builder-workspace
/Applications/Xcode-27.0.0-Release.Candidate.app/Contents/Developer/Toolchains/XcodeDefault.xctoolchain/usr/bin/swiftc -Xlinker -reproducible -target arm64_32-apple-watchos9.0 -emit-executable -sdk /Applications/Xcode-27.0.0-Release.Candidate.app/Contents/Developer/Platforms/WatchOS.platform/Developer/SDKs/WatchOS27.0.sdk -Xlinker -no_warn_duplicate_libraries -L/Users/admin/builder/spi-builder-workspace/.derivedData/Build/Intermediates.noindex/EagerLinkingTBDs/Debug-watchos -L/Users/admin/builder/spi-builder-workspace/.derivedData/Build/Products/Debug-watchos -L/Applications/Xcode-27.0.0-Release.Candidate.app/Contents/Developer/Platforms/WatchOS.platform/Developer/usr/lib -F/Users/admin/builder/spi-builder-workspace/.derivedData/Build/Intermediates.noindex/EagerLinkingTBDs/Debug-watchos -F/Users/admin/builder/spi-builder-workspace/.derivedData/Build/Products/Debug-watchos/PackageFrameworks -F/Users/admin/builder/spi-builder-workspace/.derivedData/Build/Products/Debug-watchos -Fsystem /Applications/Xcode-27.0.0-Release.Candidate.app/Contents/Developer/Platforms/WatchOS.platform/Developer/Library/Frameworks -Fsystem /Applications/Xcode-27.0.0-Release.Candidate.app/Contents/Developer/Platforms/WatchOS.platform/Developer/SDKs/WatchOS27.0.sdk/Developer/Library/Frameworks @/Users/admin/builder/spi-builder-workspace/.derivedData/Build/Intermediates.noindex/swift-aws-lambda-runtime.build/Debug-watchos/MockServer-p.build/Objects-normal/arm64_32/MockServer.LinkFileList -Xlinker -rpath -Xlinker /usr/lib/swift -Xlinker -rpath -Xlinker @loader_path -Xlinker -rpath -Xlinker /Users/admin/builder/spi-builder-workspace/.derivedData/Build/Products/Debug-watchos/PackageFrameworks -Xlinker -rpath -Xlinker @executable_path/../lib -Xlinker -dead_strip -Xlinker -object_path_lto -Xlinker /Users/admin/builder/spi-builder-workspace/.derivedData/Build/Intermediates.noindex/swift-aws-lambda-runtime.build/Debug-watchos/MockServer-p.build/Objects-normal/arm64_32/MockServer_lto.o -Xclang-linker -rdynamic -Xlinker -no_deduplicate -Xlinker -debug_variant -Xlinker -dependency_info -Xlinker /Users/admin/builder/spi-builder-workspace/.derivedData/Build/Intermediates.noindex/swift-aws-lambda-runtime.build/Debug-watchos/MockServer-p.build/Objects-normal/arm64_32/MockServer_dependency_info.dat -link-objc-runtime -profile-generate -L/Applications/Xcode-27.0.0-Release.Candidate.app/Contents/Developer/Toolchains/XcodeDefault.xctoolchain/usr/lib/swift/watchos -L/usr/lib/swift -Xlinker -add_ast_path -Xlinker /Users/admin/builder/spi-builder-workspace/.derivedData/Build/Intermediates.noindex/swift-aws-lambda-runtime.build/Debug-watchos/MockServer-p.build/Objects-normal/arm64_32/MockServer.swiftmodule -o /Users/admin/builder/spi-builder-workspace/.derivedData/Build/Intermediates.noindex/swift-aws-lambda-runtime.build/Debug-watchos/MockServer-p.build/Objects-normal/arm64_32/Binary/MockServer -no-stdlib-rpath
PruneExplicitPrecompiledModules /Users/admin/builder/spi-builder-workspace/.derivedData/SDKExplicitPrecompiledModules
PruneExplicitPrecompiledModules /Users/admin/builder/spi-builder-workspace/.derivedData/Build/Intermediates.noindex/ExplicitPrecompiledModules
PruneExplicitPrecompiledModules /Users/admin/builder/spi-builder-workspace/.derivedData/Build/Intermediates.noindex/SwiftExplicitPrecompiledModules
2026-09-22 12:24:58.986 xcodebuild[2038:11684] [MT] IDERunDestination: Supported platforms for the buildables in the current scheme is empty.
** BUILD FAILED **
The following build commands failed:
SwiftCompile normal arm64 Compiling\ LambdaConfiguration.swift,\ LambdaContext.swift /Users/admin/builder/spi-builder-workspace/Sources/AWSLambdaRuntimeCore/LambdaConfiguration.swift /Users/admin/builder/spi-builder-workspace/Sources/AWSLambdaRuntimeCore/LambdaContext.swift (in target 'AWSLambdaRuntimeCore' from project 'swift-aws-lambda-runtime')
SwiftCompile normal arm64 /Users/admin/builder/spi-builder-workspace/Sources/AWSLambdaRuntimeCore/LambdaConfiguration.swift (in target 'AWSLambdaRuntimeCore' from project 'swift-aws-lambda-runtime')
Building workspace swift-aws-lambda-runtime with scheme swift-aws-lambda-runtime-Package
(3 failures)
BUILD FAILURE 6.4 watchOS