The Swift Package Index logo.Swift Package Index

Build Information

Failed to build Smartui XCUI Swift, reference main (280957), with Swift 6.1 for macOS (SPM) on 14 Oct 2026 07:47:59 UTC.

Build Command

env DEVELOPER_DIR=/Applications/Xcode-16.3.0.app xcrun swift build --arch arm64

Build Log

========================================
RunAll
========================================
Builder version: 5.1.2
Interrupt handler set up.
========================================
Checkout
========================================
Clone URL: https://github.com/LambdaTest/lambdatest-xcui.git
Reference: main
Initialized empty Git repository in /Users/admin/builder/spi-builder-workspace/.git/
From https://github.com/LambdaTest/lambdatest-xcui
 * branch            main       -> FETCH_HEAD
 * [new branch]      main       -> origin/main
HEAD is now at 2809578 docs: merge End-to-End (E2E) testing into Getting Started; drop blockquote tagline
Cloned https://github.com/LambdaTest/lambdatest-xcui.git
Revision (git rev-parse @):
2809578e85da53ef7ada67c11d77c5851d018293
SUCCESS checkout https://github.com/LambdaTest/lambdatest-xcui.git at main
========================================
Build
========================================
Selected platform:         macosSpm
Swift version:             6.1
Building package at path:  $PWD
https://github.com/LambdaTest/lambdatest-xcui.git
https://github.com/LambdaTest/lambdatest-xcui.git
{
  "dependencies" : [
  ],
  "manifest_display_name" : "Smartui XCUI Swift",
  "name" : "Smartui XCUI Swift",
  "path" : "/Users/admin/builder/spi-builder-workspace",
  "platforms" : [
  ],
  "products" : [
    {
      "name" : "SmartuiXcui",
      "targets" : [
        "SmartuiXcui"
      ],
      "type" : {
        "library" : [
          "automatic"
        ]
      }
    }
  ],
  "targets" : [
    {
      "c99name" : "smartui_xcuiTests",
      "module_type" : "SwiftTarget",
      "name" : "smartui-xcuiTests",
      "path" : "Tests/smartui-xcuiTests",
      "sources" : [
        "smartui-xcuiTests.swift"
      ],
      "target_dependencies" : [
        "SmartuiXcui"
      ],
      "type" : "test"
    },
    {
      "c99name" : "SmartuiXcui",
      "module_type" : "SwiftTarget",
      "name" : "SmartuiXcui",
      "path" : "Sources/SmartuiXcui",
      "product_memberships" : [
        "SmartuiXcui"
      ],
      "sources" : [
        "LTApp.swift",
        "client/HttpClient.swift",
        "constants/Constants.swift",
        "providers/GenericProvider.swift",
        "util/Errors.swift",
        "util/ScreenshotController.swift"
      ],
      "type" : "library"
    }
  ],
  "tools_version" : "5.7"
}
Running build ...
env DEVELOPER_DIR=/Applications/Xcode-16.3.0.app xcrun swift build --arch arm64 -Xswiftc -Xfrontend -Xswiftc -stats-output-dir -Xswiftc -Xfrontend -Xswiftc .stats -Xswiftc -strict-concurrency=complete -Xswiftc -enable-upcoming-feature -Xswiftc StrictConcurrency -Xswiftc -enable-upcoming-feature -Xswiftc DisableOutwardActorInference -Xswiftc -enable-upcoming-feature -Xswiftc GlobalActorIsolatedTypesUsability -Xswiftc -enable-upcoming-feature -Xswiftc InferSendableFromCaptures
Building for debugging...
[0/2] Write sources
[1/2] Write swift-version-2F0A5646E1D333AE.txt
[3/9] Compiling SmartuiXcui Errors.swift
/Users/admin/builder/spi-builder-workspace/Sources/SmartuiXcui/providers/GenericProvider.swift:2:8: error: no such module 'UIKit'
 1 | import Foundation
 2 | import UIKit
   |        `- error: no such module 'UIKit'
 3 |
 4 | public class GenericProvider {
error: emit-module command failed with exit code 1 (use -v to see invocation)
[4/9] Emitting module SmartuiXcui
/Users/admin/builder/spi-builder-workspace/Sources/SmartuiXcui/providers/GenericProvider.swift:2:8: error: no such module 'UIKit'
 1 | import Foundation
 2 | import UIKit
   |        `- error: no such module 'UIKit'
 3 |
 4 | public class GenericProvider {
[5/9] Compiling SmartuiXcui Constants.swift
/Users/admin/builder/spi-builder-workspace/Sources/SmartuiXcui/providers/GenericProvider.swift:2:8: error: no such module 'UIKit'
 1 | import Foundation
 2 | import UIKit
   |        `- error: no such module 'UIKit'
 3 |
 4 | public class GenericProvider {
[6/9] Compiling SmartuiXcui GenericProvider.swift
/Users/admin/builder/spi-builder-workspace/Sources/SmartuiXcui/providers/GenericProvider.swift:2:8: error: no such module 'UIKit'
 1 | import Foundation
 2 | import UIKit
   |        `- error: no such module 'UIKit'
 3 |
 4 | public class GenericProvider {
[7/9] Compiling SmartuiXcui LTApp.swift
/Users/admin/builder/spi-builder-workspace/Sources/SmartuiXcui/providers/GenericProvider.swift:2:8: error: no such module 'UIKit'
 1 | import Foundation
 2 | import UIKit
   |        `- error: no such module 'UIKit'
 3 |
 4 | public class GenericProvider {
[8/9] Compiling SmartuiXcui ScreenshotController.swift
/Users/admin/builder/spi-builder-workspace/Sources/SmartuiXcui/providers/GenericProvider.swift:2:8: error: no such module 'UIKit'
 1 | import Foundation
 2 | import UIKit
   |        `- error: no such module 'UIKit'
 3 |
 4 | public class GenericProvider {
[9/9] Compiling SmartuiXcui HttpClient.swift
/Users/admin/builder/spi-builder-workspace/Sources/SmartuiXcui/providers/GenericProvider.swift:2:8: error: no such module 'UIKit'
 1 | import Foundation
 2 | import UIKit
   |        `- error: no such module 'UIKit'
 3 |
 4 | public class GenericProvider {
Running build ...
env DEVELOPER_DIR=/Applications/Xcode-16.3.0.app xcrun swift build --arch arm64
[0/1] Planning build
Building for debugging...
[0/1] Write swift-version-2F0A5646E1D333AE.txt
[2/8] Compiling SmartuiXcui ScreenshotController.swift
/Users/admin/builder/spi-builder-workspace/Sources/SmartuiXcui/providers/GenericProvider.swift:2:8: error: no such module 'UIKit'
 1 | import Foundation
 2 | import UIKit
   |        `- error: no such module 'UIKit'
 3 |
 4 | public class GenericProvider {
[3/8] Compiling SmartuiXcui GenericProvider.swift
/Users/admin/builder/spi-builder-workspace/Sources/SmartuiXcui/providers/GenericProvider.swift:2:8: error: no such module 'UIKit'
 1 | import Foundation
 2 | import UIKit
   |        `- error: no such module 'UIKit'
 3 |
 4 | public class GenericProvider {
error: emit-module command failed with exit code 1 (use -v to see invocation)
[4/8] Compiling SmartuiXcui HttpClient.swift
/Users/admin/builder/spi-builder-workspace/Sources/SmartuiXcui/providers/GenericProvider.swift:2:8: error: no such module 'UIKit'
 1 | import Foundation
 2 | import UIKit
   |        `- error: no such module 'UIKit'
 3 |
 4 | public class GenericProvider {
[5/8] Emitting module SmartuiXcui
/Users/admin/builder/spi-builder-workspace/Sources/SmartuiXcui/providers/GenericProvider.swift:2:8: error: no such module 'UIKit'
 1 | import Foundation
 2 | import UIKit
   |        `- error: no such module 'UIKit'
 3 |
 4 | public class GenericProvider {
[6/8] Compiling SmartuiXcui Errors.swift
/Users/admin/builder/spi-builder-workspace/Sources/SmartuiXcui/providers/GenericProvider.swift:2:8: error: no such module 'UIKit'
 1 | import Foundation
 2 | import UIKit
   |        `- error: no such module 'UIKit'
 3 |
 4 | public class GenericProvider {
[7/8] Compiling SmartuiXcui Constants.swift
/Users/admin/builder/spi-builder-workspace/Sources/SmartuiXcui/providers/GenericProvider.swift:2:8: error: no such module 'UIKit'
 1 | import Foundation
 2 | import UIKit
   |        `- error: no such module 'UIKit'
 3 |
 4 | public class GenericProvider {
[8/8] Compiling SmartuiXcui LTApp.swift
/Users/admin/builder/spi-builder-workspace/Sources/SmartuiXcui/providers/GenericProvider.swift:2:8: error: no such module 'UIKit'
 1 | import Foundation
 2 | import UIKit
   |        `- error: no such module 'UIKit'
 3 |
 4 | public class GenericProvider {
BUILD FAILURE 6.1 macosSpm