The Swift Package Index logo.Swift Package Index

Build Information

Failed to build BetterSlider, reference 0.1.1 (7fdbae), with Swift 6.4 for macOS (SPM) on 20 Sep 2026 09:17:25 UTC.

Build Command

env DEVELOPER_DIR=/Applications/Xcode-27.0.0-Release.Candidate.app xcrun swift build --arch arm64

Build Log

========================================
RunAll
========================================
Builder version: 5.1.0
Interrupt handler set up.
========================================
Checkout
========================================
Clone URL: https://github.com/lukepistrol/BetterSlider.git
Reference: 0.1.1
Initialized empty Git repository in /Users/admin/builder/spi-builder-workspace/.git/
From https://github.com/lukepistrol/BetterSlider
 * tag               0.1.1      -> FETCH_HEAD
HEAD is now at 7fdbae8 fix lint issues
Cloned https://github.com/lukepistrol/BetterSlider.git
Revision (git rev-parse @):
7fdbae81176ef2190f83ea78d79182769e2ca144
SPI manifest file found: $PWD/.spi.yml
SUCCESS checkout https://github.com/lukepistrol/BetterSlider.git at 0.1.1
========================================
Build
========================================
Selected platform:         macosSpm
Swift version:             6.4
Building package at path:  $PWD
https://github.com/lukepistrol/BetterSlider.git
Running build ...
env DEVELOPER_DIR=/Applications/Xcode-27.0.0-Release.Candidate.app xcrun swift build --arch arm64
Building for debugging...
[Planning deferred tasks]
[19 / 28]
[20 / 29] BetterSlider
[30 / 102]
[33 / 102]
[41 / 102]
[43 / 102]
[44 / 102]
[49 / 102]
[51 / 102]
[53 / 102]
[56 / 102]
[61 / 102]
[64 / 102]
[66 / 102]
[67 / 102]
[77 / 102]
[79 / 102]
[80 / 102]
[83 / 102]
[85 / 102]
error: SwiftCompile normal arm64 failed with a nonzero exit code. Command line:     cd /Users/admin/builder

/Users/admin/builder/spi-builder-workspace/Sources/BetterSlider/Environment/EnvironmentValues.swift:121:21: error: cannot find 'UIColor' in scope
119 |     static let defaultValue: Color = Color(uiColor: .init(dynamicProvider: { traits in
120 |         switch traits.userInterfaceStyle {
121 |         case .dark: UIColor(red: 61.0/255, green: 61.0/255, blue: 65.0/255, alpha: 1)
    |                     `- error: cannot find 'UIColor' in scope
122 |         default: UIColor(red: 228.0/255, green: 228.0/255, blue: 230.0/255, alpha: 1)
123 |         }
/Users/admin/builder/spi-builder-workspace/Sources/BetterSlider/Environment/EnvironmentValues.swift:122:18: error: cannot find 'UIColor' in scope
120 |         switch traits.userInterfaceStyle {
121 |         case .dark: UIColor(red: 61.0/255, green: 61.0/255, blue: 65.0/255, alpha: 1)
122 |         default: UIColor(red: 228.0/255, green: 228.0/255, blue: 230.0/255, alpha: 1)
    |                  `- error: cannot find 'UIColor' in scope
123 |         }
124 |     }))
/Users/admin/builder/spi-builder-workspace/Sources/BetterSlider/Environment/EnvironmentValues.swift:119:43: error: extraneous argument label 'uiColor:' in call
117 |
118 | struct SliderTrackColor: EnvironmentKey {
119 |     static let defaultValue: Color = Color(uiColor: .init(dynamicProvider: { traits in
    |                                           `- error: extraneous argument label 'uiColor:' in call
120 |         switch traits.userInterfaceStyle {
121 |         case .dark: UIColor(red: 61.0/255, green: 61.0/255, blue: 65.0/255, alpha: 1)
/Users/admin/builder/spi-builder-workspace/Sources/BetterSlider/Environment/EnvironmentValues.swift:119:76: error: argument passed to call that takes no arguments
117 |
118 | struct SliderTrackColor: EnvironmentKey {
119 |     static let defaultValue: Color = Color(uiColor: .init(dynamicProvider: { traits in
    |                                                                            `- error: argument passed to call that takes no arguments
120 |         switch traits.userInterfaceStyle {
121 |         case .dark: UIColor(red: 61.0/255, green: 61.0/255, blue: 65.0/255, alpha: 1)
Failed frontend command:
/Applications/Xcode-27.0.0-Release.Candidate.app/Contents/Developer/Toolchains/XcodeDefault.xctoolchain/usr/bin/swift-frontend -frontend -emit-module -experimental-skip-non-inlinable-function-bodies-without-types /Users/admin/builder/spi-builder-workspace/Sources/BetterSlider/BetterSlider.swift /Users/admin/builder/spi-builder-workspace/Sources/BetterSlider/Environment/EnvironmentValues.swift /Users/admin/builder/spi-builder-workspace/Sources/BetterSlider/Internal\ Views/HandleView.swift /Users/admin/builder/spi-builder-workspace/Sources/BetterSlider/Internal\ Views/SensoryFeedbackModifier.swift /Users/admin/builder/spi-builder-workspace/Sources/BetterSlider/Internal\ Views/TrackView.swift /Users/admin/builder/spi-builder-workspace/Sources/BetterSlider/RangeSlider.swift -target arm64-apple-macos12.0 -disable-cross-import-overlay-search -load-resolved-plugin /Applications/Xcode-27.0.0-Release.Candidate.app/Contents/Developer/Platforms/MacOSX.platform/Developer/usr/lib/swift/host/plugins/libFoundationMacros.dylib\#/Applications/Xcode-27.0.0-Release.Candidate.app/Contents/Developer/Platforms/MacOSX.platform/Developer/usr/bin/swift-plugin-server\#FoundationMacros -load-resolved-plugin /Applications/Xcode-27.0.0-Release.Candidate.app/Contents/Developer/Platforms/MacOSX.platform/Developer/usr/lib/swift/host/plugins/libObservationMacros.dylib\#/Applications/Xcode-27.0.0-Release.Candidate.app/Contents/Developer/Platforms/MacOSX.platform/Developer/usr/bin/swift-plugin-server\#ObservationMacros -load-resolved-plugin /Applications/Xcode-27.0.0-Release.Candidate.app/Contents/Developer/Platforms/MacOSX.platform/Developer/usr/lib/swift/host/plugins/libPreviewsMacros.dylib\#/Applications/Xcode-27.0.0-Release.Candidate.app/Contents/Developer/Platforms/MacOSX.platform/Developer/usr/bin/swift-plugin-server\#PreviewsMacros -load-resolved-plugin /Applications/Xcode-27.0.0-Release.Candidate.app/Contents/Developer/Platforms/MacOSX.platform/Developer/usr/lib/swift/host/plugins/libSwiftMacros.dylib\#/Applications/Xcode-27.0.0-Release.Candidate.app/Contents/Developer/Platforms/MacOSX.platform/Developer/usr/bin/swift-plugin-server\#SwiftMacros -load-resolved-plugin /Applications/Xcode-27.0.0-Release.Candidate.app/Contents/Developer/Platforms/MacOSX.platform/Developer/usr/lib/swift/host/plugins/libSwiftUIMacros.dylib\#/Applications/Xcode-27.0.0-Release.Candidate.app/Contents/Developer/Platforms/MacOSX.platform/Developer/usr/bin/swift-plugin-server\#SwiftUIMacros -disable-implicit-swift-modules -Xcc -fno-implicit-modules -Xcc -fno-implicit-module-maps -explicit-swift-module-map-file /Users/admin/builder/spi-builder-workspace/.build/out/Intermediates.noindex/BetterSlider.build/Debug/BetterSlider-t.build/Objects-normal/arm64/BetterSlider-dependencies-1.json -Xllvm -aarch64-use-tbi -enable-objc-interop -stack-check -sdk /Applications/Xcode-27.0.0-Release.Candidate.app/Contents/Developer/Platforms/MacOSX.platform/Developer/SDKs/MacOSX27.0.sdk -I /Users/admin/builder/spi-builder-workspace/.build/out/Products/Debug -Isystem /Applications/Xcode-27.0.0-Release.Candidate.app/Contents/Developer/Platforms/MacOSX.platform/Developer/usr/lib -F /Users/admin/builder/spi-builder-workspace/.build/out/Products/Debug -F /Applications/Xcode-27.0.0-Release.Candidate.app/Contents/Developer/Platforms/MacOSX.platform/Developer/Library/Frameworks -module-cache-path /Users/admin/builder/spi-builder-workspace/.build/out/Intermediates.noindex/SwiftExplicitPrecompiledModules -color-diagnostics -Xcc -fcolor-diagnostics -enable-testing -g -debug-info-format\=dwarf -dwarf-version\=4 -swift-version 5 -Onone -D SWIFT_PACKAGE -D DEBUG -D SWIFT_MODULE_RESOURCE_BUNDLE_UNAVAILABLE -D Xcode -serialize-debugging-options -enable-experimental-feature DebugDescriptionMacro -empty-abi-descriptor -validate-clang-modules-once -clang-build-session-file /Users/admin/builder/spi-builder-workspace/.build/out/ModuleCache.noindex/Session.modulevalidation -Xcc -working-directory -Xcc /Users/admin/builder -enable-anonymous-context-mangled-names -file-compilation-dir /Users/admin/builder -Xcc -D_LIBCPP_HARDENING_MODE\=_LIBCPP_HARDENING_MODE_DEBUG -Xcc -ivfsstatcache -Xcc /Users/admin/builder/spi-builder-workspace/.build/out/SDKStatCaches.noindex/macosx27.0-26A425-80c5bbf1d171475443272936d42f90a36a22442a12e9d48fe1a705f55a1adfc4.sdkstatcache -Xcc -fmodules-prune-interval\=86400 -Xcc -fmodules-prune-after\=345600 -Xcc -I/Users/admin/builder/spi-builder-workspace/.build/out/Products/Debug/include -Xcc -I/Users/admin/builder/spi-builder-workspace/.build/out/Intermediates.noindex/BetterSlider.build/Debug/BetterSlider-t.build/DerivedSources-normal/arm64 -Xcc -I/Users/admin/builder/spi-builder-workspace/.build/out/Intermediates.noindex/BetterSlider.build/Debug/BetterSlider-t.build/DerivedSources/arm64 -Xcc -I/Users/admin/builder/spi-builder-workspace/.build/out/Intermediates.noindex/BetterSlider.build/Debug/BetterSlider-t.build/DerivedSources -Xcc -DSWIFT_PACKAGE -Xcc -DDEBUG\=1 -no-auto-bridging-header-chaining -module-name BetterSlider -package-name spi_builder_workspace -const-gather-protocols-file /Users/admin/builder/spi-builder-workspace/.build/out/Intermediates.noindex/BetterSlider.build/Debug/BetterSlider-t.build/Objects-normal/arm64/BetterSlider_const_extract_protocols.json -disable-clang-spi -clang-target arm64-apple-macos27.0 -target-sdk-version 27.0 -target-sdk-name macosx27.0 -in-process-plugin-server-path /Applications/Xcode-27.0.0-Release.Candidate.app/Contents/Developer/Toolchains/XcodeDefault.xctoolchain/usr/lib/swift/host/libSwiftInProcPluginServer.dylib -emit-module-doc-path /Users/admin/builder/spi-builder-workspace/.build/out/Intermediates.noindex/BetterSlider.build/Debug/BetterSlider-t.build/Objects-normal/arm64/BetterSlider.swiftdoc -emit-module-source-info-path /Users/admin/builder/spi-builder-workspace/.build/out/Intermediates.noindex/BetterSlider.build/Debug/BetterSlider-t.build/Objects-normal/arm64/BetterSlider.swiftsourceinfo -emit-objc-header-path /Users/admin/builder/spi-builder-workspace/.build/out/Intermediates.noindex/BetterSlider.build/Debug/BetterSlider-t.build/Objects-normal/arm64/BetterSlider-Swift.h -serialize-diagnostics-path /Users/admin/builder/spi-builder-workspace/.build/out/Intermediates.noindex/BetterSlider.build/Debug/BetterSlider-t.build/Objects-normal/arm64/BetterSlider-primary-emit-module.dia -emit-dependencies-path /Users/admin/builder/spi-builder-workspace/.build/out/Intermediates.noindex/BetterSlider.build/Debug/BetterSlider-t.build/Objects-normal/arm64/BetterSlider-primary-emit-module.d -parse-as-library -o /Users/admin/builder/spi-builder-workspace/.build/out/Intermediates.noindex/BetterSlider.build/Debug/BetterSlider-t.build/Objects-normal/arm64/BetterSlider.swiftmodule -emit-abi-descriptor-path /Users/admin/builder/spi-builder-workspace/.build/out/Intermediates.noindex/BetterSlider.build/Debug/BetterSlider-t.build/Objects-normal/arm64/BetterSlider.abi.json
error: Build failed
BUILD FAILURE 6.4 macosSpm