The Swift Package Index logo.Swift Package Index

Build Information

Failed to build TabularCenter, reference 0.3.0 (30327f), with Swift 6.3 for Android on 9 Oct 2026 11:18:11 UTC.

Build Command

bash -c docker run --pull=always --rm -v "checkouts-53886768-0":/host -w "$PWD" -e JAVA_HOME="/root/.sdkman/candidates/java/current" -e SPI_BUILD="1" -e SPI_PROCESSING="1" registry.gitlab.com/saguaro1/spi-images:android-6.3-latest swift build --swift-sdk aarch64-unknown-linux-android28 2>&1

Build Log

========================================
RunAll
========================================
Builder version: 5.1.1
Interrupt handler set up.
========================================
Checkout
========================================
Clone URL: https://github.com/tabula-center/tabular-center-swift.git
Reference: 0.3.0
Initialized empty Git repository in /host/spi-builder-workspace/.git/
hint: Using 'master' as the name for the initial branch. This default branch name
hint: is subject to change. To configure the initial branch name to use in all
hint: of your new repositories, which will suppress this warning, call:
hint:
hint: 	git config --global init.defaultBranch <name>
hint:
hint: Names commonly chosen instead of 'master' are 'main', 'trunk' and
hint: 'development'. The just-created branch can be renamed via this command:
hint:
hint: 	git branch -m <name>
From https://github.com/tabula-center/tabular-center-swift
 * tag               0.3.0      -> FETCH_HEAD
HEAD is now at 30327f1 fix swift context
Cloned https://github.com/tabula-center/tabular-center-swift.git
Revision (git rev-parse @):
30327f13fea5506a42c3fc37f9b2d996082806cd
SUCCESS checkout https://github.com/tabula-center/tabular-center-swift.git at 0.3.0
========================================
Build
========================================
Selected platform:         android
Swift version:             6.3
Building package at path:  $PWD
https://github.com/tabula-center/tabular-center-swift.git
Running build ...
bash -c docker run --pull=always --rm -v "checkouts-53886768-0":/host -w "$PWD" -e JAVA_HOME="/root/.sdkman/candidates/java/current" -e SPI_BUILD="1" -e SPI_PROCESSING="1" registry.gitlab.com/saguaro1/spi-images:android-6.3-latest swift build --swift-sdk aarch64-unknown-linux-android28 2>&1
android-6.3-latest: Pulling from saguaro1/spi-images
Digest: sha256:a57e63703100e13e1ecb61b565870501ccb169d7515bc7af7f0994f211e1b1f6
Status: Image is up to date for registry.gitlab.com/saguaro1/spi-images:android-6.3-latest
Building for debugging...
[0/19] Write sources
[6/19] Write swift-version-272D24FF697CF451.txt
[8/31] Compiling TabularCenterCodegen Model.swift
[9/31] Emitting module TabularCenter
[10/31] Compiling TabularCenter Lint.swift
[11/31] Compiling TabularCenter Step.swift
[12/31] Compiling TabularCenter Table.swift
[13/31] Compiling TabularCenter Store.swift
[14/31] Compiling TabularCenterCodegen Emit.swift
[15/31] Compiling TabularCenterCodegen Raw.swift
[16/31] Emitting module TabularCenterCodegen
[17/32] Wrapping AST for TabularCenterCodegen for debugging
[19/34] Compiling TabularCenter Cell.swift
[20/34] Compiling TabularCenter Driver.swift
[21/34] Compiling TabularCenter Export.swift
[22/35] Wrapping AST for TabularCenter for debugging
[24/42] Compiling TabularCenterCheck main.swift
/host/spi-builder-workspace/Sources/TabularCenterCheck/main.swift:394:5: error: cannot find 'exit' in scope
392 | let failures = Assert.report("swift reference")
393 | if failures > 0 {
394 |     exit(1)
    |     `- error: cannot find 'exit' in scope
395 | }
396 |
error: emit-module command failed with exit code 1 (use -v to see invocation)
[25/42] Compiling TabularCenterCheck ReferenceTimer.swift
[26/42] Emitting module TabularCenterCheck
/host/spi-builder-workspace/Sources/TabularCenterCheck/main.swift:394:5: error: cannot find 'exit' in scope
392 | let failures = Assert.report("swift reference")
393 | if failures > 0 {
394 |     exit(1)
    |     `- error: cannot find 'exit' in scope
395 | }
396 |
[27/42] Compiling TabularCenterCheck Assert.swift
[28/42] Compiling TabularCenterCheck StepAlgebra.swift
[29/42] Emitting module TabularCenterTesting
BUILD FAILURE 6.3 android