Build Information
Failed to build Shush, reference 1.2.0 (c8b1b2), with Swift 6.4 for visionOS using Xcode 27.0 on 27 Sep 2026 16:21:22 UTC.
Build Command
env DEVELOPER_DIR=/Applications/Xcode-27.0.0-Release.Candidate.app xcrun xcodebuild -IDEClonedSourcePackagesDirPathOverride=$PWD/.dependencies -skipMacroValidation -skipPackagePluginValidation -derivedDataPath $PWD/.derivedData build -scheme Shush -destination generic/platform=xrOSBuild Log
========================================
RunAll
========================================
Builder version: 5.1.0
Interrupt handler set up.
========================================
Checkout
========================================
Clone URL: https://github.com/dvkch/Shush.git
Reference: 1.2.0
Initialized empty Git repository in /Users/admin/builder/spi-builder-workspace/.git/
From https://github.com/dvkch/Shush
* tag 1.2.0 -> FETCH_HEAD
HEAD is now at c8b1b22 Change license to MPL-2.0
Cloned https://github.com/dvkch/Shush.git
Revision (git rev-parse @):
c8b1b22165803fb3d5df6851d465192a2dab465f
SUCCESS checkout https://github.com/dvkch/Shush.git at 1.2.0
========================================
Build
========================================
Selected platform: visionOS
Swift version: 6.4
Building package at path: $PWD
https://github.com/dvkch/Shush.git
Command line invocation:
/Applications/Xcode-27.0.0-Release.Candidate.app/Contents/Developer/usr/bin/xcodebuild -IDEClonedSourcePackagesDirPathOverride=/Users/admin/builder/spi-builder-workspace/.dependencies -resolvePackageDependencies
Resolve Package Graph
Resolve Package Graph
Resolved source packages:
Shush: /Users/admin/builder/spi-builder-workspace
resolved source packages: Shush
2026-09-27 12:20:37.148 xcodebuild[524:2984] [MT] IDERunDestination: Supported platforms for the buildables in the current scheme is empty.
{
"dependencies" : [
],
"manifest_display_name" : "Shush",
"name" : "Shush",
"path" : "/Users/admin/builder/spi-builder-workspace",
"platforms" : [
{
"name" : "ios",
"version" : "13.0"
},
{
"name" : "tvos",
"version" : "13.0"
}
],
"products" : [
{
"name" : "Shush",
"targets" : [
"Shush"
],
"type" : {
"library" : [
"automatic"
]
}
}
],
"swift_languages_versions" : [
"5"
],
"targets" : [
{
"c99name" : "ShushTests",
"module_type" : "SwiftTarget",
"name" : "ShushTests",
"path" : "Tests/ShushTests",
"sources" : [
"ShushTests.swift"
],
"target_dependencies" : [
"Shush"
],
"type" : "test"
},
{
"c99name" : "Shush",
"module_type" : "SwiftTarget",
"name" : "Shush",
"path" : "Sources/Shush",
"product_memberships" : [
"Shush"
],
"sources" : [
"Extensions/Array+Shush.swift",
"Extensions/CollectionDifference+Shush.swift",
"Extensions/NSMetadataItem+Shush.swift",
"Extensions/NSMetadataQuery+Shush.swift",
"Extensions/String+Shush.swift",
"Extensions/URL+Shush.swift",
"Helpers/Change.swift",
"Helpers/CoordinatedFileManager.swift",
"Helpers/StandardizedURL.swift",
"Helpers/UbiquitousContainerMonitor.swift",
"Protocols/Loggable.swift",
"Protocols/Persistable.swift",
"ShushDiagnostics.swift",
"ShushFile.swift",
"ShushFiles.swift",
"ShushValue.swift",
"ShushValues.swift"
],
"type" : "library"
}
],
"tools_version" : "5.9"
}
{
"workspace" : {
"name" : "Shush",
"schemes" : [
"Shush"
]
}
}
2026-09-27 12:21:10.243 xcodebuild[622:3770] [MT] IDERunDestination: Supported platforms for the buildables in the current scheme is empty.
Running build ...
env DEVELOPER_DIR=/Applications/Xcode-27.0.0-Release.Candidate.app xcrun xcodebuild -IDEClonedSourcePackagesDirPathOverride=$PWD/.dependencies -skipMacroValidation -skipPackagePluginValidation -derivedDataPath $PWD/.derivedData build -scheme Shush -destination generic/platform=xrOS
Command line invocation:
/Applications/Xcode-27.0.0-Release.Candidate.app/Contents/Developer/usr/bin/xcodebuild -IDEClonedSourcePackagesDirPathOverride=/Users/admin/builder/spi-builder-workspace/.dependencies -skipMacroValidation -skipPackagePluginValidation -derivedDataPath /Users/admin/builder/spi-builder-workspace/.derivedData build -scheme Shush -destination generic/platform=xrOS
Resolve Package Graph
Resolved source packages:
Shush: /Users/admin/builder/spi-builder-workspace
ComputePackagePrebuildTargetDependencyGraph
Prepare packages
CreateBuildRequest
SendProjectDescription
CreateBuildOperation
ComputeTargetDependencyGraph
note: Building targets in dependency order
note: Target dependency graph (2 targets)
Target 'Shush-product' in project 'Shush'
➜ Explicit dependency on target 'Shush' in project 'Shush'
Target 'Shush' in project 'Shush' (no dependencies)
GatherProvisioningInputs
CreateBuildDescription
ExecuteExternalTool /Applications/Xcode-27.0.0-Release.Candidate.app/Contents/Developer/Toolchains/XcodeDefault.xctoolchain/usr/bin/clang -v -E -dM -isysroot /Applications/Xcode-27.0.0-Release.Candidate.app/Contents/Developer/Platforms/XROS.platform/Developer/SDKs/XROS27.0.sdk -x c -c /dev/null
ExecuteExternalTool /Applications/Xcode-27.0.0-Release.Candidate.app/Contents/Developer/Toolchains/XcodeDefault.xctoolchain/usr/bin/swiftc --version
ExecuteExternalTool /Applications/Xcode-27.0.0-Release.Candidate.app/Contents/Developer/Toolchains/XcodeDefault.xctoolchain/usr/bin/ld -version_details
Build description signature: 546a22c2825b5f6b7636a43f1c85be9e
Build description path: /Users/admin/builder/spi-builder-workspace/.derivedData/Build/Intermediates.noindex/XCBuildData/546a22c2825b5f6b7636a43f1c85be9e.xcbuilddata
CreateBuildDirectory /Users/admin/builder/spi-builder-workspace/.derivedData/SDKExplicitPrecompiledModules
cd /Users/admin/builder/spi-builder-workspace/.swiftpm/xcode
builtin-create-build-directory /Users/admin/builder/spi-builder-workspace/.derivedData/SDKExplicitPrecompiledModules
CreateBuildDirectory /Users/admin/builder/spi-builder-workspace/.derivedData/ModuleCache.noindex
cd /Users/admin/builder/spi-builder-workspace/.swiftpm/xcode
builtin-create-build-directory /Users/admin/builder/spi-builder-workspace/.derivedData/ModuleCache.noindex
CreateBuildDirectory /Users/admin/builder/spi-builder-workspace/.derivedData/CompilationCache.noindex
cd /Users/admin/builder/spi-builder-workspace/.swiftpm/xcode
builtin-create-build-directory /Users/admin/builder/spi-builder-workspace/.derivedData/CompilationCache.noindex
ClangStatCache /Applications/Xcode-27.0.0-Release.Candidate.app/Contents/Developer/Toolchains/XcodeDefault.xctoolchain/usr/bin/clang-stat-cache /Applications/Xcode-27.0.0-Release.Candidate.app/Contents/Developer/Platforms/XROS.platform/Developer/SDKs/XROS27.0.sdk /Users/admin/builder/spi-builder-workspace/.derivedData/SDKStatCaches.noindex/xros27.0-24M361-e829b21a6f8c9b70876ba0858053c044735bd543db762f57723cac368afd1ce4.sdkstatcache
cd /Users/admin/builder/spi-builder-workspace/.swiftpm/xcode
/Applications/Xcode-27.0.0-Release.Candidate.app/Contents/Developer/Toolchains/XcodeDefault.xctoolchain/usr/bin/clang-stat-cache /Applications/Xcode-27.0.0-Release.Candidate.app/Contents/Developer/Platforms/XROS.platform/Developer/SDKs/XROS27.0.sdk -o /Users/admin/builder/spi-builder-workspace/.derivedData/SDKStatCaches.noindex/xros27.0-24M361-e829b21a6f8c9b70876ba0858053c044735bd543db762f57723cac368afd1ce4.sdkstatcache
CreateBuildDirectory /Users/admin/builder/spi-builder-workspace/.derivedData/Build/Products
cd /Users/admin/builder/spi-builder-workspace/.swiftpm/xcode
builtin-create-build-directory /Users/admin/builder/spi-builder-workspace/.derivedData/Build/Products
CreateBuildDirectory /Users/admin/builder/spi-builder-workspace/.derivedData/Build/Intermediates.noindex
cd /Users/admin/builder/spi-builder-workspace/.swiftpm/xcode
builtin-create-build-directory /Users/admin/builder/spi-builder-workspace/.derivedData/Build/Intermediates.noindex
CreateBuildDirectory /Users/admin/builder/spi-builder-workspace/.derivedData/Build/Intermediates.noindex/SwiftExplicitPrecompiledModules
cd /Users/admin/builder/spi-builder-workspace/.swiftpm/xcode
builtin-create-build-directory /Users/admin/builder/spi-builder-workspace/.derivedData/Build/Intermediates.noindex/SwiftExplicitPrecompiledModules
CreateBuildDirectory /Users/admin/builder/spi-builder-workspace/.derivedData/Build/Intermediates.noindex/ExplicitPrecompiledModules
cd /Users/admin/builder/spi-builder-workspace/.swiftpm/xcode
builtin-create-build-directory /Users/admin/builder/spi-builder-workspace/.derivedData/Build/Intermediates.noindex/ExplicitPrecompiledModules
CreateBuildDirectory /Users/admin/builder/spi-builder-workspace/.derivedData/Build/Intermediates.noindex/PrecompiledHeaders
cd /Users/admin/builder/spi-builder-workspace/.swiftpm/xcode
builtin-create-build-directory /Users/admin/builder/spi-builder-workspace/.derivedData/Build/Intermediates.noindex/PrecompiledHeaders
CreateBuildDirectory /Users/admin/builder/spi-builder-workspace/.derivedData/Build/Intermediates.noindex/EagerLinkingTBDs/Debug-xros
cd /Users/admin/builder/spi-builder-workspace/.swiftpm/xcode
builtin-create-build-directory /Users/admin/builder/spi-builder-workspace/.derivedData/Build/Intermediates.noindex/EagerLinkingTBDs/Debug-xros
CreateBuildDirectory /Users/admin/builder/spi-builder-workspace/.derivedData/Build/Products/Debug-xros
cd /Users/admin/builder/spi-builder-workspace/.swiftpm/xcode
builtin-create-build-directory /Users/admin/builder/spi-builder-workspace/.derivedData/Build/Products/Debug-xros
CreateBuildDirectory /Users/admin/builder/spi-builder-workspace/.derivedData/Build/Products/Debug-xros/PackageFrameworks
cd /Users/admin/builder/spi-builder-workspace/.swiftpm/xcode
builtin-create-build-directory /Users/admin/builder/spi-builder-workspace/.derivedData/Build/Products/Debug-xros/PackageFrameworks
WriteAuxiliaryFile /Users/admin/builder/spi-builder-workspace/.derivedData/Build/Intermediates.noindex/Shush.build/Debug-xros/Shush-t.build/Shush.DependencyStaticMetadataFileList (in target 'Shush' from project 'Shush')
cd /Users/admin/builder/spi-builder-workspace
write-file /Users/admin/builder/spi-builder-workspace/.derivedData/Build/Intermediates.noindex/Shush.build/Debug-xros/Shush-t.build/Shush.DependencyStaticMetadataFileList
WriteAuxiliaryFile /Users/admin/builder/spi-builder-workspace/.derivedData/Build/Intermediates.noindex/Shush.build/Debug-xros/Shush-t.build/Shush.modulemap (in target 'Shush' from project 'Shush')
cd /Users/admin/builder/spi-builder-workspace
write-file /Users/admin/builder/spi-builder-workspace/.derivedData/Build/Intermediates.noindex/Shush.build/Debug-xros/Shush-t.build/Shush.modulemap
WriteAuxiliaryFile /Users/admin/builder/spi-builder-workspace/.derivedData/Build/Intermediates.noindex/Shush.build/Debug-xros/Shush-t.build/Shush.DependencyMetadataFileList (in target 'Shush' from project 'Shush')
cd /Users/admin/builder/spi-builder-workspace
write-file /Users/admin/builder/spi-builder-workspace/.derivedData/Build/Intermediates.noindex/Shush.build/Debug-xros/Shush-t.build/Shush.DependencyMetadataFileList
WriteAuxiliaryFile /Users/admin/builder/spi-builder-workspace/.derivedData/Build/Intermediates.noindex/Shush.build/Debug-xros/Shush-t.build/Objects-normal/arm64/Shush.SwiftFileList (in target 'Shush' from project 'Shush')
cd /Users/admin/builder/spi-builder-workspace
write-file /Users/admin/builder/spi-builder-workspace/.derivedData/Build/Intermediates.noindex/Shush.build/Debug-xros/Shush-t.build/Objects-normal/arm64/Shush.SwiftFileList
WriteAuxiliaryFile /Users/admin/builder/spi-builder-workspace/.derivedData/Build/Intermediates.noindex/Shush.build/Debug-xros/Shush-t.build/Objects-normal/arm64/Shush.SwiftConstValuesFileList (in target 'Shush' from project 'Shush')
cd /Users/admin/builder/spi-builder-workspace
write-file /Users/admin/builder/spi-builder-workspace/.derivedData/Build/Intermediates.noindex/Shush.build/Debug-xros/Shush-t.build/Objects-normal/arm64/Shush.SwiftConstValuesFileList
WriteAuxiliaryFile /Users/admin/builder/spi-builder-workspace/.derivedData/Build/Intermediates.noindex/Shush.build/Debug-xros/Shush-t.build/Objects-normal/arm64/Shush.LinkFileList (in target 'Shush' from project 'Shush')
cd /Users/admin/builder/spi-builder-workspace
write-file /Users/admin/builder/spi-builder-workspace/.derivedData/Build/Intermediates.noindex/Shush.build/Debug-xros/Shush-t.build/Objects-normal/arm64/Shush.LinkFileList
WriteAuxiliaryFile /Users/admin/builder/spi-builder-workspace/.derivedData/Build/Intermediates.noindex/Shush.build/Debug-xros/Shush-t.build/Objects-normal/arm64/Shush-OutputFileMap.json (in target 'Shush' from project 'Shush')
cd /Users/admin/builder/spi-builder-workspace
write-file /Users/admin/builder/spi-builder-workspace/.derivedData/Build/Intermediates.noindex/Shush.build/Debug-xros/Shush-t.build/Objects-normal/arm64/Shush-OutputFileMap.json
WriteAuxiliaryFile /Users/admin/builder/spi-builder-workspace/.derivedData/Build/Intermediates.noindex/Shush.build/Debug-xros/Shush-t.build/Objects-normal/arm64/Shush_const_extract_protocols.json (in target 'Shush' from project 'Shush')
cd /Users/admin/builder/spi-builder-workspace
write-file /Users/admin/builder/spi-builder-workspace/.derivedData/Build/Intermediates.noindex/Shush.build/Debug-xros/Shush-t.build/Objects-normal/arm64/Shush_const_extract_protocols.json
Copy /Users/admin/builder/spi-builder-workspace/.derivedData/Build/Intermediates.noindex/GeneratedModuleMaps-xros/Shush.modulemap /Users/admin/builder/spi-builder-workspace/.derivedData/Build/Intermediates.noindex/Shush.build/Debug-xros/Shush-t.build/Shush.modulemap (in target 'Shush' from project 'Shush')
cd /Users/admin/builder/spi-builder-workspace
builtin-copy -exclude .DS_Store -exclude CVS -exclude .svn -exclude .git -exclude .hg -resolve-src-symlinks /Users/admin/builder/spi-builder-workspace/.derivedData/Build/Intermediates.noindex/Shush.build/Debug-xros/Shush-t.build/Shush.modulemap /Users/admin/builder/spi-builder-workspace/.derivedData/Build/Intermediates.noindex/GeneratedModuleMaps-xros
SwiftDriver Shush normal arm64 com.apple.xcode.tools.swift.compiler (in target 'Shush' from project 'Shush')
cd /Users/admin/builder/spi-builder-workspace/.swiftpm/xcode
builtin-SwiftDriver -- /Applications/Xcode-27.0.0-Release.Candidate.app/Contents/Developer/Toolchains/XcodeDefault.xctoolchain/usr/bin/swiftc -parse-as-library -module-name Shush -Onone @/Users/admin/builder/spi-builder-workspace/.derivedData/Build/Intermediates.noindex/Shush.build/Debug-xros/Shush-t.build/Objects-normal/arm64/Shush.SwiftFileList -DSWIFT_PACKAGE -DDEBUG -DSWIFT_MODULE_RESOURCE_BUNDLE_UNAVAILABLE -DXcode -plugin-path /Applications/Xcode-27.0.0-Release.Candidate.app/Contents/Developer/Toolchains/XcodeDefault.xctoolchain/usr/lib/swift/host/plugins/testing -enable-experimental-feature DebugDescriptionMacro -sdk /Applications/Xcode-27.0.0-Release.Candidate.app/Contents/Developer/Platforms/XROS.platform/Developer/SDKs/XROS27.0.sdk -target arm64-apple-xros1.0 -g -module-cache-path /Users/admin/builder/spi-builder-workspace/.derivedData/ModuleCache.noindex -Xfrontend -serialize-debugging-options -profile-coverage-mapping -profile-generate -enable-testing -index-store-path /Users/admin/builder/spi-builder-workspace/.derivedData/Index.noindex/DataStore -Xcc -D_LIBCPP_HARDENING_MODE\=_LIBCPP_HARDENING_MODE_DEBUG -swift-version 5 -I /Users/admin/builder/spi-builder-workspace/.derivedData/Build/Products/Debug-xros -Isystem /Applications/Xcode-27.0.0-Release.Candidate.app/Contents/Developer/Platforms/XROS.platform/Developer/usr/lib -F /Users/admin/builder/spi-builder-workspace/.derivedData/Build/Products/Debug-xros -F /Applications/Xcode-27.0.0-Release.Candidate.app/Contents/Developer/Platforms/XROS.platform/Developer/Library/Frameworks -F /Applications/Xcode-27.0.0-Release.Candidate.app/Contents/Developer/Platforms/XROS.platform/Developer/SDKs/XROS27.0.sdk/Developer/Library/Frameworks -c -j10 -enable-batch-mode -incremental -Xcc -ivfsstatcache -Xcc /Users/admin/builder/spi-builder-workspace/.derivedData/SDKStatCaches.noindex/xros27.0-24M361-e829b21a6f8c9b70876ba0858053c044735bd543db762f57723cac368afd1ce4.sdkstatcache -output-file-map /Users/admin/builder/spi-builder-workspace/.derivedData/Build/Intermediates.noindex/Shush.build/Debug-xros/Shush-t.build/Objects-normal/arm64/Shush-OutputFileMap.json -save-temps -no-color-diagnostics -explicit-module-build -module-cache-path /Users/admin/builder/spi-builder-workspace/.derivedData/Build/Intermediates.noindex/SwiftExplicitPrecompiledModules -clang-scanner-module-cache-path /Users/admin/builder/spi-builder-workspace/.derivedData/ModuleCache.noindex -sdk-module-cache-path /Users/admin/builder/spi-builder-workspace/.derivedData/SDKExplicitPrecompiledModules -emit-dependencies -emit-module -emit-module-path /Users/admin/builder/spi-builder-workspace/.derivedData/Build/Intermediates.noindex/Shush.build/Debug-xros/Shush-t.build/Objects-normal/arm64/Shush.swiftmodule -serialize-diagnostics -dependency-scan-serialize-diagnostics-path /Users/admin/builder/spi-builder-workspace/.derivedData/Build/Intermediates.noindex/Shush.build/Debug-xros/Shush-t.build/Objects-normal/arm64/Shush-dependency-scan.dia -validate-clang-modules-once -clang-build-session-file /Users/admin/builder/spi-builder-workspace/.derivedData/ModuleCache.noindex/Session.modulevalidation -Xcc -fmodules-prune-interval\=86400 -Xcc -fmodules-prune-after\=345600 -package-name spi_builder_workspace -emit-const-values -const-gather-protocols-list /Users/admin/builder/spi-builder-workspace/.derivedData/Build/Intermediates.noindex/Shush.build/Debug-xros/Shush-t.build/Objects-normal/arm64/Shush_const_extract_protocols.json -Xcc -I/Users/admin/builder/spi-builder-workspace/.derivedData/Build/Products/Debug-xros/include -Xcc -I/Users/admin/builder/spi-builder-workspace/.derivedData/Build/Intermediates.noindex/Shush.build/Debug-xros/Shush-t.build/DerivedSources-normal/arm64 -Xcc -I/Users/admin/builder/spi-builder-workspace/.derivedData/Build/Intermediates.noindex/Shush.build/Debug-xros/Shush-t.build/DerivedSources/arm64 -Xcc -I/Users/admin/builder/spi-builder-workspace/.derivedData/Build/Intermediates.noindex/Shush.build/Debug-xros/Shush-t.build/DerivedSources -Xcc -DSWIFT_PACKAGE -Xcc -DDEBUG\=1 -emit-objc-header -emit-objc-header-path /Users/admin/builder/spi-builder-workspace/.derivedData/Build/Intermediates.noindex/Shush.build/Debug-xros/Shush-t.build/Objects-normal/arm64/Shush-Swift.h -working-directory /Users/admin/builder/spi-builder-workspace/.swiftpm/xcode -experimental-emit-module-separately -disable-cmo
SwiftExplicitDependencyGeneratePcm arm64 /Users/admin/builder/spi-builder-workspace/.derivedData/SDKExplicitPrecompiledModules/ptrcheck-BXA97MNLI4BB0HF5I8MJE403D.pcm
SwiftExplicitDependencyGeneratePcm arm64 /Users/admin/builder/spi-builder-workspace/.derivedData/SDKExplicitPrecompiledModules/_Builtin_float-6WKHNW5S40U2QGHXXGETUDIRA.pcm
SwiftExplicitDependencyGeneratePcm arm64 /Users/admin/builder/spi-builder-workspace/.derivedData/SDKExplicitPrecompiledModules/_Builtin_stdarg-CDA349K2K4US766844K8E0PVA.pcm
SwiftExplicitDependencyGeneratePcm arm64 /Users/admin/builder/spi-builder-workspace/.derivedData/SDKExplicitPrecompiledModules/_Builtin_stdbool-5BU2ADS7JXQMYENKQHW9X8XOU.pcm
SwiftExplicitDependencyGeneratePcm arm64 /Users/admin/builder/spi-builder-workspace/.derivedData/SDKExplicitPrecompiledModules/_SwiftConcurrencyShims-C8XHKSHX96D5YYALNM4W70Z0O.pcm
SwiftExplicitDependencyGeneratePcm arm64 /Users/admin/builder/spi-builder-workspace/.derivedData/SDKExplicitPrecompiledModules/SwiftShims-CI4H5RO9IYFFWQ2COB512Q2S9.pcm
SwiftExplicitDependencyGeneratePcm arm64 /Users/admin/builder/spi-builder-workspace/.derivedData/SDKExplicitPrecompiledModules/ptrauth-1WBA714DZSVUL5JQDJ08CLKZ.pcm
SwiftExplicitDependencyGeneratePcm arm64 /Users/admin/builder/spi-builder-workspace/.derivedData/SDKExplicitPrecompiledModules/_AvailabilityInternal-1Q8IQP6M38UWSGZ95UCEY2M44.pcm
SwiftExplicitDependencyGeneratePcm arm64 /Users/admin/builder/spi-builder-workspace/.derivedData/SDKExplicitPrecompiledModules/_Builtin_stddef-5NQ9Z1GV07GBSRQGAQCGXGVRI.pcm
SwiftExplicitDependencyGeneratePcm arm64 /Users/admin/builder/spi-builder-workspace/.derivedData/SDKExplicitPrecompiledModules/_DarwinFoundation1-5RGRVV2TZ6WC4WZW5IXF8NQ04.pcm
SwiftExplicitDependencyGeneratePcm arm64 /Users/admin/builder/spi-builder-workspace/.derivedData/SDKExplicitPrecompiledModules/_Builtin_limits-425JDMN5HPM3D0UEI8LEHP6NM.pcm
SwiftExplicitDependencyGeneratePcm arm64 /Users/admin/builder/spi-builder-workspace/.derivedData/SDKExplicitPrecompiledModules/_DarwinFoundation2-ENTECK156YEWITZRRBTOCE4KR.pcm
SwiftExplicitDependencyGeneratePcm arm64 /Users/admin/builder/spi-builder-workspace/.derivedData/SDKExplicitPrecompiledModules/sys_types-AYM0BHR77VKMWZCO2T0XGV2HF.pcm
SwiftExplicitDependencyGeneratePcm arm64 /Users/admin/builder/spi-builder-workspace/.derivedData/SDKExplicitPrecompiledModules/_Builtin_stdint-8OR6T47OOYJA90ZBO3N1USDE.pcm
SwiftExplicitDependencyGeneratePcm arm64 /Users/admin/builder/spi-builder-workspace/.derivedData/SDKExplicitPrecompiledModules/string_h-2GT67HHHHK5CF1V1S31LH0PU2.pcm
SwiftExplicitDependencyGeneratePcm arm64 /Users/admin/builder/spi-builder-workspace/.derivedData/SDKExplicitPrecompiledModules/_DarwinFoundation3-9ZHN6JKBS40BBA81RQMV8H0IC.pcm
SwiftExplicitDependencyGeneratePcm arm64 /Users/admin/builder/spi-builder-workspace/.derivedData/SDKExplicitPrecompiledModules/_Builtin_stdatomic-1VUZPM79PNCAHXVBERD53WRSF.pcm
SwiftExplicitDependencyGeneratePcm arm64 /Users/admin/builder/spi-builder-workspace/.derivedData/SDKExplicitPrecompiledModules/_Builtin_inttypes-11B64KJD36B3YOHBR1BBXBJY8.pcm
SwiftExplicitDependencyGeneratePcm arm64 /Users/admin/builder/spi-builder-workspace/.derivedData/SDKExplicitPrecompiledModules/Darwin-60P5LVNQO3ESRRM5DCJ05PFNK.pcm
SwiftExplicitDependencyGeneratePcm arm64 /Users/admin/builder/spi-builder-workspace/.derivedData/SDKExplicitPrecompiledModules/MachO-3XTHY7HWV6RF3KXKYQVHUBUXK.pcm
SwiftExplicitDependencyGeneratePcm arm64 /Users/admin/builder/spi-builder-workspace/.derivedData/SDKExplicitPrecompiledModules/ObjectiveC-26TIBFYCEJZVP216ZZAU1X8KN.pcm
SwiftExplicitDependencyGeneratePcm arm64 /Users/admin/builder/spi-builder-workspace/.derivedData/SDKExplicitPrecompiledModules/os_object-692CJ8BG6RE5H04487EJJOVXW.pcm
SwiftExplicitDependencyGeneratePcm arm64 /Users/admin/builder/spi-builder-workspace/.derivedData/SDKExplicitPrecompiledModules/os_workgroup-4U1VXMWIZD80E7PRUQF2G7P9X.pcm
SwiftExplicitDependencyGeneratePcm arm64 /Users/admin/builder/spi-builder-workspace/.derivedData/SDKExplicitPrecompiledModules/Dispatch-CLT3466HKC22GCKAWSCNG0H7T.pcm
SwiftExplicitDependencyGeneratePcm arm64 /Users/admin/builder/spi-builder-workspace/.derivedData/SDKExplicitPrecompiledModules/XPC-EP5EU7FNGP4VOA3EDM18P1KHO.pcm
SwiftExplicitDependencyGeneratePcm arm64 /Users/admin/builder/spi-builder-workspace/.derivedData/SDKExplicitPrecompiledModules/CoreFoundation-AVLTZVCXBU2TO75JCN4AGU8XJ.pcm
SwiftExplicitDependencyGeneratePcm arm64 /Users/admin/builder/spi-builder-workspace/.derivedData/SDKExplicitPrecompiledModules/os-1004XEJ3IXOOAU0KL58SM3D0K.pcm
SwiftExplicitDependencyGeneratePcm arm64 /Users/admin/builder/spi-builder-workspace/.derivedData/SDKExplicitPrecompiledModules/Security-8TH2M8WJIQMET4SADWX0N8372.pcm
SwiftExplicitDependencyGeneratePcm arm64 /Users/admin/builder/spi-builder-workspace/.derivedData/SDKExplicitPrecompiledModules/CFNetwork-5MI70N1VLDQSWTX4COWLMSIRO.pcm
SwiftExplicitDependencyGeneratePcm arm64 /Users/admin/builder/spi-builder-workspace/.derivedData/SDKExplicitPrecompiledModules/Foundation-8GON1KVEKRN3NOQI8RETBRWJP.pcm
SwiftExplicitDependencyGeneratePcm arm64 /Users/admin/builder/spi-builder-workspace/.derivedData/SDKExplicitPrecompiledModules/LocalAuthentication-9MSPUJ85OBXBTOD7NJCT1GZ0O.pcm
SwiftEmitModule normal arm64 Emitting\ module\ for\ Shush (in target 'Shush' from project 'Shush')
SwiftCompile normal arm64 (in target 'Shush' from project 'Shush')
cd /Users/admin/builder/spi-builder-workspace/.swiftpm/xcode
SwiftCompile normal arm64 Compiling\ ShushFiles.swift /Users/admin/builder/spi-builder-workspace/Sources/Shush/ShushFiles.swift (in target 'Shush' from project 'Shush')
SwiftCompile normal arm64 /Users/admin/builder/spi-builder-workspace/Sources/Shush/ShushFiles.swift (in target 'Shush' from project 'Shush')
cd /Users/admin/builder/spi-builder-workspace/.swiftpm/xcode
builtin-SwiftPerFileCompile ShushFiles.swift
SwiftCompile normal arm64 Compiling\ ShushValues.swift /Users/admin/builder/spi-builder-workspace/Sources/Shush/ShushValues.swift (in target 'Shush' from project 'Shush')
SwiftCompile normal arm64 /Users/admin/builder/spi-builder-workspace/Sources/Shush/ShushValues.swift (in target 'Shush' from project 'Shush')
cd /Users/admin/builder/spi-builder-workspace/.swiftpm/xcode
builtin-SwiftPerFileCompile ShushValues.swift
SwiftCompile normal arm64 Compiling\ Loggable.swift,\ Persistable.swift /Users/admin/builder/spi-builder-workspace/Sources/Shush/Protocols/Loggable.swift /Users/admin/builder/spi-builder-workspace/Sources/Shush/Protocols/Persistable.swift (in target 'Shush' from project 'Shush')
/Users/admin/builder/spi-builder-workspace/Sources/Shush/Protocols/Loggable.swift:51:33: error: cannot find 'tag' in scope
49 | os_log(level.osLogType, log: osLog, "%@", message)
50 | #else
51 | print("\(level.name): \(tag) - \(message)")
| `- error: cannot find 'tag' in scope
52 | #endif
53 | }
Failed frontend command:
/Applications/Xcode-27.0.0-Release.Candidate.app/Contents/Developer/Toolchains/XcodeDefault.xctoolchain/usr/bin/swift-frontend -frontend -c /Users/admin/builder/spi-builder-workspace/Sources/Shush/Extensions/Array+Shush.swift /Users/admin/builder/spi-builder-workspace/Sources/Shush/Extensions/CollectionDifference+Shush.swift /Users/admin/builder/spi-builder-workspace/Sources/Shush/Extensions/NSMetadataItem+Shush.swift /Users/admin/builder/spi-builder-workspace/Sources/Shush/Extensions/NSMetadataQuery+Shush.swift /Users/admin/builder/spi-builder-workspace/Sources/Shush/Extensions/String+Shush.swift /Users/admin/builder/spi-builder-workspace/Sources/Shush/Extensions/URL+Shush.swift /Users/admin/builder/spi-builder-workspace/Sources/Shush/Helpers/Change.swift /Users/admin/builder/spi-builder-workspace/Sources/Shush/Helpers/CoordinatedFileManager.swift /Users/admin/builder/spi-builder-workspace/Sources/Shush/Helpers/StandardizedURL.swift /Users/admin/builder/spi-builder-workspace/Sources/Shush/Helpers/UbiquitousContainerMonitor.swift -primary-file /Users/admin/builder/spi-builder-workspace/Sources/Shush/Protocols/Loggable.swift -primary-file /Users/admin/builder/spi-builder-workspace/Sources/Shush/Protocols/Persistable.swift /Users/admin/builder/spi-builder-workspace/Sources/Shush/ShushDiagnostics.swift /Users/admin/builder/spi-builder-workspace/Sources/Shush/ShushFile.swift /Users/admin/builder/spi-builder-workspace/Sources/Shush/ShushFiles.swift /Users/admin/builder/spi-builder-workspace/Sources/Shush/ShushValue.swift /Users/admin/builder/spi-builder-workspace/Sources/Shush/ShushValues.swift -emit-dependencies-path /Users/admin/builder/spi-builder-workspace/.derivedData/Build/Intermediates.noindex/Shush.build/Debug-xros/Shush-t.build/Objects-normal/arm64/Loggable.d -emit-const-values-path /Users/admin/builder/spi-builder-workspace/.derivedData/Build/Intermediates.noindex/Shush.build/Debug-xros/Shush-t.build/Objects-normal/arm64/Loggable.swiftconstvalues -emit-reference-dependencies-path /Users/admin/builder/spi-builder-workspace/.derivedData/Build/Intermediates.noindex/Shush.build/Debug-xros/Shush-t.build/Objects-normal/arm64/Loggable.swiftdeps -serialize-diagnostics-path /Users/admin/builder/spi-builder-workspace/.derivedData/Build/Intermediates.noindex/Shush.build/Debug-xros/Shush-t.build/Objects-normal/arm64/Loggable.dia -emit-dependencies-path /Users/admin/builder/spi-builder-workspace/.derivedData/Build/Intermediates.noindex/Shush.build/Debug-xros/Shush-t.build/Objects-normal/arm64/Persistable.d -emit-const-values-path /Users/admin/builder/spi-builder-workspace/.derivedData/Build/Intermediates.noindex/Shush.build/Debug-xros/Shush-t.build/Objects-normal/arm64/Persistable.swiftconstvalues -emit-reference-dependencies-path /Users/admin/builder/spi-builder-workspace/.derivedData/Build/Intermediates.noindex/Shush.build/Debug-xros/Shush-t.build/Objects-normal/arm64/Persistable.swiftdeps -serialize-diagnostics-path /Users/admin/builder/spi-builder-workspace/.derivedData/Build/Intermediates.noindex/Shush.build/Debug-xros/Shush-t.build/Objects-normal/arm64/Persistable.dia -target arm64-apple-xros1.0 -disable-cross-import-overlay-search -load-resolved-plugin /Applications/Xcode-27.0.0-Release.Candidate.app/Contents/Developer/Platforms/XROS.platform/Developer/usr/lib/swift/host/plugins/libFoundationMacros.dylib\#/Applications/Xcode-27.0.0-Release.Candidate.app/Contents/Developer/Platforms/XROS.platform/Developer/usr/bin/swift-plugin-server\#FoundationMacros -load-resolved-plugin /Applications/Xcode-27.0.0-Release.Candidate.app/Contents/Developer/Platforms/XROS.platform/Developer/usr/lib/swift/host/plugins/libObservationMacros.dylib\#/Applications/Xcode-27.0.0-Release.Candidate.app/Contents/Developer/Platforms/XROS.platform/Developer/usr/bin/swift-plugin-server\#ObservationMacros -load-resolved-plugin /Applications/Xcode-27.0.0-Release.Candidate.app/Contents/Developer/Platforms/XROS.platform/Developer/usr/lib/swift/host/plugins/libSwiftMacros.dylib\#/Applications/Xcode-27.0.0-Release.Candidate.app/Contents/Developer/Platforms/XROS.platform/Developer/usr/bin/swift-plugin-server\#SwiftMacros -disable-implicit-swift-modules -Xcc -fno-implicit-modules -Xcc -fno-implicit-module-maps -explicit-swift-module-map-file /Users/admin/builder/spi-builder-workspace/.derivedData/Build/Intermediates.noindex/Shush.build/Debug-xros/Shush-t.build/Objects-normal/arm64/Shush-dependencies-1.json -Xllvm -aarch64-use-tbi -enable-objc-interop -stack-check -sdk /Applications/Xcode-27.0.0-Release.Candidate.app/Contents/Developer/Platforms/XROS.platform/Developer/SDKs/XROS27.0.sdk -I /Users/admin/builder/spi-builder-workspace/.derivedData/Build/Products/Debug-xros -Isystem /Applications/Xcode-27.0.0-Release.Candidate.app/Contents/Developer/Platforms/XROS.platform/Developer/usr/lib -F /Users/admin/builder/spi-builder-workspace/.derivedData/Build/Products/Debug-xros -F /Applications/Xcode-27.0.0-Release.Candidate.app/Contents/Developer/Platforms/XROS.platform/Developer/Library/Frameworks -F /Applications/Xcode-27.0.0-Release.Candidate.app/Contents/Developer/Platforms/XROS.platform/Developer/SDKs/XROS27.0.sdk/Developer/Library/Frameworks -module-cache-path /Users/admin/builder/spi-builder-workspace/.derivedData/Build/Intermediates.noindex/SwiftExplicitPrecompiledModules -no-color-diagnostics -Xcc -fno-color-diagnostics -enable-testing -g -debug-info-format\=dwarf -dwarf-version\=4 -profile-generate -profile-coverage-mapping -swift-version 5 -Onone -D SWIFT_PACKAGE -D DEBUG -D SWIFT_MODULE_RESOURCE_BUNDLE_UNAVAILABLE -D Xcode -serialize-debugging-options -enable-experimental-feature DebugDescriptionMacro -empty-abi-descriptor -validate-clang-modules-once -clang-build-session-file /Users/admin/builder/spi-builder-workspace/.derivedData/ModuleCache.noindex/Session.modulevalidation -Xcc -working-directory -Xcc /Users/admin/builder/spi-builder-workspace/.swiftpm/xcode -enable-anonymous-context-mangled-names -file-compilation-dir /Users/admin/builder/spi-builder-workspace/.swiftpm/xcode -Xcc -D_LIBCPP_HARDENING_MODE\=_LIBCPP_HARDENING_MODE_DEBUG -Xcc -ivfsstatcache -Xcc /Users/admin/builder/spi-builder-workspace/.derivedData/SDKStatCaches.noindex/xros27.0-24M361-e829b21a6f8c9b70876ba0858053c044735bd543db762f57723cac368afd1ce4.sdkstatcache -Xcc -fmodules-prune-interval\=86400 -Xcc -fmodules-prune-after\=345600 -Xcc -I/Users/admin/builder/spi-builder-workspace/.derivedData/Build/Products/Debug-xros/include -Xcc -I/Users/admin/builder/spi-builder-workspace/.derivedData/Build/Intermediates.noindex/Shush.build/Debug-xros/Shush-t.build/DerivedSources-normal/arm64 -Xcc -I/Users/admin/builder/spi-builder-workspace/.derivedData/Build/Intermediates.noindex/Shush.build/Debug-xros/Shush-t.build/DerivedSources/arm64 -Xcc -I/Users/admin/builder/spi-builder-workspace/.derivedData/Build/Intermediates.noindex/Shush.build/Debug-xros/Shush-t.build/DerivedSources -Xcc -DSWIFT_PACKAGE -Xcc -DDEBUG\=1 -no-auto-bridging-header-chaining -module-name Shush -package-name spi_builder_workspace -const-gather-protocols-file /Users/admin/builder/spi-builder-workspace/.derivedData/Build/Intermediates.noindex/Shush.build/Debug-xros/Shush-t.build/Objects-normal/arm64/Shush_const_extract_protocols.json -disable-clang-spi -clang-target arm64-apple-xros27.0 -target-sdk-version 27.0 -target-sdk-name xros27.0 -in-process-plugin-server-path /Applications/Xcode-27.0.0-Release.Candidate.app/Contents/Developer/Toolchains/XcodeDefault.xctoolchain/usr/lib/swift/host/libSwiftInProcPluginServer.dylib -parse-as-library -o /Users/admin/builder/spi-builder-workspace/.derivedData/Build/Intermediates.noindex/Shush.build/Debug-xros/Shush-t.build/Objects-normal/arm64/Loggable.o -o /Users/admin/builder/spi-builder-workspace/.derivedData/Build/Intermediates.noindex/Shush.build/Debug-xros/Shush-t.build/Objects-normal/arm64/Persistable.o -debug-module-path /Users/admin/builder/spi-builder-workspace/.derivedData/Build/Intermediates.noindex/Shush.build/Debug-xros/Shush-t.build/Objects-normal/arm64/Shush.swiftmodule -index-unit-output-path /Shush.build/Debug-xros/Shush-t.build/Objects-normal/arm64/Loggable.o -index-unit-output-path /Shush.build/Debug-xros/Shush-t.build/Objects-normal/arm64/Persistable.o -index-store-path /Users/admin/builder/spi-builder-workspace/.derivedData/Index.noindex/DataStore -index-system-modules
SwiftCompile normal arm64 /Users/admin/builder/spi-builder-workspace/Sources/Shush/Protocols/Loggable.swift (in target 'Shush' from project 'Shush')
cd /Users/admin/builder/spi-builder-workspace/.swiftpm/xcode
builtin-SwiftPerFileCompile Loggable.swift
SwiftCompile normal arm64 /Users/admin/builder/spi-builder-workspace/Sources/Shush/Protocols/Persistable.swift (in target 'Shush' from project 'Shush')
cd /Users/admin/builder/spi-builder-workspace/.swiftpm/xcode
builtin-SwiftPerFileCompile Persistable.swift
SwiftCompile normal arm64 Compiling\ Change.swift,\ CoordinatedFileManager.swift /Users/admin/builder/spi-builder-workspace/Sources/Shush/Helpers/Change.swift /Users/admin/builder/spi-builder-workspace/Sources/Shush/Helpers/CoordinatedFileManager.swift (in target 'Shush' from project 'Shush')
SwiftCompile normal arm64 /Users/admin/builder/spi-builder-workspace/Sources/Shush/Helpers/Change.swift (in target 'Shush' from project 'Shush')
cd /Users/admin/builder/spi-builder-workspace/.swiftpm/xcode
builtin-SwiftPerFileCompile Change.swift
SwiftCompile normal arm64 /Users/admin/builder/spi-builder-workspace/Sources/Shush/Helpers/CoordinatedFileManager.swift (in target 'Shush' from project 'Shush')
cd /Users/admin/builder/spi-builder-workspace/.swiftpm/xcode
builtin-SwiftPerFileCompile CoordinatedFileManager.swift
SwiftCompile normal arm64 Compiling\ ShushDiagnostics.swift,\ ShushFile.swift /Users/admin/builder/spi-builder-workspace/Sources/Shush/ShushDiagnostics.swift /Users/admin/builder/spi-builder-workspace/Sources/Shush/ShushFile.swift (in target 'Shush' from project 'Shush')
SwiftCompile normal arm64 /Users/admin/builder/spi-builder-workspace/Sources/Shush/ShushDiagnostics.swift (in target 'Shush' from project 'Shush')
cd /Users/admin/builder/spi-builder-workspace/.swiftpm/xcode
builtin-SwiftPerFileCompile ShushDiagnostics.swift
SwiftCompile normal arm64 /Users/admin/builder/spi-builder-workspace/Sources/Shush/ShushFile.swift (in target 'Shush' from project 'Shush')
cd /Users/admin/builder/spi-builder-workspace/.swiftpm/xcode
builtin-SwiftPerFileCompile ShushFile.swift
SwiftCompile normal arm64 Compiling\ String+Shush.swift,\ URL+Shush.swift /Users/admin/builder/spi-builder-workspace/Sources/Shush/Extensions/String+Shush.swift /Users/admin/builder/spi-builder-workspace/Sources/Shush/Extensions/URL+Shush.swift (in target 'Shush' from project 'Shush')
SwiftCompile normal arm64 /Users/admin/builder/spi-builder-workspace/Sources/Shush/Extensions/String+Shush.swift (in target 'Shush' from project 'Shush')
cd /Users/admin/builder/spi-builder-workspace/.swiftpm/xcode
builtin-SwiftPerFileCompile String+Shush.swift
SwiftCompile normal arm64 /Users/admin/builder/spi-builder-workspace/Sources/Shush/Extensions/URL+Shush.swift (in target 'Shush' from project 'Shush')
cd /Users/admin/builder/spi-builder-workspace/.swiftpm/xcode
builtin-SwiftPerFileCompile URL+Shush.swift
SwiftCompile normal arm64 Compiling\ NSMetadataItem+Shush.swift,\ NSMetadataQuery+Shush.swift /Users/admin/builder/spi-builder-workspace/Sources/Shush/Extensions/NSMetadataItem+Shush.swift /Users/admin/builder/spi-builder-workspace/Sources/Shush/Extensions/NSMetadataQuery+Shush.swift (in target 'Shush' from project 'Shush')
SwiftCompile normal arm64 /Users/admin/builder/spi-builder-workspace/Sources/Shush/Extensions/NSMetadataItem+Shush.swift (in target 'Shush' from project 'Shush')
cd /Users/admin/builder/spi-builder-workspace/.swiftpm/xcode
builtin-SwiftPerFileCompile NSMetadataItem+Shush.swift
SwiftCompile normal arm64 /Users/admin/builder/spi-builder-workspace/Sources/Shush/Extensions/NSMetadataQuery+Shush.swift (in target 'Shush' from project 'Shush')
cd /Users/admin/builder/spi-builder-workspace/.swiftpm/xcode
builtin-SwiftPerFileCompile NSMetadataQuery+Shush.swift
SwiftCompile normal arm64 Compiling\ StandardizedURL.swift,\ UbiquitousContainerMonitor.swift /Users/admin/builder/spi-builder-workspace/Sources/Shush/Helpers/StandardizedURL.swift /Users/admin/builder/spi-builder-workspace/Sources/Shush/Helpers/UbiquitousContainerMonitor.swift (in target 'Shush' from project 'Shush')
SwiftCompile normal arm64 /Users/admin/builder/spi-builder-workspace/Sources/Shush/Helpers/StandardizedURL.swift (in target 'Shush' from project 'Shush')
cd /Users/admin/builder/spi-builder-workspace/.swiftpm/xcode
builtin-SwiftPerFileCompile StandardizedURL.swift
SwiftCompile normal arm64 /Users/admin/builder/spi-builder-workspace/Sources/Shush/Helpers/UbiquitousContainerMonitor.swift (in target 'Shush' from project 'Shush')
cd /Users/admin/builder/spi-builder-workspace/.swiftpm/xcode
builtin-SwiftPerFileCompile UbiquitousContainerMonitor.swift
SwiftCompile normal arm64 Compiling\ Array+Shush.swift,\ CollectionDifference+Shush.swift /Users/admin/builder/spi-builder-workspace/Sources/Shush/Extensions/Array+Shush.swift /Users/admin/builder/spi-builder-workspace/Sources/Shush/Extensions/CollectionDifference+Shush.swift (in target 'Shush' from project 'Shush')
SwiftCompile normal arm64 /Users/admin/builder/spi-builder-workspace/Sources/Shush/Extensions/Array+Shush.swift (in target 'Shush' from project 'Shush')
cd /Users/admin/builder/spi-builder-workspace/.swiftpm/xcode
builtin-SwiftPerFileCompile Array+Shush.swift
SwiftCompile normal arm64 /Users/admin/builder/spi-builder-workspace/Sources/Shush/Extensions/CollectionDifference+Shush.swift (in target 'Shush' from project 'Shush')
cd /Users/admin/builder/spi-builder-workspace/.swiftpm/xcode
builtin-SwiftPerFileCompile CollectionDifference+Shush.swift
SwiftCompile normal arm64 Compiling\ ShushValue.swift /Users/admin/builder/spi-builder-workspace/Sources/Shush/ShushValue.swift (in target 'Shush' from project 'Shush')
SwiftCompile normal arm64 /Users/admin/builder/spi-builder-workspace/Sources/Shush/ShushValue.swift (in target 'Shush' from project 'Shush')
cd /Users/admin/builder/spi-builder-workspace/.swiftpm/xcode
builtin-SwiftPerFileCompile ShushValue.swift
SwiftDriverJobDiscovery normal arm64 Emitting module for Shush (in target 'Shush' from project 'Shush')
SwiftDriver\ Compilation\ Requirements Shush normal arm64 com.apple.xcode.tools.swift.compiler (in target 'Shush' from project 'Shush')
cd /Users/admin/builder/spi-builder-workspace/.swiftpm/xcode
builtin-Swift-Compilation-Requirements -- /Applications/Xcode-27.0.0-Release.Candidate.app/Contents/Developer/Toolchains/XcodeDefault.xctoolchain/usr/bin/swiftc -parse-as-library -module-name Shush -Onone @/Users/admin/builder/spi-builder-workspace/.derivedData/Build/Intermediates.noindex/Shush.build/Debug-xros/Shush-t.build/Objects-normal/arm64/Shush.SwiftFileList -DSWIFT_PACKAGE -DDEBUG -DSWIFT_MODULE_RESOURCE_BUNDLE_UNAVAILABLE -DXcode -plugin-path /Applications/Xcode-27.0.0-Release.Candidate.app/Contents/Developer/Toolchains/XcodeDefault.xctoolchain/usr/lib/swift/host/plugins/testing -enable-experimental-feature DebugDescriptionMacro -sdk /Applications/Xcode-27.0.0-Release.Candidate.app/Contents/Developer/Platforms/XROS.platform/Developer/SDKs/XROS27.0.sdk -target arm64-apple-xros1.0 -g -module-cache-path /Users/admin/builder/spi-builder-workspace/.derivedData/ModuleCache.noindex -Xfrontend -serialize-debugging-options -profile-coverage-mapping -profile-generate -enable-testing -index-store-path /Users/admin/builder/spi-builder-workspace/.derivedData/Index.noindex/DataStore -Xcc -D_LIBCPP_HARDENING_MODE\=_LIBCPP_HARDENING_MODE_DEBUG -swift-version 5 -I /Users/admin/builder/spi-builder-workspace/.derivedData/Build/Products/Debug-xros -Isystem /Applications/Xcode-27.0.0-Release.Candidate.app/Contents/Developer/Platforms/XROS.platform/Developer/usr/lib -F /Users/admin/builder/spi-builder-workspace/.derivedData/Build/Products/Debug-xros -F /Applications/Xcode-27.0.0-Release.Candidate.app/Contents/Developer/Platforms/XROS.platform/Developer/Library/Frameworks -F /Applications/Xcode-27.0.0-Release.Candidate.app/Contents/Developer/Platforms/XROS.platform/Developer/SDKs/XROS27.0.sdk/Developer/Library/Frameworks -c -j10 -enable-batch-mode -incremental -Xcc -ivfsstatcache -Xcc /Users/admin/builder/spi-builder-workspace/.derivedData/SDKStatCaches.noindex/xros27.0-24M361-e829b21a6f8c9b70876ba0858053c044735bd543db762f57723cac368afd1ce4.sdkstatcache -output-file-map /Users/admin/builder/spi-builder-workspace/.derivedData/Build/Intermediates.noindex/Shush.build/Debug-xros/Shush-t.build/Objects-normal/arm64/Shush-OutputFileMap.json -save-temps -no-color-diagnostics -explicit-module-build -module-cache-path /Users/admin/builder/spi-builder-workspace/.derivedData/Build/Intermediates.noindex/SwiftExplicitPrecompiledModules -clang-scanner-module-cache-path /Users/admin/builder/spi-builder-workspace/.derivedData/ModuleCache.noindex -sdk-module-cache-path /Users/admin/builder/spi-builder-workspace/.derivedData/SDKExplicitPrecompiledModules -emit-dependencies -emit-module -emit-module-path /Users/admin/builder/spi-builder-workspace/.derivedData/Build/Intermediates.noindex/Shush.build/Debug-xros/Shush-t.build/Objects-normal/arm64/Shush.swiftmodule -serialize-diagnostics -dependency-scan-serialize-diagnostics-path /Users/admin/builder/spi-builder-workspace/.derivedData/Build/Intermediates.noindex/Shush.build/Debug-xros/Shush-t.build/Objects-normal/arm64/Shush-dependency-scan.dia -validate-clang-modules-once -clang-build-session-file /Users/admin/builder/spi-builder-workspace/.derivedData/ModuleCache.noindex/Session.modulevalidation -Xcc -fmodules-prune-interval\=86400 -Xcc -fmodules-prune-after\=345600 -package-name spi_builder_workspace -emit-const-values -const-gather-protocols-list /Users/admin/builder/spi-builder-workspace/.derivedData/Build/Intermediates.noindex/Shush.build/Debug-xros/Shush-t.build/Objects-normal/arm64/Shush_const_extract_protocols.json -Xcc -I/Users/admin/builder/spi-builder-workspace/.derivedData/Build/Products/Debug-xros/include -Xcc -I/Users/admin/builder/spi-builder-workspace/.derivedData/Build/Intermediates.noindex/Shush.build/Debug-xros/Shush-t.build/DerivedSources-normal/arm64 -Xcc -I/Users/admin/builder/spi-builder-workspace/.derivedData/Build/Intermediates.noindex/Shush.build/Debug-xros/Shush-t.build/DerivedSources/arm64 -Xcc -I/Users/admin/builder/spi-builder-workspace/.derivedData/Build/Intermediates.noindex/Shush.build/Debug-xros/Shush-t.build/DerivedSources -Xcc -DSWIFT_PACKAGE -Xcc -DDEBUG\=1 -emit-objc-header -emit-objc-header-path /Users/admin/builder/spi-builder-workspace/.derivedData/Build/Intermediates.noindex/Shush.build/Debug-xros/Shush-t.build/Objects-normal/arm64/Shush-Swift.h -working-directory /Users/admin/builder/spi-builder-workspace/.swiftpm/xcode -experimental-emit-module-separately -disable-cmo
SwiftDriverJobDiscovery normal arm64 Compiling NSMetadataItem+Shush.swift, NSMetadataQuery+Shush.swift (in target 'Shush' from project 'Shush')
SwiftDriverJobDiscovery normal arm64 Compiling Array+Shush.swift, CollectionDifference+Shush.swift (in target 'Shush' from project 'Shush')
SwiftMergeGeneratedHeaders /Users/admin/builder/spi-builder-workspace/.derivedData/Build/Intermediates.noindex/GeneratedModuleMaps-xros/Shush-Swift.h /Users/admin/builder/spi-builder-workspace/.derivedData/Build/Intermediates.noindex/Shush.build/Debug-xros/Shush-t.build/Objects-normal/arm64/Shush-Swift.h (in target 'Shush' from project 'Shush')
cd /Users/admin/builder/spi-builder-workspace
builtin-swiftHeaderTool -arch arm64 /Users/admin/builder/spi-builder-workspace/.derivedData/Build/Intermediates.noindex/Shush.build/Debug-xros/Shush-t.build/Objects-normal/arm64/Shush-Swift.h -o /Users/admin/builder/spi-builder-workspace/.derivedData/Build/Intermediates.noindex/GeneratedModuleMaps-xros/Shush-Swift.h
Copy /Users/admin/builder/spi-builder-workspace/.derivedData/Build/Products/Debug-xros/Shush.swiftmodule/arm64-apple-xros.swiftmodule /Users/admin/builder/spi-builder-workspace/.derivedData/Build/Intermediates.noindex/Shush.build/Debug-xros/Shush-t.build/Objects-normal/arm64/Shush.swiftmodule (in target 'Shush' from project 'Shush')
cd /Users/admin/builder/spi-builder-workspace
builtin-copy -exclude .DS_Store -exclude CVS -exclude .svn -exclude .git -exclude .hg -resolve-src-symlinks -rename /Users/admin/builder/spi-builder-workspace/.derivedData/Build/Intermediates.noindex/Shush.build/Debug-xros/Shush-t.build/Objects-normal/arm64/Shush.swiftmodule /Users/admin/builder/spi-builder-workspace/.derivedData/Build/Products/Debug-xros/Shush.swiftmodule/arm64-apple-xros.swiftmodule
Copy /Users/admin/builder/spi-builder-workspace/.derivedData/Build/Products/Debug-xros/Shush.swiftmodule/arm64-apple-xros.swiftdoc /Users/admin/builder/spi-builder-workspace/.derivedData/Build/Intermediates.noindex/Shush.build/Debug-xros/Shush-t.build/Objects-normal/arm64/Shush.swiftdoc (in target 'Shush' from project 'Shush')
cd /Users/admin/builder/spi-builder-workspace
builtin-copy -exclude .DS_Store -exclude CVS -exclude .svn -exclude .git -exclude .hg -resolve-src-symlinks -rename /Users/admin/builder/spi-builder-workspace/.derivedData/Build/Intermediates.noindex/Shush.build/Debug-xros/Shush-t.build/Objects-normal/arm64/Shush.swiftdoc /Users/admin/builder/spi-builder-workspace/.derivedData/Build/Products/Debug-xros/Shush.swiftmodule/arm64-apple-xros.swiftdoc
SwiftDriverJobDiscovery normal arm64 Compiling ShushDiagnostics.swift, ShushFile.swift (in target 'Shush' from project 'Shush')
Copy /Users/admin/builder/spi-builder-workspace/.derivedData/Build/Products/Debug-xros/Shush.swiftmodule/arm64-apple-xros.abi.json /Users/admin/builder/spi-builder-workspace/.derivedData/Build/Intermediates.noindex/Shush.build/Debug-xros/Shush-t.build/Objects-normal/arm64/Shush.abi.json (in target 'Shush' from project 'Shush')
cd /Users/admin/builder/spi-builder-workspace
builtin-copy -exclude .DS_Store -exclude CVS -exclude .svn -exclude .git -exclude .hg -resolve-src-symlinks -rename /Users/admin/builder/spi-builder-workspace/.derivedData/Build/Intermediates.noindex/Shush.build/Debug-xros/Shush-t.build/Objects-normal/arm64/Shush.abi.json /Users/admin/builder/spi-builder-workspace/.derivedData/Build/Products/Debug-xros/Shush.swiftmodule/arm64-apple-xros.abi.json
Copy /Users/admin/builder/spi-builder-workspace/.derivedData/Build/Products/Debug-xros/Shush.swiftmodule/Project/arm64-apple-xros.swiftsourceinfo /Users/admin/builder/spi-builder-workspace/.derivedData/Build/Intermediates.noindex/Shush.build/Debug-xros/Shush-t.build/Objects-normal/arm64/Shush.swiftsourceinfo (in target 'Shush' from project 'Shush')
cd /Users/admin/builder/spi-builder-workspace
builtin-copy -exclude .DS_Store -exclude CVS -exclude .svn -exclude .git -exclude .hg -resolve-src-symlinks -rename /Users/admin/builder/spi-builder-workspace/.derivedData/Build/Intermediates.noindex/Shush.build/Debug-xros/Shush-t.build/Objects-normal/arm64/Shush.swiftsourceinfo /Users/admin/builder/spi-builder-workspace/.derivedData/Build/Products/Debug-xros/Shush.swiftmodule/Project/arm64-apple-xros.swiftsourceinfo
SwiftDriverJobDiscovery normal arm64 Compiling Change.swift, CoordinatedFileManager.swift (in target 'Shush' from project 'Shush')
SwiftDriverJobDiscovery normal arm64 Compiling StandardizedURL.swift, UbiquitousContainerMonitor.swift (in target 'Shush' from project 'Shush')
PruneExplicitPrecompiledModules /Users/admin/builder/spi-builder-workspace/.derivedData/SDKExplicitPrecompiledModules
PruneExplicitPrecompiledModules /Users/admin/builder/spi-builder-workspace/.derivedData/Build/Intermediates.noindex/SwiftExplicitPrecompiledModules
PruneExplicitPrecompiledModules /Users/admin/builder/spi-builder-workspace/.derivedData/Build/Intermediates.noindex/ExplicitPrecompiledModules
2026-09-27 12:21:11.761 xcodebuild[623:3814] [MT] IDERunDestination: Supported platforms for the buildables in the current scheme is empty.
** BUILD FAILED **
The following build commands failed:
SwiftCompile normal arm64 Compiling\ Loggable.swift,\ Persistable.swift /Users/admin/builder/spi-builder-workspace/Sources/Shush/Protocols/Loggable.swift /Users/admin/builder/spi-builder-workspace/Sources/Shush/Protocols/Persistable.swift (in target 'Shush' from project 'Shush')
SwiftCompile normal arm64 /Users/admin/builder/spi-builder-workspace/Sources/Shush/Protocols/Loggable.swift (in target 'Shush' from project 'Shush')
Building workspace Shush with scheme Shush
(3 failures)
Command line invocation:
/Applications/Xcode-27.0.0-Release.Candidate.app/Contents/Developer/usr/bin/xcodebuild -IDEClonedSourcePackagesDirPathOverride=/Users/admin/builder/spi-builder-workspace/.dependencies -resolvePackageDependencies
Resolve Package Graph
Resolved source packages:
Shush: /Users/admin/builder/spi-builder-workspace
resolved source packages: Shush
2026-09-27 12:21:19.716 xcodebuild[690:4132] [MT] IDERunDestination: Supported platforms for the buildables in the current scheme is empty.
{
"dependencies" : [
],
"manifest_display_name" : "Shush",
"name" : "Shush",
"path" : "/Users/admin/builder/spi-builder-workspace",
"platforms" : [
{
"name" : "ios",
"version" : "13.0"
},
{
"name" : "tvos",
"version" : "13.0"
}
],
"products" : [
{
"name" : "Shush",
"targets" : [
"Shush"
],
"type" : {
"library" : [
"automatic"
]
}
}
],
"swift_languages_versions" : [
"5"
],
"targets" : [
{
"c99name" : "ShushTests",
"module_type" : "SwiftTarget",
"name" : "ShushTests",
"path" : "Tests/ShushTests",
"sources" : [
"ShushTests.swift"
],
"target_dependencies" : [
"Shush"
],
"type" : "test"
},
{
"c99name" : "Shush",
"module_type" : "SwiftTarget",
"name" : "Shush",
"path" : "Sources/Shush",
"product_memberships" : [
"Shush"
],
"sources" : [
"Extensions/Array+Shush.swift",
"Extensions/CollectionDifference+Shush.swift",
"Extensions/NSMetadataItem+Shush.swift",
"Extensions/NSMetadataQuery+Shush.swift",
"Extensions/String+Shush.swift",
"Extensions/URL+Shush.swift",
"Helpers/Change.swift",
"Helpers/CoordinatedFileManager.swift",
"Helpers/StandardizedURL.swift",
"Helpers/UbiquitousContainerMonitor.swift",
"Protocols/Loggable.swift",
"Protocols/Persistable.swift",
"ShushDiagnostics.swift",
"ShushFile.swift",
"ShushFiles.swift",
"ShushValue.swift",
"ShushValues.swift"
],
"type" : "library"
}
],
"tools_version" : "5.9"
}
{
"workspace" : {
"name" : "Shush",
"schemes" : [
"Shush"
]
}
}
2026-09-27 12:21:21.006 xcodebuild[722:4393] [MT] IDERunDestination: Supported platforms for the buildables in the current scheme is empty.
Running build ...
env DEVELOPER_DIR=/Applications/Xcode-27.0.0-Release.Candidate.app xcrun xcodebuild -IDEClonedSourcePackagesDirPathOverride=$PWD/.dependencies -skipMacroValidation -skipPackagePluginValidation -derivedDataPath $PWD/.derivedData build -scheme Shush -destination generic/platform=xrOS
Command line invocation:
/Applications/Xcode-27.0.0-Release.Candidate.app/Contents/Developer/usr/bin/xcodebuild -IDEClonedSourcePackagesDirPathOverride=/Users/admin/builder/spi-builder-workspace/.dependencies -skipMacroValidation -skipPackagePluginValidation -derivedDataPath /Users/admin/builder/spi-builder-workspace/.derivedData build -scheme Shush -destination generic/platform=xrOS
Resolve Package Graph
Resolved source packages:
Shush: /Users/admin/builder/spi-builder-workspace
ComputePackagePrebuildTargetDependencyGraph
Prepare packages
CreateBuildRequest
SendProjectDescription
CreateBuildOperation
ComputeTargetDependencyGraph
note: Building targets in dependency order
note: Target dependency graph (2 targets)
Target 'Shush-product' in project 'Shush'
➜ Explicit dependency on target 'Shush' in project 'Shush'
Target 'Shush' in project 'Shush' (no dependencies)
GatherProvisioningInputs
CreateBuildDescription
ClangStatCache /Applications/Xcode-27.0.0-Release.Candidate.app/Contents/Developer/Toolchains/XcodeDefault.xctoolchain/usr/bin/clang-stat-cache /Applications/Xcode-27.0.0-Release.Candidate.app/Contents/Developer/Platforms/XROS.platform/Developer/SDKs/XROS27.0.sdk /Users/admin/builder/spi-builder-workspace/.derivedData/SDKStatCaches.noindex/xros27.0-24M361-e829b21a6f8c9b70876ba0858053c044735bd543db762f57723cac368afd1ce4.sdkstatcache
cd /Users/admin/builder/spi-builder-workspace/.swiftpm/xcode
/Applications/Xcode-27.0.0-Release.Candidate.app/Contents/Developer/Toolchains/XcodeDefault.xctoolchain/usr/bin/clang-stat-cache /Applications/Xcode-27.0.0-Release.Candidate.app/Contents/Developer/Platforms/XROS.platform/Developer/SDKs/XROS27.0.sdk -o /Users/admin/builder/spi-builder-workspace/.derivedData/SDKStatCaches.noindex/xros27.0-24M361-e829b21a6f8c9b70876ba0858053c044735bd543db762f57723cac368afd1ce4.sdkstatcache
SwiftDriver Shush normal arm64 com.apple.xcode.tools.swift.compiler (in target 'Shush' from project 'Shush')
cd /Users/admin/builder/spi-builder-workspace/.swiftpm/xcode
builtin-SwiftDriver -- /Applications/Xcode-27.0.0-Release.Candidate.app/Contents/Developer/Toolchains/XcodeDefault.xctoolchain/usr/bin/swiftc -parse-as-library -module-name Shush -Onone @/Users/admin/builder/spi-builder-workspace/.derivedData/Build/Intermediates.noindex/Shush.build/Debug-xros/Shush-t.build/Objects-normal/arm64/Shush.SwiftFileList -DSWIFT_PACKAGE -DDEBUG -DSWIFT_MODULE_RESOURCE_BUNDLE_UNAVAILABLE -DXcode -plugin-path /Applications/Xcode-27.0.0-Release.Candidate.app/Contents/Developer/Toolchains/XcodeDefault.xctoolchain/usr/lib/swift/host/plugins/testing -enable-experimental-feature DebugDescriptionMacro -sdk /Applications/Xcode-27.0.0-Release.Candidate.app/Contents/Developer/Platforms/XROS.platform/Developer/SDKs/XROS27.0.sdk -target arm64-apple-xros1.0 -g -module-cache-path /Users/admin/builder/spi-builder-workspace/.derivedData/ModuleCache.noindex -Xfrontend -serialize-debugging-options -profile-coverage-mapping -profile-generate -enable-testing -index-store-path /Users/admin/builder/spi-builder-workspace/.derivedData/Index.noindex/DataStore -Xcc -D_LIBCPP_HARDENING_MODE\=_LIBCPP_HARDENING_MODE_DEBUG -swift-version 5 -I /Users/admin/builder/spi-builder-workspace/.derivedData/Build/Products/Debug-xros -Isystem /Applications/Xcode-27.0.0-Release.Candidate.app/Contents/Developer/Platforms/XROS.platform/Developer/usr/lib -F /Users/admin/builder/spi-builder-workspace/.derivedData/Build/Products/Debug-xros -F /Applications/Xcode-27.0.0-Release.Candidate.app/Contents/Developer/Platforms/XROS.platform/Developer/Library/Frameworks -F /Applications/Xcode-27.0.0-Release.Candidate.app/Contents/Developer/Platforms/XROS.platform/Developer/SDKs/XROS27.0.sdk/Developer/Library/Frameworks -c -j10 -enable-batch-mode -incremental -Xcc -ivfsstatcache -Xcc /Users/admin/builder/spi-builder-workspace/.derivedData/SDKStatCaches.noindex/xros27.0-24M361-e829b21a6f8c9b70876ba0858053c044735bd543db762f57723cac368afd1ce4.sdkstatcache -output-file-map /Users/admin/builder/spi-builder-workspace/.derivedData/Build/Intermediates.noindex/Shush.build/Debug-xros/Shush-t.build/Objects-normal/arm64/Shush-OutputFileMap.json -save-temps -no-color-diagnostics -explicit-module-build -module-cache-path /Users/admin/builder/spi-builder-workspace/.derivedData/Build/Intermediates.noindex/SwiftExplicitPrecompiledModules -clang-scanner-module-cache-path /Users/admin/builder/spi-builder-workspace/.derivedData/ModuleCache.noindex -sdk-module-cache-path /Users/admin/builder/spi-builder-workspace/.derivedData/SDKExplicitPrecompiledModules -emit-dependencies -emit-module -emit-module-path /Users/admin/builder/spi-builder-workspace/.derivedData/Build/Intermediates.noindex/Shush.build/Debug-xros/Shush-t.build/Objects-normal/arm64/Shush.swiftmodule -serialize-diagnostics -dependency-scan-serialize-diagnostics-path /Users/admin/builder/spi-builder-workspace/.derivedData/Build/Intermediates.noindex/Shush.build/Debug-xros/Shush-t.build/Objects-normal/arm64/Shush-dependency-scan.dia -validate-clang-modules-once -clang-build-session-file /Users/admin/builder/spi-builder-workspace/.derivedData/ModuleCache.noindex/Session.modulevalidation -Xcc -fmodules-prune-interval\=86400 -Xcc -fmodules-prune-after\=345600 -package-name spi_builder_workspace -emit-const-values -const-gather-protocols-list /Users/admin/builder/spi-builder-workspace/.derivedData/Build/Intermediates.noindex/Shush.build/Debug-xros/Shush-t.build/Objects-normal/arm64/Shush_const_extract_protocols.json -Xcc -I/Users/admin/builder/spi-builder-workspace/.derivedData/Build/Products/Debug-xros/include -Xcc -I/Users/admin/builder/spi-builder-workspace/.derivedData/Build/Intermediates.noindex/Shush.build/Debug-xros/Shush-t.build/DerivedSources-normal/arm64 -Xcc -I/Users/admin/builder/spi-builder-workspace/.derivedData/Build/Intermediates.noindex/Shush.build/Debug-xros/Shush-t.build/DerivedSources/arm64 -Xcc -I/Users/admin/builder/spi-builder-workspace/.derivedData/Build/Intermediates.noindex/Shush.build/Debug-xros/Shush-t.build/DerivedSources -Xcc -DSWIFT_PACKAGE -Xcc -DDEBUG\=1 -emit-objc-header -emit-objc-header-path /Users/admin/builder/spi-builder-workspace/.derivedData/Build/Intermediates.noindex/Shush.build/Debug-xros/Shush-t.build/Objects-normal/arm64/Shush-Swift.h -working-directory /Users/admin/builder/spi-builder-workspace/.swiftpm/xcode -experimental-emit-module-separately -disable-cmo
SwiftCompile normal arm64 Compiling\ ShushFiles.swift /Users/admin/builder/spi-builder-workspace/Sources/Shush/ShushFiles.swift (in target 'Shush' from project 'Shush')
SwiftCompile normal arm64 /Users/admin/builder/spi-builder-workspace/Sources/Shush/ShushFiles.swift (in target 'Shush' from project 'Shush')
cd /Users/admin/builder/spi-builder-workspace/.swiftpm/xcode
builtin-SwiftPerFileCompile ShushFiles.swift
SwiftCompile normal arm64 Compiling\ Persistable.swift /Users/admin/builder/spi-builder-workspace/Sources/Shush/Protocols/Persistable.swift (in target 'Shush' from project 'Shush')
SwiftCompile normal arm64 /Users/admin/builder/spi-builder-workspace/Sources/Shush/Protocols/Persistable.swift (in target 'Shush' from project 'Shush')
cd /Users/admin/builder/spi-builder-workspace/.swiftpm/xcode
builtin-SwiftPerFileCompile Persistable.swift
SwiftCompile normal arm64 Compiling\ URL+Shush.swift /Users/admin/builder/spi-builder-workspace/Sources/Shush/Extensions/URL+Shush.swift (in target 'Shush' from project 'Shush')
SwiftCompile normal arm64 /Users/admin/builder/spi-builder-workspace/Sources/Shush/Extensions/URL+Shush.swift (in target 'Shush' from project 'Shush')
cd /Users/admin/builder/spi-builder-workspace/.swiftpm/xcode
builtin-SwiftPerFileCompile URL+Shush.swift
SwiftEmitModule normal arm64 Emitting\ module\ for\ Shush (in target 'Shush' from project 'Shush')
SwiftCompile normal arm64 (in target 'Shush' from project 'Shush')
cd /Users/admin/builder/spi-builder-workspace/.swiftpm/xcode
SwiftCompile normal arm64 Compiling\ ShushValue.swift /Users/admin/builder/spi-builder-workspace/Sources/Shush/ShushValue.swift (in target 'Shush' from project 'Shush')
SwiftCompile normal arm64 /Users/admin/builder/spi-builder-workspace/Sources/Shush/ShushValue.swift (in target 'Shush' from project 'Shush')
cd /Users/admin/builder/spi-builder-workspace/.swiftpm/xcode
builtin-SwiftPerFileCompile ShushValue.swift
SwiftCompile normal arm64 Compiling\ String+Shush.swift /Users/admin/builder/spi-builder-workspace/Sources/Shush/Extensions/String+Shush.swift (in target 'Shush' from project 'Shush')
SwiftCompile normal arm64 /Users/admin/builder/spi-builder-workspace/Sources/Shush/Extensions/String+Shush.swift (in target 'Shush' from project 'Shush')
cd /Users/admin/builder/spi-builder-workspace/.swiftpm/xcode
builtin-SwiftPerFileCompile String+Shush.swift
SwiftCompile normal arm64 Compiling\ Loggable.swift /Users/admin/builder/spi-builder-workspace/Sources/Shush/Protocols/Loggable.swift (in target 'Shush' from project 'Shush')
/Users/admin/builder/spi-builder-workspace/Sources/Shush/Protocols/Loggable.swift:51:33: error: cannot find 'tag' in scope
49 | os_log(level.osLogType, log: osLog, "%@", message)
50 | #else
51 | print("\(level.name): \(tag) - \(message)")
| `- error: cannot find 'tag' in scope
52 | #endif
53 | }
Failed frontend command:
/Applications/Xcode-27.0.0-Release.Candidate.app/Contents/Developer/Toolchains/XcodeDefault.xctoolchain/usr/bin/swift-frontend -frontend -c /Users/admin/builder/spi-builder-workspace/Sources/Shush/Extensions/Array+Shush.swift /Users/admin/builder/spi-builder-workspace/Sources/Shush/Extensions/CollectionDifference+Shush.swift /Users/admin/builder/spi-builder-workspace/Sources/Shush/Extensions/NSMetadataItem+Shush.swift /Users/admin/builder/spi-builder-workspace/Sources/Shush/Extensions/NSMetadataQuery+Shush.swift /Users/admin/builder/spi-builder-workspace/Sources/Shush/Extensions/String+Shush.swift /Users/admin/builder/spi-builder-workspace/Sources/Shush/Extensions/URL+Shush.swift /Users/admin/builder/spi-builder-workspace/Sources/Shush/Helpers/Change.swift /Users/admin/builder/spi-builder-workspace/Sources/Shush/Helpers/CoordinatedFileManager.swift /Users/admin/builder/spi-builder-workspace/Sources/Shush/Helpers/StandardizedURL.swift /Users/admin/builder/spi-builder-workspace/Sources/Shush/Helpers/UbiquitousContainerMonitor.swift -primary-file /Users/admin/builder/spi-builder-workspace/Sources/Shush/Protocols/Loggable.swift /Users/admin/builder/spi-builder-workspace/Sources/Shush/Protocols/Persistable.swift /Users/admin/builder/spi-builder-workspace/Sources/Shush/ShushDiagnostics.swift /Users/admin/builder/spi-builder-workspace/Sources/Shush/ShushFile.swift /Users/admin/builder/spi-builder-workspace/Sources/Shush/ShushFiles.swift /Users/admin/builder/spi-builder-workspace/Sources/Shush/ShushValue.swift /Users/admin/builder/spi-builder-workspace/Sources/Shush/ShushValues.swift -emit-dependencies-path /Users/admin/builder/spi-builder-workspace/.derivedData/Build/Intermediates.noindex/Shush.build/Debug-xros/Shush-t.build/Objects-normal/arm64/Loggable.d -emit-const-values-path /Users/admin/builder/spi-builder-workspace/.derivedData/Build/Intermediates.noindex/Shush.build/Debug-xros/Shush-t.build/Objects-normal/arm64/Loggable.swiftconstvalues -emit-reference-dependencies-path /Users/admin/builder/spi-builder-workspace/.derivedData/Build/Intermediates.noindex/Shush.build/Debug-xros/Shush-t.build/Objects-normal/arm64/Loggable.swiftdeps -serialize-diagnostics-path /Users/admin/builder/spi-builder-workspace/.derivedData/Build/Intermediates.noindex/Shush.build/Debug-xros/Shush-t.build/Objects-normal/arm64/Loggable.dia -target arm64-apple-xros1.0 -disable-cross-import-overlay-search -load-resolved-plugin /Applications/Xcode-27.0.0-Release.Candidate.app/Contents/Developer/Platforms/XROS.platform/Developer/usr/lib/swift/host/plugins/libFoundationMacros.dylib\#/Applications/Xcode-27.0.0-Release.Candidate.app/Contents/Developer/Platforms/XROS.platform/Developer/usr/bin/swift-plugin-server\#FoundationMacros -load-resolved-plugin /Applications/Xcode-27.0.0-Release.Candidate.app/Contents/Developer/Platforms/XROS.platform/Developer/usr/lib/swift/host/plugins/libObservationMacros.dylib\#/Applications/Xcode-27.0.0-Release.Candidate.app/Contents/Developer/Platforms/XROS.platform/Developer/usr/bin/swift-plugin-server\#ObservationMacros -load-resolved-plugin /Applications/Xcode-27.0.0-Release.Candidate.app/Contents/Developer/Platforms/XROS.platform/Developer/usr/lib/swift/host/plugins/libSwiftMacros.dylib\#/Applications/Xcode-27.0.0-Release.Candidate.app/Contents/Developer/Platforms/XROS.platform/Developer/usr/bin/swift-plugin-server\#SwiftMacros -disable-implicit-swift-modules -Xcc -fno-implicit-modules -Xcc -fno-implicit-module-maps -explicit-swift-module-map-file /Users/admin/builder/spi-builder-workspace/.derivedData/Build/Intermediates.noindex/Shush.build/Debug-xros/Shush-t.build/Objects-normal/arm64/Shush-dependencies-1.json -Xllvm -aarch64-use-tbi -enable-objc-interop -stack-check -sdk /Applications/Xcode-27.0.0-Release.Candidate.app/Contents/Developer/Platforms/XROS.platform/Developer/SDKs/XROS27.0.sdk -I /Users/admin/builder/spi-builder-workspace/.derivedData/Build/Products/Debug-xros -Isystem /Applications/Xcode-27.0.0-Release.Candidate.app/Contents/Developer/Platforms/XROS.platform/Developer/usr/lib -F /Users/admin/builder/spi-builder-workspace/.derivedData/Build/Products/Debug-xros -F /Applications/Xcode-27.0.0-Release.Candidate.app/Contents/Developer/Platforms/XROS.platform/Developer/Library/Frameworks -F /Applications/Xcode-27.0.0-Release.Candidate.app/Contents/Developer/Platforms/XROS.platform/Developer/SDKs/XROS27.0.sdk/Developer/Library/Frameworks -module-cache-path /Users/admin/builder/spi-builder-workspace/.derivedData/Build/Intermediates.noindex/SwiftExplicitPrecompiledModules -no-color-diagnostics -Xcc -fno-color-diagnostics -enable-testing -g -debug-info-format\=dwarf -dwarf-version\=4 -profile-generate -profile-coverage-mapping -swift-version 5 -Onone -D SWIFT_PACKAGE -D DEBUG -D SWIFT_MODULE_RESOURCE_BUNDLE_UNAVAILABLE -D Xcode -serialize-debugging-options -enable-experimental-feature DebugDescriptionMacro -empty-abi-descriptor -validate-clang-modules-once -clang-build-session-file /Users/admin/builder/spi-builder-workspace/.derivedData/ModuleCache.noindex/Session.modulevalidation -Xcc -working-directory -Xcc /Users/admin/builder/spi-builder-workspace/.swiftpm/xcode -enable-anonymous-context-mangled-names -file-compilation-dir /Users/admin/builder/spi-builder-workspace/.swiftpm/xcode -Xcc -D_LIBCPP_HARDENING_MODE\=_LIBCPP_HARDENING_MODE_DEBUG -Xcc -ivfsstatcache -Xcc /Users/admin/builder/spi-builder-workspace/.derivedData/SDKStatCaches.noindex/xros27.0-24M361-e829b21a6f8c9b70876ba0858053c044735bd543db762f57723cac368afd1ce4.sdkstatcache -Xcc -fmodules-prune-interval\=86400 -Xcc -fmodules-prune-after\=345600 -Xcc -I/Users/admin/builder/spi-builder-workspace/.derivedData/Build/Products/Debug-xros/include -Xcc -I/Users/admin/builder/spi-builder-workspace/.derivedData/Build/Intermediates.noindex/Shush.build/Debug-xros/Shush-t.build/DerivedSources-normal/arm64 -Xcc -I/Users/admin/builder/spi-builder-workspace/.derivedData/Build/Intermediates.noindex/Shush.build/Debug-xros/Shush-t.build/DerivedSources/arm64 -Xcc -I/Users/admin/builder/spi-builder-workspace/.derivedData/Build/Intermediates.noindex/Shush.build/Debug-xros/Shush-t.build/DerivedSources -Xcc -DSWIFT_PACKAGE -Xcc -DDEBUG\=1 -no-auto-bridging-header-chaining -module-name Shush -package-name spi_builder_workspace -const-gather-protocols-file /Users/admin/builder/spi-builder-workspace/.derivedData/Build/Intermediates.noindex/Shush.build/Debug-xros/Shush-t.build/Objects-normal/arm64/Shush_const_extract_protocols.json -disable-clang-spi -clang-target arm64-apple-xros27.0 -target-sdk-version 27.0 -target-sdk-name xros27.0 -in-process-plugin-server-path /Applications/Xcode-27.0.0-Release.Candidate.app/Contents/Developer/Toolchains/XcodeDefault.xctoolchain/usr/lib/swift/host/libSwiftInProcPluginServer.dylib -parse-as-library -o /Users/admin/builder/spi-builder-workspace/.derivedData/Build/Intermediates.noindex/Shush.build/Debug-xros/Shush-t.build/Objects-normal/arm64/Loggable.o -debug-module-path /Users/admin/builder/spi-builder-workspace/.derivedData/Build/Intermediates.noindex/Shush.build/Debug-xros/Shush-t.build/Objects-normal/arm64/Shush.swiftmodule -index-unit-output-path /Shush.build/Debug-xros/Shush-t.build/Objects-normal/arm64/Loggable.o -index-store-path /Users/admin/builder/spi-builder-workspace/.derivedData/Index.noindex/DataStore -index-system-modules
SwiftCompile normal arm64 /Users/admin/builder/spi-builder-workspace/Sources/Shush/Protocols/Loggable.swift (in target 'Shush' from project 'Shush')
cd /Users/admin/builder/spi-builder-workspace/.swiftpm/xcode
builtin-SwiftPerFileCompile Loggable.swift
SwiftCompile normal arm64 Compiling\ ShushValues.swift /Users/admin/builder/spi-builder-workspace/Sources/Shush/ShushValues.swift (in target 'Shush' from project 'Shush')
SwiftCompile normal arm64 /Users/admin/builder/spi-builder-workspace/Sources/Shush/ShushValues.swift (in target 'Shush' from project 'Shush')
cd /Users/admin/builder/spi-builder-workspace/.swiftpm/xcode
builtin-SwiftPerFileCompile ShushValues.swift
SwiftDriverJobDiscovery normal arm64 Compiling Persistable.swift (in target 'Shush' from project 'Shush')
SwiftCompile normal arm64 Compiling\ ShushFile.swift /Users/admin/builder/spi-builder-workspace/Sources/Shush/ShushFile.swift (in target 'Shush' from project 'Shush')
SwiftCompile normal arm64 /Users/admin/builder/spi-builder-workspace/Sources/Shush/ShushFile.swift (in target 'Shush' from project 'Shush')
cd /Users/admin/builder/spi-builder-workspace/.swiftpm/xcode
builtin-SwiftPerFileCompile ShushFile.swift
PruneExplicitPrecompiledModules /Users/admin/builder/spi-builder-workspace/.derivedData/Build/Intermediates.noindex/ExplicitPrecompiledModules
PruneExplicitPrecompiledModules /Users/admin/builder/spi-builder-workspace/.derivedData/Build/Intermediates.noindex/SwiftExplicitPrecompiledModules
PruneExplicitPrecompiledModules /Users/admin/builder/spi-builder-workspace/.derivedData/SDKExplicitPrecompiledModules
2026-09-27 12:21:21.965 xcodebuild[723:4417] [MT] IDERunDestination: Supported platforms for the buildables in the current scheme is empty.
** BUILD FAILED **
The following build commands failed:
SwiftCompile normal arm64 Compiling\ Loggable.swift /Users/admin/builder/spi-builder-workspace/Sources/Shush/Protocols/Loggable.swift (in target 'Shush' from project 'Shush')
SwiftCompile normal arm64 /Users/admin/builder/spi-builder-workspace/Sources/Shush/Protocols/Loggable.swift (in target 'Shush' from project 'Shush')
Building workspace Shush with scheme Shush
(3 failures)
BUILD FAILURE 6.4 visionOS