Build Information
Failed to build FloatingPanel, reference master (de51f8), with Swift 6.1 for watchOS using Xcode 16.3 on 27 Sep 2026 23:40:18 UTC.
Build Command
env DEVELOPER_DIR=/Applications/Xcode-16.3.0.app xcrun xcodebuild -IDEClonedSourcePackagesDirPathOverride=$PWD/.dependencies -skipMacroValidation -skipPackagePluginValidation -derivedDataPath $PWD/.derivedData build -scheme FloatingPanel -destination generic/platform=watchOSBuild Log
/Users/admin/builder/spi-builder-workspace/Sources/GrabberView.swift:20:26: error: method does not override any method from its superclass
public override func layoutSubviews() {
~~~~~~~~ ^
/Users/admin/builder/spi-builder-workspace/Sources/GrabberView.swift:25:77: error: cannot find type 'UIView' in scope
public override func hitTest(_ point: CGPoint, with event: UIEvent?) -> UIView? {
^~~~~~
/Applications/Xcode-16.3.0.app/Contents/Developer/Platforms/WatchOS.platform/Developer/SDKs/WatchOS11.4.sdk/System/Library/Frameworks/UIKit.framework/Headers/NSTextAttachment.h:23:1: note: interface 'UIView' forward declared here
@class UIView;
^
/Users/admin/builder/spi-builder-workspace/Sources/GrabberView.swift:25:64: error: cannot find type 'UIEvent' in scope
public override func hitTest(_ point: CGPoint, with event: UIEvent?) -> UIView? {
^~~~~~~
/Users/admin/builder/spi-builder-workspace/Sources/GrabberView.swift:7:27: error: cannot find type 'UIView' in scope
public class GrabberView: UIView {
^~~~~~
/Applications/Xcode-16.3.0.app/Contents/Developer/Platforms/WatchOS.platform/Developer/SDKs/WatchOS11.4.sdk/System/Library/Frameworks/UIKit.framework/Headers/NSTextAttachment.h:23:1: note: interface 'UIView' forward declared here
@class UIView;
^
/Users/admin/builder/spi-builder-workspace/Sources/GrabberView.swift:6:2: error: only classes that inherit from NSObject can be declared @objc
@objc(FloatingPanelGrabberView)
~^~~~~~~~~~~~~~~~~~~~~~~~~~~~~~
/Users/admin/builder/spi-builder-workspace/Sources/GrabberView.swift:7:14: note: inherit from 'NSObject' to silence this error
public class GrabberView: UIView {
^
NSObject,
/Users/admin/builder/spi-builder-workspace/Sources/Layout.swift:18:81: error: cannot find type 'NSLayoutConstraint' in scope
@objc optional func prepareLayout(surfaceView: UIView, in view: UIView) -> [NSLayoutConstraint]
^~~~~~~~~~~~~~~~~~
/Users/admin/builder/spi-builder-workspace/Sources/Layout.swift:18:52: error: cannot find type 'UIView' in scope
@objc optional func prepareLayout(surfaceView: UIView, in view: UIView) -> [NSLayoutConstraint]
^~~~~~
/Applications/Xcode-16.3.0.app/Contents/Developer/Platforms/WatchOS.platform/Developer/SDKs/WatchOS11.4.sdk/System/Library/Frameworks/UIKit.framework/Headers/NSTextAttachment.h:23:1: note: interface 'UIView' forward declared here
@class UIView;
^
/Users/admin/builder/spi-builder-workspace/Sources/Layout.swift:18:69: error: cannot find type 'UIView' in scope
@objc optional func prepareLayout(surfaceView: UIView, in view: UIView) -> [NSLayoutConstraint]
^~~~~~
/Applications/Xcode-16.3.0.app/Contents/Developer/Platforms/WatchOS.platform/Developer/SDKs/WatchOS11.4.sdk/System/Library/Frameworks/UIKit.framework/Headers/NSTextAttachment.h:23:1: note: interface 'UIView' forward declared here
@class UIView;
^
/Users/admin/builder/spi-builder-workspace/Sources/Layout.swift:46:71: error: cannot find type 'NSLayoutConstraint' in scope
open func prepareLayout(surfaceView: UIView, in view: UIView) -> [NSLayoutConstraint] {
^~~~~~~~~~~~~~~~~~
/Users/admin/builder/spi-builder-workspace/Sources/Layout.swift:46:42: error: cannot find type 'UIView' in scope
open func prepareLayout(surfaceView: UIView, in view: UIView) -> [NSLayoutConstraint] {
^~~~~~
/Applications/Xcode-16.3.0.app/Contents/Developer/Platforms/WatchOS.platform/Developer/SDKs/WatchOS11.4.sdk/System/Library/Frameworks/UIKit.framework/Headers/NSTextAttachment.h:23:1: note: interface 'UIView' forward declared here
@class UIView;
^
/Users/admin/builder/spi-builder-workspace/Sources/Layout.swift:46:59: error: cannot find type 'UIView' in scope
open func prepareLayout(surfaceView: UIView, in view: UIView) -> [NSLayoutConstraint] {
^~~~~~
/Applications/Xcode-16.3.0.app/Contents/Developer/Platforms/WatchOS.platform/Developer/SDKs/WatchOS11.4.sdk/System/Library/Frameworks/UIKit.framework/Headers/NSTextAttachment.h:23:1: note: interface 'UIView' forward declared here
@class UIView;
^
/Users/admin/builder/spi-builder-workspace/Sources/Layout.swift:85:36: error: cannot find type 'NSLayoutConstraint' in scope
private var fixedConstraints: [NSLayoutConstraint] = []
^~~~~~~~~~~~~~~~~~
/Users/admin/builder/spi-builder-workspace/Sources/Layout.swift:87:57: error: cannot find type 'NSLayoutConstraint' in scope
private var stateConstraints: [FloatingPanelState: [NSLayoutConstraint]] = [:]
^~~~~~~~~~~~~~~~~~
/Users/admin/builder/spi-builder-workspace/Sources/Layout.swift:88:34: error: cannot find type 'NSLayoutConstraint' in scope
private var offConstraints: [NSLayoutConstraint] = []
^~~~~~~~~~~~~~~~~~
/Users/admin/builder/spi-builder-workspace/Sources/Layout.swift:89:40: error: cannot find type 'NSLayoutConstraint' in scope
private var fitToBoundsConstraint: NSLayoutConstraint?
^~~~~~~~~~~~~~~~~~
/Users/admin/builder/spi-builder-workspace/Sources/Layout.swift:91:45: error: cannot find type 'NSLayoutConstraint' in scope
private(set) var interactionConstraint: NSLayoutConstraint?
^~~~~~~~~~~~~~~~~~
/Users/admin/builder/spi-builder-workspace/Sources/Layout.swift:92:44: error: cannot find type 'NSLayoutConstraint' in scope
private(set) var attractionConstraint: NSLayoutConstraint?
^~~~~~~~~~~~~~~~~~
/Users/admin/builder/spi-builder-workspace/Sources/Layout.swift:94:35: error: cannot find type 'NSLayoutConstraint' in scope
private var staticConstraint: NSLayoutConstraint?
^~~~~~~~~~~~~~~~~~
/Users/admin/builder/spi-builder-workspace/Sources/Layout.swift:97:44: error: cannot find type 'NSLayoutConstraint' in scope
private var contentBoundingConstraint: NSLayoutConstraint?
^~~~~~~~~~~~~~~~~~
/Users/admin/builder/spi-builder-workspace/Sources/Layout.swift:544:60: error: cannot find type 'NSLayoutConstraint' in scope
func setUpAttraction(to state: FloatingPanelState) -> (NSLayoutConstraint, CGFloat) {
^~~~~~~~~~~~~~~~~~
/Users/admin/builder/spi-builder-workspace/Sources/LayoutAnchoring.swift:8:101: error: cannot find type 'NSLayoutConstraint' in scope
func layoutConstraints(_ fpc: FloatingPanelController, for position: FloatingPanelPosition) -> [NSLayoutConstraint]
^~~~~~~~~~~~~~~~~~
/Users/admin/builder/spi-builder-workspace/Sources/LayoutAnchoring.swift:54:100: error: cannot find type 'NSLayoutConstraint' in scope
func layoutConstraints(_ vc: FloatingPanelController, for position: FloatingPanelPosition) -> [NSLayoutConstraint] {
^~~~~~~~~~~~~~~~~~
/Users/admin/builder/spi-builder-workspace/Sources/LayoutAnchoring.swift:68:113: error: cannot find type 'NSLayoutConstraint' in scope
private func layoutConstraints(_ layoutGuide: LayoutGuideProvider, for edgeAnchor: NSLayoutYAxisAnchor) -> [NSLayoutConstraint] {
^~~~~~~~~~~~~~~~~~
/Users/admin/builder/spi-builder-workspace/Sources/LayoutAnchoring.swift:68:88: error: cannot find type 'NSLayoutYAxisAnchor' in scope
private func layoutConstraints(_ layoutGuide: LayoutGuideProvider, for edgeAnchor: NSLayoutYAxisAnchor) -> [NSLayoutConstraint] {
^~~~~~~~~~~~~~~~~~~
/Users/admin/builder/spi-builder-workspace/Sources/LayoutAnchoring.swift:87:113: error: cannot find type 'NSLayoutConstraint' in scope
private func layoutConstraints(_ layoutGuide: LayoutGuideProvider, for edgeAnchor: NSLayoutXAxisAnchor) -> [NSLayoutConstraint] {
^~~~~~~~~~~~~~~~~~
/Users/admin/builder/spi-builder-workspace/Sources/LayoutAnchoring.swift:87:88: error: cannot find type 'NSLayoutXAxisAnchor' in scope
private func layoutConstraints(_ layoutGuide: LayoutGuideProvider, for edgeAnchor: NSLayoutXAxisAnchor) -> [NSLayoutConstraint] {
^~~~~~~~~~~~~~~~~~~
/Users/admin/builder/spi-builder-workspace/Sources/LayoutAnchoring.swift:145:100: error: cannot find type 'NSLayoutConstraint' in scope
func layoutConstraints(_ vc: FloatingPanelController, for position: FloatingPanelPosition) -> [NSLayoutConstraint] {
^~~~~~~~~~~~~~~~~~
/Users/admin/builder/spi-builder-workspace/Sources/LayoutAnchoring.swift:181:24: error: cannot find type 'UILayoutGuide' in scope
contentLayout: UILayoutGuide,
^~~~~~~~~~~~~
/Users/admin/builder/spi-builder-workspace/Sources/LayoutAnchoring.swift:208:24: error: cannot find type 'UILayoutGuide' in scope
contentLayout: UILayoutGuide,
^~~~~~~~~~~~~
/Users/admin/builder/spi-builder-workspace/Sources/LayoutAnchoring.swift:220:29: error: cannot find type 'UILayoutGuide' in scope
let contentLayoutGuide: UILayoutGuide
^~~~~~~~~~~~~
/Users/admin/builder/spi-builder-workspace/Sources/LayoutAnchoring.swift:226:100: error: cannot find type 'NSLayoutConstraint' in scope
func layoutConstraints(_ vc: FloatingPanelController, for position: FloatingPanelPosition) -> [NSLayoutConstraint] {
^~~~~~~~~~~~~~~~~~
/Users/admin/builder/spi-builder-workspace/Sources/LayoutProperties.swift:37:26: error: cannot find type 'UIViewController' in scope
func layoutGuide(vc: UIViewController) -> LayoutGuideProvider {
^~~~~~~~~~~~~~~~
/Users/admin/builder/spi-builder-workspace/Sources/PassthroughView.swift:7:42: error: cannot find type 'UIView' in scope
public weak var eventForwardingView: UIView?
^~~~~~
/Applications/Xcode-16.3.0.app/Contents/Developer/Platforms/WatchOS.platform/Developer/SDKs/WatchOS11.4.sdk/System/Library/Frameworks/UIKit.framework/Headers/NSTextAttachment.h:23:1: note: interface 'UIView' forward declared here
@class UIView;
^
/Users/admin/builder/spi-builder-workspace/Sources/PassthroughView.swift:6:24: error: cannot find type 'UIView' in scope
class PassthroughView: UIView {
^~~~~~
/Applications/Xcode-16.3.0.app/Contents/Developer/Platforms/WatchOS.platform/Developer/SDKs/WatchOS11.4.sdk/System/Library/Frameworks/UIKit.framework/Headers/NSTextAttachment.h:23:1: note: interface 'UIView' forward declared here
@class UIView;
^
/Users/admin/builder/spi-builder-workspace/Sources/PassthroughView.swift:8:77: error: cannot find type 'UIView' in scope
public override func hitTest(_ point: CGPoint, with event: UIEvent?) -> UIView? {
^~~~~~
/Applications/Xcode-16.3.0.app/Contents/Developer/Platforms/WatchOS.platform/Developer/SDKs/WatchOS11.4.sdk/System/Library/Frameworks/UIKit.framework/Headers/NSTextAttachment.h:23:1: note: interface 'UIView' forward declared here
@class UIView;
^
/Users/admin/builder/spi-builder-workspace/Sources/PassthroughView.swift:8:64: error: cannot find type 'UIEvent' in scope
public override func hitTest(_ point: CGPoint, with event: UIEvent?) -> UIView? {
^~~~~~~
/Users/admin/builder/spi-builder-workspace/Sources/PassthroughView.swift:5:2: error: only classes that inherit from NSObject can be declared @objc
@objc(FloatingPanelPassthroughView)
~^~~~~~~~~~~~~~~~~~~~~~~~~~~~~~~~~~
/Users/admin/builder/spi-builder-workspace/Sources/PassthroughView.swift:6:7: note: inherit from 'NSObject' to silence this error
class PassthroughView: UIView {
^
NSObject,
/Users/admin/builder/spi-builder-workspace/Sources/Position.swift:28:69: error: cannot find type 'NSLayoutDimension' in scope
func mainDimensionAnchor(_ layoutGuide: LayoutGuideProvider) -> NSLayoutDimension {
^~~~~~~~~~~~~~~~~
/Users/admin/builder/spi-builder-workspace/Sources/State.swift:41:35: warning: static property 'full' is not concurrency-safe because non-'Sendable' type 'FloatingPanelState' may have shared mutable state; this is an error in the Swift 6 language mode
@objc(Full) public static let full: FloatingPanelState = FloatingPanelState(rawValue: "full", order: 1000)
^
/Users/admin/builder/spi-builder-workspace/Sources/State.swift:7:12: note: class 'FloatingPanelState' does not conform to the 'Sendable' protocol
open class FloatingPanelState: NSObject, NSCopying, RawRepresentable {
^
/Users/admin/builder/spi-builder-workspace/Sources/State.swift:41:35: note: add '@MainActor' to make static property 'full' part of global actor 'MainActor'
@objc(Full) public static let full: FloatingPanelState = FloatingPanelState(rawValue: "full", order: 1000)
^
@MainActor
/Users/admin/builder/spi-builder-workspace/Sources/State.swift:41:35: note: disable concurrency-safety checks if accesses are protected by an external synchronization mechanism
@objc(Full) public static let full: FloatingPanelState = FloatingPanelState(rawValue: "full", order: 1000)
^
nonisolated(unsafe)
/Users/admin/builder/spi-builder-workspace/Sources/State.swift:43:35: warning: static property 'half' is not concurrency-safe because non-'Sendable' type 'FloatingPanelState' may have shared mutable state; this is an error in the Swift 6 language mode
@objc(Half) public static let half: FloatingPanelState = FloatingPanelState(rawValue: "half", order: 500)
^
/Users/admin/builder/spi-builder-workspace/Sources/State.swift:7:12: note: class 'FloatingPanelState' does not conform to the 'Sendable' protocol
open class FloatingPanelState: NSObject, NSCopying, RawRepresentable {
^
/Users/admin/builder/spi-builder-workspace/Sources/State.swift:43:35: note: add '@MainActor' to make static property 'half' part of global actor 'MainActor'
@objc(Half) public static let half: FloatingPanelState = FloatingPanelState(rawValue: "half", order: 500)
^
@MainActor
/Users/admin/builder/spi-builder-workspace/Sources/State.swift:43:35: note: disable concurrency-safety checks if accesses are protected by an external synchronization mechanism
@objc(Half) public static let half: FloatingPanelState = FloatingPanelState(rawValue: "half", order: 500)
^
nonisolated(unsafe)
/Users/admin/builder/spi-builder-workspace/Sources/State.swift:45:34: warning: static property 'tip' is not concurrency-safe because non-'Sendable' type 'FloatingPanelState' may have shared mutable state; this is an error in the Swift 6 language mode
@objc(Tip) public static let tip: FloatingPanelState = FloatingPanelState(rawValue: "tip", order: 100)
^
/Users/admin/builder/spi-builder-workspace/Sources/State.swift:7:12: note: class 'FloatingPanelState' does not conform to the 'Sendable' protocol
open class FloatingPanelState: NSObject, NSCopying, RawRepresentable {
^
/Users/admin/builder/spi-builder-workspace/Sources/State.swift:45:34: note: add '@MainActor' to make static property 'tip' part of global actor 'MainActor'
@objc(Tip) public static let tip: FloatingPanelState = FloatingPanelState(rawValue: "tip", order: 100)
^
@MainActor
/Users/admin/builder/spi-builder-workspace/Sources/State.swift:45:34: note: disable concurrency-safety checks if accesses are protected by an external synchronization mechanism
@objc(Tip) public static let tip: FloatingPanelState = FloatingPanelState(rawValue: "tip", order: 100)
^
nonisolated(unsafe)
/Users/admin/builder/spi-builder-workspace/Sources/State.swift:47:37: warning: static property 'hidden' is not concurrency-safe because non-'Sendable' type 'FloatingPanelState' may have shared mutable state; this is an error in the Swift 6 language mode
@objc(Hidden) public static let hidden: FloatingPanelState = FloatingPanelState(rawValue: "hidden", order: 0)
^
/Users/admin/builder/spi-builder-workspace/Sources/State.swift:7:12: note: class 'FloatingPanelState' does not conform to the 'Sendable' protocol
open class FloatingPanelState: NSObject, NSCopying, RawRepresentable {
^
/Users/admin/builder/spi-builder-workspace/Sources/State.swift:47:37: note: add '@MainActor' to make static property 'hidden' part of global actor 'MainActor'
@objc(Hidden) public static let hidden: FloatingPanelState = FloatingPanelState(rawValue: "hidden", order: 0)
^
@MainActor
/Users/admin/builder/spi-builder-workspace/Sources/State.swift:47:37: note: disable concurrency-safety checks if accesses are protected by an external synchronization mechanism
@objc(Hidden) public static let hidden: FloatingPanelState = FloatingPanelState(rawValue: "hidden", order: 0)
^
nonisolated(unsafe)
/Users/admin/builder/spi-builder-workspace/Sources/SurfaceView.swift:40:45: error: type 'UIColor?' has no member 'systemBackground'
public var backgroundColor: UIColor? = .systemBackground
~^~~~~~~~~~~~~~~~
/Users/admin/builder/spi-builder-workspace/Sources/SurfaceView.swift:60:29: error: cannot find type 'CALayerCornerCurve' in scope
public var cornerCurve: CALayerCornerCurve = .circular
^~~~~~~~~~~~~~~~~~
/Users/admin/builder/spi-builder-workspace/Sources/SurfaceView.swift:194:95: error: cannot find 'topAnchor' in scope
private lazy var containerViewTopConstraint = containerView.topAnchor.constraint(equalTo: topAnchor, constant: 0.0)
^~~~~~~~~
/Users/admin/builder/spi-builder-workspace/Sources/SurfaceView.swift:129:31: error: cannot find type 'UIView' in scope
public let containerView: UIView = UIView()
^~~~~~
/Applications/Xcode-16.3.0.app/Contents/Developer/Platforms/WatchOS.platform/Developer/SDKs/WatchOS11.4.sdk/System/Library/Frameworks/UIKit.framework/Headers/NSTextAttachment.h:23:1: note: interface 'UIView' forward declared here
@class UIView;
^
/Users/admin/builder/spi-builder-workspace/Sources/SurfaceView.swift:195:97: error: cannot find 'leftAnchor' in scope
private lazy var containerViewLeftConstraint = containerView.leftAnchor.constraint(equalTo: leftAnchor, constant: 0.0)
^~~~~~~~~~
/Users/admin/builder/spi-builder-workspace/Sources/SurfaceView.swift:196:101: error: cannot find 'bottomAnchor' in scope
private lazy var containerViewBottomConstraint = containerView.bottomAnchor.constraint(equalTo: bottomAnchor, constant: 0.0)
^~~~~~~~~~~~
/Users/admin/builder/spi-builder-workspace/Sources/SurfaceView.swift:197:99: error: cannot find 'rightAnchor' in scope
private lazy var containerViewRightConstraint = containerView.rightAnchor.constraint(equalTo: rightAnchor, constant: 0.0)
^~~~~~~~~~~
/Users/admin/builder/spi-builder-workspace/Sources/SurfaceView.swift:208:67: error: value of type 'GrabberView' has no member 'widthAnchor'
private lazy var grabberHandleWidthConstraint = grabberHandle.widthAnchor.constraint(equalToConstant: grabberHandleSize.width)
~~~~~~~~~~~~~ ^~~~~~~~~~~
/Users/admin/builder/spi-builder-workspace/Sources/SurfaceView.swift:209:68: error: value of type 'GrabberView' has no member 'heightAnchor'
private lazy var grabberHandleHeightConstraint = grabberHandle.heightAnchor.constraint(equalToConstant: grabberHandleSize.height)
~~~~~~~~~~~~~ ^~~~~~~~~~~~
/Users/admin/builder/spi-builder-workspace/Sources/SurfaceView.swift:210:103: error: cannot find 'centerXAnchor' in scope
private lazy var grabberHandleCenterConstraint = grabberHandle.centerXAnchor.constraint(equalTo: centerXAnchor)
^~~~~~~~~~~~~
/Users/admin/builder/spi-builder-workspace/Sources/SurfaceView.swift:210:69: error: value of type 'GrabberView' has no member 'centerXAnchor'
private lazy var grabberHandleCenterConstraint = grabberHandle.centerXAnchor.constraint(equalTo: centerXAnchor)
~~~~~~~~~~~~~ ^~~~~~~~~~~~~
/Users/admin/builder/spi-builder-workspace/Sources/SurfaceView.swift:211:103: error: cannot find 'topAnchor' in scope
private lazy var grabberHandleEdgePaddingConstraint = grabberHandle.topAnchor.constraint(equalTo: topAnchor, constant: grabberHandlePadding)
^~~~~~~~~
/Users/admin/builder/spi-builder-workspace/Sources/SurfaceView.swift:211:73: error: value of type 'GrabberView' has no member 'topAnchor'
private lazy var grabberHandleEdgePaddingConstraint = grabberHandle.topAnchor.constraint(equalTo: topAnchor, constant: grabberHandlePadding)
~~~~~~~~~~~~~ ^~~~~~~~~
/Users/admin/builder/spi-builder-workspace/Sources/SurfaceView.swift:83:9: error: cannot find 'setNeedsUpdateConstraints' in scope
setNeedsUpdateConstraints()
^~~~~~~~~~~~~~~~~~~~~~~~~
/Users/admin/builder/spi-builder-workspace/Sources/SurfaceView.swift:93:9: error: cannot find 'setNeedsUpdateConstraints' in scope
setNeedsUpdateConstraints()
^~~~~~~~~~~~~~~~~~~~~~~~~
/Users/admin/builder/spi-builder-workspace/Sources/SurfaceView.swift:97:34: error: cannot find type 'UIView' in scope
public weak var contentView: UIView?
^~~~~~
/Applications/Xcode-16.3.0.app/Contents/Developer/Platforms/WatchOS.platform/Developer/SDKs/WatchOS11.4.sdk/System/Library/Frameworks/UIKit.framework/Headers/NSTextAttachment.h:23:1: note: interface 'UIView' forward declared here
@class UIView;
^
/Users/admin/builder/spi-builder-workspace/Sources/SurfaceView.swift:103:18: error: value of type 'SurfaceView' has no member 'setNeedsUpdateConstraints'
self.setNeedsUpdateConstraints()
~~~~ ^~~~~~~~~~~~~~~~~~~~~~~~~
/Users/admin/builder/spi-builder-workspace/Sources/SurfaceView.swift:107:25: error: property does not override any property from its superclass
public override var backgroundColor: UIColor? {
~~~~~~~~ ^
/Users/admin/builder/spi-builder-workspace/Sources/SurfaceView.swift:114:54: error: cannot find 'CAShapeLayer' in scope
shadowLayers = appearance.shadows.map { _ in CAShapeLayer() }
^~~~~~~~~~~~
/Users/admin/builder/spi-builder-workspace/Sources/SurfaceView.swift:213:32: error: cannot find type 'CALayer' in scope
private var shadowLayers: [CALayer] = [] {
^~~~~~~
/Users/admin/builder/spi-builder-workspace/Sources/SurfaceView.swift:115:9: error: cannot find 'setNeedsLayout' in scope
setNeedsLayout()
^~~~~~~~~~~~~~
/Users/admin/builder/spi-builder-workspace/Sources/SurfaceView.swift:120:9: error: cannot find 'setNeedsUpdateConstraints' in scope
setNeedsUpdateConstraints()
^~~~~~~~~~~~~~~~~~~~~~~~~
/Users/admin/builder/spi-builder-workspace/Sources/SurfaceView.swift:136:13: error: cannot find 'setNeedsUpdateConstraints' in scope
setNeedsUpdateConstraints()
^~~~~~~~~~~~~~~~~~~~~~~~~
/Users/admin/builder/spi-builder-workspace/Sources/SurfaceView.swift:143:13: error: cannot find 'NSLayoutConstraint' in scope
NSLayoutConstraint.deactivate([grabberHandleEdgePaddingConstraint,
^~~~~~~~~~~~~~~~~~
/Users/admin/builder/spi-builder-workspace/Sources/SurfaceView.swift:149:101: error: cannot find 'bottomAnchor' in scope
grabberHandleEdgePaddingConstraint = grabberHandle.bottomAnchor.constraint(equalTo: bottomAnchor, constant: -grabberHandlePadding)
^~~~~~~~~~~~
/Users/admin/builder/spi-builder-workspace/Sources/SurfaceView.swift:149:68: error: value of type 'GrabberView' has no member 'bottomAnchor'
grabberHandleEdgePaddingConstraint = grabberHandle.bottomAnchor.constraint(equalTo: bottomAnchor, constant: -grabberHandlePadding)
~~~~~~~~~~~~~ ^~~~~~~~~~~~
/Users/admin/builder/spi-builder-workspace/Sources/SurfaceView.swift:150:97: error: cannot find 'centerXAnchor' in scope
grabberHandleCenterConstraint = grabberHandle.centerXAnchor.constraint(equalTo: centerXAnchor)
^~~~~~~~~~~~~
/Users/admin/builder/spi-builder-workspace/Sources/SurfaceView.swift:150:63: error: value of type 'GrabberView' has no member 'centerXAnchor'
grabberHandleCenterConstraint = grabberHandle.centerXAnchor.constraint(equalTo: centerXAnchor)
~~~~~~~~~~~~~ ^~~~~~~~~~~~~
/Users/admin/builder/spi-builder-workspace/Sources/SurfaceView.swift:151:62: error: value of type 'GrabberView' has no member 'widthAnchor'
grabberHandleWidthConstraint = grabberHandle.widthAnchor.constraint(equalToConstant: grabberHandleSize.width)
~~~~~~~~~~~~~ ^~~~~~~~~~~
/Users/admin/builder/spi-builder-workspace/Sources/SurfaceView.swift:152:63: error: value of type 'GrabberView' has no member 'heightAnchor'
grabberHandleHeightConstraint = grabberHandle.heightAnchor.constraint(equalToConstant: grabberHandleSize.height)
~~~~~~~~~~~~~ ^~~~~~~~~~~~
/Users/admin/builder/spi-builder-workspace/Sources/SurfaceView.swift:154:100: error: cannot find 'rightAnchor' in scope
grabberHandleEdgePaddingConstraint = grabberHandle.rightAnchor.constraint(equalTo: rightAnchor, constant: -grabberHandlePadding)
^~~~~~~~~~~
/Users/admin/builder/spi-builder-workspace/Sources/SurfaceView.swift:154:68: error: value of type 'GrabberView' has no member 'rightAnchor'
grabberHandleEdgePaddingConstraint = grabberHandle.rightAnchor.constraint(equalTo: rightAnchor, constant: -grabberHandlePadding)
~~~~~~~~~~~~~ ^~~~~~~~~~~
/Users/admin/builder/spi-builder-workspace/Sources/SurfaceView.swift:155:97: error: cannot find 'centerYAnchor' in scope
grabberHandleCenterConstraint = grabberHandle.centerYAnchor.constraint(equalTo: centerYAnchor)
^~~~~~~~~~~~~
/Users/admin/builder/spi-builder-workspace/Sources/SurfaceView.swift:155:63: error: value of type 'GrabberView' has no member 'centerYAnchor'
grabberHandleCenterConstraint = grabberHandle.centerYAnchor.constraint(equalTo: centerYAnchor)
~~~~~~~~~~~~~ ^~~~~~~~~~~~~
/Users/admin/builder/spi-builder-workspace/Sources/SurfaceView.swift:156:62: error: value of type 'GrabberView' has no member 'widthAnchor'
grabberHandleWidthConstraint = grabberHandle.widthAnchor.constraint(equalToConstant: grabberHandleSize.height)
~~~~~~~~~~~~~ ^~~~~~~~~~~
/Users/admin/builder/spi-builder-workspace/Sources/SurfaceView.swift:157:63: error: value of type 'GrabberView' has no member 'heightAnchor'
grabberHandleHeightConstraint = grabberHandle.heightAnchor.constraint(equalToConstant: grabberHandleSize.width)
~~~~~~~~~~~~~ ^~~~~~~~~~~~
/Users/admin/builder/spi-builder-workspace/Sources/SurfaceView.swift:159:98: error: cannot find 'topAnchor' in scope
grabberHandleEdgePaddingConstraint = grabberHandle.topAnchor.constraint(equalTo: topAnchor, constant: grabberHandlePadding)
^~~~~~~~~
/Users/admin/builder/spi-builder-workspace/Sources/SurfaceView.swift:159:68: error: value of type 'GrabberView' has no member 'topAnchor'
grabberHandleEdgePaddingConstraint = grabberHandle.topAnchor.constraint(equalTo: topAnchor, constant: grabberHandlePadding)
~~~~~~~~~~~~~ ^~~~~~~~~
/Users/admin/builder/spi-builder-workspace/Sources/SurfaceView.swift:160:97: error: cannot find 'centerXAnchor' in scope
grabberHandleCenterConstraint = grabberHandle.centerXAnchor.constraint(equalTo: centerXAnchor)
^~~~~~~~~~~~~
/Users/admin/builder/spi-builder-workspace/Sources/SurfaceView.swift:160:63: error: value of type 'GrabberView' has no member 'centerXAnchor'
grabberHandleCenterConstraint = grabberHandle.centerXAnchor.constraint(equalTo: centerXAnchor)
~~~~~~~~~~~~~ ^~~~~~~~~~~~~
/Users/admin/builder/spi-builder-workspace/Sources/SurfaceView.swift:161:62: error: value of type 'GrabberView' has no member 'widthAnchor'
grabberHandleWidthConstraint = grabberHandle.widthAnchor.constraint(equalToConstant: grabberHandleSize.width)
~~~~~~~~~~~~~ ^~~~~~~~~~~
/Users/admin/builder/spi-builder-workspace/Sources/SurfaceView.swift:162:63: error: value of type 'GrabberView' has no member 'heightAnchor'
grabberHandleHeightConstraint = grabberHandle.heightAnchor.constraint(equalToConstant: grabberHandleSize.height)
~~~~~~~~~~~~~ ^~~~~~~~~~~~
/Users/admin/builder/spi-builder-workspace/Sources/SurfaceView.swift:164:99: error: cannot find 'leftAnchor' in scope
grabberHandleEdgePaddingConstraint = grabberHandle.leftAnchor.constraint(equalTo: leftAnchor, constant: grabberHandlePadding)
^~~~~~~~~~
/Users/admin/builder/spi-builder-workspace/Sources/SurfaceView.swift:164:68: error: value of type 'GrabberView' has no member 'leftAnchor'
grabberHandleEdgePaddingConstraint = grabberHandle.leftAnchor.constraint(equalTo: leftAnchor, constant: grabberHandlePadding)
~~~~~~~~~~~~~ ^~~~~~~~~~
/Users/admin/builder/spi-builder-workspace/Sources/SurfaceView.swift:165:97: error: cannot find 'centerYAnchor' in scope
grabberHandleCenterConstraint = grabberHandle.centerYAnchor.constraint(equalTo: centerYAnchor)
^~~~~~~~~~~~~
/Users/admin/builder/spi-builder-workspace/Sources/SurfaceView.swift:165:63: error: value of type 'GrabberView' has no member 'centerYAnchor'
grabberHandleCenterConstraint = grabberHandle.centerYAnchor.constraint(equalTo: centerYAnchor)
~~~~~~~~~~~~~ ^~~~~~~~~~~~~
/Users/admin/builder/spi-builder-workspace/Sources/SurfaceView.swift:166:62: error: value of type 'GrabberView' has no member 'widthAnchor'
grabberHandleWidthConstraint = grabberHandle.widthAnchor.constraint(equalToConstant: grabberHandleSize.height)
~~~~~~~~~~~~~ ^~~~~~~~~~~
/Users/admin/builder/spi-builder-workspace/Sources/SurfaceView.swift:167:63: error: value of type 'GrabberView' has no member 'heightAnchor'
grabberHandleHeightConstraint = grabberHandle.heightAnchor.constraint(equalToConstant: grabberHandleSize.width)
~~~~~~~~~~~~~ ^~~~~~~~~~~~
/Users/admin/builder/spi-builder-workspace/Sources/SurfaceView.swift:169:13: error: cannot find 'NSLayoutConstraint' in scope
NSLayoutConstraint.activate([grabberHandleEdgePaddingConstraint,
^~~~~~~~~~~~~~~~~~
/Users/admin/builder/spi-builder-workspace/Sources/SurfaceView.swift:173:13: error: cannot find 'setNeedsUpdateConstraints' in scope
setNeedsUpdateConstraints()
^~~~~~~~~~~~~~~~~~~~~~~~~
/Users/admin/builder/spi-builder-workspace/Sources/SurfaceView.swift:200:43: error: cannot find type 'NSLayoutConstraint' in scope
private var contentViewTopConstraint: NSLayoutConstraint?
^~~~~~~~~~~~~~~~~~
/Users/admin/builder/spi-builder-workspace/Sources/SurfaceView.swift:202:44: error: cannot find type 'NSLayoutConstraint' in scope
private var contentViewLeftConstraint: NSLayoutConstraint?
^~~~~~~~~~~~~~~~~~
/Users/admin/builder/spi-builder-workspace/Sources/SurfaceView.swift:204:45: error: cannot find type 'NSLayoutConstraint' in scope
private var contentViewRightConstraint: NSLayoutConstraint?
^~~~~~~~~~~~~~~~~~
/Users/admin/builder/spi-builder-workspace/Sources/SurfaceView.swift:206:46: error: cannot find type 'NSLayoutConstraint' in scope
private var contentViewBottomConstraint: NSLayoutConstraint?
^~~~~~~~~~~~~~~~~~
/Users/admin/builder/spi-builder-workspace/Sources/SurfaceView.swift:226:31: error: property does not override any property from its superclass
public override class var requiresConstraintBasedLayout: Bool { return true }
~~~~~~~~ ^
/Users/admin/builder/spi-builder-workspace/Sources/SurfaceView.swift:228:14: error: initializer does not override a designated initializer from its superclass
override init(frame: CGRect) {
~~~~~~~~ ^
/Users/admin/builder/spi-builder-workspace/Sources/SurfaceView.swift:269:26: error: method does not override any method from its superclass
public override func updateConstraints() {
~~~~~~~~ ^
/Users/admin/builder/spi-builder-workspace/Sources/SurfaceView.swift:317:26: error: method does not override any method from its superclass
public override func layoutSubviews() {
~~~~~~~~ ^
/Users/admin/builder/spi-builder-workspace/Sources/SurfaceView.swift:330:25: error: property does not override any property from its superclass
public override var intrinsicContentSize: CGSize {
~~~~~~~~ ^
/Users/admin/builder/spi-builder-workspace/Sources/SurfaceView.swift:455:27: error: cannot find type 'UIView' in scope
func set(contentView: UIView, mode: FloatingPanelController.ContentMode) {
^~~~~~
/Applications/Xcode-16.3.0.app/Contents/Developer/Platforms/WatchOS.platform/Developer/SDKs/WatchOS11.4.sdk/System/Library/Frameworks/UIKit.framework/Headers/NSTextAttachment.h:23:1: note: interface 'UIView' forward declared here
@class UIView;
^
/Users/admin/builder/spi-builder-workspace/Sources/SurfaceView.swift:75:27: error: cannot find type 'UIView' in scope
public class SurfaceView: UIView {
^~~~~~
/Applications/Xcode-16.3.0.app/Contents/Developer/Platforms/WatchOS.platform/Developer/SDKs/WatchOS11.4.sdk/System/Library/Frameworks/UIKit.framework/Headers/NSTextAttachment.h:23:1: note: interface 'UIView' forward declared here
@class UIView;
^
/Users/admin/builder/spi-builder-workspace/Sources/SwiftUI/FloatingPanelCoordinator.swift:57:32: error: cannot find type 'UIHostingController' in scope
mainHostingController: UIHostingController<Main>,
^~~~~~~~~~~~~~~~~~~
/Users/admin/builder/spi-builder-workspace/Sources/SwiftUI/FloatingPanelCoordinator.swift:58:35: error: cannot find type 'UIHostingController' in scope
contentHostingController: UIHostingController<Content>
^~~~~~~~~~~~~~~~~~~
/Users/admin/builder/spi-builder-workspace/Sources/SwiftUI/FloatingPanelCoordinator.swift:68:18: error: cannot find type 'UIViewControllerRepresentableContext' in scope
context: UIViewControllerRepresentableContext<Representable>
^~~~~~~~~~~~~~~~~~~~~~~~~~~~~~~~~~~~
/Users/admin/builder/spi-builder-workspace/Sources/SwiftUI/FloatingPanelCoordinator.swift:69:28: error: cannot find type 'UIViewControllerRepresentable' in scope
) where Representable: UIViewControllerRepresentable
^~~~~~~~~~~~~~~~~~~~~~~~~~~~~
/Users/admin/builder/spi-builder-workspace/Sources/SwiftUI/FloatingPanelCoordinator.swift:107:32: error: cannot find type 'UIHostingController' in scope
mainHostingController: UIHostingController<Main>,
^~~~~~~~~~~~~~~~~~~
/Users/admin/builder/spi-builder-workspace/Sources/SwiftUI/FloatingPanelCoordinator.swift:108:35: error: cannot find type 'UIHostingController' in scope
contentHostingController: UIHostingController<Content>
^~~~~~~~~~~~~~~~~~~
/Users/admin/builder/spi-builder-workspace/Sources/SwiftUI/FloatingPanelCoordinator.swift:119:18: error: cannot find type 'UIViewControllerRepresentableContext' in scope
context: UIViewControllerRepresentableContext<Representable>
^~~~~~~~~~~~~~~~~~~~~~~~~~~~~~~~~~~~
/Users/admin/builder/spi-builder-workspace/Sources/SwiftUI/FloatingPanelCoordinator.swift:120:28: error: cannot find type 'UIViewControllerRepresentable' in scope
) where Representable: UIViewControllerRepresentable {}
^~~~~~~~~~~~~~~~~~~~~~~~~~~~~
/Users/admin/builder/spi-builder-workspace/Sources/SwiftUI/FloatingPanelProxy.swift:92:35: error: cannot find type 'UIScrollView' in scope
public func track(scrollView: UIScrollView) {
^~~~~~~~~~~~
/Users/admin/builder/spi-builder-workspace/Sources/SwiftUI/FloatingPanelView.swift:94:40: error: cannot find type 'Context' in scope
func makeUIViewController(context: Context) -> FloatingPanelMainHostingContainerController<MainView> {
^~~~~~~
/Users/admin/builder/spi-builder-workspace/Sources/SwiftUI/FloatingPanelView.swift:112:18: error: cannot find type 'Context' in scope
context: Context
^~~~~~~
/Users/admin/builder/spi-builder-workspace/Sources/SwiftUI/FloatingPanelView.swift:47:62: error: cannot find type 'UIViewControllerRepresentable' in scope
struct FloatingPanelView<MainView: View, ContentView: View>: UIViewControllerRepresentable {
^~~~~~~~~~~~~~~~~~~~~~~~~~~~~
/Users/admin/builder/spi-builder-workspace/Sources/SwiftUI/FloatingPanelView.swift:127:36: error: cannot find type 'Context' in scope
func applyEnvironment(context: Context) {
^~~~~~~
/Users/admin/builder/spi-builder-workspace/Sources/SwiftUI/FloatingPanelView.swift:144:46: error: cannot find type 'Context' in scope
func applyAnimatableEnvironment(context: Context) {
^~~~~~~
/Users/admin/builder/spi-builder-workspace/Sources/SwiftUI/FloatingPanelView.swift:162:64: error: cannot find type 'UIViewController' in scope
class FloatingPanelMainHostingContainerController<Main: View>: UIViewController {
^~~~~~~~~~~~~~~~
/Users/admin/builder/spi-builder-workspace/Sources/SwiftUI/FloatingPanelView.swift:176:19: error: method does not override any method from its superclass
override func loadView() {
~~~~~~~~ ^
/Users/admin/builder/spi-builder-workspace/Sources/SwiftUI/FloatingPanelView.swift:183:19: error: method does not override any method from its superclass
override func viewDidLoad() {
~~~~~~~~ ^
/Users/admin/builder/spi-builder-workspace/Sources/SwiftUI/FloatingPanelView.swift:195:42: error: cannot find type 'UIViewController' in scope
override var childForStatusBarStyle: UIViewController? { mainHostingController }
^~~~~~~~~~~~~~~~
/Users/admin/builder/spi-builder-workspace/Sources/SwiftUI/FloatingPanelView.swift:196:43: error: cannot find type 'UIViewController' in scope
override var childForStatusBarHidden: UIViewController? { mainHostingController }
^~~~~~~~~~~~~~~~
/Users/admin/builder/spi-builder-workspace/Sources/SwiftUI/FloatingPanelView.swift:197:62: error: cannot find type 'UIViewController' in scope
override var childForScreenEdgesDeferringSystemGestures: UIViewController? { mainHostingController }
^~~~~~~~~~~~~~~~
/Users/admin/builder/spi-builder-workspace/Sources/SwiftUI/FloatingPanelView.swift:198:51: error: cannot find type 'UIViewController' in scope
override var childForHomeIndicatorAutoHidden: UIViewController? { mainHostingController }
^~~~~~~~~~~~~~~~
/Users/admin/builder/spi-builder-workspace/Sources/SwiftUI/FloatingPanelView.swift:199:53: error: cannot find type 'UIViewController' in scope
override var childViewControllerForPointerLock: UIViewController? { mainHostingController }
^~~~~~~~~~~~~~~~
/Users/admin/builder/spi-builder-workspace/Sources/SwiftUI/FloatingPanelView.swift:210:31: error: cannot find type 'UIView' in scope
weak var mainHostingView: UIView?
^~~~~~
/Applications/Xcode-16.3.0.app/Contents/Developer/Platforms/WatchOS.platform/Developer/SDKs/WatchOS11.4.sdk/System/Library/Frameworks/UIKit.framework/Headers/NSTextAttachment.h:23:1: note: interface 'UIView' forward declared here
@class UIView;
^
/Users/admin/builder/spi-builder-workspace/Sources/SwiftUI/FloatingPanelView.swift:212:19: error: method does not override any method from its superclass
override func sizeThatFits(_ size: CGSize) -> CGSize {
~~~~~~~~ ^
/Users/admin/builder/spi-builder-workspace/Sources/SwiftUI/FloatingPanelView.swift:220:39: error: cannot find type 'UIViewController' in scope
weak var containerViewController: UIViewController?
^~~~~~~~~~~~~~~~
/Users/admin/builder/spi-builder-workspace/Sources/SwiftUI/FloatingPanelView.swift:219:55: error: cannot find type 'UIHostingController' in scope
class FloatingPanelMainHostingController<Main: View>: UIHostingController<Main>, FloatingPanelHostingControllerProviding {
^~~~~~~~~~~~~~~~~~~
/Users/admin/builder/spi-builder-workspace/Sources/SwiftUI/FloatingPanelView.swift:222:33: error: cannot find type 'UIViewController' in scope
var parentForFloatingPanel: UIViewController {
^~~~~~~~~~~~~~~~
/Users/admin/builder/spi-builder-workspace/Sources/SwiftUI/FloatingPanelView.swift:247:48: error: cannot find type 'UIViewController' in scope
private weak var contentHostingController: UIViewController?
^~~~~~~~~~~~~~~~
/Users/admin/builder/spi-builder-workspace/Sources/SwiftUI/FloatingPanelView.swift:267:32: error: cannot find type 'UIHostingController' in scope
mainHostingController: UIHostingController<Main>,
^~~~~~~~~~~~~~~~~~~
/Users/admin/builder/spi-builder-workspace/Sources/SwiftUI/FloatingPanelView.swift:268:35: error: cannot find type 'UIHostingController' in scope
contentHostingController: UIHostingController<Content>
^~~~~~~~~~~~~~~~~~~
/Users/admin/builder/spi-builder-workspace/Sources/SwiftUI/FloatingPanelView.swift:290:18: error: cannot find type 'UIViewControllerRepresentableContext' in scope
context: UIViewControllerRepresentableContext<Representable>
^~~~~~~~~~~~~~~~~~~~~~~~~~~~~~~~~~~~
/Users/admin/builder/spi-builder-workspace/Sources/SwiftUI/FloatingPanelView.swift:291:28: error: cannot find type 'UIViewControllerRepresentable' in scope
) where Representable: UIViewControllerRepresentable {
^~~~~~~~~~~~~~~~~~~~~~~~~~~~~
/Users/admin/builder/spi-builder-workspace/Sources/SwiftUI/View+floatingPanelBehavior.swift:8:20: warning: static property 'defaultValue' is not concurrency-safe because it is nonisolated global shared mutable state; this is an error in the Swift 6 language mode
static var defaultValue: FloatingPanelBehavior = FloatingPanelDefaultBehavior()
^
/Users/admin/builder/spi-builder-workspace/Sources/SwiftUI/View+floatingPanelBehavior.swift:8:20: note: convert 'defaultValue' to a 'let' constant to make 'Sendable' shared state immutable
static var defaultValue: FloatingPanelBehavior = FloatingPanelDefaultBehavior()
~~~ ^
let
/Users/admin/builder/spi-builder-workspace/Sources/SwiftUI/View+floatingPanelBehavior.swift:8:20: note: add '@MainActor' to make static property 'defaultValue' part of global actor 'MainActor'
static var defaultValue: FloatingPanelBehavior = FloatingPanelDefaultBehavior()
^
@MainActor
/Users/admin/builder/spi-builder-workspace/Sources/SwiftUI/View+floatingPanelBehavior.swift:8:20: note: disable concurrency-safety checks if accesses are protected by an external synchronization mechanism
static var defaultValue: FloatingPanelBehavior = FloatingPanelDefaultBehavior()
^
nonisolated(unsafe)
/Users/admin/builder/spi-builder-workspace/Sources/SwiftUI/View+floatingPanelConfiguration.swift:8:20: warning: static property 'defaultValue' is not concurrency-safe because it is nonisolated global shared mutable state; this is an error in the Swift 6 language mode
static var defaultValue: FloatingPanelController.ContentInsetAdjustmentBehavior = .always
^
/Users/admin/builder/spi-builder-workspace/Sources/SwiftUI/View+floatingPanelConfiguration.swift:8:20: note: convert 'defaultValue' to a 'let' constant to make 'Sendable' shared state immutable
static var defaultValue: FloatingPanelController.ContentInsetAdjustmentBehavior = .always
~~~ ^
let
/Users/admin/builder/spi-builder-workspace/Sources/SwiftUI/View+floatingPanelConfiguration.swift:8:20: note: add '@MainActor' to make static property 'defaultValue' part of global actor 'MainActor'
static var defaultValue: FloatingPanelController.ContentInsetAdjustmentBehavior = .always
^
@MainActor
/Users/admin/builder/spi-builder-workspace/Sources/SwiftUI/View+floatingPanelConfiguration.swift:8:20: note: disable concurrency-safety checks if accesses are protected by an external synchronization mechanism
static var defaultValue: FloatingPanelController.ContentInsetAdjustmentBehavior = .always
^
nonisolated(unsafe)
/Users/admin/builder/spi-builder-workspace/Sources/SwiftUI/View+floatingPanelConfiguration.swift:17:20: warning: static property 'defaultValue' is not concurrency-safe because it is nonisolated global shared mutable state; this is an error in the Swift 6 language mode
static var defaultValue: FloatingPanelController.ContentMode = .static
^
/Users/admin/builder/spi-builder-workspace/Sources/SwiftUI/View+floatingPanelConfiguration.swift:17:20: note: convert 'defaultValue' to a 'let' constant to make 'Sendable' shared state immutable
static var defaultValue: FloatingPanelController.ContentMode = .static
~~~ ^
let
/Users/admin/builder/spi-builder-workspace/Sources/SwiftUI/View+floatingPanelConfiguration.swift:17:20: note: add '@MainActor' to make static property 'defaultValue' part of global actor 'MainActor'
static var defaultValue: FloatingPanelController.ContentMode = .static
^
@MainActor
/Users/admin/builder/spi-builder-workspace/Sources/SwiftUI/View+floatingPanelConfiguration.swift:17:20: note: disable concurrency-safety checks if accesses are protected by an external synchronization mechanism
static var defaultValue: FloatingPanelController.ContentMode = .static
^
nonisolated(unsafe)
/Users/admin/builder/spi-builder-workspace/Sources/SwiftUI/View+floatingPanelLayout.swift:8:20: warning: static property 'defaultValue' is not concurrency-safe because it is nonisolated global shared mutable state; this is an error in the Swift 6 language mode
static var defaultValue: FloatingPanelLayout = FloatingPanelBottomLayout()
^
/Users/admin/builder/spi-builder-workspace/Sources/SwiftUI/View+floatingPanelLayout.swift:8:20: note: convert 'defaultValue' to a 'let' constant to make 'Sendable' shared state immutable
static var defaultValue: FloatingPanelLayout = FloatingPanelBottomLayout()
~~~ ^
let
/Users/admin/builder/spi-builder-workspace/Sources/SwiftUI/View+floatingPanelLayout.swift:8:20: note: add '@MainActor' to make static property 'defaultValue' part of global actor 'MainActor'
static var defaultValue: FloatingPanelLayout = FloatingPanelBottomLayout()
^
@MainActor
/Users/admin/builder/spi-builder-workspace/Sources/SwiftUI/View+floatingPanelLayout.swift:8:20: note: disable concurrency-safety checks if accesses are protected by an external synchronization mechanism
static var defaultValue: FloatingPanelLayout = FloatingPanelBottomLayout()
^
nonisolated(unsafe)
/Users/admin/builder/spi-builder-workspace/Sources/SwiftUI/View+floatingPanelScrollTracking.swift:47:33: error: cannot find type 'UIScrollView' in scope
onScrollViewDetected: ((UIScrollView, UIHostingController<Self>) -> Void)? = nil
^~~~~~~~~~~~
/Users/admin/builder/spi-builder-workspace/Sources/SwiftUI/View+floatingPanelScrollTracking.swift:47:47: error: cannot find type 'UIHostingController' in scope
onScrollViewDetected: ((UIScrollView, UIHostingController<Self>) -> Void)? = nil
^~~~~~~~~~~~~~~~~~~
/Users/admin/builder/spi-builder-workspace/Sources/SwiftUI/View+floatingPanelScrollTracking.swift:55:33: error: cannot find type 'UIScrollView' in scope
let onScrollViewDetected: ((UIScrollView, UIHostingController<Content>) -> Void)?
^~~~~~~~~~~~
/Users/admin/builder/spi-builder-workspace/Sources/SwiftUI/View+floatingPanelScrollTracking.swift:55:47: error: cannot find type 'UIHostingController' in scope
let onScrollViewDetected: ((UIScrollView, UIHostingController<Content>) -> Void)?
^~~~~~~~~~~~~~~~~~~
/Users/admin/builder/spi-builder-workspace/Sources/SwiftUI/View+floatingPanelScrollTracking.swift:59:40: error: cannot find type 'Context' in scope
func makeUIViewController(context: Context) -> ScrollViewHostingController<Content> {
^~~~~~~
/Users/admin/builder/spi-builder-workspace/Sources/SwiftUI/View+floatingPanelScrollTracking.swift:71:18: error: cannot find type 'Context' in scope
context: Context
^~~~~~~
/Users/admin/builder/spi-builder-workspace/Sources/SwiftUI/View+floatingPanelScrollTracking.swift:76:43: error: cannot find type 'UIHostingController' in scope
class ScrollViewHostingController<V>: UIHostingController<V> where V: View {
^~~~~~~~~~~~~~~~~~~
/Users/admin/builder/spi-builder-workspace/Sources/SwiftUI/View+floatingPanelScrollTracking.swift:78:37: error: cannot find type 'UIScrollView' in scope
let onScrollViewDetected: ((UIScrollView, UIHostingController<V>) -> Void)?
^~~~~~~~~~~~
/Users/admin/builder/spi-builder-workspace/Sources/SwiftUI/View+floatingPanelScrollTracking.swift:78:51: error: cannot find type 'UIHostingController' in scope
let onScrollViewDetected: ((UIScrollView, UIHostingController<V>) -> Void)?
^~~~~~~~~~~~~~~~~~~
/Users/admin/builder/spi-builder-workspace/Sources/SwiftUI/View+floatingPanelScrollTracking.swift:80:46: error: cannot find type 'UIScrollView' in scope
private weak var detectedScrollView: UIScrollView?
^~~~~~~~~~~~
/Users/admin/builder/spi-builder-workspace/Sources/SwiftUI/View+floatingPanelScrollTracking.swift:85:37: error: cannot find type 'UIScrollView' in scope
onScrollViewDetected: ((UIScrollView, UIHostingController<V>) -> Void)?
^~~~~~~~~~~~
/Users/admin/builder/spi-builder-workspace/Sources/SwiftUI/View+floatingPanelScrollTracking.swift:85:51: error: cannot find type 'UIHostingController' in scope
onScrollViewDetected: ((UIScrollView, UIHostingController<V>) -> Void)?
^~~~~~~~~~~~~~~~~~~
/Users/admin/builder/spi-builder-workspace/Sources/SwiftUI/View+floatingPanelScrollTracking.swift:96:23: error: method does not override any method from its superclass
override func viewWillLayoutSubviews() {
~~~~~~~~ ^
/Users/admin/builder/spi-builder-workspace/Sources/SwiftUI/View+floatingPanelScrollTracking.swift:107:52: error: cannot find type 'UIScrollView' in scope
func findUIScrollView(in root: UIView?) -> UIScrollView? {
^~~~~~~~~~~~
/Users/admin/builder/spi-builder-workspace/Sources/SwiftUI/View+floatingPanelScrollTracking.swift:107:40: error: cannot find type 'UIView' in scope
func findUIScrollView(in root: UIView?) -> UIScrollView? {
^~~~~~
/Applications/Xcode-16.3.0.app/Contents/Developer/Platforms/WatchOS.platform/Developer/SDKs/WatchOS11.4.sdk/System/Library/Frameworks/UIKit.framework/Headers/NSTextAttachment.h:23:1: note: interface 'UIView' forward declared here
@class UIView;
^
/Users/admin/builder/spi-builder-workspace/Sources/SwiftUI/View+floatingPanelScrollTracking.swift:53:50: error: cannot find type 'UIViewControllerRepresentable' in scope
private struct ScrollViewRepresentable<Content>: UIViewControllerRepresentable where Content: View {
^~~~~~~~~~~~~~~~~~~~~~~~~~~~~
/Users/admin/builder/spi-builder-workspace/Sources/SwiftUI/View+floatingPanelState.swift:8:20: warning: static property 'defaultValue' is not concurrency-safe because it is nonisolated global shared mutable state; this is an error in the Swift 6 language mode
static var defaultValue: Binding<FloatingPanelState?> = .constant(nil)
^
/Users/admin/builder/spi-builder-workspace/Sources/SwiftUI/View+floatingPanelState.swift:8:20: note: convert 'defaultValue' to a 'let' constant to make 'Sendable' shared state immutable
static var defaultValue: Binding<FloatingPanelState?> = .constant(nil)
~~~ ^
let
/Users/admin/builder/spi-builder-workspace/Sources/SwiftUI/View+floatingPanelState.swift:8:20: note: add '@MainActor' to make static property 'defaultValue' part of global actor 'MainActor'
static var defaultValue: Binding<FloatingPanelState?> = .constant(nil)
^
@MainActor
/Users/admin/builder/spi-builder-workspace/Sources/SwiftUI/View+floatingPanelState.swift:8:20: note: disable concurrency-safety checks if accesses are protected by an external synchronization mechanism
static var defaultValue: Binding<FloatingPanelState?> = .constant(nil)
^
nonisolated(unsafe)
/Users/admin/builder/spi-builder-workspace/Sources/SwiftUI/View+floatingPanelSurface.swift:8:20: warning: static property 'defaultValue' is not concurrency-safe because it is nonisolated global shared mutable state; this is an error in the Swift 6 language mode
static var defaultValue = SurfaceAppearance()
^
/Users/admin/builder/spi-builder-workspace/Sources/SwiftUI/View+floatingPanelSurface.swift:8:20: note: convert 'defaultValue' to a 'let' constant to make 'Sendable' shared state immutable
static var defaultValue = SurfaceAppearance()
~~~ ^
let
/Users/admin/builder/spi-builder-workspace/Sources/SwiftUI/View+floatingPanelSurface.swift:8:20: note: add '@MainActor' to make static property 'defaultValue' part of global actor 'MainActor'
static var defaultValue = SurfaceAppearance()
^
@MainActor
/Users/admin/builder/spi-builder-workspace/Sources/SwiftUI/View+floatingPanelSurface.swift:8:20: note: disable concurrency-safety checks if accesses are protected by an external synchronization mechanism
static var defaultValue = SurfaceAppearance()
^
nonisolated(unsafe)
/Users/admin/builder/spi-builder-workspace/Sources/SwiftUI/View+floatingPanelSurface.swift:17:20: warning: static property 'defaultValue' is not concurrency-safe because it is nonisolated global shared mutable state; this is an error in the Swift 6 language mode
static var defaultValue: CGFloat = 6.0
^
/Users/admin/builder/spi-builder-workspace/Sources/SwiftUI/View+floatingPanelSurface.swift:17:20: note: convert 'defaultValue' to a 'let' constant to make 'Sendable' shared state immutable
static var defaultValue: CGFloat = 6.0
~~~ ^
let
/Users/admin/builder/spi-builder-workspace/Sources/SwiftUI/View+floatingPanelSurface.swift:17:20: note: add '@MainActor' to make static property 'defaultValue' part of global actor 'MainActor'
static var defaultValue: CGFloat = 6.0
^
@MainActor
/Users/admin/builder/spi-builder-workspace/Sources/SwiftUI/View+floatingPanelSurface.swift:17:20: note: disable concurrency-safety checks if accesses are protected by an external synchronization mechanism
static var defaultValue: CGFloat = 6.0
^
nonisolated(unsafe)
/Users/admin/builder/spi-builder-workspace/Sources/Transitioning.swift:12:6: error: cannot find type 'UIViewImplicitlyAnimating' in scope
) -> UIViewImplicitlyAnimating {
^~~~~~~~~~~~~~~~~~~~~~~~~
/Users/admin/builder/spi-builder-workspace/Sources/Transitioning.swift:11:28: error: cannot find type 'UIViewControllerContextTransitioning' in scope
for transitionContext: UIViewControllerContextTransitioning
^~~~~~~~~~~~~~~~~~~~~~~~~~~~~~~~~~~~
/Users/admin/builder/spi-builder-workspace/Sources/Transitioning.swift:21:34: error: cannot find type 'UIViewControllerTransitioningDelegate' in scope
class ModalTransition: NSObject, UIViewControllerTransitioningDelegate {
^~~~~~~~~~~~~~~~~~~~~~~~~~~~~~~~~~~~~
/Users/admin/builder/spi-builder-workspace/Sources/Transitioning.swift:24:59: error: cannot find type 'UIViewControllerAnimatedTransitioning' in scope
source: UIViewController) -> UIViewControllerAnimatedTransitioning? {
^~~~~~~~~~~~~~~~~~~~~~~~~~~~~~~~~~~~~
/Users/admin/builder/spi-builder-workspace/Sources/Transitioning.swift:22:54: error: cannot find type 'UIViewController' in scope
func animationController(forPresented presented: UIViewController,
^~~~~~~~~~~~~~~~
/Users/admin/builder/spi-builder-workspace/Sources/Transitioning.swift:23:42: error: cannot find type 'UIViewController' in scope
presenting: UIViewController,
^~~~~~~~~~~~~~~~
/Users/admin/builder/spi-builder-workspace/Sources/Transitioning.swift:24:38: error: cannot find type 'UIViewController' in scope
source: UIViewController) -> UIViewControllerAnimatedTransitioning? {
^~~~~~~~~~~~~~~~
/Users/admin/builder/spi-builder-workspace/Sources/Transitioning.swift:28:75: error: cannot find type 'UIViewControllerAnimatedTransitioning' in scope
func animationController(forDismissed dismissed: UIViewController) -> UIViewControllerAnimatedTransitioning? {
^~~~~~~~~~~~~~~~~~~~~~~~~~~~~~~~~~~~~
/Users/admin/builder/spi-builder-workspace/Sources/Transitioning.swift:28:54: error: cannot find type 'UIViewController' in scope
func animationController(forDismissed dismissed: UIViewController) -> UIViewControllerAnimatedTransitioning? {
^~~~~~~~~~~~~~~~
/Users/admin/builder/spi-builder-workspace/Sources/Transitioning.swift:32:135: error: cannot find type 'UIPresentationController' in scope
func presentationController(forPresented presented: UIViewController, presenting: UIViewController?, source: UIViewController) -> UIPresentationController? {
^~~~~~~~~~~~~~~~~~~~~~~~
/Users/admin/builder/spi-builder-workspace/Sources/Transitioning.swift:32:57: error: cannot find type 'UIViewController' in scope
func presentationController(forPresented presented: UIViewController, presenting: UIViewController?, source: UIViewController) -> UIPresentationController? {
^~~~~~~~~~~~~~~~
/Users/admin/builder/spi-builder-workspace/Sources/Transitioning.swift:32:87: error: cannot find type 'UIViewController' in scope
func presentationController(forPresented presented: UIViewController, presenting: UIViewController?, source: UIViewController) -> UIPresentationController? {
^~~~~~~~~~~~~~~~
/Users/admin/builder/spi-builder-workspace/Sources/Transitioning.swift:32:114: error: cannot find type 'UIViewController' in scope
func presentationController(forPresented presented: UIViewController, presenting: UIViewController?, source: UIViewController) -> UIPresentationController? {
^~~~~~~~~~~~~~~~
/Users/admin/builder/spi-builder-workspace/Sources/Transitioning.swift:37:31: error: cannot find type 'UIPresentationController' in scope
class PresentationController: UIPresentationController {
^~~~~~~~~~~~~~~~~~~~~~~~
/Users/admin/builder/spi-builder-workspace/Sources/Transitioning.swift:38:19: error: method does not override any method from its superclass
override func presentationTransitionWillBegin() {
~~~~~~~~ ^
/Users/admin/builder/spi-builder-workspace/Sources/Transitioning.swift:44:19: error: method does not override any method from its superclass
override func presentationTransitionDidEnd(_ completed: Bool) {
~~~~~~~~ ^
/Users/admin/builder/spi-builder-workspace/Sources/Transitioning.swift:51:19: error: method does not override any method from its superclass
override func dismissalTransitionDidEnd(_ completed: Bool) {
~~~~~~~~ ^
/Users/admin/builder/spi-builder-workspace/Sources/Transitioning.swift:61:19: error: method does not override any method from its superclass
override func containerViewWillLayoutSubviews() {
~~~~~~~~ ^
/Users/admin/builder/spi-builder-workspace/Sources/Transitioning.swift:83:43: error: cannot find type 'UITapGestureRecognizer' in scope
@objc func handleBackdrop(tapGesture: UITapGestureRecognizer) {
^~~~~~~~~~~~~~~~~~~~~~
/Users/admin/builder/spi-builder-workspace/Sources/Transitioning.swift:99:41: error: cannot find type 'UIViewControllerAnimatedTransitioning' in scope
class ModalPresentTransition: NSObject, UIViewControllerAnimatedTransitioning {
^~~~~~~~~~~~~~~~~~~~~~~~~~~~~~~~~~~~~
/Users/admin/builder/spi-builder-workspace/Sources/Transitioning.swift:100:54: error: cannot find type 'UIViewControllerContextTransitioning' in scope
func transitionDuration(using transitionContext: UIViewControllerContextTransitioning?) -> TimeInterval {
^~~~~~~~~~~~~~~~~~~~~~~~~~~~~~~~~~~~
/Users/admin/builder/spi-builder-workspace/Sources/Transitioning.swift:109:98: error: cannot find type 'UIViewImplicitlyAnimating' in scope
func interruptibleAnimator(using transitionContext: UIViewControllerContextTransitioning) -> UIViewImplicitlyAnimating {
^~~~~~~~~~~~~~~~~~~~~~~~~
/Users/admin/builder/spi-builder-workspace/Sources/Transitioning.swift:109:57: error: cannot find type 'UIViewControllerContextTransitioning' in scope
func interruptibleAnimator(using transitionContext: UIViewControllerContextTransitioning) -> UIViewImplicitlyAnimating {
^~~~~~~~~~~~~~~~~~~~~~~~~~~~~~~~~~~~
/Users/admin/builder/spi-builder-workspace/Sources/Transitioning.swift:128:53: error: cannot find type 'UIViewControllerContextTransitioning' in scope
func animateTransition(using transitionContext: UIViewControllerContextTransitioning) {
^~~~~~~~~~~~~~~~~~~~~~~~~~~~~~~~~~~~
/Users/admin/builder/spi-builder-workspace/Sources/Transitioning.swift:133:41: error: cannot find type 'UIViewControllerAnimatedTransitioning' in scope
class ModalDismissTransition: NSObject, UIViewControllerAnimatedTransitioning {
^~~~~~~~~~~~~~~~~~~~~~~~~~~~~~~~~~~~~
/Users/admin/builder/spi-builder-workspace/Sources/Transitioning.swift:134:54: error: cannot find type 'UIViewControllerContextTransitioning' in scope
func transitionDuration(using transitionContext: UIViewControllerContextTransitioning?) -> TimeInterval {
^~~~~~~~~~~~~~~~~~~~~~~~~~~~~~~~~~~~
/Users/admin/builder/spi-builder-workspace/Sources/Transitioning.swift:143:98: error: cannot find type 'UIViewImplicitlyAnimating' in scope
func interruptibleAnimator(using transitionContext: UIViewControllerContextTransitioning) -> UIViewImplicitlyAnimating {
^~~~~~~~~~~~~~~~~~~~~~~~~
/Users/admin/builder/spi-builder-workspace/Sources/Transitioning.swift:143:57: error: cannot find type 'UIViewControllerContextTransitioning' in scope
func interruptibleAnimator(using transitionContext: UIViewControllerContextTransitioning) -> UIViewImplicitlyAnimating {
^~~~~~~~~~~~~~~~~~~~~~~~~~~~~~~~~~~~
/Users/admin/builder/spi-builder-workspace/Sources/Transitioning.swift:162:53: error: cannot find type 'UIViewControllerContextTransitioning' in scope
func animateTransition(using transitionContext: UIViewControllerContextTransitioning) {
^~~~~~~~~~~~~~~~~~~~~~~~~~~~~~~~~~~~
Failed frontend command:
/Applications/Xcode-16.3.0.app/Contents/Developer/Toolchains/XcodeDefault.xctoolchain/usr/bin/swift-frontend -frontend -emit-module -experimental-skip-non-inlinable-function-bodies-without-types /Users/admin/builder/spi-builder-workspace/Sources/BackdropView.swift /Users/admin/builder/spi-builder-workspace/Sources/Behavior.swift /Users/admin/builder/spi-builder-workspace/Sources/Controller.swift /Users/admin/builder/spi-builder-workspace/Sources/Core.swift /Users/admin/builder/spi-builder-workspace/Sources/Extensions.swift /Users/admin/builder/spi-builder-workspace/Sources/GrabberView.swift /Users/admin/builder/spi-builder-workspace/Sources/Layout.swift /Users/admin/builder/spi-builder-workspace/Sources/LayoutAnchoring.swift /Users/admin/builder/spi-builder-workspace/Sources/LayoutProperties.swift /Users/admin/builder/spi-builder-workspace/Sources/Logging.swift /Users/admin/builder/spi-builder-workspace/Sources/PassthroughView.swift /Users/admin/builder/spi-builder-workspace/Sources/Position.swift /Users/admin/builder/spi-builder-workspace/Sources/State.swift /Users/admin/builder/spi-builder-workspace/Sources/SurfaceView.swift /Users/admin/builder/spi-builder-workspace/Sources/SwiftUI/FloatingPanelCoordinator.swift /Users/admin/builder/spi-builder-workspace/Sources/SwiftUI/FloatingPanelProxy.swift /Users/admin/builder/spi-builder-workspace/Sources/SwiftUI/FloatingPanelView.swift /Users/admin/builder/spi-builder-workspace/Sources/SwiftUI/SurfaceAppearance+.swift /Users/admin/builder/spi-builder-workspace/Sources/SwiftUI/View+floatingPanel.swift /Users/admin/builder/spi-builder-workspace/Sources/SwiftUI/View+floatingPanelBehavior.swift /Users/admin/builder/spi-builder-workspace/Sources/SwiftUI/View+floatingPanelConfiguration.swift /Users/admin/builder/spi-builder-workspace/Sources/SwiftUI/View+floatingPanelLayout.swift /Users/admin/builder/spi-builder-workspace/Sources/SwiftUI/View+floatingPanelScrollTracking.swift /Users/admin/builder/spi-builder-workspace/Sources/SwiftUI/View+floatingPanelState.swift /Users/admin/builder/spi-builder-workspace/Sources/SwiftUI/View+floatingPanelSurface.swift /Users/admin/builder/spi-builder-workspace/Sources/Transitioning.swift -target armv7k-apple-watchos8.0 -enable-objc-interop -stack-check -sdk /Applications/Xcode-16.3.0.app/Contents/Developer/Platforms/WatchOS.platform/Developer/SDKs/WatchOS11.4.sdk -I /Users/admin/builder/spi-builder-workspace/.derivedData/Build/Products/Debug-watchos -I /Applications/Xcode-16.3.0.app/Contents/Developer/Platforms/WatchOS.platform/Developer/usr/lib -F /Users/admin/builder/spi-builder-workspace/.derivedData/Build/Products/Debug-watchos -F /Applications/Xcode-16.3.0.app/Contents/Developer/Platforms/WatchOS.platform/Developer/Library/Frameworks -F /Applications/Xcode-16.3.0.app/Contents/Developer/Platforms/WatchOS.platform/Developer/SDKs/WatchOS11.4.sdk/Developer/Library/Frameworks -no-color-diagnostics -enable-testing -g -debug-info-format\=dwarf -dwarf-version\=4 -module-cache-path /Users/admin/builder/spi-builder-workspace/.derivedData/ModuleCache.noindex -swift-version 5 -enforce-exclusivity\=checked -stats-output-dir /Users/admin/builder/spi-builder-workspace/.swiftpm/xcode/.stats -Onone -D SWIFT_PACKAGE -D DEBUG -serialize-debugging-options -const-gather-protocols-file /Users/admin/builder/spi-builder-workspace/.derivedData/Build/Intermediates.noindex/FloatingPanel.build/Debug-watchos/FloatingPanel.build/Objects-normal/armv7k/FloatingPanel_const_extract_protocols.json -enable-upcoming-feature StrictConcurrency -enable-upcoming-feature DisableOutwardActorInference -enable-upcoming-feature GlobalActorIsolatedTypesUsability -enable-upcoming-feature InferSendableFromCaptures -enable-experimental-feature DebugDescriptionMacro -strict-concurrency\=complete -empty-abi-descriptor -plugin-path /Applications/Xcode-16.3.0.app/Contents/Developer/Toolchains/XcodeDefault.xctoolchain/usr/lib/swift/host/plugins/testing -validate-clang-modules-once -clang-build-session-file /Users/admin/builder/spi-builder-workspace/.derivedData/ModuleCache.noindex/Session.modulevalidation -Xcc -working-directory -Xcc /Users/admin/builder/spi-builder-workspace/.swiftpm/xcode -resource-dir /Applications/Xcode-16.3.0.app/Contents/Developer/Toolchains/XcodeDefault.xctoolchain/usr/lib/swift -enable-anonymous-context-mangled-names -file-compilation-dir /Users/admin/builder/spi-builder-workspace/.swiftpm/xcode -Xcc -ivfsstatcache -Xcc /Users/admin/builder/spi-builder-workspace/.derivedData/SDKStatCaches.noindex/watchos11.4-22T246-43efb940ff07ba2497b70ec94253f576.sdkstatcache -Xcc -I/Users/admin/builder/spi-builder-workspace/.derivedData/Build/Intermediates.noindex/FloatingPanel.build/Debug-watchos/FloatingPanel.build/swift-overrides.hmap -Xcc -I/Users/admin/builder/spi-builder-workspace/.derivedData/Build/Products/Debug-watchos/include -Xcc -I/Users/admin/builder/spi-builder-workspace/.derivedData/Build/Intermediates.noindex/FloatingPanel.build/Debug-watchos/FloatingPanel.build/DerivedSources-normal/armv7k -Xcc -I/Users/admin/builder/spi-builder-workspace/.derivedData/Build/Intermediates.noindex/FloatingPanel.build/Debug-watchos/FloatingPanel.build/DerivedSources/armv7k -Xcc -I/Users/admin/builder/spi-builder-workspace/.derivedData/Build/Intermediates.noindex/FloatingPanel.build/Debug-watchos/FloatingPanel.build/DerivedSources -Xcc -DSWIFT_PACKAGE -Xcc -DDEBUG\=1 -module-name FloatingPanel -frontend-parseable-output -disable-clang-spi -target-sdk-version 11.4 -target-sdk-name watchos11.4 -external-plugin-path /Applications/Xcode-16.3.0.app/Contents/Developer/Platforms/WatchOS.platform/Developer/usr/lib/swift/host/plugins\#/Applications/Xcode-16.3.0.app/Contents/Developer/Platforms/WatchOS.platform/Developer/usr/bin/swift-plugin-server -external-plugin-path /Applications/Xcode-16.3.0.app/Contents/Developer/Platforms/WatchOS.platform/Developer/usr/local/lib/swift/host/plugins\#/Applications/Xcode-16.3.0.app/Contents/Developer/Platforms/WatchOS.platform/Developer/usr/bin/swift-plugin-server -in-process-plugin-server-path /Applications/Xcode-16.3.0.app/Contents/Developer/Toolchains/XcodeDefault.xctoolchain/usr/lib/swift/host/libSwiftInProcPluginServer.dylib -plugin-path /Applications/Xcode-16.3.0.app/Contents/Developer/Toolchains/XcodeDefault.xctoolchain/usr/lib/swift/host/plugins -plugin-path /Applications/Xcode-16.3.0.app/Contents/Developer/Toolchains/XcodeDefault.xctoolchain/usr/local/lib/swift/host/plugins -emit-module-doc-path /Users/admin/builder/spi-builder-workspace/.derivedData/Build/Intermediates.noindex/FloatingPanel.build/Debug-watchos/FloatingPanel.build/Objects-normal/armv7k/FloatingPanel.swiftdoc -emit-module-source-info-path /Users/admin/builder/spi-builder-workspace/.derivedData/Build/Intermediates.noindex/FloatingPanel.build/Debug-watchos/FloatingPanel.build/Objects-normal/armv7k/FloatingPanel.swiftsourceinfo -emit-objc-header-path /Users/admin/builder/spi-builder-workspace/.derivedData/Build/Intermediates.noindex/FloatingPanel.build/Debug-watchos/FloatingPanel.build/Objects-normal/armv7k/FloatingPanel-Swift.h -serialize-diagnostics-path /Users/admin/builder/spi-builder-workspace/.derivedData/Build/Intermediates.noindex/FloatingPanel.build/Debug-watchos/FloatingPanel.build/Objects-normal/armv7k/FloatingPanel-master-emit-module.dia -emit-dependencies-path /Users/admin/builder/spi-builder-workspace/.derivedData/Build/Intermediates.noindex/FloatingPanel.build/Debug-watchos/FloatingPanel.build/Objects-normal/armv7k/FloatingPanel-master-emit-module.d -o /Users/admin/builder/spi-builder-workspace/.derivedData/Build/Intermediates.noindex/FloatingPanel.build/Debug-watchos/FloatingPanel.build/Objects-normal/armv7k/FloatingPanel.swiftmodule -emit-abi-descriptor-path /Users/admin/builder/spi-builder-workspace/.derivedData/Build/Intermediates.noindex/FloatingPanel.build/Debug-watchos/FloatingPanel.build/Objects-normal/armv7k/FloatingPanel.abi.json
SwiftCompile normal armv7k Compiling\ Layout.swift,\ LayoutAnchoring.swift,\ LayoutProperties.swift /Users/admin/builder/spi-builder-workspace/Sources/Layout.swift /Users/admin/builder/spi-builder-workspace/Sources/LayoutAnchoring.swift /Users/admin/builder/spi-builder-workspace/Sources/LayoutProperties.swift (in target 'FloatingPanel' from project 'FloatingPanel')
SwiftCompile normal armv7k /Users/admin/builder/spi-builder-workspace/Sources/Layout.swift (in target 'FloatingPanel' from project 'FloatingPanel')
cd /Users/admin/builder/spi-builder-workspace/.swiftpm/xcode
SwiftCompile normal armv7k /Users/admin/builder/spi-builder-workspace/Sources/LayoutAnchoring.swift (in target 'FloatingPanel' from project 'FloatingPanel')
cd /Users/admin/builder/spi-builder-workspace/.swiftpm/xcode
SwiftCompile normal armv7k /Users/admin/builder/spi-builder-workspace/Sources/LayoutProperties.swift (in target 'FloatingPanel' from project 'FloatingPanel')
cd /Users/admin/builder/spi-builder-workspace/.swiftpm/xcode
SwiftCompile normal armv7k Compiling\ Logging.swift,\ PassthroughView.swift,\ Position.swift /Users/admin/builder/spi-builder-workspace/Sources/Logging.swift /Users/admin/builder/spi-builder-workspace/Sources/PassthroughView.swift /Users/admin/builder/spi-builder-workspace/Sources/Position.swift (in target 'FloatingPanel' from project 'FloatingPanel')
SwiftCompile normal armv7k /Users/admin/builder/spi-builder-workspace/Sources/Logging.swift (in target 'FloatingPanel' from project 'FloatingPanel')
cd /Users/admin/builder/spi-builder-workspace/.swiftpm/xcode
SwiftCompile normal armv7k /Users/admin/builder/spi-builder-workspace/Sources/PassthroughView.swift (in target 'FloatingPanel' from project 'FloatingPanel')
cd /Users/admin/builder/spi-builder-workspace/.swiftpm/xcode
SwiftCompile normal armv7k /Users/admin/builder/spi-builder-workspace/Sources/Position.swift (in target 'FloatingPanel' from project 'FloatingPanel')
cd /Users/admin/builder/spi-builder-workspace/.swiftpm/xcode
SwiftCompile normal armv7k Compiling\ View+floatingPanel.swift,\ View+floatingPanelBehavior.swift /Users/admin/builder/spi-builder-workspace/Sources/SwiftUI/View+floatingPanel.swift /Users/admin/builder/spi-builder-workspace/Sources/SwiftUI/View+floatingPanelBehavior.swift (in target 'FloatingPanel' from project 'FloatingPanel')
SwiftCompile normal armv7k /Users/admin/builder/spi-builder-workspace/Sources/SwiftUI/View+floatingPanel.swift (in target 'FloatingPanel' from project 'FloatingPanel')
cd /Users/admin/builder/spi-builder-workspace/.swiftpm/xcode
SwiftCompile normal armv7k /Users/admin/builder/spi-builder-workspace/Sources/SwiftUI/View+floatingPanelBehavior.swift (in target 'FloatingPanel' from project 'FloatingPanel')
cd /Users/admin/builder/spi-builder-workspace/.swiftpm/xcode
SwiftCompile normal armv7k Compiling\ Core.swift,\ Extensions.swift,\ GrabberView.swift /Users/admin/builder/spi-builder-workspace/Sources/Core.swift /Users/admin/builder/spi-builder-workspace/Sources/Extensions.swift /Users/admin/builder/spi-builder-workspace/Sources/GrabberView.swift (in target 'FloatingPanel' from project 'FloatingPanel')
SwiftCompile normal armv7k /Users/admin/builder/spi-builder-workspace/Sources/Core.swift (in target 'FloatingPanel' from project 'FloatingPanel')
cd /Users/admin/builder/spi-builder-workspace/.swiftpm/xcode
SwiftCompile normal armv7k /Users/admin/builder/spi-builder-workspace/Sources/Extensions.swift (in target 'FloatingPanel' from project 'FloatingPanel')
cd /Users/admin/builder/spi-builder-workspace/.swiftpm/xcode
SwiftCompile normal armv7k /Users/admin/builder/spi-builder-workspace/Sources/GrabberView.swift (in target 'FloatingPanel' from project 'FloatingPanel')
cd /Users/admin/builder/spi-builder-workspace/.swiftpm/xcode
SwiftCompile normal armv7k Compiling\ FloatingPanelProxy.swift,\ FloatingPanelView.swift,\ SurfaceAppearance+.swift /Users/admin/builder/spi-builder-workspace/Sources/SwiftUI/FloatingPanelProxy.swift /Users/admin/builder/spi-builder-workspace/Sources/SwiftUI/FloatingPanelView.swift /Users/admin/builder/spi-builder-workspace/Sources/SwiftUI/SurfaceAppearance+.swift (in target 'FloatingPanel' from project 'FloatingPanel')
SwiftCompile normal armv7k /Users/admin/builder/spi-builder-workspace/Sources/SwiftUI/FloatingPanelProxy.swift (in target 'FloatingPanel' from project 'FloatingPanel')
cd /Users/admin/builder/spi-builder-workspace/.swiftpm/xcode
SwiftCompile normal armv7k /Users/admin/builder/spi-builder-workspace/Sources/SwiftUI/FloatingPanelView.swift (in target 'FloatingPanel' from project 'FloatingPanel')
cd /Users/admin/builder/spi-builder-workspace/.swiftpm/xcode
SwiftCompile normal armv7k /Users/admin/builder/spi-builder-workspace/Sources/SwiftUI/SurfaceAppearance+.swift (in target 'FloatingPanel' from project 'FloatingPanel')
cd /Users/admin/builder/spi-builder-workspace/.swiftpm/xcode
SwiftCompile normal armv7k Compiling\ State.swift,\ SurfaceView.swift,\ FloatingPanelCoordinator.swift /Users/admin/builder/spi-builder-workspace/Sources/State.swift /Users/admin/builder/spi-builder-workspace/Sources/SurfaceView.swift /Users/admin/builder/spi-builder-workspace/Sources/SwiftUI/FloatingPanelCoordinator.swift (in target 'FloatingPanel' from project 'FloatingPanel')
SwiftCompile normal armv7k /Users/admin/builder/spi-builder-workspace/Sources/State.swift (in target 'FloatingPanel' from project 'FloatingPanel')
cd /Users/admin/builder/spi-builder-workspace/.swiftpm/xcode
SwiftCompile normal armv7k /Users/admin/builder/spi-builder-workspace/Sources/SurfaceView.swift (in target 'FloatingPanel' from project 'FloatingPanel')
cd /Users/admin/builder/spi-builder-workspace/.swiftpm/xcode
SwiftCompile normal armv7k /Users/admin/builder/spi-builder-workspace/Sources/SwiftUI/FloatingPanelCoordinator.swift (in target 'FloatingPanel' from project 'FloatingPanel')
cd /Users/admin/builder/spi-builder-workspace/.swiftpm/xcode
SwiftCompile normal armv7k Compiling\ BackdropView.swift,\ Behavior.swift,\ Controller.swift /Users/admin/builder/spi-builder-workspace/Sources/BackdropView.swift /Users/admin/builder/spi-builder-workspace/Sources/Behavior.swift /Users/admin/builder/spi-builder-workspace/Sources/Controller.swift (in target 'FloatingPanel' from project 'FloatingPanel')
SwiftCompile normal armv7k /Users/admin/builder/spi-builder-workspace/Sources/BackdropView.swift (in target 'FloatingPanel' from project 'FloatingPanel')
cd /Users/admin/builder/spi-builder-workspace/.swiftpm/xcode
SwiftCompile normal armv7k /Users/admin/builder/spi-builder-workspace/Sources/Behavior.swift (in target 'FloatingPanel' from project 'FloatingPanel')
cd /Users/admin/builder/spi-builder-workspace/.swiftpm/xcode
SwiftCompile normal armv7k /Users/admin/builder/spi-builder-workspace/Sources/Controller.swift (in target 'FloatingPanel' from project 'FloatingPanel')
cd /Users/admin/builder/spi-builder-workspace/.swiftpm/xcode
SwiftCompile normal armv7k Compiling\ View+floatingPanelScrollTracking.swift,\ View+floatingPanelState.swift /Users/admin/builder/spi-builder-workspace/Sources/SwiftUI/View+floatingPanelScrollTracking.swift /Users/admin/builder/spi-builder-workspace/Sources/SwiftUI/View+floatingPanelState.swift (in target 'FloatingPanel' from project 'FloatingPanel')
SwiftCompile normal armv7k /Users/admin/builder/spi-builder-workspace/Sources/SwiftUI/View+floatingPanelScrollTracking.swift (in target 'FloatingPanel' from project 'FloatingPanel')
cd /Users/admin/builder/spi-builder-workspace/.swiftpm/xcode
SwiftCompile normal armv7k /Users/admin/builder/spi-builder-workspace/Sources/SwiftUI/View+floatingPanelState.swift (in target 'FloatingPanel' from project 'FloatingPanel')
cd /Users/admin/builder/spi-builder-workspace/.swiftpm/xcode
SwiftCompile normal armv7k Compiling\ View+floatingPanelConfiguration.swift,\ View+floatingPanelLayout.swift /Users/admin/builder/spi-builder-workspace/Sources/SwiftUI/View+floatingPanelConfiguration.swift /Users/admin/builder/spi-builder-workspace/Sources/SwiftUI/View+floatingPanelLayout.swift (in target 'FloatingPanel' from project 'FloatingPanel')
SwiftCompile normal armv7k /Users/admin/builder/spi-builder-workspace/Sources/SwiftUI/View+floatingPanelConfiguration.swift (in target 'FloatingPanel' from project 'FloatingPanel')
cd /Users/admin/builder/spi-builder-workspace/.swiftpm/xcode
SwiftCompile normal armv7k /Users/admin/builder/spi-builder-workspace/Sources/SwiftUI/View+floatingPanelLayout.swift (in target 'FloatingPanel' from project 'FloatingPanel')
cd /Users/admin/builder/spi-builder-workspace/.swiftpm/xcode
SwiftEmitModule normal arm64_32 Emitting\ module\ for\ FloatingPanel (in target 'FloatingPanel' from project 'FloatingPanel')
Command SwiftEmitModule failed with a nonzero exit code
** BUILD FAILED **
The following build commands failed:
EmitSwiftModule normal armv7k (in target 'FloatingPanel' from project 'FloatingPanel')
SwiftEmitModule normal armv7k Emitting\ module\ for\ FloatingPanel (in target 'FloatingPanel' from project 'FloatingPanel')
SwiftEmitModule normal arm64_32 Emitting\ module\ for\ FloatingPanel (in target 'FloatingPanel' from project 'FloatingPanel')
Building workspace spi-builder-workspace with scheme FloatingPanel
(4 failures)
Command line invocation:
/Applications/Xcode-16.3.0.app/Contents/Developer/usr/bin/xcodebuild -IDEClonedSourcePackagesDirPathOverride=/Users/admin/builder/spi-builder-workspace/.dependencies -resolvePackageDependencies
Resolve Package Graph
Resolved source packages:
FloatingPanel: /Users/admin/builder/spi-builder-workspace
resolved source packages: FloatingPanel
{
"dependencies" : [
],
"manifest_display_name" : "FloatingPanel",
"name" : "FloatingPanel",
"path" : "/Users/admin/builder/spi-builder-workspace",
"platforms" : [
{
"name" : "ios",
"version" : "15.0"
}
],
"products" : [
{
"name" : "FloatingPanel",
"targets" : [
"FloatingPanel"
],
"type" : {
"library" : [
"automatic"
]
}
}
],
"swift_languages_versions" : [
"5"
],
"targets" : [
{
"c99name" : "FloatingPanel",
"module_type" : "SwiftTarget",
"name" : "FloatingPanel",
"path" : "Sources",
"product_memberships" : [
"FloatingPanel"
],
"sources" : [
"BackdropView.swift",
"Behavior.swift",
"Controller.swift",
"Core.swift",
"Extensions.swift",
"GrabberView.swift",
"Layout.swift",
"LayoutAnchoring.swift",
"LayoutProperties.swift",
"Logging.swift",
"PassthroughView.swift",
"Position.swift",
"State.swift",
"SurfaceView.swift",
"SwiftUI/FloatingPanelCoordinator.swift",
"SwiftUI/FloatingPanelProxy.swift",
"SwiftUI/FloatingPanelView.swift",
"SwiftUI/SurfaceAppearance+.swift",
"SwiftUI/View+floatingPanel.swift",
"SwiftUI/View+floatingPanelBehavior.swift",
"SwiftUI/View+floatingPanelConfiguration.swift",
"SwiftUI/View+floatingPanelLayout.swift",
"SwiftUI/View+floatingPanelScrollTracking.swift",
"SwiftUI/View+floatingPanelState.swift",
"SwiftUI/View+floatingPanelSurface.swift",
"Transitioning.swift"
],
"type" : "library"
}
],
"tools_version" : "5.5"
}
{
"workspace" : {
"name" : "spi-builder-workspace",
"schemes" : [
"FloatingPanel"
]
}
}
Running build ...
env DEVELOPER_DIR=/Applications/Xcode-16.3.0.app xcrun xcodebuild -IDEClonedSourcePackagesDirPathOverride=$PWD/.dependencies -skipMacroValidation -skipPackagePluginValidation -derivedDataPath $PWD/.derivedData build -scheme FloatingPanel -destination generic/platform=watchOS
Command line invocation:
/Applications/Xcode-16.3.0.app/Contents/Developer/usr/bin/xcodebuild -IDEClonedSourcePackagesDirPathOverride=/Users/admin/builder/spi-builder-workspace/.dependencies -skipMacroValidation -skipPackagePluginValidation -derivedDataPath /Users/admin/builder/spi-builder-workspace/.derivedData build -scheme FloatingPanel -destination generic/platform=watchOS
Resolve Package Graph
Resolved source packages:
FloatingPanel: /Users/admin/builder/spi-builder-workspace
ComputePackagePrebuildTargetDependencyGraph
Prepare packages
CreateBuildRequest
SendProjectDescription
CreateBuildOperation
ComputeTargetDependencyGraph
note: Building targets in dependency order
note: Target dependency graph (2 targets)
Target 'FloatingPanel' in project 'FloatingPanel'
➜ Explicit dependency on target 'FloatingPanel' in project 'FloatingPanel'
Target 'FloatingPanel' in project 'FloatingPanel' (no dependencies)
GatherProvisioningInputs
CreateBuildDescription
ExecuteExternalTool /Applications/Xcode-16.3.0.app/Contents/Developer/Toolchains/XcodeDefault.xctoolchain/usr/bin/clang -v -E -dM -isysroot /Applications/Xcode-16.3.0.app/Contents/Developer/Platforms/WatchOS.platform/Developer/SDKs/WatchOS11.4.sdk -x c -c /dev/null
ExecuteExternalTool /Applications/Xcode-16.3.0.app/Contents/Developer/Toolchains/XcodeDefault.xctoolchain/usr/bin/swiftc --version
ExecuteExternalTool /Applications/Xcode-16.3.0.app/Contents/Developer/Toolchains/XcodeDefault.xctoolchain/usr/bin/ld -version_details
ReadFileContents /Applications/Xcode-16.3.0.app/Contents/Developer/Toolchains/XcodeDefault.xctoolchain/usr/share/docc/features.json
Build description signature: 27a332d6c3e3a4e0059de0ecd55a4d6e
Build description path: /Users/admin/builder/spi-builder-workspace/.derivedData/Build/Intermediates.noindex/XCBuildData/27a332d6c3e3a4e0059de0ecd55a4d6e.xcbuilddata
ClangStatCache /Applications/Xcode-16.3.0.app/Contents/Developer/Toolchains/XcodeDefault.xctoolchain/usr/bin/clang-stat-cache /Applications/Xcode-16.3.0.app/Contents/Developer/Platforms/WatchOS.platform/Developer/SDKs/WatchOS11.4.sdk /Users/admin/builder/spi-builder-workspace/.derivedData/SDKStatCaches.noindex/watchos11.4-22T246-43efb940ff07ba2497b70ec94253f576.sdkstatcache
cd /Users/admin/builder/spi-builder-workspace/.swiftpm/xcode
/Applications/Xcode-16.3.0.app/Contents/Developer/Toolchains/XcodeDefault.xctoolchain/usr/bin/clang-stat-cache /Applications/Xcode-16.3.0.app/Contents/Developer/Platforms/WatchOS.platform/Developer/SDKs/WatchOS11.4.sdk -o /Users/admin/builder/spi-builder-workspace/.derivedData/SDKStatCaches.noindex/watchos11.4-22T246-43efb940ff07ba2497b70ec94253f576.sdkstatcache
SwiftDriver FloatingPanel normal arm64_32 com.apple.xcode.tools.swift.compiler (in target 'FloatingPanel' from project 'FloatingPanel')
cd /Users/admin/builder/spi-builder-workspace/.swiftpm/xcode
builtin-SwiftDriver -- /Applications/Xcode-16.3.0.app/Contents/Developer/Toolchains/XcodeDefault.xctoolchain/usr/bin/swiftc -module-name FloatingPanel -Onone -enforce-exclusivity\=checked @/Users/admin/builder/spi-builder-workspace/.derivedData/Build/Intermediates.noindex/FloatingPanel.build/Debug-watchos/FloatingPanel.build/Objects-normal/arm64_32/FloatingPanel.SwiftFileList -DSWIFT_PACKAGE -DDEBUG -DXcode -plugin-path /Applications/Xcode-16.3.0.app/Contents/Developer/Toolchains/XcodeDefault.xctoolchain/usr/lib/swift/host/plugins/testing -enable-experimental-feature DebugDescriptionMacro -sdk /Applications/Xcode-16.3.0.app/Contents/Developer/Platforms/WatchOS.platform/Developer/SDKs/WatchOS11.4.sdk -target arm64_32-apple-watchos8.0 -g -module-cache-path /Users/admin/builder/spi-builder-workspace/.derivedData/ModuleCache.noindex -Xfrontend -serialize-debugging-options -enable-testing -index-store-path /Users/admin/builder/spi-builder-workspace/.derivedData/Index.noindex/DataStore -swift-version 5 -I /Users/admin/builder/spi-builder-workspace/.derivedData/Build/Products/Debug-watchos -I /Applications/Xcode-16.3.0.app/Contents/Developer/Platforms/WatchOS.platform/Developer/usr/lib -F /Users/admin/builder/spi-builder-workspace/.derivedData/Build/Products/Debug-watchos -F /Applications/Xcode-16.3.0.app/Contents/Developer/Platforms/WatchOS.platform/Developer/Library/Frameworks -F /Applications/Xcode-16.3.0.app/Contents/Developer/Platforms/WatchOS.platform/Developer/SDKs/WatchOS11.4.sdk/Developer/Library/Frameworks -c -j10 -enable-batch-mode -incremental -Xcc -ivfsstatcache -Xcc /Users/admin/builder/spi-builder-workspace/.derivedData/SDKStatCaches.noindex/watchos11.4-22T246-43efb940ff07ba2497b70ec94253f576.sdkstatcache -output-file-map /Users/admin/builder/spi-builder-workspace/.derivedData/Build/Intermediates.noindex/FloatingPanel.build/Debug-watchos/FloatingPanel.build/Objects-normal/arm64_32/FloatingPanel-OutputFileMap.json -use-frontend-parseable-output -save-temps -no-color-diagnostics -serialize-diagnostics -emit-dependencies -emit-module -emit-module-path /Users/admin/builder/spi-builder-workspace/.derivedData/Build/Intermediates.noindex/FloatingPanel.build/Debug-watchos/FloatingPanel.build/Objects-normal/arm64_32/FloatingPanel.swiftmodule -validate-clang-modules-once -clang-build-session-file /Users/admin/builder/spi-builder-workspace/.derivedData/ModuleCache.noindex/Session.modulevalidation -Xcc -I/Users/admin/builder/spi-builder-workspace/.derivedData/Build/Intermediates.noindex/FloatingPanel.build/Debug-watchos/FloatingPanel.build/swift-overrides.hmap -emit-const-values -Xfrontend -const-gather-protocols-file -Xfrontend /Users/admin/builder/spi-builder-workspace/.derivedData/Build/Intermediates.noindex/FloatingPanel.build/Debug-watchos/FloatingPanel.build/Objects-normal/arm64_32/FloatingPanel_const_extract_protocols.json -Xcc -I/Users/admin/builder/spi-builder-workspace/.derivedData/Build/Products/Debug-watchos/include -Xcc -I/Users/admin/builder/spi-builder-workspace/.derivedData/Build/Intermediates.noindex/FloatingPanel.build/Debug-watchos/FloatingPanel.build/DerivedSources-normal/arm64_32 -Xcc -I/Users/admin/builder/spi-builder-workspace/.derivedData/Build/Intermediates.noindex/FloatingPanel.build/Debug-watchos/FloatingPanel.build/DerivedSources/arm64_32 -Xcc -I/Users/admin/builder/spi-builder-workspace/.derivedData/Build/Intermediates.noindex/FloatingPanel.build/Debug-watchos/FloatingPanel.build/DerivedSources -Xcc -DSWIFT_PACKAGE -Xcc -DDEBUG\=1 -emit-objc-header -emit-objc-header-path /Users/admin/builder/spi-builder-workspace/.derivedData/Build/Intermediates.noindex/FloatingPanel.build/Debug-watchos/FloatingPanel.build/Objects-normal/arm64_32/FloatingPanel-Swift.h -working-directory /Users/admin/builder/spi-builder-workspace/.swiftpm/xcode -experimental-emit-module-separately -disable-cmo
SwiftDriver FloatingPanel normal arm64 com.apple.xcode.tools.swift.compiler (in target 'FloatingPanel' from project 'FloatingPanel')
cd /Users/admin/builder/spi-builder-workspace/.swiftpm/xcode
builtin-SwiftDriver -- /Applications/Xcode-16.3.0.app/Contents/Developer/Toolchains/XcodeDefault.xctoolchain/usr/bin/swiftc -module-name FloatingPanel -Onone -enforce-exclusivity\=checked @/Users/admin/builder/spi-builder-workspace/.derivedData/Build/Intermediates.noindex/FloatingPanel.build/Debug-watchos/FloatingPanel.build/Objects-normal/arm64/FloatingPanel.SwiftFileList -DSWIFT_PACKAGE -DDEBUG -DXcode -plugin-path /Applications/Xcode-16.3.0.app/Contents/Developer/Toolchains/XcodeDefault.xctoolchain/usr/lib/swift/host/plugins/testing -enable-experimental-feature DebugDescriptionMacro -sdk /Applications/Xcode-16.3.0.app/Contents/Developer/Platforms/WatchOS.platform/Developer/SDKs/WatchOS11.4.sdk -target arm64-apple-watchos8.0 -g -module-cache-path /Users/admin/builder/spi-builder-workspace/.derivedData/ModuleCache.noindex -Xfrontend -serialize-debugging-options -enable-testing -index-store-path /Users/admin/builder/spi-builder-workspace/.derivedData/Index.noindex/DataStore -swift-version 5 -I /Users/admin/builder/spi-builder-workspace/.derivedData/Build/Products/Debug-watchos -I /Applications/Xcode-16.3.0.app/Contents/Developer/Platforms/WatchOS.platform/Developer/usr/lib -F /Users/admin/builder/spi-builder-workspace/.derivedData/Build/Products/Debug-watchos -F /Applications/Xcode-16.3.0.app/Contents/Developer/Platforms/WatchOS.platform/Developer/Library/Frameworks -F /Applications/Xcode-16.3.0.app/Contents/Developer/Platforms/WatchOS.platform/Developer/SDKs/WatchOS11.4.sdk/Developer/Library/Frameworks -c -j10 -enable-batch-mode -incremental -Xcc -ivfsstatcache -Xcc /Users/admin/builder/spi-builder-workspace/.derivedData/SDKStatCaches.noindex/watchos11.4-22T246-43efb940ff07ba2497b70ec94253f576.sdkstatcache -output-file-map /Users/admin/builder/spi-builder-workspace/.derivedData/Build/Intermediates.noindex/FloatingPanel.build/Debug-watchos/FloatingPanel.build/Objects-normal/arm64/FloatingPanel-OutputFileMap.json -use-frontend-parseable-output -save-temps -no-color-diagnostics -serialize-diagnostics -emit-dependencies -emit-module -emit-module-path /Users/admin/builder/spi-builder-workspace/.derivedData/Build/Intermediates.noindex/FloatingPanel.build/Debug-watchos/FloatingPanel.build/Objects-normal/arm64/FloatingPanel.swiftmodule -validate-clang-modules-once -clang-build-session-file /Users/admin/builder/spi-builder-workspace/.derivedData/ModuleCache.noindex/Session.modulevalidation -Xcc -I/Users/admin/builder/spi-builder-workspace/.derivedData/Build/Intermediates.noindex/FloatingPanel.build/Debug-watchos/FloatingPanel.build/swift-overrides.hmap -emit-const-values -Xfrontend -const-gather-protocols-file -Xfrontend /Users/admin/builder/spi-builder-workspace/.derivedData/Build/Intermediates.noindex/FloatingPanel.build/Debug-watchos/FloatingPanel.build/Objects-normal/arm64/FloatingPanel_const_extract_protocols.json -Xcc -I/Users/admin/builder/spi-builder-workspace/.derivedData/Build/Products/Debug-watchos/include -Xcc -I/Users/admin/builder/spi-builder-workspace/.derivedData/Build/Intermediates.noindex/FloatingPanel.build/Debug-watchos/FloatingPanel.build/DerivedSources-normal/arm64 -Xcc -I/Users/admin/builder/spi-builder-workspace/.derivedData/Build/Intermediates.noindex/FloatingPanel.build/Debug-watchos/FloatingPanel.build/DerivedSources/arm64 -Xcc -I/Users/admin/builder/spi-builder-workspace/.derivedData/Build/Intermediates.noindex/FloatingPanel.build/Debug-watchos/FloatingPanel.build/DerivedSources -Xcc -DSWIFT_PACKAGE -Xcc -DDEBUG\=1 -emit-objc-header -emit-objc-header-path /Users/admin/builder/spi-builder-workspace/.derivedData/Build/Intermediates.noindex/FloatingPanel.build/Debug-watchos/FloatingPanel.build/Objects-normal/arm64/FloatingPanel-Swift.h -working-directory /Users/admin/builder/spi-builder-workspace/.swiftpm/xcode -experimental-emit-module-separately -disable-cmo
SwiftDriver FloatingPanel normal armv7k com.apple.xcode.tools.swift.compiler (in target 'FloatingPanel' from project 'FloatingPanel')
cd /Users/admin/builder/spi-builder-workspace/.swiftpm/xcode
builtin-SwiftDriver -- /Applications/Xcode-16.3.0.app/Contents/Developer/Toolchains/XcodeDefault.xctoolchain/usr/bin/swiftc -module-name FloatingPanel -Onone -enforce-exclusivity\=checked @/Users/admin/builder/spi-builder-workspace/.derivedData/Build/Intermediates.noindex/FloatingPanel.build/Debug-watchos/FloatingPanel.build/Objects-normal/armv7k/FloatingPanel.SwiftFileList -DSWIFT_PACKAGE -DDEBUG -DXcode -plugin-path /Applications/Xcode-16.3.0.app/Contents/Developer/Toolchains/XcodeDefault.xctoolchain/usr/lib/swift/host/plugins/testing -enable-experimental-feature DebugDescriptionMacro -sdk /Applications/Xcode-16.3.0.app/Contents/Developer/Platforms/WatchOS.platform/Developer/SDKs/WatchOS11.4.sdk -target armv7k-apple-watchos8.0 -g -module-cache-path /Users/admin/builder/spi-builder-workspace/.derivedData/ModuleCache.noindex -Xfrontend -serialize-debugging-options -enable-testing -index-store-path /Users/admin/builder/spi-builder-workspace/.derivedData/Index.noindex/DataStore -swift-version 5 -I /Users/admin/builder/spi-builder-workspace/.derivedData/Build/Products/Debug-watchos -I /Applications/Xcode-16.3.0.app/Contents/Developer/Platforms/WatchOS.platform/Developer/usr/lib -F /Users/admin/builder/spi-builder-workspace/.derivedData/Build/Products/Debug-watchos -F /Applications/Xcode-16.3.0.app/Contents/Developer/Platforms/WatchOS.platform/Developer/Library/Frameworks -F /Applications/Xcode-16.3.0.app/Contents/Developer/Platforms/WatchOS.platform/Developer/SDKs/WatchOS11.4.sdk/Developer/Library/Frameworks -c -j10 -enable-batch-mode -incremental -Xcc -ivfsstatcache -Xcc /Users/admin/builder/spi-builder-workspace/.derivedData/SDKStatCaches.noindex/watchos11.4-22T246-43efb940ff07ba2497b70ec94253f576.sdkstatcache -output-file-map /Users/admin/builder/spi-builder-workspace/.derivedData/Build/Intermediates.noindex/FloatingPanel.build/Debug-watchos/FloatingPanel.build/Objects-normal/armv7k/FloatingPanel-OutputFileMap.json -use-frontend-parseable-output -save-temps -no-color-diagnostics -serialize-diagnostics -emit-dependencies -emit-module -emit-module-path /Users/admin/builder/spi-builder-workspace/.derivedData/Build/Intermediates.noindex/FloatingPanel.build/Debug-watchos/FloatingPanel.build/Objects-normal/armv7k/FloatingPanel.swiftmodule -validate-clang-modules-once -clang-build-session-file /Users/admin/builder/spi-builder-workspace/.derivedData/ModuleCache.noindex/Session.modulevalidation -Xcc -I/Users/admin/builder/spi-builder-workspace/.derivedData/Build/Intermediates.noindex/FloatingPanel.build/Debug-watchos/FloatingPanel.build/swift-overrides.hmap -emit-const-values -Xfrontend -const-gather-protocols-file -Xfrontend /Users/admin/builder/spi-builder-workspace/.derivedData/Build/Intermediates.noindex/FloatingPanel.build/Debug-watchos/FloatingPanel.build/Objects-normal/armv7k/FloatingPanel_const_extract_protocols.json -Xcc -I/Users/admin/builder/spi-builder-workspace/.derivedData/Build/Products/Debug-watchos/include -Xcc -I/Users/admin/builder/spi-builder-workspace/.derivedData/Build/Intermediates.noindex/FloatingPanel.build/Debug-watchos/FloatingPanel.build/DerivedSources-normal/armv7k -Xcc -I/Users/admin/builder/spi-builder-workspace/.derivedData/Build/Intermediates.noindex/FloatingPanel.build/Debug-watchos/FloatingPanel.build/DerivedSources/armv7k -Xcc -I/Users/admin/builder/spi-builder-workspace/.derivedData/Build/Intermediates.noindex/FloatingPanel.build/Debug-watchos/FloatingPanel.build/DerivedSources -Xcc -DSWIFT_PACKAGE -Xcc -DDEBUG\=1 -emit-objc-header -emit-objc-header-path /Users/admin/builder/spi-builder-workspace/.derivedData/Build/Intermediates.noindex/FloatingPanel.build/Debug-watchos/FloatingPanel.build/Objects-normal/armv7k/FloatingPanel-Swift.h -working-directory /Users/admin/builder/spi-builder-workspace/.swiftpm/xcode -experimental-emit-module-separately -disable-cmo
SwiftEmitModule normal arm64_32 Emitting\ module\ for\ FloatingPanel (in target 'FloatingPanel' from project 'FloatingPanel')
EmitSwiftModule normal arm64_32 (in target 'FloatingPanel' from project 'FloatingPanel')
cd /Users/admin/builder/spi-builder-workspace/.swiftpm/xcode
SwiftCompile normal arm64_32 Compiling\ State.swift,\ SurfaceView.swift,\ FloatingPanelCoordinator.swift /Users/admin/builder/spi-builder-workspace/Sources/State.swift /Users/admin/builder/spi-builder-workspace/Sources/SurfaceView.swift /Users/admin/builder/spi-builder-workspace/Sources/SwiftUI/FloatingPanelCoordinator.swift (in target 'FloatingPanel' from project 'FloatingPanel')
SwiftCompile normal arm64_32 /Users/admin/builder/spi-builder-workspace/Sources/State.swift (in target 'FloatingPanel' from project 'FloatingPanel')
cd /Users/admin/builder/spi-builder-workspace/.swiftpm/xcode
SwiftCompile normal arm64_32 /Users/admin/builder/spi-builder-workspace/Sources/SurfaceView.swift (in target 'FloatingPanel' from project 'FloatingPanel')
cd /Users/admin/builder/spi-builder-workspace/.swiftpm/xcode
SwiftCompile normal arm64_32 /Users/admin/builder/spi-builder-workspace/Sources/SwiftUI/FloatingPanelCoordinator.swift (in target 'FloatingPanel' from project 'FloatingPanel')
cd /Users/admin/builder/spi-builder-workspace/.swiftpm/xcode
SwiftCompile normal arm64_32 Compiling\ Layout.swift,\ LayoutAnchoring.swift,\ LayoutProperties.swift /Users/admin/builder/spi-builder-workspace/Sources/Layout.swift /Users/admin/builder/spi-builder-workspace/Sources/LayoutAnchoring.swift /Users/admin/builder/spi-builder-workspace/Sources/LayoutProperties.swift (in target 'FloatingPanel' from project 'FloatingPanel')
SwiftCompile normal arm64_32 /Users/admin/builder/spi-builder-workspace/Sources/Layout.swift (in target 'FloatingPanel' from project 'FloatingPanel')
cd /Users/admin/builder/spi-builder-workspace/.swiftpm/xcode
SwiftCompile normal arm64_32 /Users/admin/builder/spi-builder-workspace/Sources/LayoutAnchoring.swift (in target 'FloatingPanel' from project 'FloatingPanel')
cd /Users/admin/builder/spi-builder-workspace/.swiftpm/xcode
SwiftCompile normal arm64_32 /Users/admin/builder/spi-builder-workspace/Sources/LayoutProperties.swift (in target 'FloatingPanel' from project 'FloatingPanel')
cd /Users/admin/builder/spi-builder-workspace/.swiftpm/xcode
SwiftCompile normal arm64_32 Compiling\ Core.swift,\ Extensions.swift,\ GrabberView.swift /Users/admin/builder/spi-builder-workspace/Sources/Core.swift /Users/admin/builder/spi-builder-workspace/Sources/Extensions.swift /Users/admin/builder/spi-builder-workspace/Sources/GrabberView.swift (in target 'FloatingPanel' from project 'FloatingPanel')
SwiftCompile normal arm64_32 /Users/admin/builder/spi-builder-workspace/Sources/Core.swift (in target 'FloatingPanel' from project 'FloatingPanel')
cd /Users/admin/builder/spi-builder-workspace/.swiftpm/xcode
SwiftCompile normal arm64_32 /Users/admin/builder/spi-builder-workspace/Sources/Extensions.swift (in target 'FloatingPanel' from project 'FloatingPanel')
cd /Users/admin/builder/spi-builder-workspace/.swiftpm/xcode
SwiftCompile normal arm64_32 /Users/admin/builder/spi-builder-workspace/Sources/GrabberView.swift (in target 'FloatingPanel' from project 'FloatingPanel')
cd /Users/admin/builder/spi-builder-workspace/.swiftpm/xcode
SwiftCompile normal arm64_32 Compiling\ Logging.swift,\ PassthroughView.swift,\ Position.swift /Users/admin/builder/spi-builder-workspace/Sources/Logging.swift /Users/admin/builder/spi-builder-workspace/Sources/PassthroughView.swift /Users/admin/builder/spi-builder-workspace/Sources/Position.swift (in target 'FloatingPanel' from project 'FloatingPanel')
SwiftCompile normal arm64_32 /Users/admin/builder/spi-builder-workspace/Sources/Logging.swift (in target 'FloatingPanel' from project 'FloatingPanel')
cd /Users/admin/builder/spi-builder-workspace/.swiftpm/xcode
SwiftCompile normal arm64_32 /Users/admin/builder/spi-builder-workspace/Sources/PassthroughView.swift (in target 'FloatingPanel' from project 'FloatingPanel')
cd /Users/admin/builder/spi-builder-workspace/.swiftpm/xcode
SwiftCompile normal arm64_32 /Users/admin/builder/spi-builder-workspace/Sources/Position.swift (in target 'FloatingPanel' from project 'FloatingPanel')
cd /Users/admin/builder/spi-builder-workspace/.swiftpm/xcode
SwiftCompile normal arm64_32 Compiling\ FloatingPanelProxy.swift,\ FloatingPanelView.swift,\ SurfaceAppearance+.swift /Users/admin/builder/spi-builder-workspace/Sources/SwiftUI/FloatingPanelProxy.swift /Users/admin/builder/spi-builder-workspace/Sources/SwiftUI/FloatingPanelView.swift /Users/admin/builder/spi-builder-workspace/Sources/SwiftUI/SurfaceAppearance+.swift (in target 'FloatingPanel' from project 'FloatingPanel')
SwiftCompile normal arm64_32 /Users/admin/builder/spi-builder-workspace/Sources/SwiftUI/FloatingPanelProxy.swift (in target 'FloatingPanel' from project 'FloatingPanel')
cd /Users/admin/builder/spi-builder-workspace/.swiftpm/xcode
SwiftCompile normal arm64_32 /Users/admin/builder/spi-builder-workspace/Sources/SwiftUI/FloatingPanelView.swift (in target 'FloatingPanel' from project 'FloatingPanel')
cd /Users/admin/builder/spi-builder-workspace/.swiftpm/xcode
SwiftCompile normal arm64_32 /Users/admin/builder/spi-builder-workspace/Sources/SwiftUI/SurfaceAppearance+.swift (in target 'FloatingPanel' from project 'FloatingPanel')
cd /Users/admin/builder/spi-builder-workspace/.swiftpm/xcode
SwiftCompile normal arm64_32 Compiling\ View+floatingPanel.swift,\ View+floatingPanelBehavior.swift /Users/admin/builder/spi-builder-workspace/Sources/SwiftUI/View+floatingPanel.swift /Users/admin/builder/spi-builder-workspace/Sources/SwiftUI/View+floatingPanelBehavior.swift (in target 'FloatingPanel' from project 'FloatingPanel')
SwiftCompile normal arm64_32 /Users/admin/builder/spi-builder-workspace/Sources/SwiftUI/View+floatingPanel.swift (in target 'FloatingPanel' from project 'FloatingPanel')
cd /Users/admin/builder/spi-builder-workspace/.swiftpm/xcode
SwiftCompile normal arm64_32 /Users/admin/builder/spi-builder-workspace/Sources/SwiftUI/View+floatingPanelBehavior.swift (in target 'FloatingPanel' from project 'FloatingPanel')
cd /Users/admin/builder/spi-builder-workspace/.swiftpm/xcode
SwiftCompile normal arm64_32 Compiling\ View+floatingPanelConfiguration.swift,\ View+floatingPanelLayout.swift /Users/admin/builder/spi-builder-workspace/Sources/SwiftUI/View+floatingPanelConfiguration.swift /Users/admin/builder/spi-builder-workspace/Sources/SwiftUI/View+floatingPanelLayout.swift (in target 'FloatingPanel' from project 'FloatingPanel')
SwiftCompile normal arm64_32 /Users/admin/builder/spi-builder-workspace/Sources/SwiftUI/View+floatingPanelConfiguration.swift (in target 'FloatingPanel' from project 'FloatingPanel')
cd /Users/admin/builder/spi-builder-workspace/.swiftpm/xcode
SwiftCompile normal arm64_32 /Users/admin/builder/spi-builder-workspace/Sources/SwiftUI/View+floatingPanelLayout.swift (in target 'FloatingPanel' from project 'FloatingPanel')
cd /Users/admin/builder/spi-builder-workspace/.swiftpm/xcode
SwiftEmitModule normal arm64 Emitting\ module\ for\ FloatingPanel (in target 'FloatingPanel' from project 'FloatingPanel')
EmitSwiftModule normal arm64 (in target 'FloatingPanel' from project 'FloatingPanel')
cd /Users/admin/builder/spi-builder-workspace/.swiftpm/xcode
SwiftEmitModule normal armv7k Emitting\ module\ for\ FloatingPanel (in target 'FloatingPanel' from project 'FloatingPanel')
Failed frontend command:
/Applications/Xcode-16.3.0.app/Contents/Developer/Toolchains/XcodeDefault.xctoolchain/usr/bin/swift-frontend -frontend -emit-module -experimental-skip-non-inlinable-function-bodies-without-types /Users/admin/builder/spi-builder-workspace/Sources/BackdropView.swift /Users/admin/builder/spi-builder-workspace/Sources/Behavior.swift /Users/admin/builder/spi-builder-workspace/Sources/Controller.swift /Users/admin/builder/spi-builder-workspace/Sources/Core.swift /Users/admin/builder/spi-builder-workspace/Sources/Extensions.swift /Users/admin/builder/spi-builder-workspace/Sources/GrabberView.swift /Users/admin/builder/spi-builder-workspace/Sources/Layout.swift /Users/admin/builder/spi-builder-workspace/Sources/LayoutAnchoring.swift /Users/admin/builder/spi-builder-workspace/Sources/LayoutProperties.swift /Users/admin/builder/spi-builder-workspace/Sources/Logging.swift /Users/admin/builder/spi-builder-workspace/Sources/PassthroughView.swift /Users/admin/builder/spi-builder-workspace/Sources/Position.swift /Users/admin/builder/spi-builder-workspace/Sources/State.swift /Users/admin/builder/spi-builder-workspace/Sources/SurfaceView.swift /Users/admin/builder/spi-builder-workspace/Sources/SwiftUI/FloatingPanelCoordinator.swift /Users/admin/builder/spi-builder-workspace/Sources/SwiftUI/FloatingPanelProxy.swift /Users/admin/builder/spi-builder-workspace/Sources/SwiftUI/FloatingPanelView.swift /Users/admin/builder/spi-builder-workspace/Sources/SwiftUI/SurfaceAppearance+.swift /Users/admin/builder/spi-builder-workspace/Sources/SwiftUI/View+floatingPanel.swift /Users/admin/builder/spi-builder-workspace/Sources/SwiftUI/View+floatingPanelBehavior.swift /Users/admin/builder/spi-builder-workspace/Sources/SwiftUI/View+floatingPanelConfiguration.swift /Users/admin/builder/spi-builder-workspace/Sources/SwiftUI/View+floatingPanelLayout.swift /Users/admin/builder/spi-builder-workspace/Sources/SwiftUI/View+floatingPanelScrollTracking.swift /Users/admin/builder/spi-builder-workspace/Sources/SwiftUI/View+floatingPanelState.swift /Users/admin/builder/spi-builder-workspace/Sources/SwiftUI/View+floatingPanelSurface.swift /Users/admin/builder/spi-builder-workspace/Sources/Transitioning.swift -target armv7k-apple-watchos8.0 -enable-objc-interop -stack-check -sdk /Applications/Xcode-16.3.0.app/Contents/Developer/Platforms/WatchOS.platform/Developer/SDKs/WatchOS11.4.sdk -I /Users/admin/builder/spi-builder-workspace/.derivedData/Build/Products/Debug-watchos -I /Applications/Xcode-16.3.0.app/Contents/Developer/Platforms/WatchOS.platform/Developer/usr/lib -F /Users/admin/builder/spi-builder-workspace/.derivedData/Build/Products/Debug-watchos -F /Applications/Xcode-16.3.0.app/Contents/Developer/Platforms/WatchOS.platform/Developer/Library/Frameworks -F /Applications/Xcode-16.3.0.app/Contents/Developer/Platforms/WatchOS.platform/Developer/SDKs/WatchOS11.4.sdk/Developer/Library/Frameworks -no-color-diagnostics -enable-testing -g -debug-info-format\=dwarf -dwarf-version\=4 -module-cache-path /Users/admin/builder/spi-builder-workspace/.derivedData/ModuleCache.noindex -swift-version 5 -enforce-exclusivity\=checked -Onone -D SWIFT_PACKAGE -D DEBUG -D Xcode -serialize-debugging-options -const-gather-protocols-file /Users/admin/builder/spi-builder-workspace/.derivedData/Build/Intermediates.noindex/FloatingPanel.build/Debug-watchos/FloatingPanel.build/Objects-normal/armv7k/FloatingPanel_const_extract_protocols.json -enable-experimental-feature DebugDescriptionMacro -empty-abi-descriptor -plugin-path /Applications/Xcode-16.3.0.app/Contents/Developer/Toolchains/XcodeDefault.xctoolchain/usr/lib/swift/host/plugins/testing -validate-clang-modules-once -clang-build-session-file /Users/admin/builder/spi-builder-workspace/.derivedData/ModuleCache.noindex/Session.modulevalidation -Xcc -working-directory -Xcc /Users/admin/builder/spi-builder-workspace/.swiftpm/xcode -resource-dir /Applications/Xcode-16.3.0.app/Contents/Developer/Toolchains/XcodeDefault.xctoolchain/usr/lib/swift -enable-anonymous-context-mangled-names -file-compilation-dir /Users/admin/builder/spi-builder-workspace/.swiftpm/xcode -Xcc -ivfsstatcache -Xcc /Users/admin/builder/spi-builder-workspace/.derivedData/SDKStatCaches.noindex/watchos11.4-22T246-43efb940ff07ba2497b70ec94253f576.sdkstatcache -Xcc -I/Users/admin/builder/spi-builder-workspace/.derivedData/Build/Intermediates.noindex/FloatingPanel.build/Debug-watchos/FloatingPanel.build/swift-overrides.hmap -Xcc -I/Users/admin/builder/spi-builder-workspace/.derivedData/Build/Products/Debug-watchos/include -Xcc -I/Users/admin/builder/spi-builder-workspace/.derivedData/Build/Intermediates.noindex/FloatingPanel.build/Debug-watchos/FloatingPanel.build/DerivedSources-normal/armv7k -Xcc -I/Users/admin/builder/spi-builder-workspace/.derivedData/Build/Intermediates.noindex/FloatingPanel.build/Debug-watchos/FloatingPanel.build/DerivedSources/armv7k -Xcc -I/Users/admin/builder/spi-builder-workspace/.derivedData/Build/Intermediates.noindex/FloatingPanel.build/Debug-watchos/FloatingPanel.build/DerivedSources -Xcc -DSWIFT_PACKAGE -Xcc -DDEBUG\=1 -module-name FloatingPanel -frontend-parseable-output -disable-clang-spi -target-sdk-version 11.4 -target-sdk-name watchos11.4 -external-plugin-path /Applications/Xcode-16.3.0.app/Contents/Developer/Platforms/WatchOS.platform/Developer/usr/lib/swift/host/plugins\#/Applications/Xcode-16.3.0.app/Contents/Developer/Platforms/WatchOS.platform/Developer/usr/bin/swift-plugin-server -external-plugin-path /Applications/Xcode-16.3.0.app/Contents/Developer/Platforms/WatchOS.platform/Developer/usr/local/lib/swift/host/plugins\#/Applications/Xcode-16.3.0.app/Contents/Developer/Platforms/WatchOS.platform/Developer/usr/bin/swift-plugin-server -in-process-plugin-server-path /Applications/Xcode-16.3.0.app/Contents/Developer/Toolchains/XcodeDefault.xctoolchain/usr/lib/swift/host/libSwiftInProcPluginServer.dylib -plugin-path /Applications/Xcode-16.3.0.app/Contents/Developer/Toolchains/XcodeDefault.xctoolchain/usr/lib/swift/host/plugins -plugin-path /Applications/Xcode-16.3.0.app/Contents/Developer/Toolchains/XcodeDefault.xctoolchain/usr/local/lib/swift/host/plugins -emit-module-doc-path /Users/admin/builder/spi-builder-workspace/.derivedData/Build/Intermediates.noindex/FloatingPanel.build/Debug-watchos/FloatingPanel.build/Objects-normal/armv7k/FloatingPanel.swiftdoc -emit-module-source-info-path /Users/admin/builder/spi-builder-workspace/.derivedData/Build/Intermediates.noindex/FloatingPanel.build/Debug-watchos/FloatingPanel.build/Objects-normal/armv7k/FloatingPanel.swiftsourceinfo -emit-objc-header-path /Users/admin/builder/spi-builder-workspace/.derivedData/Build/Intermediates.noindex/FloatingPanel.build/Debug-watchos/FloatingPanel.build/Objects-normal/armv7k/FloatingPanel-Swift.h -serialize-diagnostics-path /Users/admin/builder/spi-builder-workspace/.derivedData/Build/Intermediates.noindex/FloatingPanel.build/Debug-watchos/FloatingPanel.build/Objects-normal/armv7k/FloatingPanel-master-emit-module.dia -emit-dependencies-path /Users/admin/builder/spi-builder-workspace/.derivedData/Build/Intermediates.noindex/FloatingPanel.build/Debug-watchos/FloatingPanel.build/Objects-normal/armv7k/FloatingPanel-master-emit-module.d -o /Users/admin/builder/spi-builder-workspace/.derivedData/Build/Intermediates.noindex/FloatingPanel.build/Debug-watchos/FloatingPanel.build/Objects-normal/armv7k/FloatingPanel.swiftmodule -emit-abi-descriptor-path /Users/admin/builder/spi-builder-workspace/.derivedData/Build/Intermediates.noindex/FloatingPanel.build/Debug-watchos/FloatingPanel.build/Objects-normal/armv7k/FloatingPanel.abi.json
EmitSwiftModule normal armv7k (in target 'FloatingPanel' from project 'FloatingPanel')
cd /Users/admin/builder/spi-builder-workspace/.swiftpm/xcode
/Users/admin/builder/spi-builder-workspace/Sources/BackdropView.swift:13:53: error: cannot find type 'UITapGestureRecognizer' in scope
@objc public var dismissalTapGestureRecognizer: UITapGestureRecognizer
^~~~~~~~~~~~~~~~~~~~~~
/Users/admin/builder/spi-builder-workspace/Sources/BackdropView.swift:7:26: error: cannot find type 'UIView' in scope
open class BackdropView: UIView {
^~~~~~
/Applications/Xcode-16.3.0.app/Contents/Developer/Platforms/WatchOS.platform/Developer/SDKs/WatchOS11.4.sdk/System/Library/Frameworks/UIKit.framework/Headers/NSTextAttachment.h:23:1: note: interface 'UIView' forward declared here
@class UIView;
^
/Users/admin/builder/spi-builder-workspace/Sources/BackdropView.swift:6:2: error: only classes that inherit from NSObject can be declared @objc
@objc(FloatingPanelBackdropView)
~^~~~~~~~~~~~~~~~~~~~~~~~~~~~~~~
/Users/admin/builder/spi-builder-workspace/Sources/BackdropView.swift:7:12: note: inherit from 'NSObject' to silence this error
open class BackdropView: UIView {
^
NSObject,
/Users/admin/builder/spi-builder-workspace/Sources/Controller.swift:156:2: error: only classes that inherit from NSObject can be declared @objc
@objc
~^~~~
/Users/admin/builder/spi-builder-workspace/Sources/Controller.swift:157:12: note: inherit from 'NSObject' to silence this error
open class FloatingPanelController: UIViewController {
^
NSObject,
/Users/admin/builder/spi-builder-workspace/Sources/Controller.swift:12:81: error: cannot find type 'UITraitCollection' in scope
func floatingPanel(_ fpc: FloatingPanelController, layoutFor newCollection: UITraitCollection) -> FloatingPanelLayout
^~~~~~~~~~~~~~~~~
/Users/admin/builder/spi-builder-workspace/Sources/Controller.swift:22:110: error: cannot find type 'UIViewPropertyAnimator' in scope
func floatingPanel(_ fpc: FloatingPanelController, animatorForPresentingTo state: FloatingPanelState) -> UIViewPropertyAnimator
^~~~~~~~~~~~~~~~~~~~~~
/Users/admin/builder/spi-builder-workspace/Sources/Controller.swift:28:105: error: cannot find type 'UIViewPropertyAnimator' in scope
func floatingPanel(_ fpc: FloatingPanelController, animatorForDismissingWith velocity: CGVector) -> UIViewPropertyAnimator
^~~~~~~~~~~~~~~~~~~~~~
/Users/admin/builder/spi-builder-workspace/Sources/Controller.swift:39:106: error: cannot find type 'UIViewPropertyAnimator' in scope
func floatingPanel(_ fpc: FloatingPanelController, animatorForMovingTo state: FloatingPanelState) -> UIViewPropertyAnimator
^~~~~~~~~~~~~~~~~~~~~~
/Users/admin/builder/spi-builder-workspace/Sources/Controller.swift:110:100: error: cannot find type 'UIScrollView' in scope
func floatingPanel(_ fpc: FloatingPanelController, contentOffsetForPinning trackingScrollView: UIScrollView) -> CGPoint
^~~~~~~~~~~~
/Users/admin/builder/spi-builder-workspace/Sources/Controller.swift:137:41: error: cannot find type 'UIScrollView' in scope
shouldAllowToScroll scrollView: UIScrollView,
^~~~~~~~~~~~
/Users/admin/builder/spi-builder-workspace/Sources/Controller.swift:148:51: error: cannot find type 'UIViewController' in scope
protocol FloatingPanelHostingControllerProviding: UIViewController {
^~~~~~~~~~~~~~~~
/Users/admin/builder/spi-builder-workspace/Sources/Controller.swift:150:33: error: cannot find type 'UIViewController' in scope
var parentForFloatingPanel: UIViewController { get }
^~~~~~~~~~~~~~~~
/Users/admin/builder/spi-builder-workspace/Sources/SurfaceView.swift:73:2: error: only classes that inherit from NSObject can be declared @objc
@objc(FloatingPanelSurfaceView)
~^~~~~~~~~~~~~~~~~~~~~~~~~~~~~~
/Users/admin/builder/spi-builder-workspace/Sources/SurfaceView.swift:75:14: note: inherit from 'NSObject' to silence this error
public class SurfaceView: UIView {
^
NSObject,
/Users/admin/builder/spi-builder-workspace/Sources/Controller.swift:197:41: error: cannot find type 'UIScrollView' in scope
public weak var trackingScrollView: UIScrollView? {
^~~~~~~~~~~~
/Users/admin/builder/spi-builder-workspace/Sources/Controller.swift:203:16: error: property cannot be marked @objc because its type cannot be represented in Objective-C
public var panGestureRecognizer: FloatingPanelPanGestureRecognizer {
^ ~~~~~~~~~~~~~~~~~~~~~~~~~~~~~~~~~
/Users/admin/builder/spi-builder-workspace/Sources/Controller.swift:203:38: note: classes not annotated with @objc cannot be represented in Objective-C
public var panGestureRecognizer: FloatingPanelPanGestureRecognizer {
^~~~~~~~~~~~~~~~~~~~~~~~~~~~~~~~~
/Users/admin/builder/spi-builder-workspace/Sources/Controller.swift:269:39: error: cannot find type 'UIViewController' in scope
public var contentViewController: UIViewController? {
^~~~~~~~~~~~~~~~
/Users/admin/builder/spi-builder-workspace/Sources/Controller.swift:289:41: error: cannot find type 'UIViewController' in scope
private var _contentViewController: UIViewController?
^~~~~~~~~~~~~~~~
/Users/admin/builder/spi-builder-workspace/Sources/Controller.swift:301:14: error: initializer does not override a designated initializer from its superclass
override init(nibName nibNameOrNil: String?, bundle nibBundleOrNil: Bundle?) {
~~~~~~~~ ^
/Users/admin/builder/spi-builder-workspace/Sources/Controller.swift:340:24: error: method does not override any method from its superclass
open override func loadView() {
~~~~~~~~ ^
/Users/admin/builder/spi-builder-workspace/Sources/Controller.swift:355:24: error: method does not override any method from its superclass
open override func viewDidLayoutSubviews() {
~~~~~~~~ ^
/Users/admin/builder/spi-builder-workspace/Sources/Controller.swift:363:24: error: method does not override any method from its superclass
open override func viewDidAppear(_ animated: Bool) {
~~~~~~~~ ^
/Users/admin/builder/spi-builder-workspace/Sources/Controller.swift:370:78: error: cannot find type 'UIViewControllerTransitionCoordinator' in scope
open override func viewWillTransition(to size: CGSize, with coordinator: UIViewControllerTransitionCoordinator) {
^~~~~~~~~~~~~~~~~~~~~~~~~~~~~~~~~~~~~
/Users/admin/builder/spi-builder-workspace/Sources/Controller.swift:389:57: error: cannot find type 'UITraitCollection' in scope
open override func willTransition(to newCollection: UITraitCollection, with coordinator: UIViewControllerTransitionCoordinator) {
^~~~~~~~~~~~~~~~~
/Users/admin/builder/spi-builder-workspace/Sources/Controller.swift:389:94: error: cannot find type 'UIViewControllerTransitionCoordinator' in scope
open override func willTransition(to newCollection: UITraitCollection, with coordinator: UIViewControllerTransitionCoordinator) {
^~~~~~~~~~~~~~~~~~~~~~~~~~~~~~~~~~~~~
/Users/admin/builder/spi-builder-workspace/Sources/Controller.swift:403:24: error: method does not override any method from its superclass
open override func viewWillDisappear(_ animated: Bool) {
~~~~~~~~ ^
/Users/admin/builder/spi-builder-workspace/Sources/Controller.swift:409:47: error: cannot find type 'UIViewController' in scope
open override var childForStatusBarStyle: UIViewController? {
^~~~~~~~~~~~~~~~
/Users/admin/builder/spi-builder-workspace/Sources/Controller.swift:413:48: error: cannot find type 'UIViewController' in scope
open override var childForStatusBarHidden: UIViewController? {
^~~~~~~~~~~~~~~~
/Users/admin/builder/spi-builder-workspace/Sources/Controller.swift:417:67: error: cannot find type 'UIViewController' in scope
open override var childForScreenEdgesDeferringSystemGestures: UIViewController? {
^~~~~~~~~~~~~~~~
/Users/admin/builder/spi-builder-workspace/Sources/Controller.swift:421:56: error: cannot find type 'UIViewController' in scope
open override var childForHomeIndicatorAutoHidden: UIViewController? {
^~~~~~~~~~~~~~~~
/Users/admin/builder/spi-builder-workspace/Sources/Controller.swift:427:52: error: cannot find type 'UITraitCollection' in scope
private func shouldUpdateLayout(from previous: UITraitCollection, to new: UITraitCollection) -> Bool {
^~~~~~~~~~~~~~~~~
/Users/admin/builder/spi-builder-workspace/Sources/Controller.swift:427:79: error: cannot find type 'UITraitCollection' in scope
private func shouldUpdateLayout(from previous: UITraitCollection, to new: UITraitCollection) -> Bool {
^~~~~~~~~~~~~~~~~
/Users/admin/builder/spi-builder-workspace/Sources/Controller.swift:545:43: error: cannot find type 'UIViewController' in scope
public func addPanel(toParent parent: UIViewController, at viewIndex: Int = -1, animated: Bool = false, completion: (() -> Void)? = nil) {
^~~~~~~~~~~~~~~~
/Users/admin/builder/spi-builder-workspace/Sources/Controller.swift:636:44: error: cannot find type 'UIViewController' in scope
public func set(contentViewController: UIViewController?) {
^~~~~~~~~~~~~~~~
/Users/admin/builder/spi-builder-workspace/Sources/Controller.swift:662:35: error: cannot find type 'UIScrollView' in scope
public func track(scrollView: UIScrollView) {
^~~~~~~~~~~~
/Users/admin/builder/spi-builder-workspace/Sources/Controller.swift:690:37: error: cannot find type 'UIScrollView' in scope
public func untrack(scrollView: UIScrollView) {
^~~~~~~~~~~~
/Users/admin/builder/spi-builder-workspace/Sources/Controller.swift:698:24: error: method does not override any method from its superclass
open override func accessibilityPerformEscape() -> Bool {
~~~~~~~~ ^
/Users/admin/builder/spi-builder-workspace/Sources/Controller.swift:157:37: error: cannot find type 'UIViewController' in scope
open class FloatingPanelController: UIViewController {
^~~~~~~~~~~~~~~~
/Users/admin/builder/spi-builder-workspace/Sources/Controller.swift:752:59: error: cannot find type 'UIViewPropertyAnimator' in scope
func animatorForPresenting(to: FloatingPanelState) -> UIViewPropertyAnimator {
^~~~~~~~~~~~~~~~~~~~~~
/Users/admin/builder/spi-builder-workspace/Sources/Controller.swift:759:60: error: cannot find type 'UIViewPropertyAnimator' in scope
func animatorForDismissing(with velocity: CGVector) -> UIViewPropertyAnimator {
^~~~~~~~~~~~~~~~~~~~~~
/Users/admin/builder/spi-builder-workspace/Sources/Controller.swift:766:55: error: cannot find type 'UIViewPropertyAnimator' in scope
func animatorForMoving(to: FloatingPanelState) -> UIViewPropertyAnimator? {
^~~~~~~~~~~~~~~~~~~~~~
/Users/admin/builder/spi-builder-workspace/Sources/Controller.swift:775:75: error: cannot find type 'UIViewPropertyAnimator' in scope
public func makeDefaultAnimator(initialVelocity: CGVector = .zero) -> UIViewPropertyAnimator {
^~~~~~~~~~~~~~~~~~~~~~
/Users/admin/builder/spi-builder-workspace/Sources/Controller.swift:796:33: error: cannot find 'UIViewController' in scope
let aClass: AnyClass! = UIViewController.self //object_getClass(vc)
^~~~~~~~~~~~~~~~
/Users/admin/builder/spi-builder-workspace/Sources/Controller.swift:797:75: error: cannot find 'dismiss(animated:completion:)' in scope
if let originalMethod = class_getInstanceMethod(aClass, #selector(dismiss(animated:completion:))),
^~~~~~~~~~~~~~~~~~~~~~~~~~~~~
/Users/admin/builder/spi-builder-workspace/Sources/Controller.swift:798:78: error: cannot find '__swizzled_dismiss(animated:completion:)' in scope
let swizzledImp = class_getMethodImplementation(aClass, #selector(__swizzled_dismiss(animated:completion:))) {
^~~~~~~~~~~~~~~~~~~~~~~~~~~~~~~~~~~~~~~~
/Users/admin/builder/spi-builder-workspace/Sources/Controller.swift:804:11: error: cannot find type 'UIViewController' in scope
extension UIViewController {
^~~~~~~~~~~~~~~~
/Users/admin/builder/spi-builder-workspace/Sources/Core.swift:10:23: error: cannot find type 'UIGestureRecognizerDelegate' in scope
class Core: NSObject, UIGestureRecognizerDelegate {
^~~~~~~~~~~~~~~~~~~~~~~~~~~
/Users/admin/builder/spi-builder-workspace/Sources/Core.swift:409:43: error: cannot find type 'UITapGestureRecognizer' in scope
@objc func handleBackdrop(tapGesture: UITapGestureRecognizer) {
^~~~~~~~~~~~~~~~~~~~~~
/Users/admin/builder/spi-builder-workspace/Sources/Core.swift:24:26: error: cannot find type 'UIScrollView' in scope
weak var scrollView: UIScrollView? {
^~~~~~~~~~~~
/Users/admin/builder/spi-builder-workspace/Sources/Core.swift:26:71: error: 'nil' requires a contextual type
oldValue?.panGestureRecognizer.removeTarget(self, action: nil)
^
/Users/admin/builder/spi-builder-workspace/Sources/Core.swift:414:35: error: cannot find type 'UIPanGestureRecognizer' in scope
@objc func handle(panGesture: UIPanGestureRecognizer) {
^~~~~~~~~~~~~~~~~~~~~~
/Users/admin/builder/spi-builder-workspace/Sources/Core.swift:61:41: error: cannot find type 'UIViewPropertyAnimator' in scope
fileprivate var transitionAnimator: UIViewPropertyAnimator?
^~~~~~~~~~~~~~~~~~~~~~
/Users/admin/builder/spi-builder-workspace/Sources/Core.swift:127:23: error: cannot find type 'UIViewPropertyAnimator' in scope
moveAnimator: UIViewPropertyAnimator? = nil,
^~~~~~~~~~~~~~~~~~~~~~
/Users/admin/builder/spi-builder-workspace/Sources/Core.swift:143:23: error: cannot find type 'UIViewPropertyAnimator' in scope
moveAnimator: UIViewPropertyAnimator?,
^~~~~~~~~~~~~~~~~~~~~~
/Users/admin/builder/spi-builder-workspace/Sources/Core.swift:299:56: error: cannot find type 'UIGestureRecognizer' in scope
public func gestureRecognizer(_ gestureRecognizer: UIGestureRecognizer,
^~~~~~~~~~~~~~~~~~~
/Users/admin/builder/spi-builder-workspace/Sources/Core.swift:300:93: error: cannot find type 'UIGestureRecognizer' in scope
shouldRecognizeSimultaneouslyWith otherGestureRecognizer: UIGestureRecognizer) -> Bool {
^~~~~~~~~~~~~~~~~~~
/Users/admin/builder/spi-builder-workspace/Sources/Core.swift:327:56: error: cannot find type 'UIGestureRecognizer' in scope
public func gestureRecognizer(_ gestureRecognizer: UIGestureRecognizer, shouldBeRequiredToFailBy otherGestureRecognizer: UIGestureRecognizer) -> Bool {
^~~~~~~~~~~~~~~~~~~
/Users/admin/builder/spi-builder-workspace/Sources/Core.swift:327:126: error: cannot find type 'UIGestureRecognizer' in scope
public func gestureRecognizer(_ gestureRecognizer: UIGestureRecognizer, shouldBeRequiredToFailBy otherGestureRecognizer: UIGestureRecognizer) -> Bool {
^~~~~~~~~~~~~~~~~~~
/Users/admin/builder/spi-builder-workspace/Sources/Core.swift:347:56: error: cannot find type 'UIGestureRecognizer' in scope
public func gestureRecognizer(_ gestureRecognizer: UIGestureRecognizer, shouldRequireFailureOf otherGestureRecognizer: UIGestureRecognizer) -> Bool {
^~~~~~~~~~~~~~~~~~~
/Users/admin/builder/spi-builder-workspace/Sources/Core.swift:347:124: error: cannot find type 'UIGestureRecognizer' in scope
public func gestureRecognizer(_ gestureRecognizer: UIGestureRecognizer, shouldRequireFailureOf otherGestureRecognizer: UIGestureRecognizer) -> Bool {
^~~~~~~~~~~~~~~~~~~
/Users/admin/builder/spi-builder-workspace/Sources/Core.swift:613:60: error: cannot find type 'UIScrollView' in scope
private func shouldScrollViewHandleTouch(_ scrollView: UIScrollView?, point: CGPoint, velocity: CGFloat) -> Bool {
^~~~~~~~~~~~
/Users/admin/builder/spi-builder-workspace/Sources/Core.swift:1187:57: error: cannot find type 'UIScrollView' in scope
private func contentOffsetForPinning(of scrollView: UIScrollView) -> CGPoint {
^~~~~~~~~~~~
/Users/admin/builder/spi-builder-workspace/Sources/Core.swift:1203:55: error: cannot find type 'UIScrollView' in scope
private func allowScrollPanGesture(of scrollView: UIScrollView, condition: (_ offset: CGFloat) -> Bool) -> Bool {
^~~~~~~~~~~~
/Users/admin/builder/spi-builder-workspace/Sources/Core.swift:1278:54: error: cannot find type 'UITouch' in scope
public override func touchesBegan(_ touches: Set<UITouch>, with event: UIEvent) {
^~~~~~~
/Users/admin/builder/spi-builder-workspace/Sources/Core.swift:1278:76: error: cannot find type 'UIEvent' in scope
public override func touchesBegan(_ touches: Set<UITouch>, with event: UIEvent) {
^~~~~~~
/Users/admin/builder/spi-builder-workspace/Sources/Core.swift:1290:40: error: cannot find type 'UIGestureRecognizerDelegate' in scope
public override weak var delegate: UIGestureRecognizerDelegate? {
^~~~~~~~~~~~~~~~~~~~~~~~~~~
/Users/admin/builder/spi-builder-workspace/Sources/Core.swift:1311:32: error: cannot find type 'UIGestureRecognizerDelegate' in scope
public var delegateOrigin: UIGestureRecognizerDelegate {
^~~~~~~~~~~~~~~~~~~~~~~~~~~
/Users/admin/builder/spi-builder-workspace/Sources/Core.swift:1319:36: error: cannot find type 'UIGestureRecognizerDelegate' in scope
public weak var delegateProxy: UIGestureRecognizerDelegate? {
^~~~~~~~~~~~~~~~~~~~~~~~~~~
/Users/admin/builder/spi-builder-workspace/Sources/Core.swift:1325:43: error: cannot find type 'UIGestureRecognizerDelegate' in scope
final class DelegateRouter: NSObject, UIGestureRecognizerDelegate {
^~~~~~~~~~~~~~~~~~~~~~~~~~~
/Users/admin/builder/spi-builder-workspace/Sources/Core.swift:1265:49: error: cannot find type 'UIPanGestureRecognizer' in scope
public class FloatingPanelPanGestureRecognizer: UIPanGestureRecognizer {
^~~~~~~~~~~~~~~~~~~~~~
/Users/admin/builder/spi-builder-workspace/Sources/Core.swift:1375:36: error: cannot find 'CADisplayLink' in scope
private lazy var displayLink = CADisplayLink(target: self, selector: #selector(update(_:)))
^~~~~~~~~~~~~
/Users/admin/builder/spi-builder-workspace/Sources/Core.swift:1438:32: error: cannot find type 'CADisplayLink' in scope
func update(_ displayLink: CADisplayLink) {
^~~~~~~~~~~~~
/Users/admin/builder/spi-builder-workspace/Sources/Core.swift:1482:29: error: cannot find type 'UIViewPropertyAnimator' in scope
var transitionAnimator: UIViewPropertyAnimator? {
^~~~~~~~~~~~~~~~~~~~~~
/Users/admin/builder/spi-builder-workspace/Sources/Extensions.swift:40:20: error: cannot find type 'NSLayoutYAxisAnchor' in scope
var topAnchor: NSLayoutYAxisAnchor { get }
^~~~~~~~~~~~~~~~~~~
/Users/admin/builder/spi-builder-workspace/Sources/Extensions.swift:41:21: error: cannot find type 'NSLayoutXAxisAnchor' in scope
var leftAnchor: NSLayoutXAxisAnchor { get }
^~~~~~~~~~~~~~~~~~~
/Users/admin/builder/spi-builder-workspace/Sources/Extensions.swift:42:23: error: cannot find type 'NSLayoutYAxisAnchor' in scope
var bottomAnchor: NSLayoutYAxisAnchor { get }
^~~~~~~~~~~~~~~~~~~
/Users/admin/builder/spi-builder-workspace/Sources/Extensions.swift:43:22: error: cannot find type 'NSLayoutXAxisAnchor' in scope
var rightAnchor: NSLayoutXAxisAnchor { get }
^~~~~~~~~~~~~~~~~~~
/Users/admin/builder/spi-builder-workspace/Sources/Extensions.swift:44:22: error: cannot find type 'NSLayoutDimension' in scope
var widthAnchor: NSLayoutDimension { get }
^~~~~~~~~~~~~~~~~
/Users/admin/builder/spi-builder-workspace/Sources/Extensions.swift:45:23: error: cannot find type 'NSLayoutDimension' in scope
var heightAnchor: NSLayoutDimension { get }
^~~~~~~~~~~~~~~~~
/Users/admin/builder/spi-builder-workspace/Sources/Extensions.swift:47:11: error: cannot find type 'UILayoutGuide' in scope
extension UILayoutGuide: LayoutGuideProvider {}
^~~~~~~~~~~~~
/Users/admin/builder/spi-builder-workspace/Sources/Extensions.swift:48:11: error: cannot find type 'UIView' in scope
extension UIView: LayoutGuideProvider {}
^~~~~~
/Applications/Xcode-16.3.0.app/Contents/Developer/Platforms/WatchOS.platform/Developer/SDKs/WatchOS11.4.sdk/System/Library/Frameworks/UIKit.framework/Headers/NSTextAttachment.h:23:1: note: interface 'UIView' forward declared here
@class UIView;
^
/Users/admin/builder/spi-builder-workspace/Sources/Extensions.swift:50:11: error: cannot find type 'UIViewController' in scope
extension UIViewController {
^~~~~~~~~~~~~~~~
/Users/admin/builder/spi-builder-workspace/Sources/Extensions.swift:59:11: error: cannot find type 'UIView' in scope
extension UIView {
^~~~~~
/Applications/Xcode-16.3.0.app/Contents/Developer/Platforms/WatchOS.platform/Developer/SDKs/WatchOS11.4.sdk/System/Library/Frameworks/UIKit.framework/Headers/NSTextAttachment.h:23:1: note: interface 'UIView' forward declared here
@class UIView;
^
/Users/admin/builder/spi-builder-workspace/Sources/Extensions.swift:78:11: error: cannot find type 'UIView' in scope
extension UIView {
^~~~~~
/Applications/Xcode-16.3.0.app/Contents/Developer/Platforms/WatchOS.platform/Developer/SDKs/WatchOS11.4.sdk/System/Library/Frameworks/UIKit.framework/Headers/NSTextAttachment.h:23:1: note: interface 'UIView' forward declared here
@class UIView;
^
/Users/admin/builder/spi-builder-workspace/Sources/Extensions.swift:111:11: error: cannot find type 'UIScrollView' in scope
extension UIScrollView {
^~~~~~~~~~~~
/Users/admin/builder/spi-builder-workspace/Sources/Extensions.swift:118:11: error: cannot find type 'UISpringTimingParameters' in scope
extension UISpringTimingParameters {
^~~~~~~~~~~~~~~~~~~~~~~~
/Users/admin/builder/spi-builder-workspace/Sources/Extensions.swift:132:11: error: cannot find type 'NSLayoutConstraint' in scope
extension NSLayoutConstraint {
^~~~~~~~~~~~~~~~~~
/Users/admin/builder/spi-builder-workspace/Sources/GrabberView.swift:9:103: error: cannot find 'backgroundColor' in scope
public var barColor = UIColor(displayP3Red: 0.76, green: 0.77, blue: 0.76, alpha: 1.0) { didSet { backgroundColor = barColor } }
^~~~~~~~~~~~~~~
/Users/admin/builder/spi-builder-workspace/Sources/GrabberView.swift:20:26: error: method does not override any method from its superclass
public override func layoutSubviews() {
~~~~~~~~ ^
/Users/admin/builder/spi-builder-workspace/Sources/GrabberView.swift:25:77: error: cannot find type 'UIView' in scope
public override func hitTest(_ point: CGPoint, with event: UIEvent?) -> UIView? {
^~~~~~
/Applications/Xcode-16.3.0.app/Contents/Developer/Platforms/WatchOS.platform/Developer/SDKs/WatchOS11.4.sdk/System/Library/Frameworks/UIKit.framework/Headers/NSTextAttachment.h:23:1: note: interface 'UIView' forward declared here
@class UIView;
^
/Users/admin/builder/spi-builder-workspace/Sources/GrabberView.swift:25:64: error: cannot find type 'UIEvent' in scope
public override func hitTest(_ point: CGPoint, with event: UIEvent?) -> UIView? {
^~~~~~~
/Users/admin/builder/spi-builder-workspace/Sources/GrabberView.swift:7:27: error: cannot find type 'UIView' in scope
public class GrabberView: UIView {
^~~~~~
/Applications/Xcode-16.3.0.app/Contents/Developer/Platforms/WatchOS.platform/Developer/SDKs/WatchOS11.4.sdk/System/Library/Frameworks/UIKit.framework/Headers/NSTextAttachment.h:23:1: note: interface 'UIView' forward declared here
@class UIView;
^
/Users/admin/builder/spi-builder-workspace/Sources/GrabberView.swift:6:2: error: only classes that inherit from NSObject can be declared @objc
@objc(FloatingPanelGrabberView)
~^~~~~~~~~~~~~~~~~~~~~~~~~~~~~~
/Users/admin/builder/spi-builder-workspace/Sources/GrabberView.swift:7:14: note: inherit from 'NSObject' to silence this error
public class GrabberView: UIView {
^
NSObject,
/Users/admin/builder/spi-builder-workspace/Sources/Layout.swift:18:81: error: cannot find type 'NSLayoutConstraint' in scope
@objc optional func prepareLayout(surfaceView: UIView, in view: UIView) -> [NSLayoutConstraint]
^~~~~~~~~~~~~~~~~~
/Users/admin/builder/spi-builder-workspace/Sources/Layout.swift:18:52: error: cannot find type 'UIView' in scope
@objc optional func prepareLayout(surfaceView: UIView, in view: UIView) -> [NSLayoutConstraint]
^~~~~~
/Applications/Xcode-16.3.0.app/Contents/Developer/Platforms/WatchOS.platform/Developer/SDKs/WatchOS11.4.sdk/System/Library/Frameworks/UIKit.framework/Headers/NSTextAttachment.h:23:1: note: interface 'UIView' forward declared here
@class UIView;
^
/Users/admin/builder/spi-builder-workspace/Sources/Layout.swift:18:69: error: cannot find type 'UIView' in scope
@objc optional func prepareLayout(surfaceView: UIView, in view: UIView) -> [NSLayoutConstraint]
^~~~~~
/Applications/Xcode-16.3.0.app/Contents/Developer/Platforms/WatchOS.platform/Developer/SDKs/WatchOS11.4.sdk/System/Library/Frameworks/UIKit.framework/Headers/NSTextAttachment.h:23:1: note: interface 'UIView' forward declared here
@class UIView;
^
/Users/admin/builder/spi-builder-workspace/Sources/Layout.swift:46:71: error: cannot find type 'NSLayoutConstraint' in scope
open func prepareLayout(surfaceView: UIView, in view: UIView) -> [NSLayoutConstraint] {
^~~~~~~~~~~~~~~~~~
/Users/admin/builder/spi-builder-workspace/Sources/Layout.swift:46:42: error: cannot find type 'UIView' in scope
open func prepareLayout(surfaceView: UIView, in view: UIView) -> [NSLayoutConstraint] {
^~~~~~
/Applications/Xcode-16.3.0.app/Contents/Developer/Platforms/WatchOS.platform/Developer/SDKs/WatchOS11.4.sdk/System/Library/Frameworks/UIKit.framework/Headers/NSTextAttachment.h:23:1: note: interface 'UIView' forward declared here
@class UIView;
^
/Users/admin/builder/spi-builder-workspace/Sources/Layout.swift:46:59: error: cannot find type 'UIView' in scope
open func prepareLayout(surfaceView: UIView, in view: UIView) -> [NSLayoutConstraint] {
^~~~~~
/Applications/Xcode-16.3.0.app/Contents/Developer/Platforms/WatchOS.platform/Developer/SDKs/WatchOS11.4.sdk/System/Library/Frameworks/UIKit.framework/Headers/NSTextAttachment.h:23:1: note: interface 'UIView' forward declared here
@class UIView;
^
/Users/admin/builder/spi-builder-workspace/Sources/Layout.swift:85:36: error: cannot find type 'NSLayoutConstraint' in scope
private var fixedConstraints: [NSLayoutConstraint] = []
^~~~~~~~~~~~~~~~~~
/Users/admin/builder/spi-builder-workspace/Sources/Layout.swift:87:57: error: cannot find type 'NSLayoutConstraint' in scope
private var stateConstraints: [FloatingPanelState: [NSLayoutConstraint]] = [:]
^~~~~~~~~~~~~~~~~~
/Users/admin/builder/spi-builder-workspace/Sources/Layout.swift:88:34: error: cannot find type 'NSLayoutConstraint' in scope
private var offConstraints: [NSLayoutConstraint] = []
^~~~~~~~~~~~~~~~~~
/Users/admin/builder/spi-builder-workspace/Sources/Layout.swift:89:40: error: cannot find type 'NSLayoutConstraint' in scope
private var fitToBoundsConstraint: NSLayoutConstraint?
^~~~~~~~~~~~~~~~~~
/Users/admin/builder/spi-builder-workspace/Sources/Layout.swift:91:45: error: cannot find type 'NSLayoutConstraint' in scope
private(set) var interactionConstraint: NSLayoutConstraint?
^~~~~~~~~~~~~~~~~~
/Users/admin/builder/spi-builder-workspace/Sources/Layout.swift:92:44: error: cannot find type 'NSLayoutConstraint' in scope
private(set) var attractionConstraint: NSLayoutConstraint?
^~~~~~~~~~~~~~~~~~
/Users/admin/builder/spi-builder-workspace/Sources/Layout.swift:94:35: error: cannot find type 'NSLayoutConstraint' in scope
private var staticConstraint: NSLayoutConstraint?
^~~~~~~~~~~~~~~~~~
/Users/admin/builder/spi-builder-workspace/Sources/Layout.swift:97:44: error: cannot find type 'NSLayoutConstraint' in scope
private var contentBoundingConstraint: NSLayoutConstraint?
^~~~~~~~~~~~~~~~~~
/Users/admin/builder/spi-builder-workspace/Sources/Layout.swift:544:60: error: cannot find type 'NSLayoutConstraint' in scope
func setUpAttraction(to state: FloatingPanelState) -> (NSLayoutConstraint, CGFloat) {
^~~~~~~~~~~~~~~~~~
/Users/admin/builder/spi-builder-workspace/Sources/LayoutAnchoring.swift:8:101: error: cannot find type 'NSLayoutConstraint' in scope
func layoutConstraints(_ fpc: FloatingPanelController, for position: FloatingPanelPosition) -> [NSLayoutConstraint]
^~~~~~~~~~~~~~~~~~
/Users/admin/builder/spi-builder-workspace/Sources/LayoutAnchoring.swift:54:100: error: cannot find type 'NSLayoutConstraint' in scope
func layoutConstraints(_ vc: FloatingPanelController, for position: FloatingPanelPosition) -> [NSLayoutConstraint] {
^~~~~~~~~~~~~~~~~~
/Users/admin/builder/spi-builder-workspace/Sources/LayoutAnchoring.swift:68:113: error: cannot find type 'NSLayoutConstraint' in scope
private func layoutConstraints(_ layoutGuide: LayoutGuideProvider, for edgeAnchor: NSLayoutYAxisAnchor) -> [NSLayoutConstraint] {
^~~~~~~~~~~~~~~~~~
/Users/admin/builder/spi-builder-workspace/Sources/LayoutAnchoring.swift:68:88: error: cannot find type 'NSLayoutYAxisAnchor' in scope
private func layoutConstraints(_ layoutGuide: LayoutGuideProvider, for edgeAnchor: NSLayoutYAxisAnchor) -> [NSLayoutConstraint] {
^~~~~~~~~~~~~~~~~~~
/Users/admin/builder/spi-builder-workspace/Sources/LayoutAnchoring.swift:87:113: error: cannot find type 'NSLayoutConstraint' in scope
private func layoutConstraints(_ layoutGuide: LayoutGuideProvider, for edgeAnchor: NSLayoutXAxisAnchor) -> [NSLayoutConstraint] {
^~~~~~~~~~~~~~~~~~
/Users/admin/builder/spi-builder-workspace/Sources/LayoutAnchoring.swift:87:88: error: cannot find type 'NSLayoutXAxisAnchor' in scope
private func layoutConstraints(_ layoutGuide: LayoutGuideProvider, for edgeAnchor: NSLayoutXAxisAnchor) -> [NSLayoutConstraint] {
^~~~~~~~~~~~~~~~~~~
/Users/admin/builder/spi-builder-workspace/Sources/LayoutAnchoring.swift:145:100: error: cannot find type 'NSLayoutConstraint' in scope
func layoutConstraints(_ vc: FloatingPanelController, for position: FloatingPanelPosition) -> [NSLayoutConstraint] {
^~~~~~~~~~~~~~~~~~
/Users/admin/builder/spi-builder-workspace/Sources/LayoutAnchoring.swift:181:24: error: cannot find type 'UILayoutGuide' in scope
contentLayout: UILayoutGuide,
^~~~~~~~~~~~~
/Users/admin/builder/spi-builder-workspace/Sources/LayoutAnchoring.swift:208:24: error: cannot find type 'UILayoutGuide' in scope
contentLayout: UILayoutGuide,
^~~~~~~~~~~~~
/Users/admin/builder/spi-builder-workspace/Sources/LayoutAnchoring.swift:220:29: error: cannot find type 'UILayoutGuide' in scope
let contentLayoutGuide: UILayoutGuide
^~~~~~~~~~~~~
/Users/admin/builder/spi-builder-workspace/Sources/LayoutAnchoring.swift:226:100: error: cannot find type 'NSLayoutConstraint' in scope
func layoutConstraints(_ vc: FloatingPanelController, for position: FloatingPanelPosition) -> [NSLayoutConstraint] {
^~~~~~~~~~~~~~~~~~
/Users/admin/builder/spi-builder-workspace/Sources/LayoutProperties.swift:37:26: error: cannot find type 'UIViewController' in scope
func layoutGuide(vc: UIViewController) -> LayoutGuideProvider {
^~~~~~~~~~~~~~~~
/Users/admin/builder/spi-builder-workspace/Sources/PassthroughView.swift:6:24: error: cannot find type 'UIView' in scope
class PassthroughView: UIView {
^~~~~~
/Applications/Xcode-16.3.0.app/Contents/Developer/Platforms/WatchOS.platform/Developer/SDKs/WatchOS11.4.sdk/System/Library/Frameworks/UIKit.framework/Headers/NSTextAttachment.h:23:1: note: interface 'UIView' forward declared here
@class UIView;
^
/Users/admin/builder/spi-builder-workspace/Sources/PassthroughView.swift:7:42: error: cannot find type 'UIView' in scope
public weak var eventForwardingView: UIView?
^~~~~~
/Applications/Xcode-16.3.0.app/Contents/Developer/Platforms/WatchOS.platform/Developer/SDKs/WatchOS11.4.sdk/System/Library/Frameworks/UIKit.framework/Headers/NSTextAttachment.h:23:1: note: interface 'UIView' forward declared here
@class UIView;
^
/Users/admin/builder/spi-builder-workspace/Sources/PassthroughView.swift:8:77: error: cannot find type 'UIView' in scope
public override func hitTest(_ point: CGPoint, with event: UIEvent?) -> UIView? {
^~~~~~
/Applications/Xcode-16.3.0.app/Contents/Developer/Platforms/WatchOS.platform/Developer/SDKs/WatchOS11.4.sdk/System/Library/Frameworks/UIKit.framework/Headers/NSTextAttachment.h:23:1: note: interface 'UIView' forward declared here
@class UIView;
^
/Users/admin/builder/spi-builder-workspace/Sources/PassthroughView.swift:8:64: error: cannot find type 'UIEvent' in scope
public override func hitTest(_ point: CGPoint, with event: UIEvent?) -> UIView? {
^~~~~~~
/Users/admin/builder/spi-builder-workspace/Sources/PassthroughView.swift:5:2: error: only classes that inherit from NSObject can be declared @objc
@objc(FloatingPanelPassthroughView)
~^~~~~~~~~~~~~~~~~~~~~~~~~~~~~~~~~~
/Users/admin/builder/spi-builder-workspace/Sources/PassthroughView.swift:6:7: note: inherit from 'NSObject' to silence this error
class PassthroughView: UIView {
^
NSObject,
/Users/admin/builder/spi-builder-workspace/Sources/Position.swift:28:69: error: cannot find type 'NSLayoutDimension' in scope
func mainDimensionAnchor(_ layoutGuide: LayoutGuideProvider) -> NSLayoutDimension {
^~~~~~~~~~~~~~~~~
/Users/admin/builder/spi-builder-workspace/Sources/SurfaceView.swift:40:45: error: type 'UIColor?' has no member 'systemBackground'
public var backgroundColor: UIColor? = .systemBackground
~^~~~~~~~~~~~~~~~
/Users/admin/builder/spi-builder-workspace/Sources/SurfaceView.swift:60:29: error: cannot find type 'CALayerCornerCurve' in scope
public var cornerCurve: CALayerCornerCurve = .circular
^~~~~~~~~~~~~~~~~~
/Users/admin/builder/spi-builder-workspace/Sources/SurfaceView.swift:194:95: error: cannot find 'topAnchor' in scope
private lazy var containerViewTopConstraint = containerView.topAnchor.constraint(equalTo: topAnchor, constant: 0.0)
^~~~~~~~~
/Users/admin/builder/spi-builder-workspace/Sources/SurfaceView.swift:129:31: error: cannot find type 'UIView' in scope
public let containerView: UIView = UIView()
^~~~~~
/Applications/Xcode-16.3.0.app/Contents/Developer/Platforms/WatchOS.platform/Developer/SDKs/WatchOS11.4.sdk/System/Library/Frameworks/UIKit.framework/Headers/NSTextAttachment.h:23:1: note: interface 'UIView' forward declared here
@class UIView;
^
/Users/admin/builder/spi-builder-workspace/Sources/SurfaceView.swift:195:97: error: cannot find 'leftAnchor' in scope
private lazy var containerViewLeftConstraint = containerView.leftAnchor.constraint(equalTo: leftAnchor, constant: 0.0)
^~~~~~~~~~
/Users/admin/builder/spi-builder-workspace/Sources/SurfaceView.swift:196:101: error: cannot find 'bottomAnchor' in scope
private lazy var containerViewBottomConstraint = containerView.bottomAnchor.constraint(equalTo: bottomAnchor, constant: 0.0)
^~~~~~~~~~~~
/Users/admin/builder/spi-builder-workspace/Sources/SurfaceView.swift:197:99: error: cannot find 'rightAnchor' in scope
private lazy var containerViewRightConstraint = containerView.rightAnchor.constraint(equalTo: rightAnchor, constant: 0.0)
^~~~~~~~~~~
/Users/admin/builder/spi-builder-workspace/Sources/SurfaceView.swift:208:67: error: value of type 'GrabberView' has no member 'widthAnchor'
private lazy var grabberHandleWidthConstraint = grabberHandle.widthAnchor.constraint(equalToConstant: grabberHandleSize.width)
~~~~~~~~~~~~~ ^~~~~~~~~~~
/Users/admin/builder/spi-builder-workspace/Sources/SurfaceView.swift:209:68: error: value of type 'GrabberView' has no member 'heightAnchor'
private lazy var grabberHandleHeightConstraint = grabberHandle.heightAnchor.constraint(equalToConstant: grabberHandleSize.height)
~~~~~~~~~~~~~ ^~~~~~~~~~~~
/Users/admin/builder/spi-builder-workspace/Sources/SurfaceView.swift:210:103: error: cannot find 'centerXAnchor' in scope
private lazy var grabberHandleCenterConstraint = grabberHandle.centerXAnchor.constraint(equalTo: centerXAnchor)
^~~~~~~~~~~~~
/Users/admin/builder/spi-builder-workspace/Sources/SurfaceView.swift:210:69: error: value of type 'GrabberView' has no member 'centerXAnchor'
private lazy var grabberHandleCenterConstraint = grabberHandle.centerXAnchor.constraint(equalTo: centerXAnchor)
~~~~~~~~~~~~~ ^~~~~~~~~~~~~
/Users/admin/builder/spi-builder-workspace/Sources/SurfaceView.swift:211:103: error: cannot find 'topAnchor' in scope
private lazy var grabberHandleEdgePaddingConstraint = grabberHandle.topAnchor.constraint(equalTo: topAnchor, constant: grabberHandlePadding)
^~~~~~~~~
/Users/admin/builder/spi-builder-workspace/Sources/SurfaceView.swift:211:73: error: value of type 'GrabberView' has no member 'topAnchor'
private lazy var grabberHandleEdgePaddingConstraint = grabberHandle.topAnchor.constraint(equalTo: topAnchor, constant: grabberHandlePadding)
~~~~~~~~~~~~~ ^~~~~~~~~
/Users/admin/builder/spi-builder-workspace/Sources/SurfaceView.swift:83:9: error: cannot find 'setNeedsUpdateConstraints' in scope
setNeedsUpdateConstraints()
^~~~~~~~~~~~~~~~~~~~~~~~~
/Users/admin/builder/spi-builder-workspace/Sources/SurfaceView.swift:93:9: error: cannot find 'setNeedsUpdateConstraints' in scope
setNeedsUpdateConstraints()
^~~~~~~~~~~~~~~~~~~~~~~~~
/Users/admin/builder/spi-builder-workspace/Sources/SurfaceView.swift:97:34: error: cannot find type 'UIView' in scope
public weak var contentView: UIView?
^~~~~~
/Applications/Xcode-16.3.0.app/Contents/Developer/Platforms/WatchOS.platform/Developer/SDKs/WatchOS11.4.sdk/System/Library/Frameworks/UIKit.framework/Headers/NSTextAttachment.h:23:1: note: interface 'UIView' forward declared here
@class UIView;
^
/Users/admin/builder/spi-builder-workspace/Sources/SurfaceView.swift:103:18: error: value of type 'SurfaceView' has no member 'setNeedsUpdateConstraints'
self.setNeedsUpdateConstraints()
~~~~ ^~~~~~~~~~~~~~~~~~~~~~~~~
/Users/admin/builder/spi-builder-workspace/Sources/SurfaceView.swift:107:25: error: property does not override any property from its superclass
public override var backgroundColor: UIColor? {
~~~~~~~~ ^
/Users/admin/builder/spi-builder-workspace/Sources/SurfaceView.swift:114:54: error: cannot find 'CAShapeLayer' in scope
shadowLayers = appearance.shadows.map { _ in CAShapeLayer() }
^~~~~~~~~~~~
/Users/admin/builder/spi-builder-workspace/Sources/SurfaceView.swift:213:32: error: cannot find type 'CALayer' in scope
private var shadowLayers: [CALayer] = [] {
^~~~~~~
/Users/admin/builder/spi-builder-workspace/Sources/SurfaceView.swift:115:9: error: cannot find 'setNeedsLayout' in scope
setNeedsLayout()
^~~~~~~~~~~~~~
/Users/admin/builder/spi-builder-workspace/Sources/SurfaceView.swift:120:9: error: cannot find 'setNeedsUpdateConstraints' in scope
setNeedsUpdateConstraints()
^~~~~~~~~~~~~~~~~~~~~~~~~
/Users/admin/builder/spi-builder-workspace/Sources/SurfaceView.swift:136:13: error: cannot find 'setNeedsUpdateConstraints' in scope
setNeedsUpdateConstraints()
^~~~~~~~~~~~~~~~~~~~~~~~~
/Users/admin/builder/spi-builder-workspace/Sources/SurfaceView.swift:143:13: error: cannot find 'NSLayoutConstraint' in scope
NSLayoutConstraint.deactivate([grabberHandleEdgePaddingConstraint,
^~~~~~~~~~~~~~~~~~
/Users/admin/builder/spi-builder-workspace/Sources/SurfaceView.swift:149:101: error: cannot find 'bottomAnchor' in scope
grabberHandleEdgePaddingConstraint = grabberHandle.bottomAnchor.constraint(equalTo: bottomAnchor, constant: -grabberHandlePadding)
^~~~~~~~~~~~
/Users/admin/builder/spi-builder-workspace/Sources/SurfaceView.swift:149:68: error: value of type 'GrabberView' has no member 'bottomAnchor'
grabberHandleEdgePaddingConstraint = grabberHandle.bottomAnchor.constraint(equalTo: bottomAnchor, constant: -grabberHandlePadding)
~~~~~~~~~~~~~ ^~~~~~~~~~~~
/Users/admin/builder/spi-builder-workspace/Sources/SurfaceView.swift:150:97: error: cannot find 'centerXAnchor' in scope
grabberHandleCenterConstraint = grabberHandle.centerXAnchor.constraint(equalTo: centerXAnchor)
^~~~~~~~~~~~~
/Users/admin/builder/spi-builder-workspace/Sources/SurfaceView.swift:150:63: error: value of type 'GrabberView' has no member 'centerXAnchor'
grabberHandleCenterConstraint = grabberHandle.centerXAnchor.constraint(equalTo: centerXAnchor)
~~~~~~~~~~~~~ ^~~~~~~~~~~~~
/Users/admin/builder/spi-builder-workspace/Sources/SurfaceView.swift:151:62: error: value of type 'GrabberView' has no member 'widthAnchor'
grabberHandleWidthConstraint = grabberHandle.widthAnchor.constraint(equalToConstant: grabberHandleSize.width)
~~~~~~~~~~~~~ ^~~~~~~~~~~
/Users/admin/builder/spi-builder-workspace/Sources/SurfaceView.swift:152:63: error: value of type 'GrabberView' has no member 'heightAnchor'
grabberHandleHeightConstraint = grabberHandle.heightAnchor.constraint(equalToConstant: grabberHandleSize.height)
~~~~~~~~~~~~~ ^~~~~~~~~~~~
/Users/admin/builder/spi-builder-workspace/Sources/SurfaceView.swift:154:100: error: cannot find 'rightAnchor' in scope
grabberHandleEdgePaddingConstraint = grabberHandle.rightAnchor.constraint(equalTo: rightAnchor, constant: -grabberHandlePadding)
^~~~~~~~~~~
/Users/admin/builder/spi-builder-workspace/Sources/SurfaceView.swift:154:68: error: value of type 'GrabberView' has no member 'rightAnchor'
grabberHandleEdgePaddingConstraint = grabberHandle.rightAnchor.constraint(equalTo: rightAnchor, constant: -grabberHandlePadding)
~~~~~~~~~~~~~ ^~~~~~~~~~~
/Users/admin/builder/spi-builder-workspace/Sources/SurfaceView.swift:155:97: error: cannot find 'centerYAnchor' in scope
grabberHandleCenterConstraint = grabberHandle.centerYAnchor.constraint(equalTo: centerYAnchor)
^~~~~~~~~~~~~
/Users/admin/builder/spi-builder-workspace/Sources/SurfaceView.swift:155:63: error: value of type 'GrabberView' has no member 'centerYAnchor'
grabberHandleCenterConstraint = grabberHandle.centerYAnchor.constraint(equalTo: centerYAnchor)
~~~~~~~~~~~~~ ^~~~~~~~~~~~~
/Users/admin/builder/spi-builder-workspace/Sources/SurfaceView.swift:156:62: error: value of type 'GrabberView' has no member 'widthAnchor'
grabberHandleWidthConstraint = grabberHandle.widthAnchor.constraint(equalToConstant: grabberHandleSize.height)
~~~~~~~~~~~~~ ^~~~~~~~~~~
/Users/admin/builder/spi-builder-workspace/Sources/SurfaceView.swift:157:63: error: value of type 'GrabberView' has no member 'heightAnchor'
grabberHandleHeightConstraint = grabberHandle.heightAnchor.constraint(equalToConstant: grabberHandleSize.width)
~~~~~~~~~~~~~ ^~~~~~~~~~~~
/Users/admin/builder/spi-builder-workspace/Sources/SurfaceView.swift:159:98: error: cannot find 'topAnchor' in scope
grabberHandleEdgePaddingConstraint = grabberHandle.topAnchor.constraint(equalTo: topAnchor, constant: grabberHandlePadding)
^~~~~~~~~
/Users/admin/builder/spi-builder-workspace/Sources/SurfaceView.swift:159:68: error: value of type 'GrabberView' has no member 'topAnchor'
grabberHandleEdgePaddingConstraint = grabberHandle.topAnchor.constraint(equalTo: topAnchor, constant: grabberHandlePadding)
~~~~~~~~~~~~~ ^~~~~~~~~
/Users/admin/builder/spi-builder-workspace/Sources/SurfaceView.swift:160:97: error: cannot find 'centerXAnchor' in scope
grabberHandleCenterConstraint = grabberHandle.centerXAnchor.constraint(equalTo: centerXAnchor)
^~~~~~~~~~~~~
/Users/admin/builder/spi-builder-workspace/Sources/SurfaceView.swift:160:63: error: value of type 'GrabberView' has no member 'centerXAnchor'
grabberHandleCenterConstraint = grabberHandle.centerXAnchor.constraint(equalTo: centerXAnchor)
~~~~~~~~~~~~~ ^~~~~~~~~~~~~
/Users/admin/builder/spi-builder-workspace/Sources/SurfaceView.swift:161:62: error: value of type 'GrabberView' has no member 'widthAnchor'
grabberHandleWidthConstraint = grabberHandle.widthAnchor.constraint(equalToConstant: grabberHandleSize.width)
~~~~~~~~~~~~~ ^~~~~~~~~~~
/Users/admin/builder/spi-builder-workspace/Sources/SurfaceView.swift:162:63: error: value of type 'GrabberView' has no member 'heightAnchor'
grabberHandleHeightConstraint = grabberHandle.heightAnchor.constraint(equalToConstant: grabberHandleSize.height)
~~~~~~~~~~~~~ ^~~~~~~~~~~~
/Users/admin/builder/spi-builder-workspace/Sources/SurfaceView.swift:164:99: error: cannot find 'leftAnchor' in scope
grabberHandleEdgePaddingConstraint = grabberHandle.leftAnchor.constraint(equalTo: leftAnchor, constant: grabberHandlePadding)
^~~~~~~~~~
/Users/admin/builder/spi-builder-workspace/Sources/SurfaceView.swift:164:68: error: value of type 'GrabberView' has no member 'leftAnchor'
grabberHandleEdgePaddingConstraint = grabberHandle.leftAnchor.constraint(equalTo: leftAnchor, constant: grabberHandlePadding)
~~~~~~~~~~~~~ ^~~~~~~~~~
/Users/admin/builder/spi-builder-workspace/Sources/SurfaceView.swift:165:97: error: cannot find 'centerYAnchor' in scope
grabberHandleCenterConstraint = grabberHandle.centerYAnchor.constraint(equalTo: centerYAnchor)
^~~~~~~~~~~~~
/Users/admin/builder/spi-builder-workspace/Sources/SurfaceView.swift:165:63: error: value of type 'GrabberView' has no member 'centerYAnchor'
grabberHandleCenterConstraint = grabberHandle.centerYAnchor.constraint(equalTo: centerYAnchor)
~~~~~~~~~~~~~ ^~~~~~~~~~~~~
/Users/admin/builder/spi-builder-workspace/Sources/SurfaceView.swift:166:62: error: value of type 'GrabberView' has no member 'widthAnchor'
grabberHandleWidthConstraint = grabberHandle.widthAnchor.constraint(equalToConstant: grabberHandleSize.height)
~~~~~~~~~~~~~ ^~~~~~~~~~~
/Users/admin/builder/spi-builder-workspace/Sources/SurfaceView.swift:167:63: error: value of type 'GrabberView' has no member 'heightAnchor'
grabberHandleHeightConstraint = grabberHandle.heightAnchor.constraint(equalToConstant: grabberHandleSize.width)
~~~~~~~~~~~~~ ^~~~~~~~~~~~
/Users/admin/builder/spi-builder-workspace/Sources/SurfaceView.swift:169:13: error: cannot find 'NSLayoutConstraint' in scope
NSLayoutConstraint.activate([grabberHandleEdgePaddingConstraint,
^~~~~~~~~~~~~~~~~~
/Users/admin/builder/spi-builder-workspace/Sources/SurfaceView.swift:173:13: error: cannot find 'setNeedsUpdateConstraints' in scope
setNeedsUpdateConstraints()
^~~~~~~~~~~~~~~~~~~~~~~~~
/Users/admin/builder/spi-builder-workspace/Sources/SurfaceView.swift:200:43: error: cannot find type 'NSLayoutConstraint' in scope
private var contentViewTopConstraint: NSLayoutConstraint?
^~~~~~~~~~~~~~~~~~
/Users/admin/builder/spi-builder-workspace/Sources/SurfaceView.swift:202:44: error: cannot find type 'NSLayoutConstraint' in scope
private var contentViewLeftConstraint: NSLayoutConstraint?
^~~~~~~~~~~~~~~~~~
/Users/admin/builder/spi-builder-workspace/Sources/SurfaceView.swift:204:45: error: cannot find type 'NSLayoutConstraint' in scope
private var contentViewRightConstraint: NSLayoutConstraint?
^~~~~~~~~~~~~~~~~~
/Users/admin/builder/spi-builder-workspace/Sources/SurfaceView.swift:206:46: error: cannot find type 'NSLayoutConstraint' in scope
private var contentViewBottomConstraint: NSLayoutConstraint?
^~~~~~~~~~~~~~~~~~
/Users/admin/builder/spi-builder-workspace/Sources/SurfaceView.swift:226:31: error: property does not override any property from its superclass
public override class var requiresConstraintBasedLayout: Bool { return true }
~~~~~~~~ ^
/Users/admin/builder/spi-builder-workspace/Sources/SurfaceView.swift:228:14: error: initializer does not override a designated initializer from its superclass
override init(frame: CGRect) {
~~~~~~~~ ^
/Users/admin/builder/spi-builder-workspace/Sources/SurfaceView.swift:269:26: error: method does not override any method from its superclass
public override func updateConstraints() {
~~~~~~~~ ^
/Users/admin/builder/spi-builder-workspace/Sources/SurfaceView.swift:317:26: error: method does not override any method from its superclass
public override func layoutSubviews() {
~~~~~~~~ ^
/Users/admin/builder/spi-builder-workspace/Sources/SurfaceView.swift:330:25: error: property does not override any property from its superclass
public override var intrinsicContentSize: CGSize {
~~~~~~~~ ^
/Users/admin/builder/spi-builder-workspace/Sources/SurfaceView.swift:455:27: error: cannot find type 'UIView' in scope
func set(contentView: UIView, mode: FloatingPanelController.ContentMode) {
^~~~~~
/Applications/Xcode-16.3.0.app/Contents/Developer/Platforms/WatchOS.platform/Developer/SDKs/WatchOS11.4.sdk/System/Library/Frameworks/UIKit.framework/Headers/NSTextAttachment.h:23:1: note: interface 'UIView' forward declared here
@class UIView;
^
/Users/admin/builder/spi-builder-workspace/Sources/SurfaceView.swift:75:27: error: cannot find type 'UIView' in scope
public class SurfaceView: UIView {
^~~~~~
/Applications/Xcode-16.3.0.app/Contents/Developer/Platforms/WatchOS.platform/Developer/SDKs/WatchOS11.4.sdk/System/Library/Frameworks/UIKit.framework/Headers/NSTextAttachment.h:23:1: note: interface 'UIView' forward declared here
@class UIView;
^
/Users/admin/builder/spi-builder-workspace/Sources/SwiftUI/FloatingPanelCoordinator.swift:57:32: error: cannot find type 'UIHostingController' in scope
mainHostingController: UIHostingController<Main>,
^~~~~~~~~~~~~~~~~~~
/Users/admin/builder/spi-builder-workspace/Sources/SwiftUI/FloatingPanelCoordinator.swift:58:35: error: cannot find type 'UIHostingController' in scope
contentHostingController: UIHostingController<Content>
^~~~~~~~~~~~~~~~~~~
/Users/admin/builder/spi-builder-workspace/Sources/SwiftUI/FloatingPanelCoordinator.swift:68:18: error: cannot find type 'UIViewControllerRepresentableContext' in scope
context: UIViewControllerRepresentableContext<Representable>
^~~~~~~~~~~~~~~~~~~~~~~~~~~~~~~~~~~~
/Users/admin/builder/spi-builder-workspace/Sources/SwiftUI/FloatingPanelCoordinator.swift:69:28: error: cannot find type 'UIViewControllerRepresentable' in scope
) where Representable: UIViewControllerRepresentable
^~~~~~~~~~~~~~~~~~~~~~~~~~~~~
/Users/admin/builder/spi-builder-workspace/Sources/SwiftUI/FloatingPanelCoordinator.swift:107:32: error: cannot find type 'UIHostingController' in scope
mainHostingController: UIHostingController<Main>,
^~~~~~~~~~~~~~~~~~~
/Users/admin/builder/spi-builder-workspace/Sources/SwiftUI/FloatingPanelCoordinator.swift:108:35: error: cannot find type 'UIHostingController' in scope
contentHostingController: UIHostingController<Content>
^~~~~~~~~~~~~~~~~~~
/Users/admin/builder/spi-builder-workspace/Sources/SwiftUI/FloatingPanelCoordinator.swift:119:18: error: cannot find type 'UIViewControllerRepresentableContext' in scope
context: UIViewControllerRepresentableContext<Representable>
^~~~~~~~~~~~~~~~~~~~~~~~~~~~~~~~~~~~
/Users/admin/builder/spi-builder-workspace/Sources/SwiftUI/FloatingPanelCoordinator.swift:120:28: error: cannot find type 'UIViewControllerRepresentable' in scope
) where Representable: UIViewControllerRepresentable {}
^~~~~~~~~~~~~~~~~~~~~~~~~~~~~
/Users/admin/builder/spi-builder-workspace/Sources/SwiftUI/FloatingPanelProxy.swift:92:35: error: cannot find type 'UIScrollView' in scope
public func track(scrollView: UIScrollView) {
^~~~~~~~~~~~
/Users/admin/builder/spi-builder-workspace/Sources/SwiftUI/FloatingPanelView.swift:94:40: error: cannot find type 'Context' in scope
func makeUIViewController(context: Context) -> FloatingPanelMainHostingContainerController<MainView> {
^~~~~~~
/Users/admin/builder/spi-builder-workspace/Sources/SwiftUI/FloatingPanelView.swift:112:18: error: cannot find type 'Context' in scope
context: Context
^~~~~~~
/Users/admin/builder/spi-builder-workspace/Sources/SwiftUI/FloatingPanelView.swift:47:62: error: cannot find type 'UIViewControllerRepresentable' in scope
struct FloatingPanelView<MainView: View, ContentView: View>: UIViewControllerRepresentable {
^~~~~~~~~~~~~~~~~~~~~~~~~~~~~
/Users/admin/builder/spi-builder-workspace/Sources/SwiftUI/FloatingPanelView.swift:127:36: error: cannot find type 'Context' in scope
func applyEnvironment(context: Context) {
^~~~~~~
/Users/admin/builder/spi-builder-workspace/Sources/SwiftUI/FloatingPanelView.swift:144:46: error: cannot find type 'Context' in scope
func applyAnimatableEnvironment(context: Context) {
^~~~~~~
/Users/admin/builder/spi-builder-workspace/Sources/SwiftUI/FloatingPanelView.swift:162:64: error: cannot find type 'UIViewController' in scope
class FloatingPanelMainHostingContainerController<Main: View>: UIViewController {
^~~~~~~~~~~~~~~~
/Users/admin/builder/spi-builder-workspace/Sources/SwiftUI/FloatingPanelView.swift:176:19: error: method does not override any method from its superclass
override func loadView() {
~~~~~~~~ ^
/Users/admin/builder/spi-builder-workspace/Sources/SwiftUI/FloatingPanelView.swift:183:19: error: method does not override any method from its superclass
override func viewDidLoad() {
~~~~~~~~ ^
/Users/admin/builder/spi-builder-workspace/Sources/SwiftUI/FloatingPanelView.swift:195:42: error: cannot find type 'UIViewController' in scope
override var childForStatusBarStyle: UIViewController? { mainHostingController }
^~~~~~~~~~~~~~~~
/Users/admin/builder/spi-builder-workspace/Sources/SwiftUI/FloatingPanelView.swift:196:43: error: cannot find type 'UIViewController' in scope
override var childForStatusBarHidden: UIViewController? { mainHostingController }
^~~~~~~~~~~~~~~~
/Users/admin/builder/spi-builder-workspace/Sources/SwiftUI/FloatingPanelView.swift:197:62: error: cannot find type 'UIViewController' in scope
override var childForScreenEdgesDeferringSystemGestures: UIViewController? { mainHostingController }
^~~~~~~~~~~~~~~~
/Users/admin/builder/spi-builder-workspace/Sources/SwiftUI/FloatingPanelView.swift:198:51: error: cannot find type 'UIViewController' in scope
override var childForHomeIndicatorAutoHidden: UIViewController? { mainHostingController }
^~~~~~~~~~~~~~~~
/Users/admin/builder/spi-builder-workspace/Sources/SwiftUI/FloatingPanelView.swift:199:53: error: cannot find type 'UIViewController' in scope
override var childViewControllerForPointerLock: UIViewController? { mainHostingController }
^~~~~~~~~~~~~~~~
/Users/admin/builder/spi-builder-workspace/Sources/SwiftUI/FloatingPanelView.swift:210:31: error: cannot find type 'UIView' in scope
weak var mainHostingView: UIView?
^~~~~~
/Applications/Xcode-16.3.0.app/Contents/Developer/Platforms/WatchOS.platform/Developer/SDKs/WatchOS11.4.sdk/System/Library/Frameworks/UIKit.framework/Headers/NSTextAttachment.h:23:1: note: interface 'UIView' forward declared here
@class UIView;
^
/Users/admin/builder/spi-builder-workspace/Sources/SwiftUI/FloatingPanelView.swift:212:19: error: method does not override any method from its superclass
override func sizeThatFits(_ size: CGSize) -> CGSize {
~~~~~~~~ ^
/Users/admin/builder/spi-builder-workspace/Sources/SwiftUI/FloatingPanelView.swift:219:55: error: cannot find type 'UIHostingController' in scope
class FloatingPanelMainHostingController<Main: View>: UIHostingController<Main>, FloatingPanelHostingControllerProviding {
^~~~~~~~~~~~~~~~~~~
/Users/admin/builder/spi-builder-workspace/Sources/SwiftUI/FloatingPanelView.swift:220:39: error: cannot find type 'UIViewController' in scope
weak var containerViewController: UIViewController?
^~~~~~~~~~~~~~~~
/Users/admin/builder/spi-builder-workspace/Sources/SwiftUI/FloatingPanelView.swift:222:33: error: cannot find type 'UIViewController' in scope
var parentForFloatingPanel: UIViewController {
^~~~~~~~~~~~~~~~
/Users/admin/builder/spi-builder-workspace/Sources/SwiftUI/FloatingPanelView.swift:247:48: error: cannot find type 'UIViewController' in scope
private weak var contentHostingController: UIViewController?
^~~~~~~~~~~~~~~~
/Users/admin/builder/spi-builder-workspace/Sources/SwiftUI/FloatingPanelView.swift:267:32: error: cannot find type 'UIHostingController' in scope
mainHostingController: UIHostingController<Main>,
^~~~~~~~~~~~~~~~~~~
/Users/admin/builder/spi-builder-workspace/Sources/SwiftUI/FloatingPanelView.swift:268:35: error: cannot find type 'UIHostingController' in scope
contentHostingController: UIHostingController<Content>
^~~~~~~~~~~~~~~~~~~
/Users/admin/builder/spi-builder-workspace/Sources/SwiftUI/FloatingPanelView.swift:290:18: error: cannot find type 'UIViewControllerRepresentableContext' in scope
context: UIViewControllerRepresentableContext<Representable>
^~~~~~~~~~~~~~~~~~~~~~~~~~~~~~~~~~~~
/Users/admin/builder/spi-builder-workspace/Sources/SwiftUI/FloatingPanelView.swift:291:28: error: cannot find type 'UIViewControllerRepresentable' in scope
) where Representable: UIViewControllerRepresentable {
^~~~~~~~~~~~~~~~~~~~~~~~~~~~~
/Users/admin/builder/spi-builder-workspace/Sources/SwiftUI/View+floatingPanelScrollTracking.swift:47:33: error: cannot find type 'UIScrollView' in scope
onScrollViewDetected: ((UIScrollView, UIHostingController<Self>) -> Void)? = nil
^~~~~~~~~~~~
/Users/admin/builder/spi-builder-workspace/Sources/SwiftUI/View+floatingPanelScrollTracking.swift:47:47: error: cannot find type 'UIHostingController' in scope
onScrollViewDetected: ((UIScrollView, UIHostingController<Self>) -> Void)? = nil
^~~~~~~~~~~~~~~~~~~
/Users/admin/builder/spi-builder-workspace/Sources/SwiftUI/View+floatingPanelScrollTracking.swift:55:33: error: cannot find type 'UIScrollView' in scope
let onScrollViewDetected: ((UIScrollView, UIHostingController<Content>) -> Void)?
^~~~~~~~~~~~
/Users/admin/builder/spi-builder-workspace/Sources/SwiftUI/View+floatingPanelScrollTracking.swift:55:47: error: cannot find type 'UIHostingController' in scope
let onScrollViewDetected: ((UIScrollView, UIHostingController<Content>) -> Void)?
^~~~~~~~~~~~~~~~~~~
/Users/admin/builder/spi-builder-workspace/Sources/SwiftUI/View+floatingPanelScrollTracking.swift:59:40: error: cannot find type 'Context' in scope
func makeUIViewController(context: Context) -> ScrollViewHostingController<Content> {
^~~~~~~
/Users/admin/builder/spi-builder-workspace/Sources/SwiftUI/View+floatingPanelScrollTracking.swift:71:18: error: cannot find type 'Context' in scope
context: Context
^~~~~~~
/Users/admin/builder/spi-builder-workspace/Sources/SwiftUI/View+floatingPanelScrollTracking.swift:76:43: error: cannot find type 'UIHostingController' in scope
class ScrollViewHostingController<V>: UIHostingController<V> where V: View {
^~~~~~~~~~~~~~~~~~~
/Users/admin/builder/spi-builder-workspace/Sources/SwiftUI/View+floatingPanelScrollTracking.swift:78:37: error: cannot find type 'UIScrollView' in scope
let onScrollViewDetected: ((UIScrollView, UIHostingController<V>) -> Void)?
^~~~~~~~~~~~
/Users/admin/builder/spi-builder-workspace/Sources/SwiftUI/View+floatingPanelScrollTracking.swift:78:51: error: cannot find type 'UIHostingController' in scope
let onScrollViewDetected: ((UIScrollView, UIHostingController<V>) -> Void)?
^~~~~~~~~~~~~~~~~~~
/Users/admin/builder/spi-builder-workspace/Sources/SwiftUI/View+floatingPanelScrollTracking.swift:80:46: error: cannot find type 'UIScrollView' in scope
private weak var detectedScrollView: UIScrollView?
^~~~~~~~~~~~
/Users/admin/builder/spi-builder-workspace/Sources/SwiftUI/View+floatingPanelScrollTracking.swift:85:37: error: cannot find type 'UIScrollView' in scope
onScrollViewDetected: ((UIScrollView, UIHostingController<V>) -> Void)?
^~~~~~~~~~~~
/Users/admin/builder/spi-builder-workspace/Sources/SwiftUI/View+floatingPanelScrollTracking.swift:85:51: error: cannot find type 'UIHostingController' in scope
onScrollViewDetected: ((UIScrollView, UIHostingController<V>) -> Void)?
^~~~~~~~~~~~~~~~~~~
/Users/admin/builder/spi-builder-workspace/Sources/SwiftUI/View+floatingPanelScrollTracking.swift:96:23: error: method does not override any method from its superclass
override func viewWillLayoutSubviews() {
~~~~~~~~ ^
/Users/admin/builder/spi-builder-workspace/Sources/SwiftUI/View+floatingPanelScrollTracking.swift:107:52: error: cannot find type 'UIScrollView' in scope
func findUIScrollView(in root: UIView?) -> UIScrollView? {
^~~~~~~~~~~~
/Users/admin/builder/spi-builder-workspace/Sources/SwiftUI/View+floatingPanelScrollTracking.swift:107:40: error: cannot find type 'UIView' in scope
func findUIScrollView(in root: UIView?) -> UIScrollView? {
^~~~~~
/Applications/Xcode-16.3.0.app/Contents/Developer/Platforms/WatchOS.platform/Developer/SDKs/WatchOS11.4.sdk/System/Library/Frameworks/UIKit.framework/Headers/NSTextAttachment.h:23:1: note: interface 'UIView' forward declared here
@class UIView;
^
/Users/admin/builder/spi-builder-workspace/Sources/SwiftUI/View+floatingPanelScrollTracking.swift:53:50: error: cannot find type 'UIViewControllerRepresentable' in scope
private struct ScrollViewRepresentable<Content>: UIViewControllerRepresentable where Content: View {
^~~~~~~~~~~~~~~~~~~~~~~~~~~~~
/Users/admin/builder/spi-builder-workspace/Sources/Transitioning.swift:12:6: error: cannot find type 'UIViewImplicitlyAnimating' in scope
) -> UIViewImplicitlyAnimating {
^~~~~~~~~~~~~~~~~~~~~~~~~
/Users/admin/builder/spi-builder-workspace/Sources/Transitioning.swift:11:28: error: cannot find type 'UIViewControllerContextTransitioning' in scope
for transitionContext: UIViewControllerContextTransitioning
^~~~~~~~~~~~~~~~~~~~~~~~~~~~~~~~~~~~
/Users/admin/builder/spi-builder-workspace/Sources/Transitioning.swift:21:34: error: cannot find type 'UIViewControllerTransitioningDelegate' in scope
class ModalTransition: NSObject, UIViewControllerTransitioningDelegate {
^~~~~~~~~~~~~~~~~~~~~~~~~~~~~~~~~~~~~
/Users/admin/builder/spi-builder-workspace/Sources/Transitioning.swift:24:59: error: cannot find type 'UIViewControllerAnimatedTransitioning' in scope
source: UIViewController) -> UIViewControllerAnimatedTransitioning? {
^~~~~~~~~~~~~~~~~~~~~~~~~~~~~~~~~~~~~
/Users/admin/builder/spi-builder-workspace/Sources/Transitioning.swift:22:54: error: cannot find type 'UIViewController' in scope
func animationController(forPresented presented: UIViewController,
^~~~~~~~~~~~~~~~
/Users/admin/builder/spi-builder-workspace/Sources/Transitioning.swift:23:42: error: cannot find type 'UIViewController' in scope
presenting: UIViewController,
^~~~~~~~~~~~~~~~
/Users/admin/builder/spi-builder-workspace/Sources/Transitioning.swift:24:38: error: cannot find type 'UIViewController' in scope
source: UIViewController) -> UIViewControllerAnimatedTransitioning? {
^~~~~~~~~~~~~~~~
/Users/admin/builder/spi-builder-workspace/Sources/Transitioning.swift:28:75: error: cannot find type 'UIViewControllerAnimatedTransitioning' in scope
func animationController(forDismissed dismissed: UIViewController) -> UIViewControllerAnimatedTransitioning? {
^~~~~~~~~~~~~~~~~~~~~~~~~~~~~~~~~~~~~
/Users/admin/builder/spi-builder-workspace/Sources/Transitioning.swift:28:54: error: cannot find type 'UIViewController' in scope
func animationController(forDismissed dismissed: UIViewController) -> UIViewControllerAnimatedTransitioning? {
^~~~~~~~~~~~~~~~
/Users/admin/builder/spi-builder-workspace/Sources/Transitioning.swift:32:135: error: cannot find type 'UIPresentationController' in scope
func presentationController(forPresented presented: UIViewController, presenting: UIViewController?, source: UIViewController) -> UIPresentationController? {
^~~~~~~~~~~~~~~~~~~~~~~~
/Users/admin/builder/spi-builder-workspace/Sources/Transitioning.swift:32:57: error: cannot find type 'UIViewController' in scope
func presentationController(forPresented presented: UIViewController, presenting: UIViewController?, source: UIViewController) -> UIPresentationController? {
^~~~~~~~~~~~~~~~
/Users/admin/builder/spi-builder-workspace/Sources/Transitioning.swift:32:87: error: cannot find type 'UIViewController' in scope
func presentationController(forPresented presented: UIViewController, presenting: UIViewController?, source: UIViewController) -> UIPresentationController? {
^~~~~~~~~~~~~~~~
/Users/admin/builder/spi-builder-workspace/Sources/Transitioning.swift:32:114: error: cannot find type 'UIViewController' in scope
func presentationController(forPresented presented: UIViewController, presenting: UIViewController?, source: UIViewController) -> UIPresentationController? {
^~~~~~~~~~~~~~~~
/Users/admin/builder/spi-builder-workspace/Sources/Transitioning.swift:37:31: error: cannot find type 'UIPresentationController' in scope
class PresentationController: UIPresentationController {
^~~~~~~~~~~~~~~~~~~~~~~~
/Users/admin/builder/spi-builder-workspace/Sources/Transitioning.swift:38:19: error: method does not override any method from its superclass
override func presentationTransitionWillBegin() {
~~~~~~~~ ^
/Users/admin/builder/spi-builder-workspace/Sources/Transitioning.swift:44:19: error: method does not override any method from its superclass
override func presentationTransitionDidEnd(_ completed: Bool) {
~~~~~~~~ ^
/Users/admin/builder/spi-builder-workspace/Sources/Transitioning.swift:51:19: error: method does not override any method from its superclass
override func dismissalTransitionDidEnd(_ completed: Bool) {
~~~~~~~~ ^
/Users/admin/builder/spi-builder-workspace/Sources/Transitioning.swift:61:19: error: method does not override any method from its superclass
override func containerViewWillLayoutSubviews() {
~~~~~~~~ ^
/Users/admin/builder/spi-builder-workspace/Sources/Transitioning.swift:83:43: error: cannot find type 'UITapGestureRecognizer' in scope
@objc func handleBackdrop(tapGesture: UITapGestureRecognizer) {
^~~~~~~~~~~~~~~~~~~~~~
/Users/admin/builder/spi-builder-workspace/Sources/Transitioning.swift:99:41: error: cannot find type 'UIViewControllerAnimatedTransitioning' in scope
class ModalPresentTransition: NSObject, UIViewControllerAnimatedTransitioning {
^~~~~~~~~~~~~~~~~~~~~~~~~~~~~~~~~~~~~
/Users/admin/builder/spi-builder-workspace/Sources/Transitioning.swift:100:54: error: cannot find type 'UIViewControllerContextTransitioning' in scope
func transitionDuration(using transitionContext: UIViewControllerContextTransitioning?) -> TimeInterval {
^~~~~~~~~~~~~~~~~~~~~~~~~~~~~~~~~~~~
/Users/admin/builder/spi-builder-workspace/Sources/Transitioning.swift:109:98: error: cannot find type 'UIViewImplicitlyAnimating' in scope
func interruptibleAnimator(using transitionContext: UIViewControllerContextTransitioning) -> UIViewImplicitlyAnimating {
^~~~~~~~~~~~~~~~~~~~~~~~~
/Users/admin/builder/spi-builder-workspace/Sources/Transitioning.swift:109:57: error: cannot find type 'UIViewControllerContextTransitioning' in scope
func interruptibleAnimator(using transitionContext: UIViewControllerContextTransitioning) -> UIViewImplicitlyAnimating {
^~~~~~~~~~~~~~~~~~~~~~~~~~~~~~~~~~~~
/Users/admin/builder/spi-builder-workspace/Sources/Transitioning.swift:128:53: error: cannot find type 'UIViewControllerContextTransitioning' in scope
func animateTransition(using transitionContext: UIViewControllerContextTransitioning) {
^~~~~~~~~~~~~~~~~~~~~~~~~~~~~~~~~~~~
/Users/admin/builder/spi-builder-workspace/Sources/Transitioning.swift:133:41: error: cannot find type 'UIViewControllerAnimatedTransitioning' in scope
class ModalDismissTransition: NSObject, UIViewControllerAnimatedTransitioning {
^~~~~~~~~~~~~~~~~~~~~~~~~~~~~~~~~~~~~
/Users/admin/builder/spi-builder-workspace/Sources/Transitioning.swift:134:54: error: cannot find type 'UIViewControllerContextTransitioning' in scope
func transitionDuration(using transitionContext: UIViewControllerContextTransitioning?) -> TimeInterval {
^~~~~~~~~~~~~~~~~~~~~~~~~~~~~~~~~~~~
/Users/admin/builder/spi-builder-workspace/Sources/Transitioning.swift:143:98: error: cannot find type 'UIViewImplicitlyAnimating' in scope
func interruptibleAnimator(using transitionContext: UIViewControllerContextTransitioning) -> UIViewImplicitlyAnimating {
^~~~~~~~~~~~~~~~~~~~~~~~~
/Users/admin/builder/spi-builder-workspace/Sources/Transitioning.swift:143:57: error: cannot find type 'UIViewControllerContextTransitioning' in scope
func interruptibleAnimator(using transitionContext: UIViewControllerContextTransitioning) -> UIViewImplicitlyAnimating {
^~~~~~~~~~~~~~~~~~~~~~~~~~~~~~~~~~~~
/Users/admin/builder/spi-builder-workspace/Sources/Transitioning.swift:162:53: error: cannot find type 'UIViewControllerContextTransitioning' in scope
func animateTransition(using transitionContext: UIViewControllerContextTransitioning) {
^~~~~~~~~~~~~~~~~~~~~~~~~~~~~~~~~~~~
** BUILD FAILED **
The following build commands failed:
SwiftEmitModule normal armv7k Emitting\ module\ for\ FloatingPanel (in target 'FloatingPanel' from project 'FloatingPanel')
EmitSwiftModule normal armv7k (in target 'FloatingPanel' from project 'FloatingPanel')
Building workspace spi-builder-workspace with scheme FloatingPanel
(3 failures)
BUILD FAILURE 6.1 watchOS