The Swift Package Index logo.Swift Package Index

Build Information

Failed to build DropboxAuth, reference master (1040bc), with Swift 6.4 for Wasm on 17 Sep 2026 12:14:18 UTC.

Build Command

bash -c docker run --pull=always --rm -v "checkouts-54344844-0":/host -w "$PWD" -e JAVA_HOME="/root/.sdkman/candidates/java/current" -e SPI_BUILD="1" -e SPI_PROCESSING="1" registry.gitlab.com/saguaro1/spi-images:wasm-6.4-latest swift build --swift-sdk swift-6.4.x-DEVELOPMENT-SNAPSHOT-2026-09-04-a_wasm 2>&1

Build Log

========================================
RunAll
========================================
Builder version: 5.1.0
Interrupt handler set up.
========================================
Checkout
========================================
Clone URL: https://github.com/jellybeansoup/ios-dropbox-auth.git
Reference: master
Initialized empty Git repository in /host/spi-builder-workspace/.git/
hint: Using 'master' as the name for the initial branch. This default branch name
hint: is subject to change. To configure the initial branch name to use in all
hint: of your new repositories, which will suppress this warning, call:
hint:
hint: 	git config --global init.defaultBranch <name>
hint:
hint: Names commonly chosen instead of 'master' are 'main', 'trunk' and
hint: 'development'. The just-created branch can be renamed via this command:
hint:
hint: 	git branch -m <name>
From https://github.com/jellybeansoup/ios-dropbox-auth
 * branch            master     -> FETCH_HEAD
 * [new branch]      master     -> origin/master
HEAD is now at 1040bc3 Add a missing public header to the umbrella
Cloned https://github.com/jellybeansoup/ios-dropbox-auth.git
Revision (git rev-parse @):
1040bc3a6b131282b31cadab5973e26f9578ae89
SUCCESS checkout https://github.com/jellybeansoup/ios-dropbox-auth.git at master
========================================
Build
========================================
Selected platform:         wasm
Swift version:             6.4
Building package at path:  $PWD
https://github.com/jellybeansoup/ios-dropbox-auth.git
Running build ...
bash -c docker run --pull=always --rm -v "checkouts-54344844-0":/host -w "$PWD" -e JAVA_HOME="/root/.sdkman/candidates/java/current" -e SPI_BUILD="1" -e SPI_PROCESSING="1" registry.gitlab.com/saguaro1/spi-images:wasm-6.4-latest swift build --swift-sdk swift-6.4.x-DEVELOPMENT-SNAPSHOT-2026-09-04-a_wasm 2>&1
wasm-6.4-latest: Pulling from saguaro1/spi-images
Digest: sha256:4328fdb43c680d205c1d6761b1e3267aa38277eefdda9ddfb17b6a0f1a77857a
Status: Image is up to date for registry.gitlab.com/saguaro1/spi-images:wasm-6.4-latest
Building for debugging...
[Planning deferred tasks]
/host/spi-builder-workspace/src/DropboxAuth/JDBKeychainManager.m:25:1: error: use of '@import' when modules are disabled
   25 | @import Security;
      | ^
In file included from /host/spi-builder-workspace/src/DropboxAuth/JDBKeychainManager.m:26:
/host/spi-builder-workspace/src/DropboxAuth/JDBKeychainManager.h:25:1: error: use of '@import' when modules are disabled
   25 | @import Foundation;
      | ^
/host/spi-builder-workspace/src/DropboxAuth/JDBKeychainManager.h:27:1: error: unknown type name 'NS_ASSUME_NONNULL_BEGIN'
   27 | NS_ASSUME_NONNULL_BEGIN
      | ^
/host/spi-builder-workspace/src/DropboxAuth/JDBKeychainManager.h:29:33: error: cannot find interface declaration for 'NSObject', superclass of 'JDBKeychainManager'
   29 | @interface JDBKeychainManager : NSObject
      | ~~~~~~~~~~~~~~~~~~~~~~~~~~~~~   ^
/host/spi-builder-workspace/src/DropboxAuth/JDBKeychainManager.h:31:4: error: expected a type
   31 | + (BOOL)setValue:(NSString *)value forKey:(NSString *)key;
      |    ^
/host/spi-builder-workspace/src/DropboxAuth/JDBKeychainManager.h:31:19: error: expected a type
   31 | + (BOOL)setValue:(NSString *)value forKey:(NSString *)key;
      |                   ^
/host/spi-builder-workspace/src/DropboxAuth/JDBKeychainManager.h:31:44: error: expected a type
   31 | + (BOOL)setValue:(NSString *)value forKey:(NSString *)key;
      |                                            ^
/host/spi-builder-workspace/src/DropboxAuth/JDBKeychainManager.h:33:4: error: expected a type
   33 | + (NSString * _Nullable)valueForKey:(NSString *)key;
      |    ^
/host/spi-builder-workspace/src/DropboxAuth/JDBKeychainManager.h:33:38: error: expected a type
   33 | + (NSString * _Nullable)valueForKey:(NSString *)key;
      |                                      ^
/host/spi-builder-workspace/src/DropboxAuth/JDBKeychainManager.h:35:4: error: expected a type
   35 | + (BOOL)removeValueForKey:(NSString *)key;
      |    ^
/host/spi-builder-workspace/src/DropboxAuth/JDBKeychainManager.h:35:28: error: expected a type
   35 | + (BOOL)removeValueForKey:(NSString *)key;
      |                            ^
/host/spi-builder-workspace/src/DropboxAuth/JDBKeychainManager.h:37:4: error: expected a type
   37 | + (NSArray<NSString *> *)getAll;
      |    ^
/host/spi-builder-workspace/src/DropboxAuth/JDBKeychainManager.h:39:4: error: expected a type
   39 | + (BOOL)clearAll;
      |    ^
/host/spi-builder-workspace/src/DropboxAuth/JDBKeychainManager.h:45:1: error: unknown type name 'NS_ASSUME_NONNULL_END'
   45 | NS_ASSUME_NONNULL_END
      | ^
/host/spi-builder-workspace/src/DropboxAuth/JDBKeychainManager.m:30:4: error: expected a type
   30 | + (BOOL)setValue:(NSString *)value forKey:(NSString *)key {
      |    ^
/host/spi-builder-workspace/src/DropboxAuth/JDBKeychainManager.m:30:19: error: expected a type
   30 | + (BOOL)setValue:(NSString *)value forKey:(NSString *)key {
      |                   ^
/host/spi-builder-workspace/src/DropboxAuth/JDBKeychainManager.m:30:44: error: expected a type
   30 | + (BOOL)setValue:(NSString *)value forKey:(NSString *)key {
      |                                            ^
/host/spi-builder-workspace/src/DropboxAuth/JDBKeychainManager.m:44:4: error: expected a type
   44 | + (NSString *)valueForKey:(NSString *)key {
      |    ^
/host/spi-builder-workspace/src/DropboxAuth/JDBKeychainManager.m:44:28: error: expected a type
   44 | + (NSString *)valueForKey:(NSString *)key {
      |                            ^
fatal error: too many errors emitted, stopping now [-ferror-limit=]
20 errors generated.
error: CompileC /host/spi-builder-workspace/.build/out/Intermediates.noindex/DropboxAuth.build/Debug-webassembly-wasm32/DropboxAuth-t.build/Objects-normal/wasm32/JDBKeychainManager.o /host/spi-builder-workspace/src/DropboxAuth/JDBKeychainManager.m normal wasm32 objective-c com.apple.compilers.llvm.clang.1_0.compiler failed with a nonzero exit code. Command line:     cd /host

    Using response file: /host/spi-builder-workspace/.build/out/Intermediates.noindex/DropboxAuth.build/Debug-webassembly-wasm32/DropboxAuth-t.build/Objects-normal/wasm32/6f95552a3397ee1cec971b90cf334075d5f321c3a3b0689ad55c3d1e24702600-common-args.resp

    /usr/bin/clang -x objective-c -target wasm32-unknown-wasip1 -fmessage-length\=0 -fdiagnostics-show-note-include-stack -fmacro-backtrace-limit\=0 -fcolor-diagnostics -Wno-trigraphs -Wno-missing-field-initializers -Wno-missing-prototypes -Wno-return-type -Wno-implicit-atomic-properties -Wno-objc-interface-ivars -Wno-arc-repeated-use-of-weak -Wno-missing-braces -Wparentheses -Wswitch -Wno-unused-function -Wno-unused-label -Wno-unused-parameter -Wno-unused-variable -Wunused-value -Wno-empty-body -Wno-uninitialized -Wno-unknown-pragmas -Wno-shadow -Wno-four-char-constants -Wno-conversion -Wno-constant-conversion -Wno-int-conversion -Wno-bool-conversion -Wno-enum-conversion -Wno-float-conversion -Wno-non-literal-null-conversion -Wno-objc-literal-conversion -Wno-shorten-64-to-32 -Wpointer-sign -Wno-newline-eof -Wno-selector -Wno-strict-selector-match -Wno-undeclared-selector -Wno-deprecated-implementations -Wno-implicit-fallthrough -fstrict-aliasing -Wprotocol -Wdeprecated-declarations -Wno-sign-conversion -Wno-infinite-recursion -Wno-comma -Wno-block-capture-autoreleasing -Wno-strict-prototypes -Wno-semicolon-before-method-body --sysroot /root/.swiftpm/swift-sdks/swift-6.4.x-DEVELOPMENT-SNAPSHOT-2026-09-04-a_wasm.artifactbundle/swift-6.4.x-DEVELOPMENT-SNAPSHOT-2026-09-04-a_wasm/wasm32-unknown-wasip1/WASI.sdk @/host/spi-builder-workspace/.build/out/Intermediates.noindex/DropboxAuth.build/Debug-webassembly-wasm32/DropboxAuth-t.build/Objects-normal/wasm32/6f95552a3397ee1cec971b90cf334075d5f321c3a3b0689ad55c3d1e24702600-common-args.resp -MMD -MT dependencies -MF /host/spi-builder-workspace/.build/out/Intermediates.noindex/DropboxAuth.build/Debug-webassembly-wasm32/DropboxAuth-t.build/Objects-normal/wasm32/JDBKeychainManager.d --serialize-diagnostics /host/spi-builder-workspace/.build/out/Intermediates.noindex/DropboxAuth.build/Debug-webassembly-wasm32/DropboxAuth-t.build/Objects-normal/wasm32/JDBKeychainManager.dia -c /host/spi-builder-workspace/src/DropboxAuth/JDBKeychainManager.m -o /host/spi-builder-workspace/.build/out/Intermediates.noindex/DropboxAuth.build/Debug-webassembly-wasm32/DropboxAuth-t.build/Objects-normal/wasm32/JDBKeychainManager.o
/host/spi-builder-workspace/src/DropboxAuth/JDBAuthManager.m:25:1: error: use of '@import' when modules are disabled
   25 | @import SafariServices;
      | ^
/host/spi-builder-workspace/src/DropboxAuth/JDBAuthManager.m:26:1: error: use of '@import' when modules are disabled
   26 | @import AuthenticationServices;
      | ^
/host/spi-builder-workspace/src/DropboxAuth/JDBAuthManager.m:27:9: fatal error: 'CommonCrypto/CommonHMAC.h' file not found
   27 | #import <CommonCrypto/CommonHMAC.h>
      |         ^~~~~~~~~~~~~~~~~~~~~~~~~~~
3 errors generated.
error: CompileC /host/spi-builder-workspace/.build/out/Intermediates.noindex/DropboxAuth.build/Debug-webassembly-wasm32/DropboxAuth-t.build/Objects-normal/wasm32/JDBAuthManager.o /host/spi-builder-workspace/src/DropboxAuth/JDBAuthManager.m normal wasm32 objective-c com.apple.compilers.llvm.clang.1_0.compiler failed with a nonzero exit code. Command line:     cd /host

    Using response file: /host/spi-builder-workspace/.build/out/Intermediates.noindex/DropboxAuth.build/Debug-webassembly-wasm32/DropboxAuth-t.build/Objects-normal/wasm32/6f95552a3397ee1cec971b90cf334075d5f321c3a3b0689ad55c3d1e24702600-common-args.resp

    /usr/bin/clang -x objective-c -target wasm32-unknown-wasip1 -fmessage-length\=0 -fdiagnostics-show-note-include-stack -fmacro-backtrace-limit\=0 -fcolor-diagnostics -Wno-trigraphs -Wno-missing-field-initializers -Wno-missing-prototypes -Wno-return-type -Wno-implicit-atomic-properties -Wno-objc-interface-ivars -Wno-arc-repeated-use-of-weak -Wno-missing-braces -Wparentheses -Wswitch -Wno-unused-function -Wno-unused-label -Wno-unused-parameter -Wno-unused-variable -Wunused-value -Wno-empty-body -Wno-uninitialized -Wno-unknown-pragmas -Wno-shadow -Wno-four-char-constants -Wno-conversion -Wno-constant-conversion -Wno-int-conversion -Wno-bool-conversion -Wno-enum-conversion -Wno-float-conversion -Wno-non-literal-null-conversion -Wno-objc-literal-conversion -Wno-shorten-64-to-32 -Wpointer-sign -Wno-newline-eof -Wno-selector -Wno-strict-selector-match -Wno-undeclared-selector -Wno-deprecated-implementations -Wno-implicit-fallthrough -fstrict-aliasing -Wprotocol -Wdeprecated-declarations -Wno-sign-conversion -Wno-infinite-recursion -Wno-comma -Wno-block-capture-autoreleasing -Wno-strict-prototypes -Wno-semicolon-before-method-body --sysroot /root/.swiftpm/swift-sdks/swift-6.4.x-DEVELOPMENT-SNAPSHOT-2026-09-04-a_wasm.artifactbundle/swift-6.4.x-DEVELOPMENT-SNAPSHOT-2026-09-04-a_wasm/wasm32-unknown-wasip1/WASI.sdk @/host/spi-builder-workspace/.build/out/Intermediates.noindex/DropboxAuth.build/Debug-webassembly-wasm32/DropboxAuth-t.build/Objects-normal/wasm32/6f95552a3397ee1cec971b90cf334075d5f321c3a3b0689ad55c3d1e24702600-common-args.resp -MMD -MT dependencies -MF /host/spi-builder-workspace/.build/out/Intermediates.noindex/DropboxAuth.build/Debug-webassembly-wasm32/DropboxAuth-t.build/Objects-normal/wasm32/JDBAuthManager.d --serialize-diagnostics /host/spi-builder-workspace/.build/out/Intermediates.noindex/DropboxAuth.build/Debug-webassembly-wasm32/DropboxAuth-t.build/Objects-normal/wasm32/JDBAuthManager.dia -c /host/spi-builder-workspace/src/DropboxAuth/JDBAuthManager.m -o /host/spi-builder-workspace/.build/out/Intermediates.noindex/DropboxAuth.build/Debug-webassembly-wasm32/DropboxAuth-t.build/Objects-normal/wasm32/JDBAuthManager.o
In file included from /host/spi-builder-workspace/src/DropboxAuth/JDBAccessToken.m:25:
/host/spi-builder-workspace/src/DropboxAuth/JDBAccessToken.h:25:1: error: use of '@import' when modules are disabled
   25 | @import Foundation;
      | ^
/host/spi-builder-workspace/src/DropboxAuth/JDBAccessToken.h:27:1: error: unknown type name 'NS_ASSUME_NONNULL_BEGIN'
   27 | NS_ASSUME_NONNULL_BEGIN
      | ^
/host/spi-builder-workspace/src/DropboxAuth/JDBAccessToken.h:29:29: error: cannot find interface declaration for 'NSObject', superclass of 'JDBAccessToken'
   29 | @interface JDBAccessToken : NSObject
      | ~~~~~~~~~~~~~~~~~~~~~~~~~   ^
/host/spi-builder-workspace/src/DropboxAuth/JDBAccessToken.h:32:41: error: unknown type name 'NSString'
   32 | @property (nonatomic, strong, readonly) NSString *accessToken;
      |                                         ^
/host/spi-builder-workspace/src/DropboxAuth/JDBAccessToken.h:32:1: error: property with 'retain (or strong)' attribute must be of object type
   32 | @property (nonatomic, strong, readonly) NSString *accessToken;
      | ^
/host/spi-builder-workspace/src/DropboxAuth/JDBAccessToken.h:35:41: error: unknown type name 'NSString'
   35 | @property (nonatomic, strong, readonly) NSString *uid;
      |                                         ^
/host/spi-builder-workspace/src/DropboxAuth/JDBAccessToken.h:35:1: error: property with 'retain (or strong)' attribute must be of object type
   35 | @property (nonatomic, strong, readonly) NSString *uid;
      | ^
/host/spi-builder-workspace/src/DropboxAuth/JDBAccessToken.h:38:38: error: expected a type
   38 | - (instancetype)initWithAccessToken:(NSString *)accessToken uid:(NSString *)uid NS_SWIFT_NAME(init(string:uid:));
      |                                      ^
/host/spi-builder-workspace/src/DropboxAuth/JDBAccessToken.h:38:66: error: expected a type
   38 | - (instancetype)initWithAccessToken:(NSString *)accessToken uid:(NSString *)uid NS_SWIFT_NAME(init(string:uid:));
      |                                                                  ^
/host/spi-builder-workspace/src/DropboxAuth/JDBAccessToken.h:38:94: error: expected ':'
   38 | - (instancetype)initWithAccessToken:(NSString *)accessToken uid:(NSString *)uid NS_SWIFT_NAME(init(string:uid:));
      |                                                                                              ^
      |                                                                                              :
/host/spi-builder-workspace/src/DropboxAuth/JDBAccessToken.h:38:94: error: expected ';' after method prototype
   38 | - (instancetype)initWithAccessToken:(NSString *)accessToken uid:(NSString *)uid NS_SWIFT_NAME(init(string:uid:));
      |                                                                                              ^
      |                                                                                              ;
/host/spi-builder-workspace/src/DropboxAuth/JDBAccessToken.h:43:4: error: expected a type
   43 | - (NSURLRequest *)signedRequestFromRequest:(NSURLRequest *)request NS_SWIFT_NAME(signedRequest(from:));
      |    ^
/host/spi-builder-workspace/src/DropboxAuth/JDBAccessToken.h:43:45: error: expected a type
   43 | - (NSURLRequest *)signedRequestFromRequest:(NSURLRequest *)request NS_SWIFT_NAME(signedRequest(from:));
      |                                             ^
/host/spi-builder-workspace/src/DropboxAuth/JDBAccessToken.h:43:81: error: expected ':'
   43 | - (NSURLRequest *)signedRequestFromRequest:(NSURLRequest *)request NS_SWIFT_NAME(signedRequest(from:));
      |                                                                                 ^
      |                                                                                 :
/host/spi-builder-workspace/src/DropboxAuth/JDBAccessToken.h:43:81: error: expected ';' after method prototype
   43 | - (NSURLRequest *)signedRequestFromRequest:(NSURLRequest *)request NS_SWIFT_NAME(signedRequest(from:));
      |                                                                                 ^
      |                                                                                 ;
/host/spi-builder-workspace/src/DropboxAuth/JDBAccessToken.h:51:4: error: expected a type
   51 | - (NSURLRequest *)signedRequestWithURL:(NSURL *)url cachePolicy:(NSURLRequestCachePolicy)cachePolicy timeoutInterval:(NSTimeInterval)timeoutInterval NS_SWIFT_NAME(signedRequest(with:cachePolicy:timeoutInterval:));
      |    ^
/host/spi-builder-workspace/src/DropboxAuth/JDBAccessToken.h:51:41: error: expected a type
   51 | - (NSURLRequest *)signedRequestWithURL:(NSURL *)url cachePolicy:(NSURLRequestCachePolicy)cachePolicy timeoutInterval:(NSTimeInterval)timeoutInterval NS_SWIFT_NAME(signedRequest(with:cachePolicy:timeoutInterval:));
      |                                         ^
/host/spi-builder-workspace/src/DropboxAuth/JDBAccessToken.h:51:66: error: expected a type
   51 | - (NSURLRequest *)signedRequestWithURL:(NSURL *)url cachePolicy:(NSURLRequestCachePolicy)cachePolicy timeoutInterval:(NSTimeInterval)timeoutInterval NS_SWIFT_NAME(signedRequest(with:cachePolicy:timeoutInterval:));
      |                                                                  ^
/host/spi-builder-workspace/src/DropboxAuth/JDBAccessToken.h:51:119: error: expected a type
   51 | - (NSURLRequest *)signedRequestWithURL:(NSURL *)url cachePolicy:(NSURLRequestCachePolicy)cachePolicy timeoutInterval:(NSTimeInterval)timeoutInterval NS_SWIFT_NAME(signedRequest(with:cachePolicy:timeoutInterval:));
      |                                                                                                                       ^
fatal error: too many errors emitted, stopping now [-ferror-limit=]
20 errors generated.
error: CompileC /host/spi-builder-workspace/.build/out/Intermediates.noindex/DropboxAuth.build/Debug-webassembly-wasm32/DropboxAuth-t.build/Objects-normal/wasm32/JDBAccessToken.o /host/spi-builder-workspace/src/DropboxAuth/JDBAccessToken.m normal wasm32 objective-c com.apple.compilers.llvm.clang.1_0.compiler failed with a nonzero exit code. Command line:     cd /host

    Using response file: /host/spi-builder-workspace/.build/out/Intermediates.noindex/DropboxAuth.build/Debug-webassembly-wasm32/DropboxAuth-t.build/Objects-normal/wasm32/6f95552a3397ee1cec971b90cf334075d5f321c3a3b0689ad55c3d1e24702600-common-args.resp

    /usr/bin/clang -x objective-c -target wasm32-unknown-wasip1 -fmessage-length\=0 -fdiagnostics-show-note-include-stack -fmacro-backtrace-limit\=0 -fcolor-diagnostics -Wno-trigraphs -Wno-missing-field-initializers -Wno-missing-prototypes -Wno-return-type -Wno-implicit-atomic-properties -Wno-objc-interface-ivars -Wno-arc-repeated-use-of-weak -Wno-missing-braces -Wparentheses -Wswitch -Wno-unused-function -Wno-unused-label -Wno-unused-parameter -Wno-unused-variable -Wunused-value -Wno-empty-body -Wno-uninitialized -Wno-unknown-pragmas -Wno-shadow -Wno-four-char-constants -Wno-conversion -Wno-constant-conversion -Wno-int-conversion -Wno-bool-conversion -Wno-enum-conversion -Wno-float-conversion -Wno-non-literal-null-conversion -Wno-objc-literal-conversion -Wno-shorten-64-to-32 -Wpointer-sign -Wno-newline-eof -Wno-selector -Wno-strict-selector-match -Wno-undeclared-selector -Wno-deprecated-implementations -Wno-implicit-fallthrough -fstrict-aliasing -Wprotocol -Wdeprecated-declarations -Wno-sign-conversion -Wno-infinite-recursion -Wno-comma -Wno-block-capture-autoreleasing -Wno-strict-prototypes -Wno-semicolon-before-method-body --sysroot /root/.swiftpm/swift-sdks/swift-6.4.x-DEVELOPMENT-SNAPSHOT-2026-09-04-a_wasm.artifactbundle/swift-6.4.x-DEVELOPMENT-SNAPSHOT-2026-09-04-a_wasm/wasm32-unknown-wasip1/WASI.sdk @/host/spi-builder-workspace/.build/out/Intermediates.noindex/DropboxAuth.build/Debug-webassembly-wasm32/DropboxAuth-t.build/Objects-normal/wasm32/6f95552a3397ee1cec971b90cf334075d5f321c3a3b0689ad55c3d1e24702600-common-args.resp -MMD -MT dependencies -MF /host/spi-builder-workspace/.build/out/Intermediates.noindex/DropboxAuth.build/Debug-webassembly-wasm32/DropboxAuth-t.build/Objects-normal/wasm32/JDBAccessToken.d --serialize-diagnostics /host/spi-builder-workspace/.build/out/Intermediates.noindex/DropboxAuth.build/Debug-webassembly-wasm32/DropboxAuth-t.build/Objects-normal/wasm32/JDBAccessToken.dia -c /host/spi-builder-workspace/src/DropboxAuth/JDBAccessToken.m -o /host/spi-builder-workspace/.build/out/Intermediates.noindex/DropboxAuth.build/Debug-webassembly-wasm32/DropboxAuth-t.build/Objects-normal/wasm32/JDBAccessToken.o
error: Build failed
BUILD FAILURE 6.4 wasm