The Swift Package Index logo.Swift Package Index

Build Information

Failed to build ReviewKit, reference 1.0.0 (eebcb7), with Swift 6.3 for Wasm on 21 Aug 2026 08:08:52 UTC.

Build Command

bash -c docker run --pull=always --rm -v "checkouts-54344849-1":/host -w "$PWD" -e JAVA_HOME="/root/.sdkman/candidates/java/current" -e SPI_BUILD="1" -e SPI_PROCESSING="1" registry.gitlab.com/saguaro1/spi-images:wasm-6.3-latest swift build --swift-sdk swift-6.3.2-RELEASE_wasm 2>&1

Build Log

========================================
RunAll
========================================
Builder version: 5.0.2
Interrupt handler set up.
========================================
Checkout
========================================
Clone URL: https://github.com/ken0nek/ReviewKit.git
Reference: 1.0.0
Initialized empty Git repository in /host/spi-builder-workspace/.git/
hint: Using 'master' as the name for the initial branch. This default branch name
hint: is subject to change. To configure the initial branch name to use in all
hint: of your new repositories, which will suppress this warning, call:
hint:
hint: 	git config --global init.defaultBranch <name>
hint:
hint: Names commonly chosen instead of 'master' are 'main', 'trunk' and
hint: 'development'. The just-created branch can be renamed via this command:
hint:
hint: 	git branch -m <name>
From https://github.com/ken0nek/ReviewKit
 * tag               1.0.0      -> FETCH_HEAD
HEAD is now at eebcb72 ReviewKit 1.0.0
Cloned https://github.com/ken0nek/ReviewKit.git
Revision (git rev-parse @):
eebcb729347e9ae3d17d49cd7ba7b62811bf2db6
SPI manifest file found: $PWD/.spi.yml
SUCCESS checkout https://github.com/ken0nek/ReviewKit.git at 1.0.0
========================================
Build
========================================
Selected platform:         wasm
Swift version:             6.3
Building package at path:  $PWD
https://github.com/ken0nek/ReviewKit.git
Running build ...
bash -c docker run --pull=always --rm -v "checkouts-54344849-1":/host -w "$PWD" -e JAVA_HOME="/root/.sdkman/candidates/java/current" -e SPI_BUILD="1" -e SPI_PROCESSING="1" registry.gitlab.com/saguaro1/spi-images:wasm-6.3-latest swift build --swift-sdk swift-6.3.2-RELEASE_wasm 2>&1
wasm-6.3-latest: Pulling from saguaro1/spi-images
Digest: sha256:e92e38b97676c18adb57b57429ddfb766786102cb50cb918e0d9e8055d05b35d
Status: Image is up to date for registry.gitlab.com/saguaro1/spi-images:wasm-6.3-latest
Building for debugging...
[0/5] Copying PrivacyInfo.xcprivacy
[2/5] Write sources
[4/5] Write swift-version-24593BA9C3E375BF.txt
[6/14] Compiling ReviewKit ReviewPromptFlow.swift
[7/15] Compiling ReviewKit ReviewKeys.swift
[8/15] Compiling ReviewKit ReviewTrigger.swift
[9/15] Compiling ReviewKit ReviewState.swift
[10/15] Compiling ReviewKit resource_bundle_accessor.swift
[11/15] Compiling ReviewKit ReviewPolicy.swift
[12/15] Compiling ReviewKit ReviewCounters.swift
[13/15] Compiling ReviewKit ReviewGate.swift
[14/15] Emitting module ReviewKit
[15/15] Compiling ReviewKit ReviewGateDiagnosis.swift
[17/22] Compiling ReviewKitUI ReviewPromptCopy.swift
/host/spi-builder-workspace/Sources/ReviewKitUI/ReviewDiagnosticsView.swift:4:8: error: no such module 'SwiftUI'
  2 | import Foundation
  3 | import ReviewKit
  4 | import SwiftUI
    |        `- error: no such module 'SwiftUI'
  5 |
  6 | // Cross-module symbol links (a `ReviewKit` symbol referenced from a
error: emit-module command failed with exit code 1 (use -v to see invocation)
[18/22] Emitting module ReviewKitUI
/host/spi-builder-workspace/Sources/ReviewKitUI/ReviewDiagnosticsView.swift:4:8: error: no such module 'SwiftUI'
  2 | import Foundation
  3 | import ReviewKit
  4 | import SwiftUI
    |        `- error: no such module 'SwiftUI'
  5 |
  6 | // Cross-module symbol links (a `ReviewKit` symbol referenced from a
[19/22] Compiling ReviewKitUI ReviewPrompt.swift
/host/spi-builder-workspace/Sources/ReviewKitUI/ReviewDiagnosticsView.swift:4:8: error: no such module 'SwiftUI'
  2 | import Foundation
  3 | import ReviewKit
  4 | import SwiftUI
    |        `- error: no such module 'SwiftUI'
  5 |
  6 | // Cross-module symbol links (a `ReviewKit` symbol referenced from a
[20/22] Compiling ReviewKitUI ReviewDiagnosticsView.swift
/host/spi-builder-workspace/Sources/ReviewKitUI/ReviewDiagnosticsView.swift:4:8: error: no such module 'SwiftUI'
  2 | import Foundation
  3 | import ReviewKit
  4 | import SwiftUI
    |        `- error: no such module 'SwiftUI'
  5 |
  6 | // Cross-module symbol links (a `ReviewKit` symbol referenced from a
[21/22] Compiling ReviewKitUI resource_bundle_accessor.swift
/host/spi-builder-workspace/Sources/ReviewKitUI/ReviewDiagnosticsView.swift:4:8: error: no such module 'SwiftUI'
  2 | import Foundation
  3 | import ReviewKit
  4 | import SwiftUI
    |        `- error: no such module 'SwiftUI'
  5 |
  6 | // Cross-module symbol links (a `ReviewKit` symbol referenced from a
[22/22] Compiling ReviewKitUI ReviewPromptSheet.swift
/host/spi-builder-workspace/Sources/ReviewKitUI/ReviewDiagnosticsView.swift:4:8: error: no such module 'SwiftUI'
  2 | import Foundation
  3 | import ReviewKit
  4 | import SwiftUI
    |        `- error: no such module 'SwiftUI'
  5 |
  6 | // Cross-module symbol links (a `ReviewKit` symbol referenced from a
BUILD FAILURE 6.3 wasm