Build Information
Failed to build ReactiveSSE, reference 0.4.0 (4370ee), with Swift 6.4 for watchOS using Xcode 27.0 on 16 Sep 2026 15:38:00 UTC.
Build Command
No build command. This typically means the build failed at an early stage where we determine the build command.Build Log
========================================
RunAll
========================================
Builder version: 5.1.0
Interrupt handler set up.
========================================
Checkout
========================================
Clone URL: https://github.com/banjun/ReactiveSSE.git
Reference: 0.4.0
Initialized empty Git repository in /Users/admin/builder/spi-builder-workspace/.git/
From https://github.com/banjun/ReactiveSSE
* tag 0.4.0 -> FETCH_HEAD
HEAD is now at 4370eea pod 0.4.0 updating pod example project
Cloned https://github.com/banjun/ReactiveSSE.git
Revision (git rev-parse @):
4370eea87cccac449f2b8c0eaacc747678c0d86f
SUCCESS checkout https://github.com/banjun/ReactiveSSE.git at 0.4.0
========================================
Build
========================================
Selected platform: watchOS
Swift version: 6.4
Building package at path: $PWD
https://github.com/banjun/ReactiveSSE.git
Command line invocation:
/Applications/Xcode-27.0.0-Release.Candidate.app/Contents/Developer/usr/bin/xcodebuild -IDEClonedSourcePackagesDirPathOverride=/Users/admin/builder/spi-builder-workspace/.dependencies -resolvePackageDependencies
2026-09-16 11:37:59.757 xcodebuild[529:3028] Writing error result bundle to /var/folders/xq/y_g06wb113726d38xsyx71_h0000gn/T/ResultBundle_2026-16-09_11-37-0059.xcresult
xcodebuild: error: '_Pods.xcodeproj' does not exist.
Command line invocation:
/Applications/Xcode-27.0.0-Release.Candidate.app/Contents/Developer/usr/bin/xcodebuild -IDEClonedSourcePackagesDirPathOverride=/Users/admin/builder/spi-builder-workspace/.dependencies -resolvePackageDependencies
2026-09-16 11:38:00.766 xcodebuild[541:3128] Writing error result bundle to /var/folders/xq/y_g06wb113726d38xsyx71_h0000gn/T/ResultBundle_2026-16-09_11-38-0000.xcresult
xcodebuild: error: '_Pods.xcodeproj' does not exist.
BUILD FAILURE 6.4 watchOS