The Swift Package Index logo.Swift Package Index

Build Information

Failed to build VimTerminalKit, reference master (c83b2d), with Swift 6.4 for Android on 22 Sep 2026 16:06:58 UTC.

Build Command

bash -c docker run --pull=always --rm -v "checkouts-54344843-0":/host -w "$PWD" -e JAVA_HOME="/root/.sdkman/candidates/java/current" -e SPI_BUILD="1" -e SPI_PROCESSING="1" registry.gitlab.com/saguaro1/spi-images:android-6.4-latest swift build --swift-sdk aarch64-unknown-linux-android28 2>&1

Build Log

========================================
RunAll
========================================
Builder version: 5.1.0
Interrupt handler set up.
========================================
Checkout
========================================
Clone URL: https://github.com/guitaripod/VimTerminalKit.git
Reference: master
Initialized empty Git repository in /host/spi-builder-workspace/.git/
hint: Using 'master' as the name for the initial branch. This default branch name
hint: is subject to change. To configure the initial branch name to use in all
hint: of your new repositories, which will suppress this warning, call:
hint:
hint: 	git config --global init.defaultBranch <name>
hint:
hint: Names commonly chosen instead of 'master' are 'main', 'trunk' and
hint: 'development'. The just-created branch can be renamed via this command:
hint:
hint: 	git branch -m <name>
From https://github.com/guitaripod/VimTerminalKit
 * branch            master     -> FETCH_HEAD
 * [new branch]      master     -> origin/master
HEAD is now at c83b2d6 Create swift.yml
Cloned https://github.com/guitaripod/VimTerminalKit.git
Revision (git rev-parse @):
c83b2d6b068d02b3cc579d918919fa55a5cd9f00
SUCCESS checkout https://github.com/guitaripod/VimTerminalKit.git at master
========================================
Build
========================================
Selected platform:         android
Swift version:             6.4
Building package at path:  $PWD
https://github.com/guitaripod/VimTerminalKit.git
Running build ...
bash -c docker run --pull=always --rm -v "checkouts-54344843-0":/host -w "$PWD" -e JAVA_HOME="/root/.sdkman/candidates/java/current" -e SPI_BUILD="1" -e SPI_PROCESSING="1" registry.gitlab.com/saguaro1/spi-images:android-6.4-latest swift build --swift-sdk aarch64-unknown-linux-android28 2>&1
android-6.4-latest: Pulling from saguaro1/spi-images
Digest: sha256:abadcff584c273feba50641b454858d377ba30b35ea7287a94f45ebd8afd0ea0
Status: Image is up to date for registry.gitlab.com/saguaro1/spi-images:android-6.4-latest
Building for debugging...
[Planning deferred tasks]
[32 / 44] VimTerminalKit
[40 / 47] FileExplorer-product
[41 / 47] FileExplorer-product
error: SwiftCompile normal aarch64 /host/spi-builder-workspace/Sources/VimTerminalKit/Terminal.swift failed with a nonzero exit code. Command line:     cd /host
    builtin-SwiftPerFileCompile Terminal.swift
/host/spi-builder-workspace/Sources/VimTerminalKit/Terminal.swift:40:27: error: cannot find 'termios' in scope
38 |             /// and special characters (like Ctrl+C) are passed through uninterpreted.
39 |             public static func enable() {
40 |                 var raw = termios()
   |                           `- error: cannot find 'termios' in scope
41 |                 tcgetattr(STDIN_FILENO, &raw)
42 |                 raw.c_lflag &= ~UInt(ECHO | ICANON)
/host/spi-builder-workspace/Sources/VimTerminalKit/Terminal.swift:41:17: error: cannot find 'tcgetattr' in scope
39 |             public static func enable() {
40 |                 var raw = termios()
41 |                 tcgetattr(STDIN_FILENO, &raw)
   |                 `- error: cannot find 'tcgetattr' in scope
42 |                 raw.c_lflag &= ~UInt(ECHO | ICANON)
43 |                 tcsetattr(STDIN_FILENO, TCSAFLUSH, &raw)
/host/spi-builder-workspace/Sources/VimTerminalKit/Terminal.swift:41:27: error: cannot find 'STDIN_FILENO' in scope
39 |             public static func enable() {
40 |                 var raw = termios()
41 |                 tcgetattr(STDIN_FILENO, &raw)
   |                           `- error: cannot find 'STDIN_FILENO' in scope
42 |                 raw.c_lflag &= ~UInt(ECHO | ICANON)
43 |                 tcsetattr(STDIN_FILENO, TCSAFLUSH, &raw)
/host/spi-builder-workspace/Sources/VimTerminalKit/Terminal.swift:42:38: error: cannot find 'ECHO' in scope
40 |                 var raw = termios()
41 |                 tcgetattr(STDIN_FILENO, &raw)
42 |                 raw.c_lflag &= ~UInt(ECHO | ICANON)
   |                                      `- error: cannot find 'ECHO' in scope
43 |                 tcsetattr(STDIN_FILENO, TCSAFLUSH, &raw)
44 |                 print(Control.hideCursor)
/host/spi-builder-workspace/Sources/VimTerminalKit/Terminal.swift:42:45: error: cannot find 'ICANON' in scope
40 |                 var raw = termios()
41 |                 tcgetattr(STDIN_FILENO, &raw)
42 |                 raw.c_lflag &= ~UInt(ECHO | ICANON)
   |                                             `- error: cannot find 'ICANON' in scope
43 |                 tcsetattr(STDIN_FILENO, TCSAFLUSH, &raw)
44 |                 print(Control.hideCursor)
/host/spi-builder-workspace/Sources/VimTerminalKit/Terminal.swift:43:17: error: cannot find 'tcsetattr' in scope
41 |                 tcgetattr(STDIN_FILENO, &raw)
42 |                 raw.c_lflag &= ~UInt(ECHO | ICANON)
43 |                 tcsetattr(STDIN_FILENO, TCSAFLUSH, &raw)
   |                 `- error: cannot find 'tcsetattr' in scope
44 |                 print(Control.hideCursor)
45 |             }
/host/spi-builder-workspace/Sources/VimTerminalKit/Terminal.swift:43:27: error: cannot find 'STDIN_FILENO' in scope
41 |                 tcgetattr(STDIN_FILENO, &raw)
42 |                 raw.c_lflag &= ~UInt(ECHO | ICANON)
43 |                 tcsetattr(STDIN_FILENO, TCSAFLUSH, &raw)
   |                           `- error: cannot find 'STDIN_FILENO' in scope
44 |                 print(Control.hideCursor)
45 |             }
/host/spi-builder-workspace/Sources/VimTerminalKit/Terminal.swift:43:41: error: cannot find 'TCSAFLUSH' in scope
41 |                 tcgetattr(STDIN_FILENO, &raw)
42 |                 raw.c_lflag &= ~UInt(ECHO | ICANON)
43 |                 tcsetattr(STDIN_FILENO, TCSAFLUSH, &raw)
   |                                         `- error: cannot find 'TCSAFLUSH' in scope
44 |                 print(Control.hideCursor)
45 |             }
/host/spi-builder-workspace/Sources/VimTerminalKit/Terminal.swift:49:27: error: cannot find 'termios' in scope
47 |             /// Restores the terminal to its normal (cooked) mode.
48 |             public static func disable() {
49 |                 var raw = termios()
   |                           `- error: cannot find 'termios' in scope
50 |                 tcgetattr(STDIN_FILENO, &raw)
51 |                 raw.c_lflag |= UInt(ECHO | ICANON)
/host/spi-builder-workspace/Sources/VimTerminalKit/Terminal.swift:50:17: error: cannot find 'tcgetattr' in scope
48 |             public static func disable() {
49 |                 var raw = termios()
50 |                 tcgetattr(STDIN_FILENO, &raw)
   |                 `- error: cannot find 'tcgetattr' in scope
51 |                 raw.c_lflag |= UInt(ECHO | ICANON)
52 |                 tcsetattr(STDIN_FILENO, TCSAFLUSH, &raw)
/host/spi-builder-workspace/Sources/VimTerminalKit/Terminal.swift:50:27: error: cannot find 'STDIN_FILENO' in scope
48 |             public static func disable() {
49 |                 var raw = termios()
50 |                 tcgetattr(STDIN_FILENO, &raw)
   |                           `- error: cannot find 'STDIN_FILENO' in scope
51 |                 raw.c_lflag |= UInt(ECHO | ICANON)
52 |                 tcsetattr(STDIN_FILENO, TCSAFLUSH, &raw)
/host/spi-builder-workspace/Sources/VimTerminalKit/Terminal.swift:51:37: error: cannot find 'ECHO' in scope
49 |                 var raw = termios()
50 |                 tcgetattr(STDIN_FILENO, &raw)
51 |                 raw.c_lflag |= UInt(ECHO | ICANON)
   |                                     `- error: cannot find 'ECHO' in scope
52 |                 tcsetattr(STDIN_FILENO, TCSAFLUSH, &raw)
53 |                 print(Control.showCursor)
/host/spi-builder-workspace/Sources/VimTerminalKit/Terminal.swift:51:44: error: cannot find 'ICANON' in scope
49 |                 var raw = termios()
50 |                 tcgetattr(STDIN_FILENO, &raw)
51 |                 raw.c_lflag |= UInt(ECHO | ICANON)
   |                                            `- error: cannot find 'ICANON' in scope
52 |                 tcsetattr(STDIN_FILENO, TCSAFLUSH, &raw)
53 |                 print(Control.showCursor)
/host/spi-builder-workspace/Sources/VimTerminalKit/Terminal.swift:52:17: error: cannot find 'tcsetattr' in scope
50 |                 tcgetattr(STDIN_FILENO, &raw)
51 |                 raw.c_lflag |= UInt(ECHO | ICANON)
52 |                 tcsetattr(STDIN_FILENO, TCSAFLUSH, &raw)
   |                 `- error: cannot find 'tcsetattr' in scope
53 |                 print(Control.showCursor)
54 |             }
/host/spi-builder-workspace/Sources/VimTerminalKit/Terminal.swift:52:27: error: cannot find 'STDIN_FILENO' in scope
50 |                 tcgetattr(STDIN_FILENO, &raw)
51 |                 raw.c_lflag |= UInt(ECHO | ICANON)
52 |                 tcsetattr(STDIN_FILENO, TCSAFLUSH, &raw)
   |                           `- error: cannot find 'STDIN_FILENO' in scope
53 |                 print(Control.showCursor)
54 |             }
/host/spi-builder-workspace/Sources/VimTerminalKit/Terminal.swift:52:41: error: cannot find 'TCSAFLUSH' in scope
50 |                 tcgetattr(STDIN_FILENO, &raw)
51 |                 raw.c_lflag |= UInt(ECHO | ICANON)
52 |                 tcsetattr(STDIN_FILENO, TCSAFLUSH, &raw)
   |                                         `- error: cannot find 'TCSAFLUSH' in scope
53 |                 print(Control.showCursor)
54 |             }
/host/spi-builder-workspace/Sources/VimTerminalKit/Terminal.swift:62:17: error: cannot find 'read' in scope
60 |         public static func readByte() -> UInt8 {
61 |             var byte: UInt8 = 0
62 |             _ = read(STDIN_FILENO, &byte, 1)
   |                 `- error: cannot find 'read' in scope
63 |             return byte
64 |         }
/host/spi-builder-workspace/Sources/VimTerminalKit/Terminal.swift:62:22: error: cannot find 'STDIN_FILENO' in scope
60 |         public static func readByte() -> UInt8 {
61 |             var byte: UInt8 = 0
62 |             _ = read(STDIN_FILENO, &byte, 1)
   |                      `- error: cannot find 'STDIN_FILENO' in scope
63 |             return byte
64 |         }
Failed frontend command:
/root/.local/share/swiftly/toolchains/6.4.x-snapshot-2026-09-04/usr/bin/swift-frontend -frontend -c /host/spi-builder-workspace/Sources/VimTerminalKit/Direction.swift /host/spi-builder-workspace/Sources/VimTerminalKit/InputReader.swift /host/spi-builder-workspace/Sources/VimTerminalKit/InputType.swift /host/spi-builder-workspace/Sources/VimTerminalKit/LoadingAnimation.swift /host/spi-builder-workspace/Sources/VimTerminalKit/Navigator.swift /host/spi-builder-workspace/Sources/VimTerminalKit/StateManager.swift -primary-file /host/spi-builder-workspace/Sources/VimTerminalKit/Terminal.swift /host/spi-builder-workspace/Sources/VimTerminalKit/VimTerminalKit.swift -emit-dependencies-path /host/spi-builder-workspace/.build/out/Intermediates.noindex/VimTerminalKit.build/Debug-android-aarch64/VimTerminalKit-t.build/Objects-normal/aarch64/Terminal.d -emit-const-values-path /host/spi-builder-workspace/.build/out/Intermediates.noindex/VimTerminalKit.build/Debug-android-aarch64/VimTerminalKit-t.build/Objects-normal/aarch64/Terminal.swiftconstvalues -emit-reference-dependencies-path /host/spi-builder-workspace/.build/out/Intermediates.noindex/VimTerminalKit.build/Debug-android-aarch64/VimTerminalKit-t.build/Objects-normal/aarch64/Terminal.swiftdeps -serialize-diagnostics-path /host/spi-builder-workspace/.build/out/Intermediates.noindex/VimTerminalKit.build/Debug-android-aarch64/VimTerminalKit-t.build/Objects-normal/aarch64/Terminal.dia -target aarch64-unknown-linux-android28 -Xllvm -aarch64-use-tbi -disable-objc-interop -sdk /android-ndk/android-ndk-r27d/toolchains/llvm/prebuilt/linux-x86_64/sysroot -sysroot /android-ndk/android-ndk-r27d/toolchains/llvm/prebuilt/linux-x86_64/sysroot -I /host/spi-builder-workspace/.build/out/Products/Debug-android-aarch64 -module-cache-path /host/spi-builder-workspace/.build/out/ModuleCache.noindex -color-diagnostics -Xcc -fcolor-diagnostics -enable-testing -g -debug-info-format\=dwarf -dwarf-version\=4 -swift-version 5 -Onone -D SWIFT_PACKAGE -D DEBUG -D SWIFT_MODULE_RESOURCE_BUNDLE_UNAVAILABLE -D Xcode -serialize-debugging-options -enable-experimental-feature DebugDescriptionMacro -empty-abi-descriptor -external-plugin-path /root/.local/share/swiftly/toolchains/6.4.x-snapshot-2026-09-04/usr/lib/swift/host/plugins/testing\#/root/.local/share/swiftly/toolchains/6.4.x-snapshot-2026-09-04/usr/bin/swift-plugin-server -validate-clang-modules-once -clang-build-session-file /host/spi-builder-workspace/.build/out/ModuleCache.noindex/Session.modulevalidation -Xcc -working-directory -Xcc /host -resource-dir /root/.swiftpm/swift-sdks/swift-6.4.x-DEVELOPMENT-SNAPSHOT-2026-09-04-a_android.artifactbundle/swift-android/swift-resources/usr/lib/swift-aarch64 -enable-anonymous-context-mangled-names -file-compilation-dir /host -Xcc -resource-dir -Xcc /android-ndk/android-ndk-r27d/toolchains/llvm/prebuilt/linux-x86_64/lib/clang/18 -Xcc -fno-omit-frame-pointer -Xcc -D_LIBCPP_HARDENING_MODE\=_LIBCPP_HARDENING_MODE_DEBUG -Xcc -fmodules-prune-interval\=86400 -Xcc -fmodules-prune-after\=345600 -Xcc -I/host/spi-builder-workspace/.build/out/Products/Debug-android-aarch64/include -Xcc -I/host/spi-builder-workspace/.build/out/Intermediates.noindex/VimTerminalKit.build/Debug-android-aarch64/VimTerminalKit-t.build/DerivedSources-normal/aarch64 -Xcc -I/host/spi-builder-workspace/.build/out/Intermediates.noindex/VimTerminalKit.build/Debug-android-aarch64/VimTerminalKit-t.build/DerivedSources/aarch64 -Xcc -I/host/spi-builder-workspace/.build/out/Intermediates.noindex/VimTerminalKit.build/Debug-android-aarch64/VimTerminalKit-t.build/DerivedSources -Xcc -DSWIFT_PACKAGE -Xcc -DDEBUG\=1 -no-auto-bridging-header-chaining -module-name VimTerminalKit -const-gather-protocols-file /host/spi-builder-workspace/.build/out/Intermediates.noindex/VimTerminalKit.build/Debug-android-aarch64/VimTerminalKit-t.build/Objects-normal/aarch64/VimTerminalKit_const_extract_protocols.json -in-process-plugin-server-path /root/.local/share/swiftly/toolchains/6.4.x-snapshot-2026-09-04/usr/lib/swift/host/libSwiftInProcPluginServer.so -plugin-path /root/.local/share/swiftly/toolchains/6.4.x-snapshot-2026-09-04/usr/lib/swift/host/plugins -plugin-path /root/.local/share/swiftly/toolchains/6.4.x-snapshot-2026-09-04/usr/local/lib/swift/host/plugins -parse-as-library -o /host/spi-builder-workspace/.build/out/Intermediates.noindex/VimTerminalKit.build/Debug-android-aarch64/VimTerminalKit-t.build/Objects-normal/aarch64/Terminal.o -index-unit-output-path /VimTerminalKit.build/Debug-android-aarch64/VimTerminalKit-t.build/Objects-normal/aarch64/Terminal.o -index-store-path /host/spi-builder-workspace/.build/out -index-system-modules
error: Build failed
BUILD FAILURE 6.4 android