The Swift Package Index logo.Swift Package Index

Build Information

Failed to build SwiftyJSON, reference 17.0.5 (f9b475), with Swift 6.4 for Linux on 20 Sep 2026 01:46:14 UTC.

Build Command

bash -c docker run --pull=always --rm -v "checkouts-53886769-0":/host -w "$PWD" -e JAVA_HOME="/root/.sdkman/candidates/java/current" -e SPI_BUILD="1" -e SPI_PROCESSING="1" registry.gitlab.com/saguaro1/spi-images:basic-6.4-latest swift build --triple x86_64-unknown-linux-gnu 2>&1

Build Log

========================================
RunAll
========================================
Builder version: 5.1.0
Interrupt handler set up.
========================================
Checkout
========================================
Clone URL: https://github.com/IBM-Swift/SwiftyJSON.git
Reference: 17.0.5
Initialized empty Git repository in /host/spi-builder-workspace/.git/
hint: Using 'master' as the name for the initial branch. This default branch name
hint: is subject to change. To configure the initial branch name to use in all
hint: of your new repositories, which will suppress this warning, call:
hint:
hint: 	git config --global init.defaultBranch <name>
hint:
hint: Names commonly chosen instead of 'master' are 'main', 'trunk' and
hint: 'development'. The just-created branch can be renamed via this command:
hint:
hint: 	git branch -m <name>
From https://github.com/IBM-Swift/SwiftyJSON
 * tag               17.0.5     -> FETCH_HEAD
HEAD is now at f9b4754 Tolerate Swift 5.1 (#44)
Cloned https://github.com/IBM-Swift/SwiftyJSON.git
Revision (git rev-parse @):
f9b4754017cfad4701f0838b2e507b442eaca70a
SUCCESS checkout https://github.com/IBM-Swift/SwiftyJSON.git at 17.0.5
========================================
Build
========================================
Selected platform:         linux
Swift version:             6.4
Building package at path:  $PWD
https://github.com/IBM-Swift/SwiftyJSON.git
Running build ...
bash -c docker run --pull=always --rm -v "checkouts-53886769-0":/host -w "$PWD" -e JAVA_HOME="/root/.sdkman/candidates/java/current" -e SPI_BUILD="1" -e SPI_PROCESSING="1" registry.gitlab.com/saguaro1/spi-images:basic-6.4-latest swift build --triple x86_64-unknown-linux-gnu 2>&1
basic-6.4-latest: Pulling from saguaro1/spi-images
Digest: sha256:c77fcce225e223ac0fafed844619173fc6de8d62dd560eeb28db3182af6a282b
Status: Image is up to date for registry.gitlab.com/saguaro1/spi-images:basic-6.4-latest
Building for debugging...
[Planning deferred tasks]
[22 / 30] SwiftyJSON
error: SwiftCompile normal x86_64 /host/spi-builder-workspace/Sources/SwiftyJSON/SwiftyJSON.swift failed with a nonzero exit code. Command line:     cd /host
    builtin-SwiftPerFileCompile SwiftyJSON.swift
/host/spi-builder-workspace/Sources/SwiftyJSON/SwiftyJSON.swift:301:10: error: cannot find 'kCFNumberFloat32Type' in scope
 299 |     let type = CFNumberGetType(unsafeBitCast(number, to: CFNumber.self))
 300 |     switch(type) {
 301 |     case kCFNumberFloat32Type:
     |          `- error: cannot find 'kCFNumberFloat32Type' in scope
 302 |     return String(number.floatValue)
 303 |     case kCFNumberFloat64Type:
/host/spi-builder-workspace/Sources/SwiftyJSON/SwiftyJSON.swift:303:10: error: cannot find 'kCFNumberFloat64Type' in scope
 301 |     case kCFNumberFloat32Type:
 302 |     return String(number.floatValue)
 303 |     case kCFNumberFloat64Type:
     |          `- error: cannot find 'kCFNumberFloat64Type' in scope
 304 |     return String(number.doubleValue)
 305 |     default:
/host/spi-builder-workspace/Sources/SwiftyJSON/SwiftyJSON.swift:1567:29: error: cannot find 'kCFNumberSInt8Type' in scope
1565 |             #if os(Linux)
1566 |                 let type = CFNumberGetType(unsafeBitCast(self, to: CFNumber.self))
1567 |                 if  type == kCFNumberSInt8Type  &&
     |                             `- error: cannot find 'kCFNumberSInt8Type' in scope
1568 |                     (self.compare(trueNumber) == ComparisonResult.orderedSame  ||
1569 |                         self.compare(falseNumber) == ComparisonResult.orderedSame){
Failed frontend command:
/usr/bin/swift-frontend -frontend -c /host/spi-builder-workspace/Sources/SwiftyJSON/LclJSONSerialization.swift -primary-file /host/spi-builder-workspace/Sources/SwiftyJSON/SwiftyJSON.swift -emit-dependencies-path /host/spi-builder-workspace/.build/out/Intermediates.noindex/SwiftyJSON.build/Debug-linux-x86_64/SwiftyJSON-t.build/Objects-normal/x86_64/SwiftyJSON.d -emit-const-values-path /host/spi-builder-workspace/.build/out/Intermediates.noindex/SwiftyJSON.build/Debug-linux-x86_64/SwiftyJSON-t.build/Objects-normal/x86_64/SwiftyJSON.swiftconstvalues -emit-reference-dependencies-path /host/spi-builder-workspace/.build/out/Intermediates.noindex/SwiftyJSON.build/Debug-linux-x86_64/SwiftyJSON-t.build/Objects-normal/x86_64/SwiftyJSON.swiftdeps -serialize-diagnostics-path /host/spi-builder-workspace/.build/out/Intermediates.noindex/SwiftyJSON.build/Debug-linux-x86_64/SwiftyJSON-t.build/Objects-normal/x86_64/SwiftyJSON.dia -target x86_64-unknown-linux-gnu -disable-objc-interop -I /host/spi-builder-workspace/.build/out/Products/Debug-linux-x86_64 -module-cache-path /host/spi-builder-workspace/.build/out/ModuleCache.noindex -color-diagnostics -Xcc -fcolor-diagnostics -enable-testing -g -debug-info-format\=dwarf -dwarf-version\=4 -swift-version 5 -Onone -D SWIFT_PACKAGE -D DEBUG -D SWIFT_MODULE_RESOURCE_BUNDLE_UNAVAILABLE -D Xcode -serialize-debugging-options -enable-experimental-feature DebugDescriptionMacro -empty-abi-descriptor -external-plugin-path /usr/lib/swift/host/plugins/testing\#/usr/bin/swift-plugin-server -validate-clang-modules-once -clang-build-session-file /host/spi-builder-workspace/.build/out/ModuleCache.noindex/Session.modulevalidation -Xcc -working-directory -Xcc /host -enable-anonymous-context-mangled-names -file-compilation-dir /host -Xcc -fno-omit-frame-pointer -Xcc -D_LIBCPP_HARDENING_MODE\=_LIBCPP_HARDENING_MODE_DEBUG -Xcc -fmodules-prune-interval\=86400 -Xcc -fmodules-prune-after\=345600 -Xcc -I/host/spi-builder-workspace/.build/out/Products/Debug-linux-x86_64/include -Xcc -I/host/spi-builder-workspace/.build/out/Intermediates.noindex/SwiftyJSON.build/Debug-linux-x86_64/SwiftyJSON-t.build/DerivedSources-normal/x86_64 -Xcc -I/host/spi-builder-workspace/.build/out/Intermediates.noindex/SwiftyJSON.build/Debug-linux-x86_64/SwiftyJSON-t.build/DerivedSources/x86_64 -Xcc -I/host/spi-builder-workspace/.build/out/Intermediates.noindex/SwiftyJSON.build/Debug-linux-x86_64/SwiftyJSON-t.build/DerivedSources -Xcc -DSWIFT_PACKAGE -Xcc -DDEBUG\=1 -no-auto-bridging-header-chaining -module-name SwiftyJSON -const-gather-protocols-file /host/spi-builder-workspace/.build/out/Intermediates.noindex/SwiftyJSON.build/Debug-linux-x86_64/SwiftyJSON-t.build/Objects-normal/x86_64/SwiftyJSON_const_extract_protocols.json -in-process-plugin-server-path /usr/lib/swift/host/libSwiftInProcPluginServer.so -plugin-path /usr/lib/swift/host/plugins -plugin-path /usr/local/lib/swift/host/plugins -parse-as-library -o /host/spi-builder-workspace/.build/out/Intermediates.noindex/SwiftyJSON.build/Debug-linux-x86_64/SwiftyJSON-t.build/Objects-normal/x86_64/SwiftyJSON.o -index-unit-output-path /SwiftyJSON.build/Debug-linux-x86_64/SwiftyJSON-t.build/Objects-normal/x86_64/SwiftyJSON.o -index-store-path /host/spi-builder-workspace/.build/out -index-system-modules
/host/spi-builder-workspace/Sources/SwiftyJSON/LclJSONSerialization.swift:123:41: warning: initialization of 'UnsafePointer<CChar>' (aka 'UnsafePointer<Int8>') results in a dangling pointer [#]8;;https://docs.swift.org/compiler/documentation/diagnostics/temporary-pointers\TemporaryPointers]8;;\]
121 |             // throw something?
122 |         }
123 |         let rawBytes = UnsafeRawPointer(UnsafePointer(utf8))
    |                                         |             |- note: implicit argument conversion from '[CChar]' (aka 'Array<Int8>') to 'UnsafePointer<CChar>' (aka 'UnsafePointer<Int8>') produces a pointer valid only for the duration of the call to 'init(_:)'
    |                                         |             `- note: use the 'withUnsafeBufferPointer' method on Array in order to explicitly convert argument to buffer pointer valid for a defined scope
    |                                         `- warning: initialization of 'UnsafePointer<CChar>' (aka 'UnsafePointer<Int8>') results in a dangling pointer [#]8;;https://docs.swift.org/compiler/documentation/diagnostics/temporary-pointers\TemporaryPointers]8;;\]
124 |         let result = Data(bytes: rawBytes.bindMemory(to: UInt8.self, capacity: count), count: count)
125 |         return result
/host/spi-builder-workspace/Sources/SwiftyJSON/LclJSONSerialization.swift:137:25: warning: 'withUnsafeBytes' is deprecated: use `withUnsafeBytes<R>(_: (UnsafeRawBufferPointer) throws -> R) rethrows -> R` instead [#]8;;https://docs.swift.org/compiler/documentation/diagnostics/deprecated-declaration\DeprecatedDeclaration]8;;\]
135 |         let jsonData = try _data(withJSONObject: obj, options: opt, stream: true)
136 |         let count = jsonData.count
137 |         return jsonData.withUnsafeBytes { (bytePtr) -> Int in
    |                         `- warning: 'withUnsafeBytes' is deprecated: use `withUnsafeBytes<R>(_: (UnsafeRawBufferPointer) throws -> R) rethrows -> R` instead [#]8;;https://docs.swift.org/compiler/documentation/diagnostics/deprecated-declaration\DeprecatedDeclaration]8;;\]
138 |             return stream.write(bytePtr, maxLength: count)
139 |         }
[#DeprecatedDeclaration]: <https://docs.swift.org/compiler/documentation/diagnostics/deprecated-declaration>
[#TemporaryPointers]: <https://docs.swift.org/compiler/documentation/diagnostics/temporary-pointers>
error: Build failed
BUILD FAILURE 6.4 linux