Build Information
Failed to build InfomaniakRichHTMLEditor, reference 3.3.0 (1c1e84), with Swift 6.3 for watchOS using Xcode 26.4 on 25 Jun 2026 16:43:57 UTC.
Build Command
env DEVELOPER_DIR=/Applications/Xcode-26.4.0.app xcrun xcodebuild -IDEClonedSourcePackagesDirPathOverride=$PWD/.dependencies -skipMacroValidation -skipPackagePluginValidation -derivedDataPath $PWD/.derivedData build -scheme InfomaniakRichHTMLEditor -destination generic/platform=watchOSBuild Log
========================================
RunAll
========================================
Builder version: undefined version: run 'make version' to update
Interrupt handler set up.
========================================
Checkout
========================================
Clone URL: https://github.com/Infomaniak/swift-rich-html-editor.git
Reference: 3.3.0
Initialized empty Git repository in /Users/admin/builder/spi-builder-workspace/.git/
From https://github.com/Infomaniak/swift-rich-html-editor
* tag 3.3.0 -> FETCH_HEAD
HEAD is now at 1c1e842 Merge pull request #38 from Infomaniak/feat/get-selection
Cloned https://github.com/Infomaniak/swift-rich-html-editor.git
Revision (git rev-parse @):
1c1e8423b1a3ae90584f8a9f3f333c32db179c58
SPI manifest file found: $PWD/.spi.yml
SUCCESS checkout https://github.com/Infomaniak/swift-rich-html-editor.git at 3.3.0
========================================
Build
========================================
Selected platform: watchOS
Swift version: 6.3
Building package at path: $PWD
https://github.com/Infomaniak/swift-rich-html-editor.git
Command line invocation:
/Applications/Xcode-26.4.0.app/Contents/Developer/usr/bin/xcodebuild -IDEClonedSourcePackagesDirPathOverride=/Users/admin/builder/spi-builder-workspace/.dependencies -resolvePackageDependencies
Resolve Package Graph
Resolve Package Graph
Resolved source packages:
InfomaniakRichHTMLEditor: /Users/admin/builder/spi-builder-workspace
resolved source packages: InfomaniakRichHTMLEditor
2026-06-25 12:43:27.603 xcodebuild[540:3088] [MT] IDERunDestination: Supported platforms for the buildables in the current scheme is empty.
{
"dependencies" : [
],
"manifest_display_name" : "InfomaniakRichHTMLEditor",
"name" : "InfomaniakRichHTMLEditor",
"path" : "/Users/admin/builder/spi-builder-workspace",
"platforms" : [
{
"name" : "ios",
"version" : "14.0"
},
{
"name" : "visionos",
"version" : "1.0"
},
{
"name" : "macos",
"version" : "11.0"
}
],
"products" : [
{
"name" : "InfomaniakRichHTMLEditor",
"targets" : [
"InfomaniakRichHTMLEditor"
],
"type" : {
"library" : [
"automatic"
]
}
}
],
"targets" : [
{
"c99name" : "InfomaniakRichHTMLEditorTests",
"module_type" : "SwiftTarget",
"name" : "InfomaniakRichHTMLEditorTests",
"path" : "Tests/InfomaniakRichHTMLEditorTests",
"sources" : [
"InfomaniakRichHTMLEditorTests.swift"
],
"target_dependencies" : [
"InfomaniakRichHTMLEditor"
],
"type" : "test"
},
{
"c99name" : "InfomaniakRichHTMLEditor",
"module_type" : "SwiftTarget",
"name" : "InfomaniakRichHTMLEditor",
"path" : "Sources/InfomaniakRichHTMLEditor",
"product_memberships" : [
"InfomaniakRichHTMLEditor"
],
"resources" : [
{
"path" : "/Users/admin/builder/spi-builder-workspace/Sources/InfomaniakRichHTMLEditor/Resources/css/style.css",
"rule" : {
"process" : {
}
}
},
{
"path" : "/Users/admin/builder/spi-builder-workspace/Sources/InfomaniakRichHTMLEditor/Resources/index.html",
"rule" : {
"process" : {
}
}
},
{
"path" : "/Users/admin/builder/spi-builder-workspace/Sources/InfomaniakRichHTMLEditor/Resources/js/editor/commands.js",
"rule" : {
"process" : {
}
}
},
{
"path" : "/Users/admin/builder/spi-builder-workspace/Sources/InfomaniakRichHTMLEditor/Resources/js/editor/focus.js",
"rule" : {
"process" : {
}
}
},
{
"path" : "/Users/admin/builder/spi-builder-workspace/Sources/InfomaniakRichHTMLEditor/Resources/js/editor/links.js",
"rule" : {
"process" : {
}
}
},
{
"path" : "/Users/admin/builder/spi-builder-workspace/Sources/InfomaniakRichHTMLEditor/Resources/js/editor/observer.js",
"rule" : {
"process" : {
}
}
},
{
"path" : "/Users/admin/builder/spi-builder-workspace/Sources/InfomaniakRichHTMLEditor/Resources/js/editor/selection.js",
"rule" : {
"process" : {
}
}
},
{
"path" : "/Users/admin/builder/spi-builder-workspace/Sources/InfomaniakRichHTMLEditor/Resources/js/editor/text-attributes.js",
"rule" : {
"process" : {
}
}
},
{
"path" : "/Users/admin/builder/spi-builder-workspace/Sources/InfomaniakRichHTMLEditor/Resources/js/main.js",
"rule" : {
"process" : {
}
}
},
{
"path" : "/Users/admin/builder/spi-builder-workspace/Sources/InfomaniakRichHTMLEditor/Resources/js/utils/captureLog.js",
"rule" : {
"process" : {
}
}
},
{
"path" : "/Users/admin/builder/spi-builder-workspace/Sources/InfomaniakRichHTMLEditor/Resources/js/utils/javascriptBridge.js",
"rule" : {
"process" : {
}
}
},
{
"path" : "/Users/admin/builder/spi-builder-workspace/Sources/InfomaniakRichHTMLEditor/Resources/js/utils/utils.js",
"rule" : {
"process" : {
}
}
}
],
"sources" : [
"Extensions/PlateformColor+Extension.swift",
"Extensions/String+Escaped.swift",
"Extensions/UIView+Extension.swift",
"Extensions/WKUserContentController+Extension.swift",
"Models/CaretPosition.swift",
"Models/EditorError.swift",
"Models/ExecCommand.swift",
"Models/JavaScriptFunction.swift",
"Models/TextJustification.swift",
"Models/UITextAttributes.swift",
"Models/UserScript.swift",
"RichHTMLEditorView+Commands.swift",
"RichHTMLEditorView.swift",
"RichHTMLEditorViewDelegate.swift",
"RichHTMLWebView.swift",
"SwiftUI/Models/TextAttributes+Commands.swift",
"SwiftUI/Models/TextAttributes.swift",
"SwiftUI/Views/RichEditor+Modifier.swift",
"SwiftUI/Views/RichHTMLEditor+Environment.swift",
"SwiftUI/Views/RichHTMLEditor.swift",
"SwiftUI/Views/RichHTMLEditorCoordinator.swift",
"Utils/Constants.swift",
"Utils/JavaScriptFormatterHelper.swift",
"WebViewBridge/JavaScriptManager.swift",
"WebViewBridge/ScriptMessageHandler.swift"
],
"type" : "library"
}
],
"tools_version" : "6.0"
}
{
"workspace" : {
"name" : "spi-builder-workspace",
"schemes" : [
"InfomaniakRichHTMLEditor"
]
}
}
2026-06-25 12:43:47.889 xcodebuild[704:4342] [MT] IDERunDestination: Supported platforms for the buildables in the current scheme is empty.
Running build ...
env DEVELOPER_DIR=/Applications/Xcode-26.4.0.app xcrun xcodebuild -IDEClonedSourcePackagesDirPathOverride=$PWD/.dependencies -skipMacroValidation -skipPackagePluginValidation -derivedDataPath $PWD/.derivedData build -scheme InfomaniakRichHTMLEditor -destination generic/platform=watchOS
Command line invocation:
/Applications/Xcode-26.4.0.app/Contents/Developer/usr/bin/xcodebuild -IDEClonedSourcePackagesDirPathOverride=/Users/admin/builder/spi-builder-workspace/.dependencies -skipMacroValidation -skipPackagePluginValidation -derivedDataPath /Users/admin/builder/spi-builder-workspace/.derivedData build -scheme InfomaniakRichHTMLEditor -destination generic/platform=watchOS
Resolve Package Graph
Resolved source packages:
InfomaniakRichHTMLEditor: /Users/admin/builder/spi-builder-workspace
ComputePackagePrebuildTargetDependencyGraph
Prepare packages
CreateBuildRequest
SendProjectDescription
CreateBuildOperation
ComputeTargetDependencyGraph
note: Building targets in dependency order
note: Target dependency graph (3 targets)
Target 'InfomaniakRichHTMLEditor' in project 'InfomaniakRichHTMLEditor'
➜ Explicit dependency on target 'InfomaniakRichHTMLEditor' in project 'InfomaniakRichHTMLEditor'
➜ Explicit dependency on target 'InfomaniakRichHTMLEditor_InfomaniakRichHTMLEditor' in project 'InfomaniakRichHTMLEditor'
Target 'InfomaniakRichHTMLEditor' in project 'InfomaniakRichHTMLEditor'
➜ Explicit dependency on target 'InfomaniakRichHTMLEditor_InfomaniakRichHTMLEditor' in project 'InfomaniakRichHTMLEditor'
Target 'InfomaniakRichHTMLEditor_InfomaniakRichHTMLEditor' in project 'InfomaniakRichHTMLEditor' (no dependencies)
GatherProvisioningInputs
CreateBuildDescription
ExecuteExternalTool /Applications/Xcode-26.4.0.app/Contents/Developer/Toolchains/XcodeDefault.xctoolchain/usr/bin/clang -v -E -dM -isysroot /Applications/Xcode-26.4.0.app/Contents/Developer/Platforms/WatchOS.platform/Developer/SDKs/WatchOS26.4.sdk -x c -c /dev/null
ExecuteExternalTool /Applications/Xcode-26.4.0.app/Contents/Developer/Toolchains/XcodeDefault.xctoolchain/usr/bin/swiftc --version
ExecuteExternalTool /Applications/Xcode-26.4.0.app/Contents/Developer/Toolchains/XcodeDefault.xctoolchain/usr/bin/ld -version_details
Build description signature: ff02fd33f508a1dc76bfb59f8e00e411
Build description path: /Users/admin/builder/spi-builder-workspace/.derivedData/Build/Intermediates.noindex/XCBuildData/ff02fd33f508a1dc76bfb59f8e00e411.xcbuilddata
CreateBuildDirectory /Users/admin/builder/spi-builder-workspace/.derivedData/Build/Products
cd /Users/admin/builder/spi-builder-workspace/.swiftpm/xcode
builtin-create-build-directory /Users/admin/builder/spi-builder-workspace/.derivedData/Build/Products
CreateBuildDirectory /Users/admin/builder/spi-builder-workspace/.derivedData/Build/Intermediates.noindex
cd /Users/admin/builder/spi-builder-workspace/.swiftpm/xcode
builtin-create-build-directory /Users/admin/builder/spi-builder-workspace/.derivedData/Build/Intermediates.noindex
ClangStatCache /Applications/Xcode-26.4.0.app/Contents/Developer/Toolchains/XcodeDefault.xctoolchain/usr/bin/clang-stat-cache /Applications/Xcode-26.4.0.app/Contents/Developer/Platforms/WatchOS.platform/Developer/SDKs/WatchOS26.4.sdk /Users/admin/builder/spi-builder-workspace/.derivedData/SDKStatCaches.noindex/watchos26.4-23T238-688ef53f1462e2c8f657fdc38a81448f9e51884a582f42380855760c9d4cc599.sdkstatcache
cd /Users/admin/builder/spi-builder-workspace/.swiftpm/xcode
/Applications/Xcode-26.4.0.app/Contents/Developer/Toolchains/XcodeDefault.xctoolchain/usr/bin/clang-stat-cache /Applications/Xcode-26.4.0.app/Contents/Developer/Platforms/WatchOS.platform/Developer/SDKs/WatchOS26.4.sdk -o /Users/admin/builder/spi-builder-workspace/.derivedData/SDKStatCaches.noindex/watchos26.4-23T238-688ef53f1462e2c8f657fdc38a81448f9e51884a582f42380855760c9d4cc599.sdkstatcache
CreateBuildDirectory /Users/admin/builder/spi-builder-workspace/.derivedData/Build/Intermediates.noindex/SwiftExplicitPrecompiledModules
cd /Users/admin/builder/spi-builder-workspace/.swiftpm/xcode
builtin-create-build-directory /Users/admin/builder/spi-builder-workspace/.derivedData/Build/Intermediates.noindex/SwiftExplicitPrecompiledModules
CreateBuildDirectory /Users/admin/builder/spi-builder-workspace/.derivedData/Build/Intermediates.noindex/ExplicitPrecompiledModules
cd /Users/admin/builder/spi-builder-workspace/.swiftpm/xcode
builtin-create-build-directory /Users/admin/builder/spi-builder-workspace/.derivedData/Build/Intermediates.noindex/ExplicitPrecompiledModules
CreateBuildDirectory /Users/admin/builder/spi-builder-workspace/.derivedData/Build/Products/Debug-watchos
cd /Users/admin/builder/spi-builder-workspace/.swiftpm/xcode
builtin-create-build-directory /Users/admin/builder/spi-builder-workspace/.derivedData/Build/Products/Debug-watchos
CreateBuildDirectory /Users/admin/builder/spi-builder-workspace/.derivedData/Build/Intermediates.noindex/EagerLinkingTBDs/Debug-watchos
cd /Users/admin/builder/spi-builder-workspace/.swiftpm/xcode
builtin-create-build-directory /Users/admin/builder/spi-builder-workspace/.derivedData/Build/Intermediates.noindex/EagerLinkingTBDs/Debug-watchos
CreateBuildDirectory /Users/admin/builder/spi-builder-workspace/.derivedData/Build/Products/Debug-watchos/PackageFrameworks
cd /Users/admin/builder/spi-builder-workspace/.swiftpm/xcode
builtin-create-build-directory /Users/admin/builder/spi-builder-workspace/.derivedData/Build/Products/Debug-watchos/PackageFrameworks
MkDir /Users/admin/builder/spi-builder-workspace/.derivedData/Build/Products/Debug-watchos/InfomaniakRichHTMLEditor_InfomaniakRichHTMLEditor.bundle (in target 'InfomaniakRichHTMLEditor_InfomaniakRichHTMLEditor' from project 'InfomaniakRichHTMLEditor')
cd /Users/admin/builder/spi-builder-workspace
/bin/mkdir -p /Users/admin/builder/spi-builder-workspace/.derivedData/Build/Products/Debug-watchos/InfomaniakRichHTMLEditor_InfomaniakRichHTMLEditor.bundle
WriteAuxiliaryFile /Users/admin/builder/spi-builder-workspace/.derivedData/Build/Intermediates.noindex/InfomaniakRichHTMLEditor.build/Debug-watchos/InfomaniakRichHTMLEditor_InfomaniakRichHTMLEditor.build/InfomaniakRichHTMLEditor_InfomaniakRichHTMLEditor.DependencyStaticMetadataFileList (in target 'InfomaniakRichHTMLEditor_InfomaniakRichHTMLEditor' from project 'InfomaniakRichHTMLEditor')
cd /Users/admin/builder/spi-builder-workspace
write-file /Users/admin/builder/spi-builder-workspace/.derivedData/Build/Intermediates.noindex/InfomaniakRichHTMLEditor.build/Debug-watchos/InfomaniakRichHTMLEditor_InfomaniakRichHTMLEditor.build/InfomaniakRichHTMLEditor_InfomaniakRichHTMLEditor.DependencyStaticMetadataFileList
WriteAuxiliaryFile /Users/admin/builder/spi-builder-workspace/.derivedData/Build/Intermediates.noindex/InfomaniakRichHTMLEditor.build/Debug-watchos/InfomaniakRichHTMLEditor_InfomaniakRichHTMLEditor.build/empty-InfomaniakRichHTMLEditor_InfomaniakRichHTMLEditor.plist (in target 'InfomaniakRichHTMLEditor_InfomaniakRichHTMLEditor' from project 'InfomaniakRichHTMLEditor')
cd /Users/admin/builder/spi-builder-workspace
write-file /Users/admin/builder/spi-builder-workspace/.derivedData/Build/Intermediates.noindex/InfomaniakRichHTMLEditor.build/Debug-watchos/InfomaniakRichHTMLEditor_InfomaniakRichHTMLEditor.build/empty-InfomaniakRichHTMLEditor_InfomaniakRichHTMLEditor.plist
WriteAuxiliaryFile /Users/admin/builder/spi-builder-workspace/.derivedData/Build/Intermediates.noindex/InfomaniakRichHTMLEditor.build/Debug-watchos/InfomaniakRichHTMLEditor_InfomaniakRichHTMLEditor.build/InfomaniakRichHTMLEditor_InfomaniakRichHTMLEditor.DependencyMetadataFileList (in target 'InfomaniakRichHTMLEditor_InfomaniakRichHTMLEditor' from project 'InfomaniakRichHTMLEditor')
cd /Users/admin/builder/spi-builder-workspace
write-file /Users/admin/builder/spi-builder-workspace/.derivedData/Build/Intermediates.noindex/InfomaniakRichHTMLEditor.build/Debug-watchos/InfomaniakRichHTMLEditor_InfomaniakRichHTMLEditor.build/InfomaniakRichHTMLEditor_InfomaniakRichHTMLEditor.DependencyMetadataFileList
WriteAuxiliaryFile /Users/admin/builder/spi-builder-workspace/.derivedData/Build/Intermediates.noindex/InfomaniakRichHTMLEditor.build/Debug-watchos/InfomaniakRichHTMLEditor.build/Objects-normal/armv7k/InfomaniakRichHTMLEditor_const_extract_protocols.json (in target 'InfomaniakRichHTMLEditor' from project 'InfomaniakRichHTMLEditor')
cd /Users/admin/builder/spi-builder-workspace
write-file /Users/admin/builder/spi-builder-workspace/.derivedData/Build/Intermediates.noindex/InfomaniakRichHTMLEditor.build/Debug-watchos/InfomaniakRichHTMLEditor.build/Objects-normal/armv7k/InfomaniakRichHTMLEditor_const_extract_protocols.json
WriteAuxiliaryFile /Users/admin/builder/spi-builder-workspace/.derivedData/Build/Intermediates.noindex/InfomaniakRichHTMLEditor.build/Debug-watchos/InfomaniakRichHTMLEditor.build/Objects-normal/armv7k/InfomaniakRichHTMLEditor.SwiftConstValuesFileList (in target 'InfomaniakRichHTMLEditor' from project 'InfomaniakRichHTMLEditor')
cd /Users/admin/builder/spi-builder-workspace
write-file /Users/admin/builder/spi-builder-workspace/.derivedData/Build/Intermediates.noindex/InfomaniakRichHTMLEditor.build/Debug-watchos/InfomaniakRichHTMLEditor.build/Objects-normal/armv7k/InfomaniakRichHTMLEditor.SwiftConstValuesFileList
WriteAuxiliaryFile /Users/admin/builder/spi-builder-workspace/.derivedData/Build/Intermediates.noindex/InfomaniakRichHTMLEditor.build/Debug-watchos/InfomaniakRichHTMLEditor.build/Objects-normal/armv7k/InfomaniakRichHTMLEditor.LinkFileList (in target 'InfomaniakRichHTMLEditor' from project 'InfomaniakRichHTMLEditor')
cd /Users/admin/builder/spi-builder-workspace
write-file /Users/admin/builder/spi-builder-workspace/.derivedData/Build/Intermediates.noindex/InfomaniakRichHTMLEditor.build/Debug-watchos/InfomaniakRichHTMLEditor.build/Objects-normal/armv7k/InfomaniakRichHTMLEditor.LinkFileList
WriteAuxiliaryFile /Users/admin/builder/spi-builder-workspace/.derivedData/Build/Intermediates.noindex/InfomaniakRichHTMLEditor.build/Debug-watchos/InfomaniakRichHTMLEditor.build/Objects-normal/armv7k/InfomaniakRichHTMLEditor-OutputFileMap.json (in target 'InfomaniakRichHTMLEditor' from project 'InfomaniakRichHTMLEditor')
cd /Users/admin/builder/spi-builder-workspace
write-file /Users/admin/builder/spi-builder-workspace/.derivedData/Build/Intermediates.noindex/InfomaniakRichHTMLEditor.build/Debug-watchos/InfomaniakRichHTMLEditor.build/Objects-normal/armv7k/InfomaniakRichHTMLEditor-OutputFileMap.json
WriteAuxiliaryFile /Users/admin/builder/spi-builder-workspace/.derivedData/Build/Intermediates.noindex/InfomaniakRichHTMLEditor.build/Debug-watchos/InfomaniakRichHTMLEditor.build/Objects-normal/armv7k/InfomaniakRichHTMLEditor.SwiftFileList (in target 'InfomaniakRichHTMLEditor' from project 'InfomaniakRichHTMLEditor')
cd /Users/admin/builder/spi-builder-workspace
write-file /Users/admin/builder/spi-builder-workspace/.derivedData/Build/Intermediates.noindex/InfomaniakRichHTMLEditor.build/Debug-watchos/InfomaniakRichHTMLEditor.build/Objects-normal/armv7k/InfomaniakRichHTMLEditor.SwiftFileList
WriteAuxiliaryFile /Users/admin/builder/spi-builder-workspace/.derivedData/Build/Intermediates.noindex/InfomaniakRichHTMLEditor.build/Debug-watchos/InfomaniakRichHTMLEditor.build/Objects-normal/arm64_32/InfomaniakRichHTMLEditor_const_extract_protocols.json (in target 'InfomaniakRichHTMLEditor' from project 'InfomaniakRichHTMLEditor')
cd /Users/admin/builder/spi-builder-workspace
write-file /Users/admin/builder/spi-builder-workspace/.derivedData/Build/Intermediates.noindex/InfomaniakRichHTMLEditor.build/Debug-watchos/InfomaniakRichHTMLEditor.build/Objects-normal/arm64_32/InfomaniakRichHTMLEditor_const_extract_protocols.json
WriteAuxiliaryFile /Users/admin/builder/spi-builder-workspace/.derivedData/Build/Intermediates.noindex/InfomaniakRichHTMLEditor.build/Debug-watchos/InfomaniakRichHTMLEditor.build/Objects-normal/arm64_32/InfomaniakRichHTMLEditor.SwiftFileList (in target 'InfomaniakRichHTMLEditor' from project 'InfomaniakRichHTMLEditor')
cd /Users/admin/builder/spi-builder-workspace
write-file /Users/admin/builder/spi-builder-workspace/.derivedData/Build/Intermediates.noindex/InfomaniakRichHTMLEditor.build/Debug-watchos/InfomaniakRichHTMLEditor.build/Objects-normal/arm64_32/InfomaniakRichHTMLEditor.SwiftFileList
WriteAuxiliaryFile /Users/admin/builder/spi-builder-workspace/.derivedData/Build/Intermediates.noindex/InfomaniakRichHTMLEditor.build/Debug-watchos/InfomaniakRichHTMLEditor.build/Objects-normal/arm64_32/InfomaniakRichHTMLEditor.SwiftConstValuesFileList (in target 'InfomaniakRichHTMLEditor' from project 'InfomaniakRichHTMLEditor')
cd /Users/admin/builder/spi-builder-workspace
write-file /Users/admin/builder/spi-builder-workspace/.derivedData/Build/Intermediates.noindex/InfomaniakRichHTMLEditor.build/Debug-watchos/InfomaniakRichHTMLEditor.build/Objects-normal/arm64_32/InfomaniakRichHTMLEditor.SwiftConstValuesFileList
WriteAuxiliaryFile /Users/admin/builder/spi-builder-workspace/.derivedData/Build/Intermediates.noindex/InfomaniakRichHTMLEditor.build/Debug-watchos/InfomaniakRichHTMLEditor.build/Objects-normal/arm64_32/InfomaniakRichHTMLEditor.LinkFileList (in target 'InfomaniakRichHTMLEditor' from project 'InfomaniakRichHTMLEditor')
cd /Users/admin/builder/spi-builder-workspace
write-file /Users/admin/builder/spi-builder-workspace/.derivedData/Build/Intermediates.noindex/InfomaniakRichHTMLEditor.build/Debug-watchos/InfomaniakRichHTMLEditor.build/Objects-normal/arm64_32/InfomaniakRichHTMLEditor.LinkFileList
WriteAuxiliaryFile /Users/admin/builder/spi-builder-workspace/.derivedData/Build/Intermediates.noindex/InfomaniakRichHTMLEditor.build/Debug-watchos/InfomaniakRichHTMLEditor.build/Objects-normal/arm64_32/InfomaniakRichHTMLEditor-OutputFileMap.json (in target 'InfomaniakRichHTMLEditor' from project 'InfomaniakRichHTMLEditor')
cd /Users/admin/builder/spi-builder-workspace
write-file /Users/admin/builder/spi-builder-workspace/.derivedData/Build/Intermediates.noindex/InfomaniakRichHTMLEditor.build/Debug-watchos/InfomaniakRichHTMLEditor.build/Objects-normal/arm64_32/InfomaniakRichHTMLEditor-OutputFileMap.json
WriteAuxiliaryFile /Users/admin/builder/spi-builder-workspace/.derivedData/Build/Intermediates.noindex/InfomaniakRichHTMLEditor.build/Debug-watchos/InfomaniakRichHTMLEditor.build/Objects-normal/arm64/InfomaniakRichHTMLEditor.SwiftFileList (in target 'InfomaniakRichHTMLEditor' from project 'InfomaniakRichHTMLEditor')
cd /Users/admin/builder/spi-builder-workspace
write-file /Users/admin/builder/spi-builder-workspace/.derivedData/Build/Intermediates.noindex/InfomaniakRichHTMLEditor.build/Debug-watchos/InfomaniakRichHTMLEditor.build/Objects-normal/arm64/InfomaniakRichHTMLEditor.SwiftFileList
WriteAuxiliaryFile /Users/admin/builder/spi-builder-workspace/.derivedData/Build/Intermediates.noindex/InfomaniakRichHTMLEditor.build/Debug-watchos/InfomaniakRichHTMLEditor.build/Objects-normal/arm64/InfomaniakRichHTMLEditor_const_extract_protocols.json (in target 'InfomaniakRichHTMLEditor' from project 'InfomaniakRichHTMLEditor')
cd /Users/admin/builder/spi-builder-workspace
write-file /Users/admin/builder/spi-builder-workspace/.derivedData/Build/Intermediates.noindex/InfomaniakRichHTMLEditor.build/Debug-watchos/InfomaniakRichHTMLEditor.build/Objects-normal/arm64/InfomaniakRichHTMLEditor_const_extract_protocols.json
WriteAuxiliaryFile /Users/admin/builder/spi-builder-workspace/.derivedData/Build/Intermediates.noindex/InfomaniakRichHTMLEditor.build/Debug-watchos/InfomaniakRichHTMLEditor.build/Objects-normal/arm64/InfomaniakRichHTMLEditor.SwiftConstValuesFileList (in target 'InfomaniakRichHTMLEditor' from project 'InfomaniakRichHTMLEditor')
cd /Users/admin/builder/spi-builder-workspace
write-file /Users/admin/builder/spi-builder-workspace/.derivedData/Build/Intermediates.noindex/InfomaniakRichHTMLEditor.build/Debug-watchos/InfomaniakRichHTMLEditor.build/Objects-normal/arm64/InfomaniakRichHTMLEditor.SwiftConstValuesFileList
WriteAuxiliaryFile /Users/admin/builder/spi-builder-workspace/.derivedData/Build/Intermediates.noindex/InfomaniakRichHTMLEditor.build/Debug-watchos/InfomaniakRichHTMLEditor.build/Objects-normal/arm64/InfomaniakRichHTMLEditor.LinkFileList (in target 'InfomaniakRichHTMLEditor' from project 'InfomaniakRichHTMLEditor')
cd /Users/admin/builder/spi-builder-workspace
write-file /Users/admin/builder/spi-builder-workspace/.derivedData/Build/Intermediates.noindex/InfomaniakRichHTMLEditor.build/Debug-watchos/InfomaniakRichHTMLEditor.build/Objects-normal/arm64/InfomaniakRichHTMLEditor.LinkFileList
WriteAuxiliaryFile /Users/admin/builder/spi-builder-workspace/.derivedData/Build/Intermediates.noindex/InfomaniakRichHTMLEditor.build/Debug-watchos/InfomaniakRichHTMLEditor.build/Objects-normal/arm64/InfomaniakRichHTMLEditor-OutputFileMap.json (in target 'InfomaniakRichHTMLEditor' from project 'InfomaniakRichHTMLEditor')
cd /Users/admin/builder/spi-builder-workspace
write-file /Users/admin/builder/spi-builder-workspace/.derivedData/Build/Intermediates.noindex/InfomaniakRichHTMLEditor.build/Debug-watchos/InfomaniakRichHTMLEditor.build/Objects-normal/arm64/InfomaniakRichHTMLEditor-OutputFileMap.json
WriteAuxiliaryFile /Users/admin/builder/spi-builder-workspace/.derivedData/Build/Intermediates.noindex/InfomaniakRichHTMLEditor.build/Debug-watchos/InfomaniakRichHTMLEditor.build/InfomaniakRichHTMLEditor.modulemap (in target 'InfomaniakRichHTMLEditor' from project 'InfomaniakRichHTMLEditor')
cd /Users/admin/builder/spi-builder-workspace
write-file /Users/admin/builder/spi-builder-workspace/.derivedData/Build/Intermediates.noindex/InfomaniakRichHTMLEditor.build/Debug-watchos/InfomaniakRichHTMLEditor.build/InfomaniakRichHTMLEditor.modulemap
WriteAuxiliaryFile /Users/admin/builder/spi-builder-workspace/.derivedData/Build/Intermediates.noindex/InfomaniakRichHTMLEditor.build/Debug-watchos/InfomaniakRichHTMLEditor.build/InfomaniakRichHTMLEditor.DependencyStaticMetadataFileList (in target 'InfomaniakRichHTMLEditor' from project 'InfomaniakRichHTMLEditor')
cd /Users/admin/builder/spi-builder-workspace
write-file /Users/admin/builder/spi-builder-workspace/.derivedData/Build/Intermediates.noindex/InfomaniakRichHTMLEditor.build/Debug-watchos/InfomaniakRichHTMLEditor.build/InfomaniakRichHTMLEditor.DependencyStaticMetadataFileList
WriteAuxiliaryFile /Users/admin/builder/spi-builder-workspace/.derivedData/Build/Intermediates.noindex/InfomaniakRichHTMLEditor.build/Debug-watchos/InfomaniakRichHTMLEditor.build/InfomaniakRichHTMLEditor.DependencyMetadataFileList (in target 'InfomaniakRichHTMLEditor' from project 'InfomaniakRichHTMLEditor')
cd /Users/admin/builder/spi-builder-workspace
write-file /Users/admin/builder/spi-builder-workspace/.derivedData/Build/Intermediates.noindex/InfomaniakRichHTMLEditor.build/Debug-watchos/InfomaniakRichHTMLEditor.build/InfomaniakRichHTMLEditor.DependencyMetadataFileList
WriteAuxiliaryFile /Users/admin/builder/spi-builder-workspace/.derivedData/Build/Intermediates.noindex/InfomaniakRichHTMLEditor.build/Debug-watchos/InfomaniakRichHTMLEditor.build/DerivedSources/resource_bundle_accessor.swift (in target 'InfomaniakRichHTMLEditor' from project 'InfomaniakRichHTMLEditor')
cd /Users/admin/builder/spi-builder-workspace
write-file /Users/admin/builder/spi-builder-workspace/.derivedData/Build/Intermediates.noindex/InfomaniakRichHTMLEditor.build/Debug-watchos/InfomaniakRichHTMLEditor.build/DerivedSources/resource_bundle_accessor.swift
Copy /Users/admin/builder/spi-builder-workspace/.derivedData/Build/Intermediates.noindex/GeneratedModuleMaps-watchos/InfomaniakRichHTMLEditor.modulemap /Users/admin/builder/spi-builder-workspace/.derivedData/Build/Intermediates.noindex/InfomaniakRichHTMLEditor.build/Debug-watchos/InfomaniakRichHTMLEditor.build/InfomaniakRichHTMLEditor.modulemap (in target 'InfomaniakRichHTMLEditor' from project 'InfomaniakRichHTMLEditor')
cd /Users/admin/builder/spi-builder-workspace
builtin-copy -exclude .DS_Store -exclude CVS -exclude .svn -exclude .git -exclude .hg -resolve-src-symlinks /Users/admin/builder/spi-builder-workspace/.derivedData/Build/Intermediates.noindex/InfomaniakRichHTMLEditor.build/Debug-watchos/InfomaniakRichHTMLEditor.build/InfomaniakRichHTMLEditor.modulemap /Users/admin/builder/spi-builder-workspace/.derivedData/Build/Intermediates.noindex/GeneratedModuleMaps-watchos
ProcessInfoPlistFile /Users/admin/builder/spi-builder-workspace/.derivedData/Build/Products/Debug-watchos/InfomaniakRichHTMLEditor_InfomaniakRichHTMLEditor.bundle/Info.plist /Users/admin/builder/spi-builder-workspace/.derivedData/Build/Intermediates.noindex/InfomaniakRichHTMLEditor.build/Debug-watchos/InfomaniakRichHTMLEditor_InfomaniakRichHTMLEditor.build/empty-InfomaniakRichHTMLEditor_InfomaniakRichHTMLEditor.plist (in target 'InfomaniakRichHTMLEditor_InfomaniakRichHTMLEditor' from project 'InfomaniakRichHTMLEditor')
cd /Users/admin/builder/spi-builder-workspace
builtin-infoPlistUtility /Users/admin/builder/spi-builder-workspace/.derivedData/Build/Intermediates.noindex/InfomaniakRichHTMLEditor.build/Debug-watchos/InfomaniakRichHTMLEditor_InfomaniakRichHTMLEditor.build/empty-InfomaniakRichHTMLEditor_InfomaniakRichHTMLEditor.plist -producttype com.apple.product-type.bundle -expandbuildsettings -format binary -platform watchos -o /Users/admin/builder/spi-builder-workspace/.derivedData/Build/Products/Debug-watchos/InfomaniakRichHTMLEditor_InfomaniakRichHTMLEditor.bundle/Info.plist
CpResource /Users/admin/builder/spi-builder-workspace/.derivedData/Build/Products/Debug-watchos/InfomaniakRichHTMLEditor_InfomaniakRichHTMLEditor.bundle/utils.js /Users/admin/builder/spi-builder-workspace/Sources/InfomaniakRichHTMLEditor/Resources/js/utils/utils.js (in target 'InfomaniakRichHTMLEditor_InfomaniakRichHTMLEditor' from project 'InfomaniakRichHTMLEditor')
cd /Users/admin/builder/spi-builder-workspace
builtin-copy -exclude .DS_Store -exclude CVS -exclude .svn -exclude .git -exclude .hg -resolve-src-symlinks /Users/admin/builder/spi-builder-workspace/Sources/InfomaniakRichHTMLEditor/Resources/js/utils/utils.js /Users/admin/builder/spi-builder-workspace/.derivedData/Build/Products/Debug-watchos/InfomaniakRichHTMLEditor_InfomaniakRichHTMLEditor.bundle
CpResource /Users/admin/builder/spi-builder-workspace/.derivedData/Build/Products/Debug-watchos/InfomaniakRichHTMLEditor_InfomaniakRichHTMLEditor.bundle/text-attributes.js /Users/admin/builder/spi-builder-workspace/Sources/InfomaniakRichHTMLEditor/Resources/js/editor/text-attributes.js (in target 'InfomaniakRichHTMLEditor_InfomaniakRichHTMLEditor' from project 'InfomaniakRichHTMLEditor')
cd /Users/admin/builder/spi-builder-workspace
builtin-copy -exclude .DS_Store -exclude CVS -exclude .svn -exclude .git -exclude .hg -resolve-src-symlinks /Users/admin/builder/spi-builder-workspace/Sources/InfomaniakRichHTMLEditor/Resources/js/editor/text-attributes.js /Users/admin/builder/spi-builder-workspace/.derivedData/Build/Products/Debug-watchos/InfomaniakRichHTMLEditor_InfomaniakRichHTMLEditor.bundle
CpResource /Users/admin/builder/spi-builder-workspace/.derivedData/Build/Products/Debug-watchos/InfomaniakRichHTMLEditor_InfomaniakRichHTMLEditor.bundle/selection.js /Users/admin/builder/spi-builder-workspace/Sources/InfomaniakRichHTMLEditor/Resources/js/editor/selection.js (in target 'InfomaniakRichHTMLEditor_InfomaniakRichHTMLEditor' from project 'InfomaniakRichHTMLEditor')
cd /Users/admin/builder/spi-builder-workspace
builtin-copy -exclude .DS_Store -exclude CVS -exclude .svn -exclude .git -exclude .hg -resolve-src-symlinks /Users/admin/builder/spi-builder-workspace/Sources/InfomaniakRichHTMLEditor/Resources/js/editor/selection.js /Users/admin/builder/spi-builder-workspace/.derivedData/Build/Products/Debug-watchos/InfomaniakRichHTMLEditor_InfomaniakRichHTMLEditor.bundle
CpResource /Users/admin/builder/spi-builder-workspace/.derivedData/Build/Products/Debug-watchos/InfomaniakRichHTMLEditor_InfomaniakRichHTMLEditor.bundle/style.css /Users/admin/builder/spi-builder-workspace/Sources/InfomaniakRichHTMLEditor/Resources/css/style.css (in target 'InfomaniakRichHTMLEditor_InfomaniakRichHTMLEditor' from project 'InfomaniakRichHTMLEditor')
cd /Users/admin/builder/spi-builder-workspace
builtin-copy -exclude .DS_Store -exclude CVS -exclude .svn -exclude .git -exclude .hg -resolve-src-symlinks /Users/admin/builder/spi-builder-workspace/Sources/InfomaniakRichHTMLEditor/Resources/css/style.css /Users/admin/builder/spi-builder-workspace/.derivedData/Build/Products/Debug-watchos/InfomaniakRichHTMLEditor_InfomaniakRichHTMLEditor.bundle
CpResource /Users/admin/builder/spi-builder-workspace/.derivedData/Build/Products/Debug-watchos/InfomaniakRichHTMLEditor_InfomaniakRichHTMLEditor.bundle/observer.js /Users/admin/builder/spi-builder-workspace/Sources/InfomaniakRichHTMLEditor/Resources/js/editor/observer.js (in target 'InfomaniakRichHTMLEditor_InfomaniakRichHTMLEditor' from project 'InfomaniakRichHTMLEditor')
cd /Users/admin/builder/spi-builder-workspace
builtin-copy -exclude .DS_Store -exclude CVS -exclude .svn -exclude .git -exclude .hg -resolve-src-symlinks /Users/admin/builder/spi-builder-workspace/Sources/InfomaniakRichHTMLEditor/Resources/js/editor/observer.js /Users/admin/builder/spi-builder-workspace/.derivedData/Build/Products/Debug-watchos/InfomaniakRichHTMLEditor_InfomaniakRichHTMLEditor.bundle
CpResource /Users/admin/builder/spi-builder-workspace/.derivedData/Build/Products/Debug-watchos/InfomaniakRichHTMLEditor_InfomaniakRichHTMLEditor.bundle/main.js /Users/admin/builder/spi-builder-workspace/Sources/InfomaniakRichHTMLEditor/Resources/js/main.js (in target 'InfomaniakRichHTMLEditor_InfomaniakRichHTMLEditor' from project 'InfomaniakRichHTMLEditor')
cd /Users/admin/builder/spi-builder-workspace
builtin-copy -exclude .DS_Store -exclude CVS -exclude .svn -exclude .git -exclude .hg -resolve-src-symlinks /Users/admin/builder/spi-builder-workspace/Sources/InfomaniakRichHTMLEditor/Resources/js/main.js /Users/admin/builder/spi-builder-workspace/.derivedData/Build/Products/Debug-watchos/InfomaniakRichHTMLEditor_InfomaniakRichHTMLEditor.bundle
CpResource /Users/admin/builder/spi-builder-workspace/.derivedData/Build/Products/Debug-watchos/InfomaniakRichHTMLEditor_InfomaniakRichHTMLEditor.bundle/links.js /Users/admin/builder/spi-builder-workspace/Sources/InfomaniakRichHTMLEditor/Resources/js/editor/links.js (in target 'InfomaniakRichHTMLEditor_InfomaniakRichHTMLEditor' from project 'InfomaniakRichHTMLEditor')
cd /Users/admin/builder/spi-builder-workspace
builtin-copy -exclude .DS_Store -exclude CVS -exclude .svn -exclude .git -exclude .hg -resolve-src-symlinks /Users/admin/builder/spi-builder-workspace/Sources/InfomaniakRichHTMLEditor/Resources/js/editor/links.js /Users/admin/builder/spi-builder-workspace/.derivedData/Build/Products/Debug-watchos/InfomaniakRichHTMLEditor_InfomaniakRichHTMLEditor.bundle
CpResource /Users/admin/builder/spi-builder-workspace/.derivedData/Build/Products/Debug-watchos/InfomaniakRichHTMLEditor_InfomaniakRichHTMLEditor.bundle/javascriptBridge.js /Users/admin/builder/spi-builder-workspace/Sources/InfomaniakRichHTMLEditor/Resources/js/utils/javascriptBridge.js (in target 'InfomaniakRichHTMLEditor_InfomaniakRichHTMLEditor' from project 'InfomaniakRichHTMLEditor')
cd /Users/admin/builder/spi-builder-workspace
builtin-copy -exclude .DS_Store -exclude CVS -exclude .svn -exclude .git -exclude .hg -resolve-src-symlinks /Users/admin/builder/spi-builder-workspace/Sources/InfomaniakRichHTMLEditor/Resources/js/utils/javascriptBridge.js /Users/admin/builder/spi-builder-workspace/.derivedData/Build/Products/Debug-watchos/InfomaniakRichHTMLEditor_InfomaniakRichHTMLEditor.bundle
CpResource /Users/admin/builder/spi-builder-workspace/.derivedData/Build/Products/Debug-watchos/InfomaniakRichHTMLEditor_InfomaniakRichHTMLEditor.bundle/index.html /Users/admin/builder/spi-builder-workspace/Sources/InfomaniakRichHTMLEditor/Resources/index.html (in target 'InfomaniakRichHTMLEditor_InfomaniakRichHTMLEditor' from project 'InfomaniakRichHTMLEditor')
cd /Users/admin/builder/spi-builder-workspace
builtin-copy -exclude .DS_Store -exclude CVS -exclude .svn -exclude .git -exclude .hg -resolve-src-symlinks /Users/admin/builder/spi-builder-workspace/Sources/InfomaniakRichHTMLEditor/Resources/index.html /Users/admin/builder/spi-builder-workspace/.derivedData/Build/Products/Debug-watchos/InfomaniakRichHTMLEditor_InfomaniakRichHTMLEditor.bundle
CpResource /Users/admin/builder/spi-builder-workspace/.derivedData/Build/Products/Debug-watchos/InfomaniakRichHTMLEditor_InfomaniakRichHTMLEditor.bundle/focus.js /Users/admin/builder/spi-builder-workspace/Sources/InfomaniakRichHTMLEditor/Resources/js/editor/focus.js (in target 'InfomaniakRichHTMLEditor_InfomaniakRichHTMLEditor' from project 'InfomaniakRichHTMLEditor')
cd /Users/admin/builder/spi-builder-workspace
builtin-copy -exclude .DS_Store -exclude CVS -exclude .svn -exclude .git -exclude .hg -resolve-src-symlinks /Users/admin/builder/spi-builder-workspace/Sources/InfomaniakRichHTMLEditor/Resources/js/editor/focus.js /Users/admin/builder/spi-builder-workspace/.derivedData/Build/Products/Debug-watchos/InfomaniakRichHTMLEditor_InfomaniakRichHTMLEditor.bundle
CpResource /Users/admin/builder/spi-builder-workspace/.derivedData/Build/Products/Debug-watchos/InfomaniakRichHTMLEditor_InfomaniakRichHTMLEditor.bundle/commands.js /Users/admin/builder/spi-builder-workspace/Sources/InfomaniakRichHTMLEditor/Resources/js/editor/commands.js (in target 'InfomaniakRichHTMLEditor_InfomaniakRichHTMLEditor' from project 'InfomaniakRichHTMLEditor')
cd /Users/admin/builder/spi-builder-workspace
builtin-copy -exclude .DS_Store -exclude CVS -exclude .svn -exclude .git -exclude .hg -resolve-src-symlinks /Users/admin/builder/spi-builder-workspace/Sources/InfomaniakRichHTMLEditor/Resources/js/editor/commands.js /Users/admin/builder/spi-builder-workspace/.derivedData/Build/Products/Debug-watchos/InfomaniakRichHTMLEditor_InfomaniakRichHTMLEditor.bundle
CpResource /Users/admin/builder/spi-builder-workspace/.derivedData/Build/Products/Debug-watchos/InfomaniakRichHTMLEditor_InfomaniakRichHTMLEditor.bundle/captureLog.js /Users/admin/builder/spi-builder-workspace/Sources/InfomaniakRichHTMLEditor/Resources/js/utils/captureLog.js (in target 'InfomaniakRichHTMLEditor_InfomaniakRichHTMLEditor' from project 'InfomaniakRichHTMLEditor')
cd /Users/admin/builder/spi-builder-workspace
builtin-copy -exclude .DS_Store -exclude CVS -exclude .svn -exclude .git -exclude .hg -resolve-src-symlinks /Users/admin/builder/spi-builder-workspace/Sources/InfomaniakRichHTMLEditor/Resources/js/utils/captureLog.js /Users/admin/builder/spi-builder-workspace/.derivedData/Build/Products/Debug-watchos/InfomaniakRichHTMLEditor_InfomaniakRichHTMLEditor.bundle
RegisterExecutionPolicyException /Users/admin/builder/spi-builder-workspace/.derivedData/Build/Products/Debug-watchos/InfomaniakRichHTMLEditor_InfomaniakRichHTMLEditor.bundle (in target 'InfomaniakRichHTMLEditor_InfomaniakRichHTMLEditor' from project 'InfomaniakRichHTMLEditor')
cd /Users/admin/builder/spi-builder-workspace
builtin-RegisterExecutionPolicyException /Users/admin/builder/spi-builder-workspace/.derivedData/Build/Products/Debug-watchos/InfomaniakRichHTMLEditor_InfomaniakRichHTMLEditor.bundle
Touch /Users/admin/builder/spi-builder-workspace/.derivedData/Build/Products/Debug-watchos/InfomaniakRichHTMLEditor_InfomaniakRichHTMLEditor.bundle (in target 'InfomaniakRichHTMLEditor_InfomaniakRichHTMLEditor' from project 'InfomaniakRichHTMLEditor')
cd /Users/admin/builder/spi-builder-workspace
/usr/bin/touch -c /Users/admin/builder/spi-builder-workspace/.derivedData/Build/Products/Debug-watchos/InfomaniakRichHTMLEditor_InfomaniakRichHTMLEditor.bundle
SwiftDriver InfomaniakRichHTMLEditor normal arm64_32 com.apple.xcode.tools.swift.compiler (in target 'InfomaniakRichHTMLEditor' from project 'InfomaniakRichHTMLEditor')
cd /Users/admin/builder/spi-builder-workspace/.swiftpm/xcode
builtin-SwiftDriver -- /Applications/Xcode-26.4.0.app/Contents/Developer/Toolchains/XcodeDefault.xctoolchain/usr/bin/swiftc -module-name InfomaniakRichHTMLEditor -Onone @/Users/admin/builder/spi-builder-workspace/.derivedData/Build/Intermediates.noindex/InfomaniakRichHTMLEditor.build/Debug-watchos/InfomaniakRichHTMLEditor.build/Objects-normal/arm64_32/InfomaniakRichHTMLEditor.SwiftFileList -DSWIFT_PACKAGE -DDEBUG -DSWIFT_MODULE_RESOURCE_BUNDLE_AVAILABLE -DXcode -plugin-path /Applications/Xcode-26.4.0.app/Contents/Developer/Toolchains/XcodeDefault.xctoolchain/usr/lib/swift/host/plugins/testing -enable-experimental-feature DebugDescriptionMacro -sdk /Applications/Xcode-26.4.0.app/Contents/Developer/Platforms/WatchOS.platform/Developer/SDKs/WatchOS26.4.sdk -target arm64_32-apple-watchos7.0 -g -module-cache-path /Users/admin/builder/spi-builder-workspace/.derivedData/ModuleCache.noindex -Xfrontend -serialize-debugging-options -profile-coverage-mapping -profile-generate -enable-testing -index-store-path /Users/admin/builder/spi-builder-workspace/.derivedData/Index.noindex/DataStore -Xcc -D_LIBCPP_HARDENING_MODE\=_LIBCPP_HARDENING_MODE_DEBUG -swift-version 6 -I /Users/admin/builder/spi-builder-workspace/.derivedData/Build/Products/Debug-watchos -Isystem /Applications/Xcode-26.4.0.app/Contents/Developer/Platforms/WatchOS.platform/Developer/usr/lib -F /Users/admin/builder/spi-builder-workspace/.derivedData/Build/Products/Debug-watchos -F /Applications/Xcode-26.4.0.app/Contents/Developer/Platforms/WatchOS.platform/Developer/Library/Frameworks -F /Applications/Xcode-26.4.0.app/Contents/Developer/Platforms/WatchOS.platform/Developer/SDKs/WatchOS26.4.sdk/Developer/Library/Frameworks -c -j10 -enable-batch-mode -incremental -Xcc -ivfsstatcache -Xcc /Users/admin/builder/spi-builder-workspace/.derivedData/SDKStatCaches.noindex/watchos26.4-23T238-688ef53f1462e2c8f657fdc38a81448f9e51884a582f42380855760c9d4cc599.sdkstatcache -output-file-map /Users/admin/builder/spi-builder-workspace/.derivedData/Build/Intermediates.noindex/InfomaniakRichHTMLEditor.build/Debug-watchos/InfomaniakRichHTMLEditor.build/Objects-normal/arm64_32/InfomaniakRichHTMLEditor-OutputFileMap.json -use-frontend-parseable-output -save-temps -no-color-diagnostics -explicit-module-build -module-cache-path /Users/admin/builder/spi-builder-workspace/.derivedData/Build/Intermediates.noindex/SwiftExplicitPrecompiledModules -clang-scanner-module-cache-path /Users/admin/builder/spi-builder-workspace/.derivedData/ModuleCache.noindex -sdk-module-cache-path /Users/admin/builder/spi-builder-workspace/.derivedData/ModuleCache.noindex -serialize-diagnostics -emit-dependencies -emit-module -emit-module-path /Users/admin/builder/spi-builder-workspace/.derivedData/Build/Intermediates.noindex/InfomaniakRichHTMLEditor.build/Debug-watchos/InfomaniakRichHTMLEditor.build/Objects-normal/arm64_32/InfomaniakRichHTMLEditor.swiftmodule -validate-clang-modules-once -clang-build-session-file /Users/admin/builder/spi-builder-workspace/.derivedData/ModuleCache.noindex/Session.modulevalidation -package-name spi_builder_workspace -Xcc -I/Users/admin/builder/spi-builder-workspace/.derivedData/Build/Intermediates.noindex/InfomaniakRichHTMLEditor.build/Debug-watchos/InfomaniakRichHTMLEditor.build/swift-overrides.hmap -emit-const-values -Xfrontend -const-gather-protocols-file -Xfrontend /Users/admin/builder/spi-builder-workspace/.derivedData/Build/Intermediates.noindex/InfomaniakRichHTMLEditor.build/Debug-watchos/InfomaniakRichHTMLEditor.build/Objects-normal/arm64_32/InfomaniakRichHTMLEditor_const_extract_protocols.json -Xcc -I/Users/admin/builder/spi-builder-workspace/.derivedData/Build/Products/Debug-watchos/include -Xcc -I/Users/admin/builder/spi-builder-workspace/.derivedData/Build/Intermediates.noindex/InfomaniakRichHTMLEditor.build/Debug-watchos/InfomaniakRichHTMLEditor.build/DerivedSources-normal/arm64_32 -Xcc -I/Users/admin/builder/spi-builder-workspace/.derivedData/Build/Intermediates.noindex/InfomaniakRichHTMLEditor.build/Debug-watchos/InfomaniakRichHTMLEditor.build/DerivedSources/arm64_32 -Xcc -I/Users/admin/builder/spi-builder-workspace/.derivedData/Build/Intermediates.noindex/InfomaniakRichHTMLEditor.build/Debug-watchos/InfomaniakRichHTMLEditor.build/DerivedSources -Xcc -DSWIFT_PACKAGE -Xcc -DDEBUG\=1 -emit-objc-header -emit-objc-header-path /Users/admin/builder/spi-builder-workspace/.derivedData/Build/Intermediates.noindex/InfomaniakRichHTMLEditor.build/Debug-watchos/InfomaniakRichHTMLEditor.build/Objects-normal/arm64_32/InfomaniakRichHTMLEditor-Swift.h -working-directory /Users/admin/builder/spi-builder-workspace/.swiftpm/xcode -experimental-emit-module-separately -disable-cmo
/Users/admin/builder/spi-builder-workspace/Sources/InfomaniakRichHTMLEditor/Extensions/WKUserContentController+Extension.swift:14:8: error: Unable to resolve module dependency: 'WebKit'
import WebKit
^ (in target 'InfomaniakRichHTMLEditor' from project 'InfomaniakRichHTMLEditor')
/Users/admin/builder/spi-builder-workspace/Sources/InfomaniakRichHTMLEditor/Extensions/WKUserContentController+Extension.swift:14:8: note: A dependency of main module 'InfomaniakRichHTMLEditor'
import WebKit
^ (in target 'InfomaniakRichHTMLEditor' from project 'InfomaniakRichHTMLEditor')
/Users/admin/builder/spi-builder-workspace/Sources/InfomaniakRichHTMLEditor/Models/UserScript.swift:14:8: note: Also imported here
import WebKit
^ (in target 'InfomaniakRichHTMLEditor' from project 'InfomaniakRichHTMLEditor')
/Users/admin/builder/spi-builder-workspace/Sources/InfomaniakRichHTMLEditor/RichHTMLEditorView.swift:27:8: note: Also imported here
import WebKit
^ (in target 'InfomaniakRichHTMLEditor' from project 'InfomaniakRichHTMLEditor')
/Users/admin/builder/spi-builder-workspace/Sources/InfomaniakRichHTMLEditor/RichHTMLWebView.swift:14:8: note: Also imported here
import WebKit
^ (in target 'InfomaniakRichHTMLEditor' from project 'InfomaniakRichHTMLEditor')
/Users/admin/builder/spi-builder-workspace/Sources/InfomaniakRichHTMLEditor/WebViewBridge/JavaScriptManager.swift:14:8: note: Also imported here
import WebKit
^ (in target 'InfomaniakRichHTMLEditor' from project 'InfomaniakRichHTMLEditor')
/Users/admin/builder/spi-builder-workspace/Sources/InfomaniakRichHTMLEditor/WebViewBridge/ScriptMessageHandler.swift:15:8: note: Also imported here
import WebKit
^ (in target 'InfomaniakRichHTMLEditor' from project 'InfomaniakRichHTMLEditor')
SwiftDriver InfomaniakRichHTMLEditor normal armv7k com.apple.xcode.tools.swift.compiler (in target 'InfomaniakRichHTMLEditor' from project 'InfomaniakRichHTMLEditor')
cd /Users/admin/builder/spi-builder-workspace/.swiftpm/xcode
builtin-SwiftDriver -- /Applications/Xcode-26.4.0.app/Contents/Developer/Toolchains/XcodeDefault.xctoolchain/usr/bin/swiftc -module-name InfomaniakRichHTMLEditor -Onone @/Users/admin/builder/spi-builder-workspace/.derivedData/Build/Intermediates.noindex/InfomaniakRichHTMLEditor.build/Debug-watchos/InfomaniakRichHTMLEditor.build/Objects-normal/armv7k/InfomaniakRichHTMLEditor.SwiftFileList -DSWIFT_PACKAGE -DDEBUG -DSWIFT_MODULE_RESOURCE_BUNDLE_AVAILABLE -DXcode -plugin-path /Applications/Xcode-26.4.0.app/Contents/Developer/Toolchains/XcodeDefault.xctoolchain/usr/lib/swift/host/plugins/testing -enable-experimental-feature DebugDescriptionMacro -sdk /Applications/Xcode-26.4.0.app/Contents/Developer/Platforms/WatchOS.platform/Developer/SDKs/WatchOS26.4.sdk -target armv7k-apple-watchos7.0 -g -module-cache-path /Users/admin/builder/spi-builder-workspace/.derivedData/ModuleCache.noindex -Xfrontend -serialize-debugging-options -profile-coverage-mapping -profile-generate -enable-testing -index-store-path /Users/admin/builder/spi-builder-workspace/.derivedData/Index.noindex/DataStore -Xcc -D_LIBCPP_HARDENING_MODE\=_LIBCPP_HARDENING_MODE_DEBUG -swift-version 6 -I /Users/admin/builder/spi-builder-workspace/.derivedData/Build/Products/Debug-watchos -Isystem /Applications/Xcode-26.4.0.app/Contents/Developer/Platforms/WatchOS.platform/Developer/usr/lib -F /Users/admin/builder/spi-builder-workspace/.derivedData/Build/Products/Debug-watchos -F /Applications/Xcode-26.4.0.app/Contents/Developer/Platforms/WatchOS.platform/Developer/Library/Frameworks -F /Applications/Xcode-26.4.0.app/Contents/Developer/Platforms/WatchOS.platform/Developer/SDKs/WatchOS26.4.sdk/Developer/Library/Frameworks -c -j10 -enable-batch-mode -incremental -Xcc -ivfsstatcache -Xcc /Users/admin/builder/spi-builder-workspace/.derivedData/SDKStatCaches.noindex/watchos26.4-23T238-688ef53f1462e2c8f657fdc38a81448f9e51884a582f42380855760c9d4cc599.sdkstatcache -output-file-map /Users/admin/builder/spi-builder-workspace/.derivedData/Build/Intermediates.noindex/InfomaniakRichHTMLEditor.build/Debug-watchos/InfomaniakRichHTMLEditor.build/Objects-normal/armv7k/InfomaniakRichHTMLEditor-OutputFileMap.json -use-frontend-parseable-output -save-temps -no-color-diagnostics -explicit-module-build -module-cache-path /Users/admin/builder/spi-builder-workspace/.derivedData/Build/Intermediates.noindex/SwiftExplicitPrecompiledModules -clang-scanner-module-cache-path /Users/admin/builder/spi-builder-workspace/.derivedData/ModuleCache.noindex -sdk-module-cache-path /Users/admin/builder/spi-builder-workspace/.derivedData/ModuleCache.noindex -serialize-diagnostics -emit-dependencies -emit-module -emit-module-path /Users/admin/builder/spi-builder-workspace/.derivedData/Build/Intermediates.noindex/InfomaniakRichHTMLEditor.build/Debug-watchos/InfomaniakRichHTMLEditor.build/Objects-normal/armv7k/InfomaniakRichHTMLEditor.swiftmodule -validate-clang-modules-once -clang-build-session-file /Users/admin/builder/spi-builder-workspace/.derivedData/ModuleCache.noindex/Session.modulevalidation -package-name spi_builder_workspace -Xcc -I/Users/admin/builder/spi-builder-workspace/.derivedData/Build/Intermediates.noindex/InfomaniakRichHTMLEditor.build/Debug-watchos/InfomaniakRichHTMLEditor.build/swift-overrides.hmap -emit-const-values -Xfrontend -const-gather-protocols-file -Xfrontend /Users/admin/builder/spi-builder-workspace/.derivedData/Build/Intermediates.noindex/InfomaniakRichHTMLEditor.build/Debug-watchos/InfomaniakRichHTMLEditor.build/Objects-normal/armv7k/InfomaniakRichHTMLEditor_const_extract_protocols.json -Xcc -I/Users/admin/builder/spi-builder-workspace/.derivedData/Build/Products/Debug-watchos/include -Xcc -I/Users/admin/builder/spi-builder-workspace/.derivedData/Build/Intermediates.noindex/InfomaniakRichHTMLEditor.build/Debug-watchos/InfomaniakRichHTMLEditor.build/DerivedSources-normal/armv7k -Xcc -I/Users/admin/builder/spi-builder-workspace/.derivedData/Build/Intermediates.noindex/InfomaniakRichHTMLEditor.build/Debug-watchos/InfomaniakRichHTMLEditor.build/DerivedSources/armv7k -Xcc -I/Users/admin/builder/spi-builder-workspace/.derivedData/Build/Intermediates.noindex/InfomaniakRichHTMLEditor.build/Debug-watchos/InfomaniakRichHTMLEditor.build/DerivedSources -Xcc -DSWIFT_PACKAGE -Xcc -DDEBUG\=1 -emit-objc-header -emit-objc-header-path /Users/admin/builder/spi-builder-workspace/.derivedData/Build/Intermediates.noindex/InfomaniakRichHTMLEditor.build/Debug-watchos/InfomaniakRichHTMLEditor.build/Objects-normal/armv7k/InfomaniakRichHTMLEditor-Swift.h -working-directory /Users/admin/builder/spi-builder-workspace/.swiftpm/xcode -experimental-emit-module-separately -disable-cmo
/Users/admin/builder/spi-builder-workspace/Sources/InfomaniakRichHTMLEditor/Extensions/WKUserContentController+Extension.swift:14:8: error: Unable to resolve module dependency: 'WebKit'
import WebKit
^ (in target 'InfomaniakRichHTMLEditor' from project 'InfomaniakRichHTMLEditor')
/Users/admin/builder/spi-builder-workspace/Sources/InfomaniakRichHTMLEditor/Extensions/WKUserContentController+Extension.swift:14:8: note: A dependency of main module 'InfomaniakRichHTMLEditor'
import WebKit
^ (in target 'InfomaniakRichHTMLEditor' from project 'InfomaniakRichHTMLEditor')
/Users/admin/builder/spi-builder-workspace/Sources/InfomaniakRichHTMLEditor/Models/UserScript.swift:14:8: note: Also imported here
import WebKit
^ (in target 'InfomaniakRichHTMLEditor' from project 'InfomaniakRichHTMLEditor')
/Users/admin/builder/spi-builder-workspace/Sources/InfomaniakRichHTMLEditor/RichHTMLEditorView.swift:27:8: note: Also imported here
import WebKit
^ (in target 'InfomaniakRichHTMLEditor' from project 'InfomaniakRichHTMLEditor')
/Users/admin/builder/spi-builder-workspace/Sources/InfomaniakRichHTMLEditor/RichHTMLWebView.swift:14:8: note: Also imported here
import WebKit
^ (in target 'InfomaniakRichHTMLEditor' from project 'InfomaniakRichHTMLEditor')
/Users/admin/builder/spi-builder-workspace/Sources/InfomaniakRichHTMLEditor/WebViewBridge/JavaScriptManager.swift:14:8: note: Also imported here
import WebKit
^ (in target 'InfomaniakRichHTMLEditor' from project 'InfomaniakRichHTMLEditor')
/Users/admin/builder/spi-builder-workspace/Sources/InfomaniakRichHTMLEditor/WebViewBridge/ScriptMessageHandler.swift:15:8: note: Also imported here
import WebKit
^ (in target 'InfomaniakRichHTMLEditor' from project 'InfomaniakRichHTMLEditor')
SwiftDriver InfomaniakRichHTMLEditor normal arm64 com.apple.xcode.tools.swift.compiler (in target 'InfomaniakRichHTMLEditor' from project 'InfomaniakRichHTMLEditor')
cd /Users/admin/builder/spi-builder-workspace/.swiftpm/xcode
builtin-SwiftDriver -- /Applications/Xcode-26.4.0.app/Contents/Developer/Toolchains/XcodeDefault.xctoolchain/usr/bin/swiftc -module-name InfomaniakRichHTMLEditor -Onone @/Users/admin/builder/spi-builder-workspace/.derivedData/Build/Intermediates.noindex/InfomaniakRichHTMLEditor.build/Debug-watchos/InfomaniakRichHTMLEditor.build/Objects-normal/arm64/InfomaniakRichHTMLEditor.SwiftFileList -DSWIFT_PACKAGE -DDEBUG -DSWIFT_MODULE_RESOURCE_BUNDLE_AVAILABLE -DXcode -plugin-path /Applications/Xcode-26.4.0.app/Contents/Developer/Toolchains/XcodeDefault.xctoolchain/usr/lib/swift/host/plugins/testing -enable-experimental-feature DebugDescriptionMacro -sdk /Applications/Xcode-26.4.0.app/Contents/Developer/Platforms/WatchOS.platform/Developer/SDKs/WatchOS26.4.sdk -target arm64-apple-watchos7.0 -g -module-cache-path /Users/admin/builder/spi-builder-workspace/.derivedData/ModuleCache.noindex -Xfrontend -serialize-debugging-options -profile-coverage-mapping -profile-generate -enable-testing -index-store-path /Users/admin/builder/spi-builder-workspace/.derivedData/Index.noindex/DataStore -Xcc -D_LIBCPP_HARDENING_MODE\=_LIBCPP_HARDENING_MODE_DEBUG -swift-version 6 -I /Users/admin/builder/spi-builder-workspace/.derivedData/Build/Products/Debug-watchos -Isystem /Applications/Xcode-26.4.0.app/Contents/Developer/Platforms/WatchOS.platform/Developer/usr/lib -F /Users/admin/builder/spi-builder-workspace/.derivedData/Build/Products/Debug-watchos -F /Applications/Xcode-26.4.0.app/Contents/Developer/Platforms/WatchOS.platform/Developer/Library/Frameworks -F /Applications/Xcode-26.4.0.app/Contents/Developer/Platforms/WatchOS.platform/Developer/SDKs/WatchOS26.4.sdk/Developer/Library/Frameworks -c -j10 -enable-batch-mode -incremental -Xcc -ivfsstatcache -Xcc /Users/admin/builder/spi-builder-workspace/.derivedData/SDKStatCaches.noindex/watchos26.4-23T238-688ef53f1462e2c8f657fdc38a81448f9e51884a582f42380855760c9d4cc599.sdkstatcache -output-file-map /Users/admin/builder/spi-builder-workspace/.derivedData/Build/Intermediates.noindex/InfomaniakRichHTMLEditor.build/Debug-watchos/InfomaniakRichHTMLEditor.build/Objects-normal/arm64/InfomaniakRichHTMLEditor-OutputFileMap.json -use-frontend-parseable-output -save-temps -no-color-diagnostics -explicit-module-build -module-cache-path /Users/admin/builder/spi-builder-workspace/.derivedData/Build/Intermediates.noindex/SwiftExplicitPrecompiledModules -clang-scanner-module-cache-path /Users/admin/builder/spi-builder-workspace/.derivedData/ModuleCache.noindex -sdk-module-cache-path /Users/admin/builder/spi-builder-workspace/.derivedData/ModuleCache.noindex -serialize-diagnostics -emit-dependencies -emit-module -emit-module-path /Users/admin/builder/spi-builder-workspace/.derivedData/Build/Intermediates.noindex/InfomaniakRichHTMLEditor.build/Debug-watchos/InfomaniakRichHTMLEditor.build/Objects-normal/arm64/InfomaniakRichHTMLEditor.swiftmodule -validate-clang-modules-once -clang-build-session-file /Users/admin/builder/spi-builder-workspace/.derivedData/ModuleCache.noindex/Session.modulevalidation -package-name spi_builder_workspace -Xcc -I/Users/admin/builder/spi-builder-workspace/.derivedData/Build/Intermediates.noindex/InfomaniakRichHTMLEditor.build/Debug-watchos/InfomaniakRichHTMLEditor.build/swift-overrides.hmap -emit-const-values -Xfrontend -const-gather-protocols-file -Xfrontend /Users/admin/builder/spi-builder-workspace/.derivedData/Build/Intermediates.noindex/InfomaniakRichHTMLEditor.build/Debug-watchos/InfomaniakRichHTMLEditor.build/Objects-normal/arm64/InfomaniakRichHTMLEditor_const_extract_protocols.json -Xcc -I/Users/admin/builder/spi-builder-workspace/.derivedData/Build/Products/Debug-watchos/include -Xcc -I/Users/admin/builder/spi-builder-workspace/.derivedData/Build/Intermediates.noindex/InfomaniakRichHTMLEditor.build/Debug-watchos/InfomaniakRichHTMLEditor.build/DerivedSources-normal/arm64 -Xcc -I/Users/admin/builder/spi-builder-workspace/.derivedData/Build/Intermediates.noindex/InfomaniakRichHTMLEditor.build/Debug-watchos/InfomaniakRichHTMLEditor.build/DerivedSources/arm64 -Xcc -I/Users/admin/builder/spi-builder-workspace/.derivedData/Build/Intermediates.noindex/InfomaniakRichHTMLEditor.build/Debug-watchos/InfomaniakRichHTMLEditor.build/DerivedSources -Xcc -DSWIFT_PACKAGE -Xcc -DDEBUG\=1 -emit-objc-header -emit-objc-header-path /Users/admin/builder/spi-builder-workspace/.derivedData/Build/Intermediates.noindex/InfomaniakRichHTMLEditor.build/Debug-watchos/InfomaniakRichHTMLEditor.build/Objects-normal/arm64/InfomaniakRichHTMLEditor-Swift.h -working-directory /Users/admin/builder/spi-builder-workspace/.swiftpm/xcode -experimental-emit-module-separately -disable-cmo
/Users/admin/builder/spi-builder-workspace/Sources/InfomaniakRichHTMLEditor/Extensions/WKUserContentController+Extension.swift:14:8: error: Unable to resolve module dependency: 'WebKit'
import WebKit
^ (in target 'InfomaniakRichHTMLEditor' from project 'InfomaniakRichHTMLEditor')
/Users/admin/builder/spi-builder-workspace/Sources/InfomaniakRichHTMLEditor/Extensions/WKUserContentController+Extension.swift:14:8: note: A dependency of main module 'InfomaniakRichHTMLEditor'
import WebKit
^ (in target 'InfomaniakRichHTMLEditor' from project 'InfomaniakRichHTMLEditor')
/Users/admin/builder/spi-builder-workspace/Sources/InfomaniakRichHTMLEditor/Models/UserScript.swift:14:8: note: Also imported here
import WebKit
^ (in target 'InfomaniakRichHTMLEditor' from project 'InfomaniakRichHTMLEditor')
/Users/admin/builder/spi-builder-workspace/Sources/InfomaniakRichHTMLEditor/RichHTMLEditorView.swift:27:8: note: Also imported here
import WebKit
^ (in target 'InfomaniakRichHTMLEditor' from project 'InfomaniakRichHTMLEditor')
/Users/admin/builder/spi-builder-workspace/Sources/InfomaniakRichHTMLEditor/RichHTMLWebView.swift:14:8: note: Also imported here
import WebKit
^ (in target 'InfomaniakRichHTMLEditor' from project 'InfomaniakRichHTMLEditor')
/Users/admin/builder/spi-builder-workspace/Sources/InfomaniakRichHTMLEditor/WebViewBridge/JavaScriptManager.swift:14:8: note: Also imported here
import WebKit
^ (in target 'InfomaniakRichHTMLEditor' from project 'InfomaniakRichHTMLEditor')
/Users/admin/builder/spi-builder-workspace/Sources/InfomaniakRichHTMLEditor/WebViewBridge/ScriptMessageHandler.swift:15:8: note: Also imported here
import WebKit
^ (in target 'InfomaniakRichHTMLEditor' from project 'InfomaniakRichHTMLEditor')
2026-06-25 12:43:49.507 xcodebuild[712:4431] [MT] IDERunDestination: Supported platforms for the buildables in the current scheme is empty.
/Users/admin/builder/spi-builder-workspace/Sources/InfomaniakRichHTMLEditor/Extensions/WKUserContentController+Extension.swift:14:8: error: unable to resolve module dependency: 'WebKit'
import WebKit
^
/Users/admin/builder/spi-builder-workspace/Sources/InfomaniakRichHTMLEditor/Extensions/WKUserContentController+Extension.swift:14:8: note: a dependency of main module 'InfomaniakRichHTMLEditor'
import WebKit
^
/Users/admin/builder/spi-builder-workspace/Sources/InfomaniakRichHTMLEditor/Models/UserScript.swift:14:8: note: also imported here
import WebKit
^
/Users/admin/builder/spi-builder-workspace/Sources/InfomaniakRichHTMLEditor/RichHTMLEditorView.swift:27:8: note: also imported here
import WebKit
^
/Users/admin/builder/spi-builder-workspace/Sources/InfomaniakRichHTMLEditor/RichHTMLWebView.swift:14:8: note: also imported here
import WebKit
^
/Users/admin/builder/spi-builder-workspace/Sources/InfomaniakRichHTMLEditor/WebViewBridge/JavaScriptManager.swift:14:8: note: also imported here
import WebKit
^
/Users/admin/builder/spi-builder-workspace/Sources/InfomaniakRichHTMLEditor/WebViewBridge/ScriptMessageHandler.swift:15:8: note: also imported here
import WebKit
^
/Users/admin/builder/spi-builder-workspace/Sources/InfomaniakRichHTMLEditor/Extensions/WKUserContentController+Extension.swift:14:8: error: unable to resolve module dependency: 'WebKit'
import WebKit
^
/Users/admin/builder/spi-builder-workspace/Sources/InfomaniakRichHTMLEditor/Extensions/WKUserContentController+Extension.swift:14:8: note: a dependency of main module 'InfomaniakRichHTMLEditor'
import WebKit
^
/Users/admin/builder/spi-builder-workspace/Sources/InfomaniakRichHTMLEditor/Models/UserScript.swift:14:8: note: also imported here
import WebKit
^
/Users/admin/builder/spi-builder-workspace/Sources/InfomaniakRichHTMLEditor/RichHTMLEditorView.swift:27:8: note: also imported here
import WebKit
^
/Users/admin/builder/spi-builder-workspace/Sources/InfomaniakRichHTMLEditor/RichHTMLWebView.swift:14:8: note: also imported here
import WebKit
^
/Users/admin/builder/spi-builder-workspace/Sources/InfomaniakRichHTMLEditor/WebViewBridge/JavaScriptManager.swift:14:8: note: also imported here
import WebKit
^
/Users/admin/builder/spi-builder-workspace/Sources/InfomaniakRichHTMLEditor/WebViewBridge/ScriptMessageHandler.swift:15:8: note: also imported here
import WebKit
^
/Users/admin/builder/spi-builder-workspace/Sources/InfomaniakRichHTMLEditor/Extensions/WKUserContentController+Extension.swift:14:8: error: unable to resolve module dependency: 'WebKit'
import WebKit
^
/Users/admin/builder/spi-builder-workspace/Sources/InfomaniakRichHTMLEditor/Extensions/WKUserContentController+Extension.swift:14:8: note: a dependency of main module 'InfomaniakRichHTMLEditor'
import WebKit
^
/Users/admin/builder/spi-builder-workspace/Sources/InfomaniakRichHTMLEditor/Models/UserScript.swift:14:8: note: also imported here
import WebKit
^
/Users/admin/builder/spi-builder-workspace/Sources/InfomaniakRichHTMLEditor/RichHTMLEditorView.swift:27:8: note: also imported here
import WebKit
^
/Users/admin/builder/spi-builder-workspace/Sources/InfomaniakRichHTMLEditor/RichHTMLWebView.swift:14:8: note: also imported here
import WebKit
^
/Users/admin/builder/spi-builder-workspace/Sources/InfomaniakRichHTMLEditor/WebViewBridge/JavaScriptManager.swift:14:8: note: also imported here
import WebKit
^
/Users/admin/builder/spi-builder-workspace/Sources/InfomaniakRichHTMLEditor/WebViewBridge/ScriptMessageHandler.swift:15:8: note: also imported here
import WebKit
^
** BUILD FAILED **
The following build commands failed:
SwiftDriver InfomaniakRichHTMLEditor normal arm64_32 com.apple.xcode.tools.swift.compiler (in target 'InfomaniakRichHTMLEditor' from project 'InfomaniakRichHTMLEditor')
SwiftDriver InfomaniakRichHTMLEditor normal armv7k com.apple.xcode.tools.swift.compiler (in target 'InfomaniakRichHTMLEditor' from project 'InfomaniakRichHTMLEditor')
SwiftDriver InfomaniakRichHTMLEditor normal arm64 com.apple.xcode.tools.swift.compiler (in target 'InfomaniakRichHTMLEditor' from project 'InfomaniakRichHTMLEditor')
Building workspace spi-builder-workspace with scheme InfomaniakRichHTMLEditor
(4 failures)
Command line invocation:
/Applications/Xcode-26.4.0.app/Contents/Developer/usr/bin/xcodebuild -IDEClonedSourcePackagesDirPathOverride=/Users/admin/builder/spi-builder-workspace/.dependencies -resolvePackageDependencies
Resolve Package Graph
Resolved source packages:
InfomaniakRichHTMLEditor: /Users/admin/builder/spi-builder-workspace
resolved source packages: InfomaniakRichHTMLEditor
2026-06-25 12:43:54.530 xcodebuild[730:4745] [MT] IDERunDestination: Supported platforms for the buildables in the current scheme is empty.
{
"dependencies" : [
],
"manifest_display_name" : "InfomaniakRichHTMLEditor",
"name" : "InfomaniakRichHTMLEditor",
"path" : "/Users/admin/builder/spi-builder-workspace",
"platforms" : [
{
"name" : "ios",
"version" : "14.0"
},
{
"name" : "visionos",
"version" : "1.0"
},
{
"name" : "macos",
"version" : "11.0"
}
],
"products" : [
{
"name" : "InfomaniakRichHTMLEditor",
"targets" : [
"InfomaniakRichHTMLEditor"
],
"type" : {
"library" : [
"automatic"
]
}
}
],
"targets" : [
{
"c99name" : "InfomaniakRichHTMLEditorTests",
"module_type" : "SwiftTarget",
"name" : "InfomaniakRichHTMLEditorTests",
"path" : "Tests/InfomaniakRichHTMLEditorTests",
"sources" : [
"InfomaniakRichHTMLEditorTests.swift"
],
"target_dependencies" : [
"InfomaniakRichHTMLEditor"
],
"type" : "test"
},
{
"c99name" : "InfomaniakRichHTMLEditor",
"module_type" : "SwiftTarget",
"name" : "InfomaniakRichHTMLEditor",
"path" : "Sources/InfomaniakRichHTMLEditor",
"product_memberships" : [
"InfomaniakRichHTMLEditor"
],
"resources" : [
{
"path" : "/Users/admin/builder/spi-builder-workspace/Sources/InfomaniakRichHTMLEditor/Resources/css/style.css",
"rule" : {
"process" : {
}
}
},
{
"path" : "/Users/admin/builder/spi-builder-workspace/Sources/InfomaniakRichHTMLEditor/Resources/index.html",
"rule" : {
"process" : {
}
}
},
{
"path" : "/Users/admin/builder/spi-builder-workspace/Sources/InfomaniakRichHTMLEditor/Resources/js/editor/commands.js",
"rule" : {
"process" : {
}
}
},
{
"path" : "/Users/admin/builder/spi-builder-workspace/Sources/InfomaniakRichHTMLEditor/Resources/js/editor/focus.js",
"rule" : {
"process" : {
}
}
},
{
"path" : "/Users/admin/builder/spi-builder-workspace/Sources/InfomaniakRichHTMLEditor/Resources/js/editor/links.js",
"rule" : {
"process" : {
}
}
},
{
"path" : "/Users/admin/builder/spi-builder-workspace/Sources/InfomaniakRichHTMLEditor/Resources/js/editor/observer.js",
"rule" : {
"process" : {
}
}
},
{
"path" : "/Users/admin/builder/spi-builder-workspace/Sources/InfomaniakRichHTMLEditor/Resources/js/editor/selection.js",
"rule" : {
"process" : {
}
}
},
{
"path" : "/Users/admin/builder/spi-builder-workspace/Sources/InfomaniakRichHTMLEditor/Resources/js/editor/text-attributes.js",
"rule" : {
"process" : {
}
}
},
{
"path" : "/Users/admin/builder/spi-builder-workspace/Sources/InfomaniakRichHTMLEditor/Resources/js/main.js",
"rule" : {
"process" : {
}
}
},
{
"path" : "/Users/admin/builder/spi-builder-workspace/Sources/InfomaniakRichHTMLEditor/Resources/js/utils/captureLog.js",
"rule" : {
"process" : {
}
}
},
{
"path" : "/Users/admin/builder/spi-builder-workspace/Sources/InfomaniakRichHTMLEditor/Resources/js/utils/javascriptBridge.js",
"rule" : {
"process" : {
}
}
},
{
"path" : "/Users/admin/builder/spi-builder-workspace/Sources/InfomaniakRichHTMLEditor/Resources/js/utils/utils.js",
"rule" : {
"process" : {
}
}
}
],
"sources" : [
"Extensions/PlateformColor+Extension.swift",
"Extensions/String+Escaped.swift",
"Extensions/UIView+Extension.swift",
"Extensions/WKUserContentController+Extension.swift",
"Models/CaretPosition.swift",
"Models/EditorError.swift",
"Models/ExecCommand.swift",
"Models/JavaScriptFunction.swift",
"Models/TextJustification.swift",
"Models/UITextAttributes.swift",
"Models/UserScript.swift",
"RichHTMLEditorView+Commands.swift",
"RichHTMLEditorView.swift",
"RichHTMLEditorViewDelegate.swift",
"RichHTMLWebView.swift",
"SwiftUI/Models/TextAttributes+Commands.swift",
"SwiftUI/Models/TextAttributes.swift",
"SwiftUI/Views/RichEditor+Modifier.swift",
"SwiftUI/Views/RichHTMLEditor+Environment.swift",
"SwiftUI/Views/RichHTMLEditor.swift",
"SwiftUI/Views/RichHTMLEditorCoordinator.swift",
"Utils/Constants.swift",
"Utils/JavaScriptFormatterHelper.swift",
"WebViewBridge/JavaScriptManager.swift",
"WebViewBridge/ScriptMessageHandler.swift"
],
"type" : "library"
}
],
"tools_version" : "6.0"
}
{
"workspace" : {
"name" : "spi-builder-workspace",
"schemes" : [
"InfomaniakRichHTMLEditor"
]
}
}
2026-06-25 12:43:55.625 xcodebuild[740:4818] [MT] IDERunDestination: Supported platforms for the buildables in the current scheme is empty.
Running build ...
env DEVELOPER_DIR=/Applications/Xcode-26.4.0.app xcrun xcodebuild -IDEClonedSourcePackagesDirPathOverride=$PWD/.dependencies -skipMacroValidation -skipPackagePluginValidation -derivedDataPath $PWD/.derivedData build -scheme InfomaniakRichHTMLEditor -destination generic/platform=watchOS
Command line invocation:
/Applications/Xcode-26.4.0.app/Contents/Developer/usr/bin/xcodebuild -IDEClonedSourcePackagesDirPathOverride=/Users/admin/builder/spi-builder-workspace/.dependencies -skipMacroValidation -skipPackagePluginValidation -derivedDataPath /Users/admin/builder/spi-builder-workspace/.derivedData build -scheme InfomaniakRichHTMLEditor -destination generic/platform=watchOS
Resolve Package Graph
Resolved source packages:
InfomaniakRichHTMLEditor: /Users/admin/builder/spi-builder-workspace
ComputePackagePrebuildTargetDependencyGraph
Prepare packages
CreateBuildRequest
SendProjectDescription
CreateBuildOperation
ComputeTargetDependencyGraph
note: Building targets in dependency order
note: Target dependency graph (3 targets)
Target 'InfomaniakRichHTMLEditor' in project 'InfomaniakRichHTMLEditor'
➜ Explicit dependency on target 'InfomaniakRichHTMLEditor' in project 'InfomaniakRichHTMLEditor'
➜ Explicit dependency on target 'InfomaniakRichHTMLEditor_InfomaniakRichHTMLEditor' in project 'InfomaniakRichHTMLEditor'
Target 'InfomaniakRichHTMLEditor' in project 'InfomaniakRichHTMLEditor'
➜ Explicit dependency on target 'InfomaniakRichHTMLEditor_InfomaniakRichHTMLEditor' in project 'InfomaniakRichHTMLEditor'
Target 'InfomaniakRichHTMLEditor_InfomaniakRichHTMLEditor' in project 'InfomaniakRichHTMLEditor' (no dependencies)
GatherProvisioningInputs
CreateBuildDescription
ClangStatCache /Applications/Xcode-26.4.0.app/Contents/Developer/Toolchains/XcodeDefault.xctoolchain/usr/bin/clang-stat-cache /Applications/Xcode-26.4.0.app/Contents/Developer/Platforms/WatchOS.platform/Developer/SDKs/WatchOS26.4.sdk /Users/admin/builder/spi-builder-workspace/.derivedData/SDKStatCaches.noindex/watchos26.4-23T238-688ef53f1462e2c8f657fdc38a81448f9e51884a582f42380855760c9d4cc599.sdkstatcache
cd /Users/admin/builder/spi-builder-workspace/.swiftpm/xcode
/Applications/Xcode-26.4.0.app/Contents/Developer/Toolchains/XcodeDefault.xctoolchain/usr/bin/clang-stat-cache /Applications/Xcode-26.4.0.app/Contents/Developer/Platforms/WatchOS.platform/Developer/SDKs/WatchOS26.4.sdk -o /Users/admin/builder/spi-builder-workspace/.derivedData/SDKStatCaches.noindex/watchos26.4-23T238-688ef53f1462e2c8f657fdc38a81448f9e51884a582f42380855760c9d4cc599.sdkstatcache
SwiftDriver InfomaniakRichHTMLEditor normal arm64_32 com.apple.xcode.tools.swift.compiler (in target 'InfomaniakRichHTMLEditor' from project 'InfomaniakRichHTMLEditor')
cd /Users/admin/builder/spi-builder-workspace/.swiftpm/xcode
builtin-SwiftDriver -- /Applications/Xcode-26.4.0.app/Contents/Developer/Toolchains/XcodeDefault.xctoolchain/usr/bin/swiftc -module-name InfomaniakRichHTMLEditor -Onone @/Users/admin/builder/spi-builder-workspace/.derivedData/Build/Intermediates.noindex/InfomaniakRichHTMLEditor.build/Debug-watchos/InfomaniakRichHTMLEditor.build/Objects-normal/arm64_32/InfomaniakRichHTMLEditor.SwiftFileList -DSWIFT_PACKAGE -DDEBUG -DSWIFT_MODULE_RESOURCE_BUNDLE_AVAILABLE -DXcode -plugin-path /Applications/Xcode-26.4.0.app/Contents/Developer/Toolchains/XcodeDefault.xctoolchain/usr/lib/swift/host/plugins/testing -enable-experimental-feature DebugDescriptionMacro -sdk /Applications/Xcode-26.4.0.app/Contents/Developer/Platforms/WatchOS.platform/Developer/SDKs/WatchOS26.4.sdk -target arm64_32-apple-watchos7.0 -g -module-cache-path /Users/admin/builder/spi-builder-workspace/.derivedData/ModuleCache.noindex -Xfrontend -serialize-debugging-options -profile-coverage-mapping -profile-generate -enable-testing -index-store-path /Users/admin/builder/spi-builder-workspace/.derivedData/Index.noindex/DataStore -Xcc -D_LIBCPP_HARDENING_MODE\=_LIBCPP_HARDENING_MODE_DEBUG -swift-version 6 -I /Users/admin/builder/spi-builder-workspace/.derivedData/Build/Products/Debug-watchos -Isystem /Applications/Xcode-26.4.0.app/Contents/Developer/Platforms/WatchOS.platform/Developer/usr/lib -F /Users/admin/builder/spi-builder-workspace/.derivedData/Build/Products/Debug-watchos -F /Applications/Xcode-26.4.0.app/Contents/Developer/Platforms/WatchOS.platform/Developer/Library/Frameworks -F /Applications/Xcode-26.4.0.app/Contents/Developer/Platforms/WatchOS.platform/Developer/SDKs/WatchOS26.4.sdk/Developer/Library/Frameworks -c -j10 -enable-batch-mode -incremental -Xcc -ivfsstatcache -Xcc /Users/admin/builder/spi-builder-workspace/.derivedData/SDKStatCaches.noindex/watchos26.4-23T238-688ef53f1462e2c8f657fdc38a81448f9e51884a582f42380855760c9d4cc599.sdkstatcache -output-file-map /Users/admin/builder/spi-builder-workspace/.derivedData/Build/Intermediates.noindex/InfomaniakRichHTMLEditor.build/Debug-watchos/InfomaniakRichHTMLEditor.build/Objects-normal/arm64_32/InfomaniakRichHTMLEditor-OutputFileMap.json -use-frontend-parseable-output -save-temps -no-color-diagnostics -explicit-module-build -module-cache-path /Users/admin/builder/spi-builder-workspace/.derivedData/Build/Intermediates.noindex/SwiftExplicitPrecompiledModules -clang-scanner-module-cache-path /Users/admin/builder/spi-builder-workspace/.derivedData/ModuleCache.noindex -sdk-module-cache-path /Users/admin/builder/spi-builder-workspace/.derivedData/ModuleCache.noindex -serialize-diagnostics -emit-dependencies -emit-module -emit-module-path /Users/admin/builder/spi-builder-workspace/.derivedData/Build/Intermediates.noindex/InfomaniakRichHTMLEditor.build/Debug-watchos/InfomaniakRichHTMLEditor.build/Objects-normal/arm64_32/InfomaniakRichHTMLEditor.swiftmodule -validate-clang-modules-once -clang-build-session-file /Users/admin/builder/spi-builder-workspace/.derivedData/ModuleCache.noindex/Session.modulevalidation -package-name spi_builder_workspace -Xcc -I/Users/admin/builder/spi-builder-workspace/.derivedData/Build/Intermediates.noindex/InfomaniakRichHTMLEditor.build/Debug-watchos/InfomaniakRichHTMLEditor.build/swift-overrides.hmap -emit-const-values -Xfrontend -const-gather-protocols-file -Xfrontend /Users/admin/builder/spi-builder-workspace/.derivedData/Build/Intermediates.noindex/InfomaniakRichHTMLEditor.build/Debug-watchos/InfomaniakRichHTMLEditor.build/Objects-normal/arm64_32/InfomaniakRichHTMLEditor_const_extract_protocols.json -Xcc -I/Users/admin/builder/spi-builder-workspace/.derivedData/Build/Products/Debug-watchos/include -Xcc -I/Users/admin/builder/spi-builder-workspace/.derivedData/Build/Intermediates.noindex/InfomaniakRichHTMLEditor.build/Debug-watchos/InfomaniakRichHTMLEditor.build/DerivedSources-normal/arm64_32 -Xcc -I/Users/admin/builder/spi-builder-workspace/.derivedData/Build/Intermediates.noindex/InfomaniakRichHTMLEditor.build/Debug-watchos/InfomaniakRichHTMLEditor.build/DerivedSources/arm64_32 -Xcc -I/Users/admin/builder/spi-builder-workspace/.derivedData/Build/Intermediates.noindex/InfomaniakRichHTMLEditor.build/Debug-watchos/InfomaniakRichHTMLEditor.build/DerivedSources -Xcc -DSWIFT_PACKAGE -Xcc -DDEBUG\=1 -emit-objc-header -emit-objc-header-path /Users/admin/builder/spi-builder-workspace/.derivedData/Build/Intermediates.noindex/InfomaniakRichHTMLEditor.build/Debug-watchos/InfomaniakRichHTMLEditor.build/Objects-normal/arm64_32/InfomaniakRichHTMLEditor-Swift.h -working-directory /Users/admin/builder/spi-builder-workspace/.swiftpm/xcode -experimental-emit-module-separately -disable-cmo
/Users/admin/builder/spi-builder-workspace/Sources/InfomaniakRichHTMLEditor/Extensions/WKUserContentController+Extension.swift:14:8: error: Unable to resolve module dependency: 'WebKit'
import WebKit
^ (in target 'InfomaniakRichHTMLEditor' from project 'InfomaniakRichHTMLEditor')
/Users/admin/builder/spi-builder-workspace/Sources/InfomaniakRichHTMLEditor/Extensions/WKUserContentController+Extension.swift:14:8: note: A dependency of main module 'InfomaniakRichHTMLEditor'
import WebKit
^ (in target 'InfomaniakRichHTMLEditor' from project 'InfomaniakRichHTMLEditor')
/Users/admin/builder/spi-builder-workspace/Sources/InfomaniakRichHTMLEditor/Models/UserScript.swift:14:8: note: Also imported here
import WebKit
^ (in target 'InfomaniakRichHTMLEditor' from project 'InfomaniakRichHTMLEditor')
/Users/admin/builder/spi-builder-workspace/Sources/InfomaniakRichHTMLEditor/RichHTMLEditorView.swift:27:8: note: Also imported here
import WebKit
^ (in target 'InfomaniakRichHTMLEditor' from project 'InfomaniakRichHTMLEditor')
/Users/admin/builder/spi-builder-workspace/Sources/InfomaniakRichHTMLEditor/RichHTMLWebView.swift:14:8: note: Also imported here
import WebKit
^ (in target 'InfomaniakRichHTMLEditor' from project 'InfomaniakRichHTMLEditor')
/Users/admin/builder/spi-builder-workspace/Sources/InfomaniakRichHTMLEditor/WebViewBridge/JavaScriptManager.swift:14:8: note: Also imported here
import WebKit
^ (in target 'InfomaniakRichHTMLEditor' from project 'InfomaniakRichHTMLEditor')
/Users/admin/builder/spi-builder-workspace/Sources/InfomaniakRichHTMLEditor/WebViewBridge/ScriptMessageHandler.swift:15:8: note: Also imported here
import WebKit
^ (in target 'InfomaniakRichHTMLEditor' from project 'InfomaniakRichHTMLEditor')
SwiftDriver InfomaniakRichHTMLEditor normal arm64 com.apple.xcode.tools.swift.compiler (in target 'InfomaniakRichHTMLEditor' from project 'InfomaniakRichHTMLEditor')
cd /Users/admin/builder/spi-builder-workspace/.swiftpm/xcode
builtin-SwiftDriver -- /Applications/Xcode-26.4.0.app/Contents/Developer/Toolchains/XcodeDefault.xctoolchain/usr/bin/swiftc -module-name InfomaniakRichHTMLEditor -Onone @/Users/admin/builder/spi-builder-workspace/.derivedData/Build/Intermediates.noindex/InfomaniakRichHTMLEditor.build/Debug-watchos/InfomaniakRichHTMLEditor.build/Objects-normal/arm64/InfomaniakRichHTMLEditor.SwiftFileList -DSWIFT_PACKAGE -DDEBUG -DSWIFT_MODULE_RESOURCE_BUNDLE_AVAILABLE -DXcode -plugin-path /Applications/Xcode-26.4.0.app/Contents/Developer/Toolchains/XcodeDefault.xctoolchain/usr/lib/swift/host/plugins/testing -enable-experimental-feature DebugDescriptionMacro -sdk /Applications/Xcode-26.4.0.app/Contents/Developer/Platforms/WatchOS.platform/Developer/SDKs/WatchOS26.4.sdk -target arm64-apple-watchos7.0 -g -module-cache-path /Users/admin/builder/spi-builder-workspace/.derivedData/ModuleCache.noindex -Xfrontend -serialize-debugging-options -profile-coverage-mapping -profile-generate -enable-testing -index-store-path /Users/admin/builder/spi-builder-workspace/.derivedData/Index.noindex/DataStore -Xcc -D_LIBCPP_HARDENING_MODE\=_LIBCPP_HARDENING_MODE_DEBUG -swift-version 6 -I /Users/admin/builder/spi-builder-workspace/.derivedData/Build/Products/Debug-watchos -Isystem /Applications/Xcode-26.4.0.app/Contents/Developer/Platforms/WatchOS.platform/Developer/usr/lib -F /Users/admin/builder/spi-builder-workspace/.derivedData/Build/Products/Debug-watchos -F /Applications/Xcode-26.4.0.app/Contents/Developer/Platforms/WatchOS.platform/Developer/Library/Frameworks -F /Applications/Xcode-26.4.0.app/Contents/Developer/Platforms/WatchOS.platform/Developer/SDKs/WatchOS26.4.sdk/Developer/Library/Frameworks -c -j10 -enable-batch-mode -incremental -Xcc -ivfsstatcache -Xcc /Users/admin/builder/spi-builder-workspace/.derivedData/SDKStatCaches.noindex/watchos26.4-23T238-688ef53f1462e2c8f657fdc38a81448f9e51884a582f42380855760c9d4cc599.sdkstatcache -output-file-map /Users/admin/builder/spi-builder-workspace/.derivedData/Build/Intermediates.noindex/InfomaniakRichHTMLEditor.build/Debug-watchos/InfomaniakRichHTMLEditor.build/Objects-normal/arm64/InfomaniakRichHTMLEditor-OutputFileMap.json -use-frontend-parseable-output -save-temps -no-color-diagnostics -explicit-module-build -module-cache-path /Users/admin/builder/spi-builder-workspace/.derivedData/Build/Intermediates.noindex/SwiftExplicitPrecompiledModules -clang-scanner-module-cache-path /Users/admin/builder/spi-builder-workspace/.derivedData/ModuleCache.noindex -sdk-module-cache-path /Users/admin/builder/spi-builder-workspace/.derivedData/ModuleCache.noindex -serialize-diagnostics -emit-dependencies -emit-module -emit-module-path /Users/admin/builder/spi-builder-workspace/.derivedData/Build/Intermediates.noindex/InfomaniakRichHTMLEditor.build/Debug-watchos/InfomaniakRichHTMLEditor.build/Objects-normal/arm64/InfomaniakRichHTMLEditor.swiftmodule -validate-clang-modules-once -clang-build-session-file /Users/admin/builder/spi-builder-workspace/.derivedData/ModuleCache.noindex/Session.modulevalidation -package-name spi_builder_workspace -Xcc -I/Users/admin/builder/spi-builder-workspace/.derivedData/Build/Intermediates.noindex/InfomaniakRichHTMLEditor.build/Debug-watchos/InfomaniakRichHTMLEditor.build/swift-overrides.hmap -emit-const-values -Xfrontend -const-gather-protocols-file -Xfrontend /Users/admin/builder/spi-builder-workspace/.derivedData/Build/Intermediates.noindex/InfomaniakRichHTMLEditor.build/Debug-watchos/InfomaniakRichHTMLEditor.build/Objects-normal/arm64/InfomaniakRichHTMLEditor_const_extract_protocols.json -Xcc -I/Users/admin/builder/spi-builder-workspace/.derivedData/Build/Products/Debug-watchos/include -Xcc -I/Users/admin/builder/spi-builder-workspace/.derivedData/Build/Intermediates.noindex/InfomaniakRichHTMLEditor.build/Debug-watchos/InfomaniakRichHTMLEditor.build/DerivedSources-normal/arm64 -Xcc -I/Users/admin/builder/spi-builder-workspace/.derivedData/Build/Intermediates.noindex/InfomaniakRichHTMLEditor.build/Debug-watchos/InfomaniakRichHTMLEditor.build/DerivedSources/arm64 -Xcc -I/Users/admin/builder/spi-builder-workspace/.derivedData/Build/Intermediates.noindex/InfomaniakRichHTMLEditor.build/Debug-watchos/InfomaniakRichHTMLEditor.build/DerivedSources -Xcc -DSWIFT_PACKAGE -Xcc -DDEBUG\=1 -emit-objc-header -emit-objc-header-path /Users/admin/builder/spi-builder-workspace/.derivedData/Build/Intermediates.noindex/InfomaniakRichHTMLEditor.build/Debug-watchos/InfomaniakRichHTMLEditor.build/Objects-normal/arm64/InfomaniakRichHTMLEditor-Swift.h -working-directory /Users/admin/builder/spi-builder-workspace/.swiftpm/xcode -experimental-emit-module-separately -disable-cmo
/Users/admin/builder/spi-builder-workspace/Sources/InfomaniakRichHTMLEditor/Extensions/WKUserContentController+Extension.swift:14:8: error: Unable to resolve module dependency: 'WebKit'
import WebKit
^ (in target 'InfomaniakRichHTMLEditor' from project 'InfomaniakRichHTMLEditor')
/Users/admin/builder/spi-builder-workspace/Sources/InfomaniakRichHTMLEditor/Extensions/WKUserContentController+Extension.swift:14:8: note: A dependency of main module 'InfomaniakRichHTMLEditor'
import WebKit
^ (in target 'InfomaniakRichHTMLEditor' from project 'InfomaniakRichHTMLEditor')
/Users/admin/builder/spi-builder-workspace/Sources/InfomaniakRichHTMLEditor/Models/UserScript.swift:14:8: note: Also imported here
import WebKit
^ (in target 'InfomaniakRichHTMLEditor' from project 'InfomaniakRichHTMLEditor')
/Users/admin/builder/spi-builder-workspace/Sources/InfomaniakRichHTMLEditor/RichHTMLEditorView.swift:27:8: note: Also imported here
import WebKit
^ (in target 'InfomaniakRichHTMLEditor' from project 'InfomaniakRichHTMLEditor')
/Users/admin/builder/spi-builder-workspace/Sources/InfomaniakRichHTMLEditor/RichHTMLWebView.swift:14:8: note: Also imported here
import WebKit
^ (in target 'InfomaniakRichHTMLEditor' from project 'InfomaniakRichHTMLEditor')
/Users/admin/builder/spi-builder-workspace/Sources/InfomaniakRichHTMLEditor/WebViewBridge/JavaScriptManager.swift:14:8: note: Also imported here
import WebKit
^ (in target 'InfomaniakRichHTMLEditor' from project 'InfomaniakRichHTMLEditor')
/Users/admin/builder/spi-builder-workspace/Sources/InfomaniakRichHTMLEditor/WebViewBridge/ScriptMessageHandler.swift:15:8: note: Also imported here
import WebKit
^ (in target 'InfomaniakRichHTMLEditor' from project 'InfomaniakRichHTMLEditor')
SwiftDriver InfomaniakRichHTMLEditor normal armv7k com.apple.xcode.tools.swift.compiler (in target 'InfomaniakRichHTMLEditor' from project 'InfomaniakRichHTMLEditor')
cd /Users/admin/builder/spi-builder-workspace/.swiftpm/xcode
builtin-SwiftDriver -- /Applications/Xcode-26.4.0.app/Contents/Developer/Toolchains/XcodeDefault.xctoolchain/usr/bin/swiftc -module-name InfomaniakRichHTMLEditor -Onone @/Users/admin/builder/spi-builder-workspace/.derivedData/Build/Intermediates.noindex/InfomaniakRichHTMLEditor.build/Debug-watchos/InfomaniakRichHTMLEditor.build/Objects-normal/armv7k/InfomaniakRichHTMLEditor.SwiftFileList -DSWIFT_PACKAGE -DDEBUG -DSWIFT_MODULE_RESOURCE_BUNDLE_AVAILABLE -DXcode -plugin-path /Applications/Xcode-26.4.0.app/Contents/Developer/Toolchains/XcodeDefault.xctoolchain/usr/lib/swift/host/plugins/testing -enable-experimental-feature DebugDescriptionMacro -sdk /Applications/Xcode-26.4.0.app/Contents/Developer/Platforms/WatchOS.platform/Developer/SDKs/WatchOS26.4.sdk -target armv7k-apple-watchos7.0 -g -module-cache-path /Users/admin/builder/spi-builder-workspace/.derivedData/ModuleCache.noindex -Xfrontend -serialize-debugging-options -profile-coverage-mapping -profile-generate -enable-testing -index-store-path /Users/admin/builder/spi-builder-workspace/.derivedData/Index.noindex/DataStore -Xcc -D_LIBCPP_HARDENING_MODE\=_LIBCPP_HARDENING_MODE_DEBUG -swift-version 6 -I /Users/admin/builder/spi-builder-workspace/.derivedData/Build/Products/Debug-watchos -Isystem /Applications/Xcode-26.4.0.app/Contents/Developer/Platforms/WatchOS.platform/Developer/usr/lib -F /Users/admin/builder/spi-builder-workspace/.derivedData/Build/Products/Debug-watchos -F /Applications/Xcode-26.4.0.app/Contents/Developer/Platforms/WatchOS.platform/Developer/Library/Frameworks -F /Applications/Xcode-26.4.0.app/Contents/Developer/Platforms/WatchOS.platform/Developer/SDKs/WatchOS26.4.sdk/Developer/Library/Frameworks -c -j10 -enable-batch-mode -incremental -Xcc -ivfsstatcache -Xcc /Users/admin/builder/spi-builder-workspace/.derivedData/SDKStatCaches.noindex/watchos26.4-23T238-688ef53f1462e2c8f657fdc38a81448f9e51884a582f42380855760c9d4cc599.sdkstatcache -output-file-map /Users/admin/builder/spi-builder-workspace/.derivedData/Build/Intermediates.noindex/InfomaniakRichHTMLEditor.build/Debug-watchos/InfomaniakRichHTMLEditor.build/Objects-normal/armv7k/InfomaniakRichHTMLEditor-OutputFileMap.json -use-frontend-parseable-output -save-temps -no-color-diagnostics -explicit-module-build -module-cache-path /Users/admin/builder/spi-builder-workspace/.derivedData/Build/Intermediates.noindex/SwiftExplicitPrecompiledModules -clang-scanner-module-cache-path /Users/admin/builder/spi-builder-workspace/.derivedData/ModuleCache.noindex -sdk-module-cache-path /Users/admin/builder/spi-builder-workspace/.derivedData/ModuleCache.noindex -serialize-diagnostics -emit-dependencies -emit-module -emit-module-path /Users/admin/builder/spi-builder-workspace/.derivedData/Build/Intermediates.noindex/InfomaniakRichHTMLEditor.build/Debug-watchos/InfomaniakRichHTMLEditor.build/Objects-normal/armv7k/InfomaniakRichHTMLEditor.swiftmodule -validate-clang-modules-once -clang-build-session-file /Users/admin/builder/spi-builder-workspace/.derivedData/ModuleCache.noindex/Session.modulevalidation -package-name spi_builder_workspace -Xcc -I/Users/admin/builder/spi-builder-workspace/.derivedData/Build/Intermediates.noindex/InfomaniakRichHTMLEditor.build/Debug-watchos/InfomaniakRichHTMLEditor.build/swift-overrides.hmap -emit-const-values -Xfrontend -const-gather-protocols-file -Xfrontend /Users/admin/builder/spi-builder-workspace/.derivedData/Build/Intermediates.noindex/InfomaniakRichHTMLEditor.build/Debug-watchos/InfomaniakRichHTMLEditor.build/Objects-normal/armv7k/InfomaniakRichHTMLEditor_const_extract_protocols.json -Xcc -I/Users/admin/builder/spi-builder-workspace/.derivedData/Build/Products/Debug-watchos/include -Xcc -I/Users/admin/builder/spi-builder-workspace/.derivedData/Build/Intermediates.noindex/InfomaniakRichHTMLEditor.build/Debug-watchos/InfomaniakRichHTMLEditor.build/DerivedSources-normal/armv7k -Xcc -I/Users/admin/builder/spi-builder-workspace/.derivedData/Build/Intermediates.noindex/InfomaniakRichHTMLEditor.build/Debug-watchos/InfomaniakRichHTMLEditor.build/DerivedSources/armv7k -Xcc -I/Users/admin/builder/spi-builder-workspace/.derivedData/Build/Intermediates.noindex/InfomaniakRichHTMLEditor.build/Debug-watchos/InfomaniakRichHTMLEditor.build/DerivedSources -Xcc -DSWIFT_PACKAGE -Xcc -DDEBUG\=1 -emit-objc-header -emit-objc-header-path /Users/admin/builder/spi-builder-workspace/.derivedData/Build/Intermediates.noindex/InfomaniakRichHTMLEditor.build/Debug-watchos/InfomaniakRichHTMLEditor.build/Objects-normal/armv7k/InfomaniakRichHTMLEditor-Swift.h -working-directory /Users/admin/builder/spi-builder-workspace/.swiftpm/xcode -experimental-emit-module-separately -disable-cmo
/Users/admin/builder/spi-builder-workspace/Sources/InfomaniakRichHTMLEditor/Extensions/WKUserContentController+Extension.swift:14:8: error: Unable to resolve module dependency: 'WebKit'
import WebKit
^ (in target 'InfomaniakRichHTMLEditor' from project 'InfomaniakRichHTMLEditor')
/Users/admin/builder/spi-builder-workspace/Sources/InfomaniakRichHTMLEditor/Extensions/WKUserContentController+Extension.swift:14:8: note: A dependency of main module 'InfomaniakRichHTMLEditor'
import WebKit
^ (in target 'InfomaniakRichHTMLEditor' from project 'InfomaniakRichHTMLEditor')
/Users/admin/builder/spi-builder-workspace/Sources/InfomaniakRichHTMLEditor/Models/UserScript.swift:14:8: note: Also imported here
import WebKit
^ (in target 'InfomaniakRichHTMLEditor' from project 'InfomaniakRichHTMLEditor')
/Users/admin/builder/spi-builder-workspace/Sources/InfomaniakRichHTMLEditor/RichHTMLEditorView.swift:27:8: note: Also imported here
import WebKit
^ (in target 'InfomaniakRichHTMLEditor' from project 'InfomaniakRichHTMLEditor')
/Users/admin/builder/spi-builder-workspace/Sources/InfomaniakRichHTMLEditor/RichHTMLWebView.swift:14:8: note: Also imported here
import WebKit
^ (in target 'InfomaniakRichHTMLEditor' from project 'InfomaniakRichHTMLEditor')
/Users/admin/builder/spi-builder-workspace/Sources/InfomaniakRichHTMLEditor/WebViewBridge/JavaScriptManager.swift:14:8: note: Also imported here
import WebKit
^ (in target 'InfomaniakRichHTMLEditor' from project 'InfomaniakRichHTMLEditor')
/Users/admin/builder/spi-builder-workspace/Sources/InfomaniakRichHTMLEditor/WebViewBridge/ScriptMessageHandler.swift:15:8: note: Also imported here
import WebKit
^ (in target 'InfomaniakRichHTMLEditor' from project 'InfomaniakRichHTMLEditor')
2026-06-25 12:43:56.453 xcodebuild[743:4851] [MT] IDERunDestination: Supported platforms for the buildables in the current scheme is empty.
/Users/admin/builder/spi-builder-workspace/Sources/InfomaniakRichHTMLEditor/Extensions/WKUserContentController+Extension.swift:14:8: error: unable to resolve module dependency: 'WebKit'
import WebKit
^
/Users/admin/builder/spi-builder-workspace/Sources/InfomaniakRichHTMLEditor/Extensions/WKUserContentController+Extension.swift:14:8: note: a dependency of main module 'InfomaniakRichHTMLEditor'
import WebKit
^
/Users/admin/builder/spi-builder-workspace/Sources/InfomaniakRichHTMLEditor/Models/UserScript.swift:14:8: note: also imported here
import WebKit
^
/Users/admin/builder/spi-builder-workspace/Sources/InfomaniakRichHTMLEditor/RichHTMLEditorView.swift:27:8: note: also imported here
import WebKit
^
/Users/admin/builder/spi-builder-workspace/Sources/InfomaniakRichHTMLEditor/RichHTMLWebView.swift:14:8: note: also imported here
import WebKit
^
/Users/admin/builder/spi-builder-workspace/Sources/InfomaniakRichHTMLEditor/WebViewBridge/JavaScriptManager.swift:14:8: note: also imported here
import WebKit
^
/Users/admin/builder/spi-builder-workspace/Sources/InfomaniakRichHTMLEditor/WebViewBridge/ScriptMessageHandler.swift:15:8: note: also imported here
import WebKit
^
/Users/admin/builder/spi-builder-workspace/Sources/InfomaniakRichHTMLEditor/Extensions/WKUserContentController+Extension.swift:14:8: error: unable to resolve module dependency: 'WebKit'
import WebKit
^
/Users/admin/builder/spi-builder-workspace/Sources/InfomaniakRichHTMLEditor/Extensions/WKUserContentController+Extension.swift:14:8: note: a dependency of main module 'InfomaniakRichHTMLEditor'
import WebKit
^
/Users/admin/builder/spi-builder-workspace/Sources/InfomaniakRichHTMLEditor/Models/UserScript.swift:14:8: note: also imported here
import WebKit
^
/Users/admin/builder/spi-builder-workspace/Sources/InfomaniakRichHTMLEditor/RichHTMLEditorView.swift:27:8: note: also imported here
import WebKit
^
/Users/admin/builder/spi-builder-workspace/Sources/InfomaniakRichHTMLEditor/RichHTMLWebView.swift:14:8: note: also imported here
import WebKit
^
/Users/admin/builder/spi-builder-workspace/Sources/InfomaniakRichHTMLEditor/WebViewBridge/JavaScriptManager.swift:14:8: note: also imported here
import WebKit
^
/Users/admin/builder/spi-builder-workspace/Sources/InfomaniakRichHTMLEditor/WebViewBridge/ScriptMessageHandler.swift:15:8: note: also imported here
import WebKit
^
/Users/admin/builder/spi-builder-workspace/Sources/InfomaniakRichHTMLEditor/Extensions/WKUserContentController+Extension.swift:14:8: error: unable to resolve module dependency: 'WebKit'
import WebKit
^
/Users/admin/builder/spi-builder-workspace/Sources/InfomaniakRichHTMLEditor/Extensions/WKUserContentController+Extension.swift:14:8: note: a dependency of main module 'InfomaniakRichHTMLEditor'
import WebKit
^
/Users/admin/builder/spi-builder-workspace/Sources/InfomaniakRichHTMLEditor/Models/UserScript.swift:14:8: note: also imported here
import WebKit
^
/Users/admin/builder/spi-builder-workspace/Sources/InfomaniakRichHTMLEditor/RichHTMLEditorView.swift:27:8: note: also imported here
import WebKit
^
/Users/admin/builder/spi-builder-workspace/Sources/InfomaniakRichHTMLEditor/RichHTMLWebView.swift:14:8: note: also imported here
import WebKit
^
/Users/admin/builder/spi-builder-workspace/Sources/InfomaniakRichHTMLEditor/WebViewBridge/JavaScriptManager.swift:14:8: note: also imported here
import WebKit
^
/Users/admin/builder/spi-builder-workspace/Sources/InfomaniakRichHTMLEditor/WebViewBridge/ScriptMessageHandler.swift:15:8: note: also imported here
import WebKit
^
** BUILD FAILED **
The following build commands failed:
SwiftDriver InfomaniakRichHTMLEditor normal arm64_32 com.apple.xcode.tools.swift.compiler (in target 'InfomaniakRichHTMLEditor' from project 'InfomaniakRichHTMLEditor')
SwiftDriver InfomaniakRichHTMLEditor normal arm64 com.apple.xcode.tools.swift.compiler (in target 'InfomaniakRichHTMLEditor' from project 'InfomaniakRichHTMLEditor')
SwiftDriver InfomaniakRichHTMLEditor normal armv7k com.apple.xcode.tools.swift.compiler (in target 'InfomaniakRichHTMLEditor' from project 'InfomaniakRichHTMLEditor')
Building workspace spi-builder-workspace with scheme InfomaniakRichHTMLEditor
(4 failures)
BUILD FAILURE 6.3 watchOS