The Swift Package Index logo.Swift Package Index

Build Information

Failed to build AppKit with Swift 5.10 for Linux.

Build Command

bash -c docker run --rm -v "checkouts-4606859-0":/host -w "$workDir" registry.gitlab.com/finestructure/spi-images:basic-5.10-latest swift build 2>&1

Build Log

========================================
RunAll
========================================
Builder version: 4.29.0
Interrupt handler set up.
========================================
Checkout
========================================
Clone URL: https://github.com/ligr/appkit.git
Reference: 0.1.1
Initialized empty Git repository in /host/spi-builder-workspace/.git/
hint: Using 'master' as the name for the initial branch. This default branch name
hint: is subject to change. To configure the initial branch name to use in all
hint: of your new repositories, which will suppress this warning, call:
hint:
hint: 	git config --global init.defaultBranch <name>
hint:
hint: Names commonly chosen instead of 'master' are 'main', 'trunk' and
hint: 'development'. The just-created branch can be renamed via this command:
hint:
hint: 	git branch -m <name>
From https://github.com/ligr/appkit
 * tag               0.1.1      -> FETCH_HEAD
HEAD is now at d9de689 add switch
Cloned https://github.com/ligr/appkit.git
Revision (git rev-parse @):
d9de6894fab9dabd8b23f2f08ade3e5928c8e7db
SUCCESS checkout https://github.com/ligr/appkit.git at 0.1.1
========================================
Build
========================================
Selected platform:         linux
Swift version:             5.10
Building package at path:  $workDir
https://github.com/ligr/appkit.git
Running build ...
bash -c docker run --rm -v "checkouts-4606859-0":/host -w "$workDir" registry.gitlab.com/finestructure/spi-images:basic-5.10-latest swift build 2>&1
error: 'spi-builder-workspace': Invalid manifest (compiled with: ["/usr/bin/swiftc", "-vfsoverlay", "/tmp/TemporaryDirectory.W3JJe5/vfs.yaml", "-L", "/usr/lib/swift/pm/ManifestAPI", "-lPackageDescription", "-Xlinker", "-rpath", "-Xlinker", "/usr/lib/swift/pm/ManifestAPI", "-swift-version", "5", "-I", "/usr/lib/swift/pm/ManifestAPI", "-package-description-version", "5.1.0", "/host/spi-builder-workspace/Package.swift", "-Xfrontend", "-disable-implicit-concurrency-module-import", "-Xfrontend", "-disable-implicit-string-processing-module-import", "-o", "/tmp/TemporaryDirectory.0bsqT0/spi-builder-workspace-manifest"])
error: fatalError
/host/spi-builder-workspace/Package.swift:31:29: error: type 'Target.Dependency' has no member '_targetItem'
            dependencies: [._targetItem(name: "AppKit")]),
                           ~^~~~~~~~~~~
error: 'spi-builder-workspace': Invalid manifest (compiled with: ["/usr/bin/swiftc", "-vfsoverlay", "/tmp/TemporaryDirectory.3GdZa0/vfs.yaml", "-L", "/usr/lib/swift/pm/ManifestAPI", "-lPackageDescription", "-Xlinker", "-rpath", "-Xlinker", "/usr/lib/swift/pm/ManifestAPI", "-swift-version", "5", "-I", "/usr/lib/swift/pm/ManifestAPI", "-package-description-version", "5.1.0", "/host/spi-builder-workspace/Package.swift", "-Xfrontend", "-disable-implicit-concurrency-module-import", "-Xfrontend", "-disable-implicit-string-processing-module-import", "-o", "/tmp/TemporaryDirectory.yGzN8L/spi-builder-workspace-manifest"])
error: fatalError
/host/spi-builder-workspace/Package.swift:31:29: error: type 'Target.Dependency' has no member '_targetItem'
            dependencies: [._targetItem(name: "AppKit")]),
                           ~^~~~~~~~~~~
BUILD FAILURE 5.10 linux

Build Machine: Linux 1