Build Information
Failed to build JudgeCalibrationKit, reference 0.3.0 (974524), with Swift 6.3 for watchOS using Xcode 26.4 on 11 Aug 2026 19:18:42 UTC.
Build Command
env DEVELOPER_DIR=/Applications/Xcode-26.4.0.app xcrun xcodebuild -IDEClonedSourcePackagesDirPathOverride=$PWD/.dependencies -skipMacroValidation -skipPackagePluginValidation -derivedDataPath $PWD/.derivedData build -scheme JudgeCalibrationKit-Package -destination generic/platform=watchOSBuild Log
SwiftExplicitDependencyGeneratePcm armv7k /Users/admin/builder/spi-builder-workspace/.derivedData/ModuleCache.noindex/_SwiftConcurrencyShims-8XLZ2TS80YAL53Q0Q3A6ZS6ZT.pcm
SwiftExplicitDependencyGeneratePcm armv7k /Users/admin/builder/spi-builder-workspace/.derivedData/ModuleCache.noindex/ptrauth-CS7PFDO9VO42X1AIZ6EWBVDQ2.pcm
SwiftExplicitDependencyGeneratePcm armv7k /Users/admin/builder/spi-builder-workspace/.derivedData/ModuleCache.noindex/_Builtin_stddef-9MVLLGAH7IBICW3NYCD73F8QA.pcm
SwiftExplicitDependencyGeneratePcm armv7k /Users/admin/builder/spi-builder-workspace/.derivedData/ModuleCache.noindex/_Builtin_stdbool-856YA4XCT9VDWQMTOUI1NVU2.pcm
SwiftExplicitDependencyGeneratePcm armv7k /Users/admin/builder/spi-builder-workspace/.derivedData/ModuleCache.noindex/_AvailabilityInternal-QJ78F7IJG568G1O466A8X3NB.pcm
SwiftExplicitDependencyGeneratePcm armv7k /Users/admin/builder/spi-builder-workspace/.derivedData/ModuleCache.noindex/ptrcheck-DEOEBV79WBI36EAEV0AOG0GKL.pcm
SwiftExplicitDependencyGeneratePcm armv7k /Users/admin/builder/spi-builder-workspace/.derivedData/ModuleCache.noindex/SwiftShims-2ZR2MNDQXQDAOMRAQZ45CE81G.pcm
SwiftExplicitDependencyGeneratePcm armv7k /Users/admin/builder/spi-builder-workspace/.derivedData/ModuleCache.noindex/_Builtin_float-AI92T2A5LSX8RA8IKBL1CXDZL.pcm
SwiftExplicitDependencyGeneratePcm armv7k /Users/admin/builder/spi-builder-workspace/.derivedData/ModuleCache.noindex/_Builtin_stdarg-A6301BTRI5ZX5EDBTBW37E6IM.pcm
SwiftExplicitDependencyGeneratePcm arm64 /Users/admin/builder/spi-builder-workspace/.derivedData/ModuleCache.noindex/ptrauth-8NZTOI4T0VWLZ8LCHBTWOV0U.pcm
SwiftExplicitDependencyGeneratePcm arm64_32 /Users/admin/builder/spi-builder-workspace/.derivedData/ModuleCache.noindex/_Builtin_stdbool-32VS6E3RJ2GW9HCKVH7N8W3I1.pcm
SwiftExplicitDependencyGeneratePcm arm64 /Users/admin/builder/spi-builder-workspace/.derivedData/ModuleCache.noindex/_Builtin_float-1SCPK6D91G9GTJ123R4QFENF6.pcm
SwiftExplicitDependencyGeneratePcm arm64 /Users/admin/builder/spi-builder-workspace/.derivedData/ModuleCache.noindex/_Builtin_stdbool-EZGCYJSMQH3DYOXQY29AVGE07.pcm
SwiftExplicitDependencyGeneratePcm arm64_32 /Users/admin/builder/spi-builder-workspace/.derivedData/ModuleCache.noindex/SwiftShims-EDJTPVI58WEN65KIWCAS19P47.pcm
SwiftExplicitDependencyGeneratePcm arm64_32 /Users/admin/builder/spi-builder-workspace/.derivedData/ModuleCache.noindex/ptrcheck-266NT1P7D1LMWVI1EJLP0L9GE.pcm
SwiftExplicitDependencyGeneratePcm arm64_32 /Users/admin/builder/spi-builder-workspace/.derivedData/ModuleCache.noindex/_Builtin_stddef-5FZDPVDXD2HPLM78ZOM9N03SU.pcm
SwiftExplicitDependencyGeneratePcm arm64_32 /Users/admin/builder/spi-builder-workspace/.derivedData/ModuleCache.noindex/_Builtin_stdarg-9QJQ6YF71IBBNARH6DJ15ECUA.pcm
SwiftExplicitDependencyGeneratePcm arm64 /Users/admin/builder/spi-builder-workspace/.derivedData/ModuleCache.noindex/_Builtin_stddef-23GVZO3J60TK1907VB9EHEBV9.pcm
SwiftExplicitDependencyGeneratePcm armv7k /Users/admin/builder/spi-builder-workspace/.derivedData/ModuleCache.noindex/_DarwinFoundation1-7JDHPVGJXIV0F0QT0TMFHPDJ1.pcm
SwiftExplicitDependencyGeneratePcm arm64 /Users/admin/builder/spi-builder-workspace/.derivedData/ModuleCache.noindex/_SwiftConcurrencyShims-4ZAELXTE2GG4SZFDXPWPT7O9.pcm
SwiftExplicitDependencyGeneratePcm arm64 /Users/admin/builder/spi-builder-workspace/.derivedData/ModuleCache.noindex/_AvailabilityInternal-VGXHWQD1X9HM4Q2T00E645TO.pcm
SwiftExplicitDependencyGeneratePcm arm64 /Users/admin/builder/spi-builder-workspace/.derivedData/ModuleCache.noindex/_Builtin_stdarg-9C1VDMTMAA0JCC5F9EDHMU7LC.pcm
SwiftExplicitDependencyGeneratePcm arm64 /Users/admin/builder/spi-builder-workspace/.derivedData/ModuleCache.noindex/ptrcheck-D9WKCDD8BROY62AW3B8MFPIXL.pcm
SwiftExplicitDependencyGeneratePcm arm64 /Users/admin/builder/spi-builder-workspace/.derivedData/ModuleCache.noindex/SwiftShims-3F71YKAFPIL4I12A9PF0U6XHE.pcm
SwiftExplicitDependencyGeneratePcm arm64_32 /Users/admin/builder/spi-builder-workspace/.derivedData/ModuleCache.noindex/ptrauth-86SG3KWN2416SP1TV07QXWLZJ.pcm
SwiftExplicitDependencyGeneratePcm arm64_32 /Users/admin/builder/spi-builder-workspace/.derivedData/ModuleCache.noindex/_Builtin_float-32WBVDB5Y1RJ3SQX5PTMTSJGL.pcm
SwiftExplicitDependencyGeneratePcm arm64_32 /Users/admin/builder/spi-builder-workspace/.derivedData/ModuleCache.noindex/_AvailabilityInternal-3FGS91GJTSCVBQWF0AZ8RDWIB.pcm
SwiftExplicitDependencyGeneratePcm arm64_32 /Users/admin/builder/spi-builder-workspace/.derivedData/ModuleCache.noindex/_SwiftConcurrencyShims-CS37TA6S5T8WO941F1Y6KPTPB.pcm
SwiftExplicitDependencyGeneratePcm armv7k /Users/admin/builder/spi-builder-workspace/.derivedData/ModuleCache.noindex/_DarwinFoundation2-CL2MZM3NQ4A4YTBAJBGDKOLWP.pcm
SwiftExplicitDependencyGeneratePcm armv7k /Users/admin/builder/spi-builder-workspace/.derivedData/ModuleCache.noindex/_Builtin_limits-BEX4R8967RNOTRUYZ7EFL984V.pcm
SwiftExplicitDependencyGeneratePcm arm64 /Users/admin/builder/spi-builder-workspace/.derivedData/ModuleCache.noindex/_DarwinFoundation1-1DTQYY9UU66023I0ATSGWG7ZE.pcm
SwiftExplicitDependencyGeneratePcm arm64_32 /Users/admin/builder/spi-builder-workspace/.derivedData/ModuleCache.noindex/_DarwinFoundation1-6O6RHGGQ8I02TIQLYBL6S0W5Y.pcm
SwiftExplicitDependencyGeneratePcm armv7k /Users/admin/builder/spi-builder-workspace/.derivedData/ModuleCache.noindex/_Builtin_stdint-74HTET9XAL0O1QM2B6UDOBYSG.pcm
SwiftExplicitDependencyGeneratePcm armv7k /Users/admin/builder/spi-builder-workspace/.derivedData/ModuleCache.noindex/sys_types-BZOSF4DTRUSRKFFX4T0BLR890.pcm
SwiftExplicitDependencyGeneratePcm arm64 /Users/admin/builder/spi-builder-workspace/.derivedData/ModuleCache.noindex/_Builtin_limits-EL9Q6E0RP2I23KV7GOAH9UASG.pcm
SwiftExplicitDependencyGeneratePcm arm64 /Users/admin/builder/spi-builder-workspace/.derivedData/ModuleCache.noindex/_DarwinFoundation2-9HF0QGHXY3KFYNL697MDX2JFV.pcm
SwiftExplicitDependencyGeneratePcm arm64_32 /Users/admin/builder/spi-builder-workspace/.derivedData/ModuleCache.noindex/_DarwinFoundation2-BWJ8WVXJZ6T37PQKKMKQAIQ22.pcm
SwiftExplicitDependencyGeneratePcm arm64_32 /Users/admin/builder/spi-builder-workspace/.derivedData/ModuleCache.noindex/_Builtin_limits-EU5DPB0SJLR7RBL14Y02NSQS1.pcm
SwiftExplicitDependencyGeneratePcm armv7k /Users/admin/builder/spi-builder-workspace/.derivedData/ModuleCache.noindex/_DarwinFoundation3-3B8XHA0UANDWBT6BMXZAS4JL5.pcm
SwiftExplicitDependencyGeneratePcm arm64 /Users/admin/builder/spi-builder-workspace/.derivedData/ModuleCache.noindex/_Builtin_stdint-7P8EAMJHII1Y13KPDIO6OPE85.pcm
SwiftExplicitDependencyGeneratePcm arm64 /Users/admin/builder/spi-builder-workspace/.derivedData/ModuleCache.noindex/sys_types-5N90L5D6IYIYT6DRYMU0H0V03.pcm
SwiftExplicitDependencyGeneratePcm arm64_32 /Users/admin/builder/spi-builder-workspace/.derivedData/ModuleCache.noindex/sys_types-D49PZOP3LYQFTFQ3ZWU4CUWLY.pcm
SwiftExplicitDependencyGeneratePcm arm64_32 /Users/admin/builder/spi-builder-workspace/.derivedData/ModuleCache.noindex/_Builtin_stdint-ANMRWEGXQF51I6TK574L4FTFE.pcm
SwiftExplicitDependencyGeneratePcm armv7k /Users/admin/builder/spi-builder-workspace/.derivedData/ModuleCache.noindex/_Builtin_inttypes-4Y8S3D2NV6ZO6MOFCA1EFD9PM.pcm
SwiftExplicitDependencyGeneratePcm arm64 /Users/admin/builder/spi-builder-workspace/.derivedData/ModuleCache.noindex/_DarwinFoundation3-2GWRARA6K993RJ88V1Y96KEJJ.pcm
SwiftExplicitDependencyGeneratePcm arm64_32 /Users/admin/builder/spi-builder-workspace/.derivedData/ModuleCache.noindex/_DarwinFoundation3-BKK5BSQWGF92KVELOAWQ749XO.pcm
SwiftExplicitDependencyGeneratePcm armv7k /Users/admin/builder/spi-builder-workspace/.derivedData/ModuleCache.noindex/Darwin-1H8PZKOXK69WCY0KBMB7R7BOJ.pcm
SwiftExplicitDependencyGeneratePcm arm64 /Users/admin/builder/spi-builder-workspace/.derivedData/ModuleCache.noindex/_Builtin_inttypes-9IKAGRULHBU3C82MV2Y7ETRR9.pcm
SwiftExplicitDependencyGeneratePcm arm64_32 /Users/admin/builder/spi-builder-workspace/.derivedData/ModuleCache.noindex/_Builtin_inttypes-8SQHK6BHD7C805PBQL0T3FF2V.pcm
SwiftExplicitDependencyGeneratePcm arm64 /Users/admin/builder/spi-builder-workspace/.derivedData/ModuleCache.noindex/Darwin-D1BA92JP0VXKAOKXR6B6MZJZO.pcm
SwiftExplicitDependencyGeneratePcm arm64_32 /Users/admin/builder/spi-builder-workspace/.derivedData/ModuleCache.noindex/Darwin-EXSLV4FZ23ACOHESV6HN242JF.pcm
SwiftExplicitDependencyGeneratePcm armv7k /Users/admin/builder/spi-builder-workspace/.derivedData/ModuleCache.noindex/ObjectiveC-1TC7M1HBWDPP5XW1MSG61DOCN.pcm
SwiftExplicitDependencyGeneratePcm armv7k /Users/admin/builder/spi-builder-workspace/.derivedData/ModuleCache.noindex/os_object-6EYEGDCTXJQGYDTB9IGBGDHR7.pcm
SwiftExplicitDependencyGeneratePcm armv7k /Users/admin/builder/spi-builder-workspace/.derivedData/ModuleCache.noindex/os_workgroup-325O7SVUGRSTNN7338Z6L40LL.pcm
SwiftExplicitDependencyGeneratePcm arm64_32 /Users/admin/builder/spi-builder-workspace/.derivedData/ModuleCache.noindex/ObjectiveC-7UUR49QAGO7D92C84DCGJCQ92.pcm
SwiftExplicitDependencyGeneratePcm arm64 /Users/admin/builder/spi-builder-workspace/.derivedData/ModuleCache.noindex/ObjectiveC-E9GNV3GPGTFX3JG66LQF1QW75.pcm
SwiftExplicitDependencyGeneratePcm armv7k /Users/admin/builder/spi-builder-workspace/.derivedData/ModuleCache.noindex/Dispatch-6164Z87B6NSJD9LEHMISCPJJB.pcm
SwiftExplicitDependencyGeneratePcm arm64_32 /Users/admin/builder/spi-builder-workspace/.derivedData/ModuleCache.noindex/os_object-7E7HKSKAV5AQ47IQSCMCCSI5V.pcm
SwiftExplicitDependencyGeneratePcm arm64 /Users/admin/builder/spi-builder-workspace/.derivedData/ModuleCache.noindex/os_object-ABHR2RPZAPKKRPEZKN1VS3U62.pcm
SwiftExplicitDependencyGeneratePcm armv7k /Users/admin/builder/spi-builder-workspace/.derivedData/ModuleCache.noindex/XPC-QNSWNE0992RTVJN316A9C3HN.pcm
SwiftExplicitDependencyGeneratePcm armv7k /Users/admin/builder/spi-builder-workspace/.derivedData/ModuleCache.noindex/CoreFoundation-5YU3N6OE9QRR2JL2WJTZKKGPG.pcm
SwiftExplicitDependencyGeneratePcm arm64 /Users/admin/builder/spi-builder-workspace/.derivedData/ModuleCache.noindex/os_workgroup-57SK7T5TWBSHOGKKP26ZBGOZ9.pcm
SwiftExplicitDependencyGeneratePcm arm64_32 /Users/admin/builder/spi-builder-workspace/.derivedData/ModuleCache.noindex/os_workgroup-4432WEOWGS1BJEUBC5UJRUFI3.pcm
SwiftExplicitDependencyGeneratePcm arm64_32 /Users/admin/builder/spi-builder-workspace/.derivedData/ModuleCache.noindex/Dispatch-4G9M6BOQAKJFT396RD8IL8IUF.pcm
SwiftExplicitDependencyGeneratePcm arm64 /Users/admin/builder/spi-builder-workspace/.derivedData/ModuleCache.noindex/Dispatch-B36SMAPOXYMQNNNBLHT80G2FZ.pcm
SwiftExplicitDependencyGeneratePcm armv7k /Users/admin/builder/spi-builder-workspace/.derivedData/ModuleCache.noindex/Security-E43LMQGE2B01RGJOII4K5CTAX.pcm
SwiftExplicitDependencyGeneratePcm arm64_32 /Users/admin/builder/spi-builder-workspace/.derivedData/ModuleCache.noindex/CoreFoundation-BJL619DGQVH96DCT9RMEYS271.pcm
SwiftExplicitDependencyGeneratePcm arm64 /Users/admin/builder/spi-builder-workspace/.derivedData/ModuleCache.noindex/CoreFoundation-84YPE2UAZHTV4F627ZS1DADPK.pcm
SwiftExplicitDependencyGeneratePcm arm64_32 /Users/admin/builder/spi-builder-workspace/.derivedData/ModuleCache.noindex/XPC-EF0P0CB81D8MM9HSY5UO4BF4M.pcm
SwiftExplicitDependencyGeneratePcm arm64 /Users/admin/builder/spi-builder-workspace/.derivedData/ModuleCache.noindex/XPC-Y7I7SAWGZK3XSFY29XNYOFQY.pcm
SwiftExplicitDependencyGeneratePcm armv7k /Users/admin/builder/spi-builder-workspace/.derivedData/ModuleCache.noindex/Foundation-63TQ62HBDYSK5FU3X07B5IB91.pcm
SwiftExplicitDependencyGeneratePcm arm64_32 /Users/admin/builder/spi-builder-workspace/.derivedData/ModuleCache.noindex/Security-71DXGL209Y0POA2RI0VLBU7FT.pcm
SwiftExplicitDependencyGeneratePcm arm64 /Users/admin/builder/spi-builder-workspace/.derivedData/ModuleCache.noindex/Security-8P4ROWVRZKZVZOL4S233P5SIA.pcm
SwiftExplicitDependencyGeneratePcm arm64 /Users/admin/builder/spi-builder-workspace/.derivedData/ModuleCache.noindex/Foundation-7BDO0EMJRHS1THDHPCHC04IUO.pcm
SwiftExplicitDependencyGeneratePcm arm64_32 /Users/admin/builder/spi-builder-workspace/.derivedData/ModuleCache.noindex/Foundation-31UN2CX7CUTVJGRDSF1GJVT2O.pcm
SwiftCompile normal armv7k Compiling\ EvaluationSample.swift /Users/admin/builder/spi-builder-workspace/.dependencies/checkouts/Evaluations-Framework-CLI/Sources/XCEvalFormat/EvaluationSample.swift (in target 'XCEvalFormat' from project 'EvaluationsFrameworkCLI')
SwiftCompile normal armv7k /Users/admin/builder/spi-builder-workspace/.dependencies/checkouts/Evaluations-Framework-CLI/Sources/XCEvalFormat/EvaluationSample.swift (in target 'XCEvalFormat' from project 'EvaluationsFrameworkCLI')
cd /Users/admin/builder/spi-builder-workspace/.swiftpm/xcode
SwiftCompile normal armv7k Compiling\ DiscoveryCommandDocuments.swift /Users/admin/builder/spi-builder-workspace/.dependencies/checkouts/Evaluations-Framework-CLI/Sources/XCEvalFormat/DiscoveryCommandDocuments.swift (in target 'XCEvalFormat' from project 'EvaluationsFrameworkCLI')
SwiftCompile normal armv7k /Users/admin/builder/spi-builder-workspace/.dependencies/checkouts/Evaluations-Framework-CLI/Sources/XCEvalFormat/DiscoveryCommandDocuments.swift (in target 'XCEvalFormat' from project 'EvaluationsFrameworkCLI')
cd /Users/admin/builder/spi-builder-workspace/.swiftpm/xcode
SwiftCompile normal armv7k Compiling\ AgentCommandDocuments.swift /Users/admin/builder/spi-builder-workspace/.dependencies/checkouts/Evaluations-Framework-CLI/Sources/XCEvalFormat/AgentCommandDocuments.swift (in target 'XCEvalFormat' from project 'EvaluationsFrameworkCLI')
SwiftCompile normal armv7k /Users/admin/builder/spi-builder-workspace/.dependencies/checkouts/Evaluations-Framework-CLI/Sources/XCEvalFormat/AgentCommandDocuments.swift (in target 'XCEvalFormat' from project 'EvaluationsFrameworkCLI')
cd /Users/admin/builder/spi-builder-workspace/.swiftpm/xcode
SwiftCompile normal armv7k Compiling\ JSONValue.swift /Users/admin/builder/spi-builder-workspace/.dependencies/checkouts/Evaluations-Framework-CLI/Sources/XCEvalFormat/JSONValue.swift (in target 'XCEvalFormat' from project 'EvaluationsFrameworkCLI')
Failed frontend command:
/Applications/Xcode-26.4.0.app/Contents/Developer/Toolchains/XcodeDefault.xctoolchain/usr/bin/swift-frontend -frontend -c /Users/admin/builder/spi-builder-workspace/.dependencies/checkouts/Evaluations-Framework-CLI/Sources/XCEvalFormat/AgentCommandDocuments.swift /Users/admin/builder/spi-builder-workspace/.dependencies/checkouts/Evaluations-Framework-CLI/Sources/XCEvalFormat/CommandDocuments.swift /Users/admin/builder/spi-builder-workspace/.dependencies/checkouts/Evaluations-Framework-CLI/Sources/XCEvalFormat/DiscoveryCommandDocuments.swift /Users/admin/builder/spi-builder-workspace/.dependencies/checkouts/Evaluations-Framework-CLI/Sources/XCEvalFormat/EvaluationSample.swift -primary-file /Users/admin/builder/spi-builder-workspace/.dependencies/checkouts/Evaluations-Framework-CLI/Sources/XCEvalFormat/JSONValue.swift /Users/admin/builder/spi-builder-workspace/.dependencies/checkouts/Evaluations-Framework-CLI/Sources/XCEvalFormat/XCEvalFormat.swift -emit-dependencies-path /Users/admin/builder/spi-builder-workspace/.derivedData/Build/Intermediates.noindex/EvaluationsFrameworkCLI.build/Debug-watchos/XCEvalFormat.build/Objects-normal/armv7k/JSONValue.d -emit-const-values-path /Users/admin/builder/spi-builder-workspace/.derivedData/Build/Intermediates.noindex/EvaluationsFrameworkCLI.build/Debug-watchos/XCEvalFormat.build/Objects-normal/armv7k/JSONValue.swiftconstvalues -emit-reference-dependencies-path /Users/admin/builder/spi-builder-workspace/.derivedData/Build/Intermediates.noindex/EvaluationsFrameworkCLI.build/Debug-watchos/XCEvalFormat.build/Objects-normal/armv7k/JSONValue.swiftdeps -serialize-diagnostics-path /Users/admin/builder/spi-builder-workspace/.derivedData/Build/Intermediates.noindex/EvaluationsFrameworkCLI.build/Debug-watchos/XCEvalFormat.build/Objects-normal/armv7k/JSONValue.dia -target armv7k-apple-watchos5.0 -load-resolved-plugin /Applications/Xcode-26.4.0.app/Contents/Developer/Platforms/WatchOS.platform/Developer/usr/lib/swift/host/plugins/libFoundationMacros.dylib\#/Applications/Xcode-26.4.0.app/Contents/Developer/Platforms/WatchOS.platform/Developer/usr/bin/swift-plugin-server\#FoundationMacros -load-resolved-plugin /Applications/Xcode-26.4.0.app/Contents/Developer/Platforms/WatchOS.platform/Developer/usr/lib/swift/host/plugins/libObservationMacros.dylib\#/Applications/Xcode-26.4.0.app/Contents/Developer/Platforms/WatchOS.platform/Developer/usr/bin/swift-plugin-server\#ObservationMacros -load-resolved-plugin /Applications/Xcode-26.4.0.app/Contents/Developer/Platforms/WatchOS.platform/Developer/usr/lib/swift/host/plugins/libSwiftMacros.dylib\#/Applications/Xcode-26.4.0.app/Contents/Developer/Platforms/WatchOS.platform/Developer/usr/bin/swift-plugin-server\#SwiftMacros -disable-implicit-swift-modules -Xcc -fno-implicit-modules -Xcc -fno-implicit-module-maps -explicit-swift-module-map-file /Users/admin/builder/spi-builder-workspace/.derivedData/Build/Intermediates.noindex/EvaluationsFrameworkCLI.build/Debug-watchos/XCEvalFormat.build/Objects-normal/armv7k/XCEvalFormat-dependencies-1.json -debug-module-path /Users/admin/builder/spi-builder-workspace/.derivedData/Build/Intermediates.noindex/EvaluationsFrameworkCLI.build/Debug-watchos/XCEvalFormat.build/Objects-normal/armv7k/XCEvalFormat.swiftmodule -enable-objc-interop -sdk /Applications/Xcode-26.4.0.app/Contents/Developer/Platforms/WatchOS.platform/Developer/SDKs/WatchOS26.4.sdk -I /Users/admin/builder/spi-builder-workspace/.derivedData/Build/Products/Debug-watchos -Isystem /Applications/Xcode-26.4.0.app/Contents/Developer/Platforms/WatchOS.platform/Developer/usr/lib -F /Users/admin/builder/spi-builder-workspace/.derivedData/Build/Products/Debug-watchos -F /Applications/Xcode-26.4.0.app/Contents/Developer/Platforms/WatchOS.platform/Developer/Library/Frameworks -F /Applications/Xcode-26.4.0.app/Contents/Developer/Platforms/WatchOS.platform/Developer/SDKs/WatchOS26.4.sdk/Developer/Library/Frameworks -no-color-diagnostics -Xcc -fno-color-diagnostics -enable-testing -g -debug-info-format\=dwarf -dwarf-version\=4 -module-cache-path /Users/admin/builder/spi-builder-workspace/.derivedData/Build/Intermediates.noindex/SwiftExplicitPrecompiledModules -suppress-warnings -profile-generate -profile-coverage-mapping -swift-version 6 -Onone -D SWIFT_PACKAGE -D DEBUG -D SWIFT_MODULE_RESOURCE_BUNDLE_UNAVAILABLE -D Xcode -serialize-debugging-options -const-gather-protocols-file /Users/admin/builder/spi-builder-workspace/.derivedData/Build/Intermediates.noindex/EvaluationsFrameworkCLI.build/Debug-watchos/XCEvalFormat.build/Objects-normal/armv7k/XCEvalFormat_const_extract_protocols.json -enable-experimental-feature DebugDescriptionMacro -empty-abi-descriptor -user-module-version 0.4.0 -validate-clang-modules-once -clang-build-session-file /Users/admin/builder/spi-builder-workspace/.derivedData/ModuleCache.noindex/Session.modulevalidation -Xcc -working-directory -Xcc /Users/admin/builder/spi-builder-workspace/.swiftpm/xcode -enable-anonymous-context-mangled-names -file-compilation-dir /Users/admin/builder/spi-builder-workspace/.swiftpm/xcode -Xcc -D_LIBCPP_HARDENING_MODE\=_LIBCPP_HARDENING_MODE_DEBUG -Xcc -ivfsstatcache -Xcc /Users/admin/builder/spi-builder-workspace/.derivedData/SDKStatCaches.noindex/watchos26.4-23T238-688ef53f1462e2c8f657fdc38a81448f9e51884a582f42380855760c9d4cc599.sdkstatcache -Xcc -I/Users/admin/builder/spi-builder-workspace/.derivedData/Build/Intermediates.noindex/EvaluationsFrameworkCLI.build/Debug-watchos/XCEvalFormat.build/swift-overrides.hmap -Xcc -I/Users/admin/builder/spi-builder-workspace/.derivedData/Build/Products/Debug-watchos/include -Xcc -I/Users/admin/builder/spi-builder-workspace/.derivedData/Build/Intermediates.noindex/EvaluationsFrameworkCLI.build/Debug-watchos/XCEvalFormat.build/DerivedSources-normal/armv7k -Xcc -I/Users/admin/builder/spi-builder-workspace/.derivedData/Build/Intermediates.noindex/EvaluationsFrameworkCLI.build/Debug-watchos/XCEvalFormat.build/DerivedSources/armv7k -Xcc -I/Users/admin/builder/spi-builder-workspace/.derivedData/Build/Intermediates.noindex/EvaluationsFrameworkCLI.build/Debug-watchos/XCEvalFormat.build/DerivedSources -Xcc -DSWIFT_PACKAGE -Xcc -DDEBUG\=1 -no-auto-bridging-header-chaining -module-name XCEvalFormat -package-name evaluations_framework_cli -frontend-parseable-output -disable-clang-spi -clang-target armv7k-apple-watchos26.4 -target-sdk-version 26.4 -target-sdk-name watchos26.4 -in-process-plugin-server-path /Applications/Xcode-26.4.0.app/Contents/Developer/Toolchains/XcodeDefault.xctoolchain/usr/lib/swift/host/libSwiftInProcPluginServer.dylib -o /Users/admin/builder/spi-builder-workspace/.derivedData/Build/Intermediates.noindex/EvaluationsFrameworkCLI.build/Debug-watchos/XCEvalFormat.build/Objects-normal/armv7k/JSONValue.o -index-unit-output-path /EvaluationsFrameworkCLI.build/Debug-watchos/XCEvalFormat.build/Objects-normal/armv7k/JSONValue.o -index-store-path /Users/admin/builder/spi-builder-workspace/.derivedData/Index.noindex/DataStore -index-system-modules
SwiftCompile normal armv7k /Users/admin/builder/spi-builder-workspace/.dependencies/checkouts/Evaluations-Framework-CLI/Sources/XCEvalFormat/JSONValue.swift (in target 'XCEvalFormat' from project 'EvaluationsFrameworkCLI')
cd /Users/admin/builder/spi-builder-workspace/.swiftpm/xcode
/Users/admin/builder/spi-builder-workspace/.dependencies/checkouts/Evaluations-Framework-CLI/Sources/XCEvalFormat/JSONValue.swift:97:51: error: 'withoutEscapingSlashes' is only available in watchOS 6.0 or newer
encoder.outputFormatting = [.sortedKeys, .withoutEscapingSlashes]
^
/Users/admin/builder/spi-builder-workspace/.dependencies/checkouts/Evaluations-Framework-CLI/Sources/XCEvalFormat/JSONValue.swift:97:51: note: add 'if #available' version check
encoder.outputFormatting = [.sortedKeys, .withoutEscapingSlashes]
^
/Users/admin/builder/spi-builder-workspace/.dependencies/checkouts/Evaluations-Framework-CLI/Sources/XCEvalFormat/JSONValue.swift:95:17: note: add '@available' attribute to enclosing instance method
public func encodedData(pretty: Bool = false) throws -> Data {
^
/Users/admin/builder/spi-builder-workspace/.dependencies/checkouts/Evaluations-Framework-CLI/Sources/XCEvalFormat/JSONValue.swift:3:13: note: add '@available' attribute to enclosing enum
public enum JSONValue: Codable, Equatable, Sendable {
^
SwiftEmitModule normal armv7k Emitting\ module\ for\ XCEvalFormat (in target 'XCEvalFormat' from project 'EvaluationsFrameworkCLI')
EmitSwiftModule normal armv7k (in target 'XCEvalFormat' from project 'EvaluationsFrameworkCLI')
cd /Users/admin/builder/spi-builder-workspace/.swiftpm/xcode
SwiftCompile normal armv7k Compiling\ XCEvalFormat.swift /Users/admin/builder/spi-builder-workspace/.dependencies/checkouts/Evaluations-Framework-CLI/Sources/XCEvalFormat/XCEvalFormat.swift (in target 'XCEvalFormat' from project 'EvaluationsFrameworkCLI')
SwiftCompile normal armv7k /Users/admin/builder/spi-builder-workspace/.dependencies/checkouts/Evaluations-Framework-CLI/Sources/XCEvalFormat/XCEvalFormat.swift (in target 'XCEvalFormat' from project 'EvaluationsFrameworkCLI')
cd /Users/admin/builder/spi-builder-workspace/.swiftpm/xcode
SwiftCompile normal armv7k Compiling\ CommandDocuments.swift /Users/admin/builder/spi-builder-workspace/.dependencies/checkouts/Evaluations-Framework-CLI/Sources/XCEvalFormat/CommandDocuments.swift (in target 'XCEvalFormat' from project 'EvaluationsFrameworkCLI')
SwiftCompile normal armv7k /Users/admin/builder/spi-builder-workspace/.dependencies/checkouts/Evaluations-Framework-CLI/Sources/XCEvalFormat/CommandDocuments.swift (in target 'XCEvalFormat' from project 'EvaluationsFrameworkCLI')
cd /Users/admin/builder/spi-builder-workspace/.swiftpm/xcode
SwiftEmitModule normal arm64_32 Emitting\ module\ for\ XCEvalFormat (in target 'XCEvalFormat' from project 'EvaluationsFrameworkCLI')
EmitSwiftModule normal arm64_32 (in target 'XCEvalFormat' from project 'EvaluationsFrameworkCLI')
cd /Users/admin/builder/spi-builder-workspace/.swiftpm/xcode
SwiftEmitModule normal arm64_32 Emitting\ module\ for\ JudgeCalibration (in target 'JudgeCalibration' from project 'JudgeCalibrationKit')
EmitSwiftModule normal arm64_32 (in target 'JudgeCalibration' from project 'JudgeCalibrationKit')
cd /Users/admin/builder/spi-builder-workspace/.swiftpm/xcode
SwiftCompile normal arm64_32 Compiling\ XCEvalFormat.swift /Users/admin/builder/spi-builder-workspace/.dependencies/checkouts/Evaluations-Framework-CLI/Sources/XCEvalFormat/XCEvalFormat.swift (in target 'XCEvalFormat' from project 'EvaluationsFrameworkCLI')
SwiftCompile normal arm64_32 /Users/admin/builder/spi-builder-workspace/.dependencies/checkouts/Evaluations-Framework-CLI/Sources/XCEvalFormat/XCEvalFormat.swift (in target 'XCEvalFormat' from project 'EvaluationsFrameworkCLI')
cd /Users/admin/builder/spi-builder-workspace/.swiftpm/xcode
SwiftEmitModule normal arm64 Emitting\ module\ for\ XCEvalFormat (in target 'XCEvalFormat' from project 'EvaluationsFrameworkCLI')
EmitSwiftModule normal arm64 (in target 'XCEvalFormat' from project 'EvaluationsFrameworkCLI')
cd /Users/admin/builder/spi-builder-workspace/.swiftpm/xcode
SwiftDriverJobDiscovery normal armv7k Emitting module for XCEvalFormat (in target 'XCEvalFormat' from project 'EvaluationsFrameworkCLI')
SwiftDriver\ Compilation\ Requirements XCEvalFormat normal armv7k com.apple.xcode.tools.swift.compiler (in target 'XCEvalFormat' from project 'EvaluationsFrameworkCLI')
cd /Users/admin/builder/spi-builder-workspace/.swiftpm/xcode
builtin-Swift-Compilation-Requirements -- /Applications/Xcode-26.4.0.app/Contents/Developer/Toolchains/XcodeDefault.xctoolchain/usr/bin/swiftc -module-name XCEvalFormat -Onone @/Users/admin/builder/spi-builder-workspace/.derivedData/Build/Intermediates.noindex/EvaluationsFrameworkCLI.build/Debug-watchos/XCEvalFormat.build/Objects-normal/armv7k/XCEvalFormat.SwiftFileList -DSWIFT_PACKAGE -DDEBUG -DSWIFT_MODULE_RESOURCE_BUNDLE_UNAVAILABLE -DXcode -plugin-path /Applications/Xcode-26.4.0.app/Contents/Developer/Toolchains/XcodeDefault.xctoolchain/usr/lib/swift/host/plugins/testing -enable-experimental-feature DebugDescriptionMacro -sdk /Applications/Xcode-26.4.0.app/Contents/Developer/Platforms/WatchOS.platform/Developer/SDKs/WatchOS26.4.sdk -target armv7k-apple-watchos5.0 -g -module-cache-path /Users/admin/builder/spi-builder-workspace/.derivedData/ModuleCache.noindex -Xfrontend -serialize-debugging-options -profile-coverage-mapping -profile-generate -enable-testing -suppress-warnings -index-store-path /Users/admin/builder/spi-builder-workspace/.derivedData/Index.noindex/DataStore -Xcc -D_LIBCPP_HARDENING_MODE\=_LIBCPP_HARDENING_MODE_DEBUG -swift-version 6 -I /Users/admin/builder/spi-builder-workspace/.derivedData/Build/Products/Debug-watchos -Isystem /Applications/Xcode-26.4.0.app/Contents/Developer/Platforms/WatchOS.platform/Developer/usr/lib -F /Users/admin/builder/spi-builder-workspace/.derivedData/Build/Products/Debug-watchos -F /Applications/Xcode-26.4.0.app/Contents/Developer/Platforms/WatchOS.platform/Developer/Library/Frameworks -F /Applications/Xcode-26.4.0.app/Contents/Developer/Platforms/WatchOS.platform/Developer/SDKs/WatchOS26.4.sdk/Developer/Library/Frameworks -c -j10 -enable-batch-mode -incremental -Xcc -ivfsstatcache -Xcc /Users/admin/builder/spi-builder-workspace/.derivedData/SDKStatCaches.noindex/watchos26.4-23T238-688ef53f1462e2c8f657fdc38a81448f9e51884a582f42380855760c9d4cc599.sdkstatcache -output-file-map /Users/admin/builder/spi-builder-workspace/.derivedData/Build/Intermediates.noindex/EvaluationsFrameworkCLI.build/Debug-watchos/XCEvalFormat.build/Objects-normal/armv7k/XCEvalFormat-OutputFileMap.json -use-frontend-parseable-output -save-temps -no-color-diagnostics -explicit-module-build -module-cache-path /Users/admin/builder/spi-builder-workspace/.derivedData/Build/Intermediates.noindex/SwiftExplicitPrecompiledModules -clang-scanner-module-cache-path /Users/admin/builder/spi-builder-workspace/.derivedData/ModuleCache.noindex -sdk-module-cache-path /Users/admin/builder/spi-builder-workspace/.derivedData/ModuleCache.noindex -serialize-diagnostics -emit-dependencies -emit-module -emit-module-path /Users/admin/builder/spi-builder-workspace/.derivedData/Build/Intermediates.noindex/EvaluationsFrameworkCLI.build/Debug-watchos/XCEvalFormat.build/Objects-normal/armv7k/XCEvalFormat.swiftmodule -user-module-version 0.4.0 -validate-clang-modules-once -clang-build-session-file /Users/admin/builder/spi-builder-workspace/.derivedData/ModuleCache.noindex/Session.modulevalidation -package-name evaluations_framework_cli -Xcc -I/Users/admin/builder/spi-builder-workspace/.derivedData/Build/Intermediates.noindex/EvaluationsFrameworkCLI.build/Debug-watchos/XCEvalFormat.build/swift-overrides.hmap -emit-const-values -Xfrontend -const-gather-protocols-file -Xfrontend /Users/admin/builder/spi-builder-workspace/.derivedData/Build/Intermediates.noindex/EvaluationsFrameworkCLI.build/Debug-watchos/XCEvalFormat.build/Objects-normal/armv7k/XCEvalFormat_const_extract_protocols.json -Xcc -I/Users/admin/builder/spi-builder-workspace/.derivedData/Build/Products/Debug-watchos/include -Xcc -I/Users/admin/builder/spi-builder-workspace/.derivedData/Build/Intermediates.noindex/EvaluationsFrameworkCLI.build/Debug-watchos/XCEvalFormat.build/DerivedSources-normal/armv7k -Xcc -I/Users/admin/builder/spi-builder-workspace/.derivedData/Build/Intermediates.noindex/EvaluationsFrameworkCLI.build/Debug-watchos/XCEvalFormat.build/DerivedSources/armv7k -Xcc -I/Users/admin/builder/spi-builder-workspace/.derivedData/Build/Intermediates.noindex/EvaluationsFrameworkCLI.build/Debug-watchos/XCEvalFormat.build/DerivedSources -Xcc -DSWIFT_PACKAGE -Xcc -DDEBUG\=1 -emit-objc-header -emit-objc-header-path /Users/admin/builder/spi-builder-workspace/.derivedData/Build/Intermediates.noindex/EvaluationsFrameworkCLI.build/Debug-watchos/XCEvalFormat.build/Objects-normal/armv7k/XCEvalFormat-Swift.h -working-directory /Users/admin/builder/spi-builder-workspace/.swiftpm/xcode -experimental-emit-module-separately -disable-cmo
SwiftDriverJobDiscovery normal arm64_32 Emitting module for JudgeCalibration (in target 'JudgeCalibration' from project 'JudgeCalibrationKit')
SwiftDriver\ Compilation\ Requirements JudgeCalibration normal arm64_32 com.apple.xcode.tools.swift.compiler (in target 'JudgeCalibration' from project 'JudgeCalibrationKit')
cd /Users/admin/builder/spi-builder-workspace/.swiftpm/xcode
builtin-Swift-Compilation-Requirements -- /Applications/Xcode-26.4.0.app/Contents/Developer/Toolchains/XcodeDefault.xctoolchain/usr/bin/swiftc -module-name JudgeCalibration -Onone @/Users/admin/builder/spi-builder-workspace/.derivedData/Build/Intermediates.noindex/JudgeCalibrationKit.build/Debug-watchos/JudgeCalibration.build/Objects-normal/arm64_32/JudgeCalibration.SwiftFileList -DSWIFT_PACKAGE -DDEBUG -DSWIFT_MODULE_RESOURCE_BUNDLE_UNAVAILABLE -DXcode -plugin-path /Applications/Xcode-26.4.0.app/Contents/Developer/Toolchains/XcodeDefault.xctoolchain/usr/lib/swift/host/plugins/testing -enable-experimental-feature DebugDescriptionMacro -sdk /Applications/Xcode-26.4.0.app/Contents/Developer/Platforms/WatchOS.platform/Developer/SDKs/WatchOS26.4.sdk -target arm64_32-apple-watchos9.0 -g -module-cache-path /Users/admin/builder/spi-builder-workspace/.derivedData/ModuleCache.noindex -Xfrontend -serialize-debugging-options -profile-coverage-mapping -profile-generate -enable-testing -index-store-path /Users/admin/builder/spi-builder-workspace/.derivedData/Index.noindex/DataStore -Xcc -D_LIBCPP_HARDENING_MODE\=_LIBCPP_HARDENING_MODE_DEBUG -swift-version 6 -I /Users/admin/builder/spi-builder-workspace/.derivedData/Build/Products/Debug-watchos -Isystem /Applications/Xcode-26.4.0.app/Contents/Developer/Platforms/WatchOS.platform/Developer/usr/lib -F /Users/admin/builder/spi-builder-workspace/.derivedData/Build/Products/Debug-watchos -F /Applications/Xcode-26.4.0.app/Contents/Developer/Platforms/WatchOS.platform/Developer/Library/Frameworks -F /Applications/Xcode-26.4.0.app/Contents/Developer/Platforms/WatchOS.platform/Developer/SDKs/WatchOS26.4.sdk/Developer/Library/Frameworks -c -j10 -enable-batch-mode -incremental -Xcc -ivfsstatcache -Xcc /Users/admin/builder/spi-builder-workspace/.derivedData/SDKStatCaches.noindex/watchos26.4-23T238-688ef53f1462e2c8f657fdc38a81448f9e51884a582f42380855760c9d4cc599.sdkstatcache -output-file-map /Users/admin/builder/spi-builder-workspace/.derivedData/Build/Intermediates.noindex/JudgeCalibrationKit.build/Debug-watchos/JudgeCalibration.build/Objects-normal/arm64_32/JudgeCalibration-OutputFileMap.json -use-frontend-parseable-output -save-temps -no-color-diagnostics -explicit-module-build -module-cache-path /Users/admin/builder/spi-builder-workspace/.derivedData/Build/Intermediates.noindex/SwiftExplicitPrecompiledModules -clang-scanner-module-cache-path /Users/admin/builder/spi-builder-workspace/.derivedData/ModuleCache.noindex -sdk-module-cache-path /Users/admin/builder/spi-builder-workspace/.derivedData/ModuleCache.noindex -serialize-diagnostics -emit-dependencies -emit-module -emit-module-path /Users/admin/builder/spi-builder-workspace/.derivedData/Build/Intermediates.noindex/JudgeCalibrationKit.build/Debug-watchos/JudgeCalibration.build/Objects-normal/arm64_32/JudgeCalibration.swiftmodule -validate-clang-modules-once -clang-build-session-file /Users/admin/builder/spi-builder-workspace/.derivedData/ModuleCache.noindex/Session.modulevalidation -package-name spi_builder_workspace -Xcc -I/Users/admin/builder/spi-builder-workspace/.derivedData/Build/Intermediates.noindex/JudgeCalibrationKit.build/Debug-watchos/JudgeCalibration.build/swift-overrides.hmap -emit-const-values -Xfrontend -const-gather-protocols-file -Xfrontend /Users/admin/builder/spi-builder-workspace/.derivedData/Build/Intermediates.noindex/JudgeCalibrationKit.build/Debug-watchos/JudgeCalibration.build/Objects-normal/arm64_32/JudgeCalibration_const_extract_protocols.json -Xcc -I/Users/admin/builder/spi-builder-workspace/.derivedData/Build/Products/Debug-watchos/include -Xcc -I/Users/admin/builder/spi-builder-workspace/.derivedData/Build/Intermediates.noindex/JudgeCalibrationKit.build/Debug-watchos/JudgeCalibration.build/DerivedSources-normal/arm64_32 -Xcc -I/Users/admin/builder/spi-builder-workspace/.derivedData/Build/Intermediates.noindex/JudgeCalibrationKit.build/Debug-watchos/JudgeCalibration.build/DerivedSources/arm64_32 -Xcc -I/Users/admin/builder/spi-builder-workspace/.derivedData/Build/Intermediates.noindex/JudgeCalibrationKit.build/Debug-watchos/JudgeCalibration.build/DerivedSources -Xcc -DSWIFT_PACKAGE -Xcc -DDEBUG\=1 -emit-objc-header -emit-objc-header-path /Users/admin/builder/spi-builder-workspace/.derivedData/Build/Intermediates.noindex/JudgeCalibrationKit.build/Debug-watchos/JudgeCalibration.build/Objects-normal/arm64_32/JudgeCalibration-Swift.h -working-directory /Users/admin/builder/spi-builder-workspace/.swiftpm/xcode -experimental-emit-module-separately -disable-cmo
SwiftEmitModule normal arm64 Emitting\ module\ for\ JudgeCalibration (in target 'JudgeCalibration' from project 'JudgeCalibrationKit')
EmitSwiftModule normal arm64 (in target 'JudgeCalibration' from project 'JudgeCalibrationKit')
cd /Users/admin/builder/spi-builder-workspace/.swiftpm/xcode
SwiftDriverJobDiscovery normal arm64_32 Emitting module for XCEvalFormat (in target 'XCEvalFormat' from project 'EvaluationsFrameworkCLI')
Copy /Users/admin/builder/spi-builder-workspace/.derivedData/Build/Products/Debug-watchos/XCEvalFormat.swiftmodule/armv7k-apple-watchos.swiftmodule /Users/admin/builder/spi-builder-workspace/.derivedData/Build/Intermediates.noindex/EvaluationsFrameworkCLI.build/Debug-watchos/XCEvalFormat.build/Objects-normal/armv7k/XCEvalFormat.swiftmodule (in target 'XCEvalFormat' from project 'EvaluationsFrameworkCLI')
cd /Users/admin/builder/spi-builder-workspace/.dependencies/checkouts/Evaluations-Framework-CLI
builtin-copy -exclude .DS_Store -exclude CVS -exclude .svn -exclude .git -exclude .hg -resolve-src-symlinks -rename /Users/admin/builder/spi-builder-workspace/.derivedData/Build/Intermediates.noindex/EvaluationsFrameworkCLI.build/Debug-watchos/XCEvalFormat.build/Objects-normal/armv7k/XCEvalFormat.swiftmodule /Users/admin/builder/spi-builder-workspace/.derivedData/Build/Products/Debug-watchos/XCEvalFormat.swiftmodule/armv7k-apple-watchos.swiftmodule
SwiftDriver\ Compilation\ Requirements XCEvalFormat normal arm64_32 com.apple.xcode.tools.swift.compiler (in target 'XCEvalFormat' from project 'EvaluationsFrameworkCLI')
cd /Users/admin/builder/spi-builder-workspace/.swiftpm/xcode
builtin-Swift-Compilation-Requirements -- /Applications/Xcode-26.4.0.app/Contents/Developer/Toolchains/XcodeDefault.xctoolchain/usr/bin/swiftc -module-name XCEvalFormat -Onone @/Users/admin/builder/spi-builder-workspace/.derivedData/Build/Intermediates.noindex/EvaluationsFrameworkCLI.build/Debug-watchos/XCEvalFormat.build/Objects-normal/arm64_32/XCEvalFormat.SwiftFileList -DSWIFT_PACKAGE -DDEBUG -DSWIFT_MODULE_RESOURCE_BUNDLE_UNAVAILABLE -DXcode -plugin-path /Applications/Xcode-26.4.0.app/Contents/Developer/Toolchains/XcodeDefault.xctoolchain/usr/lib/swift/host/plugins/testing -enable-experimental-feature DebugDescriptionMacro -sdk /Applications/Xcode-26.4.0.app/Contents/Developer/Platforms/WatchOS.platform/Developer/SDKs/WatchOS26.4.sdk -target arm64_32-apple-watchos5.0 -g -module-cache-path /Users/admin/builder/spi-builder-workspace/.derivedData/ModuleCache.noindex -Xfrontend -serialize-debugging-options -profile-coverage-mapping -profile-generate -enable-testing -suppress-warnings -index-store-path /Users/admin/builder/spi-builder-workspace/.derivedData/Index.noindex/DataStore -Xcc -D_LIBCPP_HARDENING_MODE\=_LIBCPP_HARDENING_MODE_DEBUG -swift-version 6 -I /Users/admin/builder/spi-builder-workspace/.derivedData/Build/Products/Debug-watchos -Isystem /Applications/Xcode-26.4.0.app/Contents/Developer/Platforms/WatchOS.platform/Developer/usr/lib -F /Users/admin/builder/spi-builder-workspace/.derivedData/Build/Products/Debug-watchos -F /Applications/Xcode-26.4.0.app/Contents/Developer/Platforms/WatchOS.platform/Developer/Library/Frameworks -F /Applications/Xcode-26.4.0.app/Contents/Developer/Platforms/WatchOS.platform/Developer/SDKs/WatchOS26.4.sdk/Developer/Library/Frameworks -c -j10 -enable-batch-mode -incremental -Xcc -ivfsstatcache -Xcc /Users/admin/builder/spi-builder-workspace/.derivedData/SDKStatCaches.noindex/watchos26.4-23T238-688ef53f1462e2c8f657fdc38a81448f9e51884a582f42380855760c9d4cc599.sdkstatcache -output-file-map /Users/admin/builder/spi-builder-workspace/.derivedData/Build/Intermediates.noindex/EvaluationsFrameworkCLI.build/Debug-watchos/XCEvalFormat.build/Objects-normal/arm64_32/XCEvalFormat-OutputFileMap.json -use-frontend-parseable-output -save-temps -no-color-diagnostics -explicit-module-build -module-cache-path /Users/admin/builder/spi-builder-workspace/.derivedData/Build/Intermediates.noindex/SwiftExplicitPrecompiledModules -clang-scanner-module-cache-path /Users/admin/builder/spi-builder-workspace/.derivedData/ModuleCache.noindex -sdk-module-cache-path /Users/admin/builder/spi-builder-workspace/.derivedData/ModuleCache.noindex -serialize-diagnostics -emit-dependencies -emit-module -emit-module-path /Users/admin/builder/spi-builder-workspace/.derivedData/Build/Intermediates.noindex/EvaluationsFrameworkCLI.build/Debug-watchos/XCEvalFormat.build/Objects-normal/arm64_32/XCEvalFormat.swiftmodule -user-module-version 0.4.0 -validate-clang-modules-once -clang-build-session-file /Users/admin/builder/spi-builder-workspace/.derivedData/ModuleCache.noindex/Session.modulevalidation -package-name evaluations_framework_cli -Xcc -I/Users/admin/builder/spi-builder-workspace/.derivedData/Build/Intermediates.noindex/EvaluationsFrameworkCLI.build/Debug-watchos/XCEvalFormat.build/swift-overrides.hmap -emit-const-values -Xfrontend -const-gather-protocols-file -Xfrontend /Users/admin/builder/spi-builder-workspace/.derivedData/Build/Intermediates.noindex/EvaluationsFrameworkCLI.build/Debug-watchos/XCEvalFormat.build/Objects-normal/arm64_32/XCEvalFormat_const_extract_protocols.json -Xcc -I/Users/admin/builder/spi-builder-workspace/.derivedData/Build/Products/Debug-watchos/include -Xcc -I/Users/admin/builder/spi-builder-workspace/.derivedData/Build/Intermediates.noindex/EvaluationsFrameworkCLI.build/Debug-watchos/XCEvalFormat.build/DerivedSources-normal/arm64_32 -Xcc -I/Users/admin/builder/spi-builder-workspace/.derivedData/Build/Intermediates.noindex/EvaluationsFrameworkCLI.build/Debug-watchos/XCEvalFormat.build/DerivedSources/arm64_32 -Xcc -I/Users/admin/builder/spi-builder-workspace/.derivedData/Build/Intermediates.noindex/EvaluationsFrameworkCLI.build/Debug-watchos/XCEvalFormat.build/DerivedSources -Xcc -DSWIFT_PACKAGE -Xcc -DDEBUG\=1 -emit-objc-header -emit-objc-header-path /Users/admin/builder/spi-builder-workspace/.derivedData/Build/Intermediates.noindex/EvaluationsFrameworkCLI.build/Debug-watchos/XCEvalFormat.build/Objects-normal/arm64_32/XCEvalFormat-Swift.h -working-directory /Users/admin/builder/spi-builder-workspace/.swiftpm/xcode -experimental-emit-module-separately -disable-cmo
Copy /Users/admin/builder/spi-builder-workspace/.derivedData/Build/Products/Debug-watchos/XCEvalFormat.swiftmodule/armv7k-apple-watchos.swiftdoc /Users/admin/builder/spi-builder-workspace/.derivedData/Build/Intermediates.noindex/EvaluationsFrameworkCLI.build/Debug-watchos/XCEvalFormat.build/Objects-normal/armv7k/XCEvalFormat.swiftdoc (in target 'XCEvalFormat' from project 'EvaluationsFrameworkCLI')
cd /Users/admin/builder/spi-builder-workspace/.dependencies/checkouts/Evaluations-Framework-CLI
builtin-copy -exclude .DS_Store -exclude CVS -exclude .svn -exclude .git -exclude .hg -resolve-src-symlinks -rename /Users/admin/builder/spi-builder-workspace/.derivedData/Build/Intermediates.noindex/EvaluationsFrameworkCLI.build/Debug-watchos/XCEvalFormat.build/Objects-normal/armv7k/XCEvalFormat.swiftdoc /Users/admin/builder/spi-builder-workspace/.derivedData/Build/Products/Debug-watchos/XCEvalFormat.swiftmodule/armv7k-apple-watchos.swiftdoc
Copy /Users/admin/builder/spi-builder-workspace/.derivedData/Build/Products/Debug-watchos/XCEvalFormat.swiftmodule/armv7k-apple-watchos.abi.json /Users/admin/builder/spi-builder-workspace/.derivedData/Build/Intermediates.noindex/EvaluationsFrameworkCLI.build/Debug-watchos/XCEvalFormat.build/Objects-normal/armv7k/XCEvalFormat.abi.json (in target 'XCEvalFormat' from project 'EvaluationsFrameworkCLI')
cd /Users/admin/builder/spi-builder-workspace/.dependencies/checkouts/Evaluations-Framework-CLI
builtin-copy -exclude .DS_Store -exclude CVS -exclude .svn -exclude .git -exclude .hg -resolve-src-symlinks -rename /Users/admin/builder/spi-builder-workspace/.derivedData/Build/Intermediates.noindex/EvaluationsFrameworkCLI.build/Debug-watchos/XCEvalFormat.build/Objects-normal/armv7k/XCEvalFormat.abi.json /Users/admin/builder/spi-builder-workspace/.derivedData/Build/Products/Debug-watchos/XCEvalFormat.swiftmodule/armv7k-apple-watchos.abi.json
Copy /Users/admin/builder/spi-builder-workspace/.derivedData/Build/Products/Debug-watchos/XCEvalFormat.swiftmodule/arm64_32-apple-watchos.swiftmodule /Users/admin/builder/spi-builder-workspace/.derivedData/Build/Intermediates.noindex/EvaluationsFrameworkCLI.build/Debug-watchos/XCEvalFormat.build/Objects-normal/arm64_32/XCEvalFormat.swiftmodule (in target 'XCEvalFormat' from project 'EvaluationsFrameworkCLI')
cd /Users/admin/builder/spi-builder-workspace/.dependencies/checkouts/Evaluations-Framework-CLI
builtin-copy -exclude .DS_Store -exclude CVS -exclude .svn -exclude .git -exclude .hg -resolve-src-symlinks -rename /Users/admin/builder/spi-builder-workspace/.derivedData/Build/Intermediates.noindex/EvaluationsFrameworkCLI.build/Debug-watchos/XCEvalFormat.build/Objects-normal/arm64_32/XCEvalFormat.swiftmodule /Users/admin/builder/spi-builder-workspace/.derivedData/Build/Products/Debug-watchos/XCEvalFormat.swiftmodule/arm64_32-apple-watchos.swiftmodule
Copy /Users/admin/builder/spi-builder-workspace/.derivedData/Build/Products/Debug-watchos/XCEvalFormat.swiftmodule/arm64_32-apple-watchos.swiftdoc /Users/admin/builder/spi-builder-workspace/.derivedData/Build/Intermediates.noindex/EvaluationsFrameworkCLI.build/Debug-watchos/XCEvalFormat.build/Objects-normal/arm64_32/XCEvalFormat.swiftdoc (in target 'XCEvalFormat' from project 'EvaluationsFrameworkCLI')
cd /Users/admin/builder/spi-builder-workspace/.dependencies/checkouts/Evaluations-Framework-CLI
builtin-copy -exclude .DS_Store -exclude CVS -exclude .svn -exclude .git -exclude .hg -resolve-src-symlinks -rename /Users/admin/builder/spi-builder-workspace/.derivedData/Build/Intermediates.noindex/EvaluationsFrameworkCLI.build/Debug-watchos/XCEvalFormat.build/Objects-normal/arm64_32/XCEvalFormat.swiftdoc /Users/admin/builder/spi-builder-workspace/.derivedData/Build/Products/Debug-watchos/XCEvalFormat.swiftmodule/arm64_32-apple-watchos.swiftdoc
Copy /Users/admin/builder/spi-builder-workspace/.derivedData/Build/Products/Debug-watchos/XCEvalFormat.swiftmodule/arm64_32-apple-watchos.abi.json /Users/admin/builder/spi-builder-workspace/.derivedData/Build/Intermediates.noindex/EvaluationsFrameworkCLI.build/Debug-watchos/XCEvalFormat.build/Objects-normal/arm64_32/XCEvalFormat.abi.json (in target 'XCEvalFormat' from project 'EvaluationsFrameworkCLI')
cd /Users/admin/builder/spi-builder-workspace/.dependencies/checkouts/Evaluations-Framework-CLI
builtin-copy -exclude .DS_Store -exclude CVS -exclude .svn -exclude .git -exclude .hg -resolve-src-symlinks -rename /Users/admin/builder/spi-builder-workspace/.derivedData/Build/Intermediates.noindex/EvaluationsFrameworkCLI.build/Debug-watchos/XCEvalFormat.build/Objects-normal/arm64_32/XCEvalFormat.abi.json /Users/admin/builder/spi-builder-workspace/.derivedData/Build/Products/Debug-watchos/XCEvalFormat.swiftmodule/arm64_32-apple-watchos.abi.json
Copy /Users/admin/builder/spi-builder-workspace/.derivedData/Build/Products/Debug-watchos/XCEvalFormat.swiftmodule/Project/armv7k-apple-watchos.swiftsourceinfo /Users/admin/builder/spi-builder-workspace/.derivedData/Build/Intermediates.noindex/EvaluationsFrameworkCLI.build/Debug-watchos/XCEvalFormat.build/Objects-normal/armv7k/XCEvalFormat.swiftsourceinfo (in target 'XCEvalFormat' from project 'EvaluationsFrameworkCLI')
cd /Users/admin/builder/spi-builder-workspace/.dependencies/checkouts/Evaluations-Framework-CLI
builtin-copy -exclude .DS_Store -exclude CVS -exclude .svn -exclude .git -exclude .hg -resolve-src-symlinks -rename /Users/admin/builder/spi-builder-workspace/.derivedData/Build/Intermediates.noindex/EvaluationsFrameworkCLI.build/Debug-watchos/XCEvalFormat.build/Objects-normal/armv7k/XCEvalFormat.swiftsourceinfo /Users/admin/builder/spi-builder-workspace/.derivedData/Build/Products/Debug-watchos/XCEvalFormat.swiftmodule/Project/armv7k-apple-watchos.swiftsourceinfo
Copy /Users/admin/builder/spi-builder-workspace/.derivedData/Build/Products/Debug-watchos/XCEvalFormat.swiftmodule/Project/arm64_32-apple-watchos.swiftsourceinfo /Users/admin/builder/spi-builder-workspace/.derivedData/Build/Intermediates.noindex/EvaluationsFrameworkCLI.build/Debug-watchos/XCEvalFormat.build/Objects-normal/arm64_32/XCEvalFormat.swiftsourceinfo (in target 'XCEvalFormat' from project 'EvaluationsFrameworkCLI')
cd /Users/admin/builder/spi-builder-workspace/.dependencies/checkouts/Evaluations-Framework-CLI
builtin-copy -exclude .DS_Store -exclude CVS -exclude .svn -exclude .git -exclude .hg -resolve-src-symlinks -rename /Users/admin/builder/spi-builder-workspace/.derivedData/Build/Intermediates.noindex/EvaluationsFrameworkCLI.build/Debug-watchos/XCEvalFormat.build/Objects-normal/arm64_32/XCEvalFormat.swiftsourceinfo /Users/admin/builder/spi-builder-workspace/.derivedData/Build/Products/Debug-watchos/XCEvalFormat.swiftmodule/Project/arm64_32-apple-watchos.swiftsourceinfo
Copy /Users/admin/builder/spi-builder-workspace/.derivedData/Build/Products/Debug-watchos/JudgeCalibration.swiftmodule/arm64_32-apple-watchos.swiftmodule /Users/admin/builder/spi-builder-workspace/.derivedData/Build/Intermediates.noindex/JudgeCalibrationKit.build/Debug-watchos/JudgeCalibration.build/Objects-normal/arm64_32/JudgeCalibration.swiftmodule (in target 'JudgeCalibration' from project 'JudgeCalibrationKit')
cd /Users/admin/builder/spi-builder-workspace
builtin-copy -exclude .DS_Store -exclude CVS -exclude .svn -exclude .git -exclude .hg -resolve-src-symlinks -rename /Users/admin/builder/spi-builder-workspace/.derivedData/Build/Intermediates.noindex/JudgeCalibrationKit.build/Debug-watchos/JudgeCalibration.build/Objects-normal/arm64_32/JudgeCalibration.swiftmodule /Users/admin/builder/spi-builder-workspace/.derivedData/Build/Products/Debug-watchos/JudgeCalibration.swiftmodule/arm64_32-apple-watchos.swiftmodule
Copy /Users/admin/builder/spi-builder-workspace/.derivedData/Build/Products/Debug-watchos/JudgeCalibration.swiftmodule/arm64_32-apple-watchos.swiftdoc /Users/admin/builder/spi-builder-workspace/.derivedData/Build/Intermediates.noindex/JudgeCalibrationKit.build/Debug-watchos/JudgeCalibration.build/Objects-normal/arm64_32/JudgeCalibration.swiftdoc (in target 'JudgeCalibration' from project 'JudgeCalibrationKit')
cd /Users/admin/builder/spi-builder-workspace
builtin-copy -exclude .DS_Store -exclude CVS -exclude .svn -exclude .git -exclude .hg -resolve-src-symlinks -rename /Users/admin/builder/spi-builder-workspace/.derivedData/Build/Intermediates.noindex/JudgeCalibrationKit.build/Debug-watchos/JudgeCalibration.build/Objects-normal/arm64_32/JudgeCalibration.swiftdoc /Users/admin/builder/spi-builder-workspace/.derivedData/Build/Products/Debug-watchos/JudgeCalibration.swiftmodule/arm64_32-apple-watchos.swiftdoc
Copy /Users/admin/builder/spi-builder-workspace/.derivedData/Build/Products/Debug-watchos/JudgeCalibration.swiftmodule/arm64_32-apple-watchos.abi.json /Users/admin/builder/spi-builder-workspace/.derivedData/Build/Intermediates.noindex/JudgeCalibrationKit.build/Debug-watchos/JudgeCalibration.build/Objects-normal/arm64_32/JudgeCalibration.abi.json (in target 'JudgeCalibration' from project 'JudgeCalibrationKit')
cd /Users/admin/builder/spi-builder-workspace
builtin-copy -exclude .DS_Store -exclude CVS -exclude .svn -exclude .git -exclude .hg -resolve-src-symlinks -rename /Users/admin/builder/spi-builder-workspace/.derivedData/Build/Intermediates.noindex/JudgeCalibrationKit.build/Debug-watchos/JudgeCalibration.build/Objects-normal/arm64_32/JudgeCalibration.abi.json /Users/admin/builder/spi-builder-workspace/.derivedData/Build/Products/Debug-watchos/JudgeCalibration.swiftmodule/arm64_32-apple-watchos.abi.json
Copy /Users/admin/builder/spi-builder-workspace/.derivedData/Build/Products/Debug-watchos/JudgeCalibration.swiftmodule/Project/arm64_32-apple-watchos.swiftsourceinfo /Users/admin/builder/spi-builder-workspace/.derivedData/Build/Intermediates.noindex/JudgeCalibrationKit.build/Debug-watchos/JudgeCalibration.build/Objects-normal/arm64_32/JudgeCalibration.swiftsourceinfo (in target 'JudgeCalibration' from project 'JudgeCalibrationKit')
cd /Users/admin/builder/spi-builder-workspace
builtin-copy -exclude .DS_Store -exclude CVS -exclude .svn -exclude .git -exclude .hg -resolve-src-symlinks -rename /Users/admin/builder/spi-builder-workspace/.derivedData/Build/Intermediates.noindex/JudgeCalibrationKit.build/Debug-watchos/JudgeCalibration.build/Objects-normal/arm64_32/JudgeCalibration.swiftsourceinfo /Users/admin/builder/spi-builder-workspace/.derivedData/Build/Products/Debug-watchos/JudgeCalibration.swiftmodule/Project/arm64_32-apple-watchos.swiftsourceinfo
SwiftCompile normal arm64 Compiling\ EvaluationSample.swift /Users/admin/builder/spi-builder-workspace/.dependencies/checkouts/Evaluations-Framework-CLI/Sources/XCEvalFormat/EvaluationSample.swift (in target 'XCEvalFormat' from project 'EvaluationsFrameworkCLI')
SwiftCompile normal arm64 /Users/admin/builder/spi-builder-workspace/.dependencies/checkouts/Evaluations-Framework-CLI/Sources/XCEvalFormat/EvaluationSample.swift (in target 'XCEvalFormat' from project 'EvaluationsFrameworkCLI')
cd /Users/admin/builder/spi-builder-workspace/.swiftpm/xcode
SwiftCompile normal arm64 Compiling\ AgentCommandDocuments.swift /Users/admin/builder/spi-builder-workspace/.dependencies/checkouts/Evaluations-Framework-CLI/Sources/XCEvalFormat/AgentCommandDocuments.swift (in target 'XCEvalFormat' from project 'EvaluationsFrameworkCLI')
SwiftCompile normal arm64 /Users/admin/builder/spi-builder-workspace/.dependencies/checkouts/Evaluations-Framework-CLI/Sources/XCEvalFormat/AgentCommandDocuments.swift (in target 'XCEvalFormat' from project 'EvaluationsFrameworkCLI')
cd /Users/admin/builder/spi-builder-workspace/.swiftpm/xcode
SwiftDriverJobDiscovery normal arm64 Emitting module for JudgeCalibration (in target 'JudgeCalibration' from project 'JudgeCalibrationKit')
SwiftDriver\ Compilation\ Requirements JudgeCalibration normal arm64 com.apple.xcode.tools.swift.compiler (in target 'JudgeCalibration' from project 'JudgeCalibrationKit')
cd /Users/admin/builder/spi-builder-workspace/.swiftpm/xcode
builtin-Swift-Compilation-Requirements -- /Applications/Xcode-26.4.0.app/Contents/Developer/Toolchains/XcodeDefault.xctoolchain/usr/bin/swiftc -module-name JudgeCalibration -Onone @/Users/admin/builder/spi-builder-workspace/.derivedData/Build/Intermediates.noindex/JudgeCalibrationKit.build/Debug-watchos/JudgeCalibration.build/Objects-normal/arm64/JudgeCalibration.SwiftFileList -DSWIFT_PACKAGE -DDEBUG -DSWIFT_MODULE_RESOURCE_BUNDLE_UNAVAILABLE -DXcode -plugin-path /Applications/Xcode-26.4.0.app/Contents/Developer/Toolchains/XcodeDefault.xctoolchain/usr/lib/swift/host/plugins/testing -enable-experimental-feature DebugDescriptionMacro -sdk /Applications/Xcode-26.4.0.app/Contents/Developer/Platforms/WatchOS.platform/Developer/SDKs/WatchOS26.4.sdk -target arm64-apple-watchos9.0 -g -module-cache-path /Users/admin/builder/spi-builder-workspace/.derivedData/ModuleCache.noindex -Xfrontend -serialize-debugging-options -profile-coverage-mapping -profile-generate -enable-testing -index-store-path /Users/admin/builder/spi-builder-workspace/.derivedData/Index.noindex/DataStore -Xcc -D_LIBCPP_HARDENING_MODE\=_LIBCPP_HARDENING_MODE_DEBUG -swift-version 6 -I /Users/admin/builder/spi-builder-workspace/.derivedData/Build/Products/Debug-watchos -Isystem /Applications/Xcode-26.4.0.app/Contents/Developer/Platforms/WatchOS.platform/Developer/usr/lib -F /Users/admin/builder/spi-builder-workspace/.derivedData/Build/Products/Debug-watchos -F /Applications/Xcode-26.4.0.app/Contents/Developer/Platforms/WatchOS.platform/Developer/Library/Frameworks -F /Applications/Xcode-26.4.0.app/Contents/Developer/Platforms/WatchOS.platform/Developer/SDKs/WatchOS26.4.sdk/Developer/Library/Frameworks -c -j10 -enable-batch-mode -incremental -Xcc -ivfsstatcache -Xcc /Users/admin/builder/spi-builder-workspace/.derivedData/SDKStatCaches.noindex/watchos26.4-23T238-688ef53f1462e2c8f657fdc38a81448f9e51884a582f42380855760c9d4cc599.sdkstatcache -output-file-map /Users/admin/builder/spi-builder-workspace/.derivedData/Build/Intermediates.noindex/JudgeCalibrationKit.build/Debug-watchos/JudgeCalibration.build/Objects-normal/arm64/JudgeCalibration-OutputFileMap.json -use-frontend-parseable-output -save-temps -no-color-diagnostics -explicit-module-build -module-cache-path /Users/admin/builder/spi-builder-workspace/.derivedData/Build/Intermediates.noindex/SwiftExplicitPrecompiledModules -clang-scanner-module-cache-path /Users/admin/builder/spi-builder-workspace/.derivedData/ModuleCache.noindex -sdk-module-cache-path /Users/admin/builder/spi-builder-workspace/.derivedData/ModuleCache.noindex -serialize-diagnostics -emit-dependencies -emit-module -emit-module-path /Users/admin/builder/spi-builder-workspace/.derivedData/Build/Intermediates.noindex/JudgeCalibrationKit.build/Debug-watchos/JudgeCalibration.build/Objects-normal/arm64/JudgeCalibration.swiftmodule -validate-clang-modules-once -clang-build-session-file /Users/admin/builder/spi-builder-workspace/.derivedData/ModuleCache.noindex/Session.modulevalidation -package-name spi_builder_workspace -Xcc -I/Users/admin/builder/spi-builder-workspace/.derivedData/Build/Intermediates.noindex/JudgeCalibrationKit.build/Debug-watchos/JudgeCalibration.build/swift-overrides.hmap -emit-const-values -Xfrontend -const-gather-protocols-file -Xfrontend /Users/admin/builder/spi-builder-workspace/.derivedData/Build/Intermediates.noindex/JudgeCalibrationKit.build/Debug-watchos/JudgeCalibration.build/Objects-normal/arm64/JudgeCalibration_const_extract_protocols.json -Xcc -I/Users/admin/builder/spi-builder-workspace/.derivedData/Build/Products/Debug-watchos/include -Xcc -I/Users/admin/builder/spi-builder-workspace/.derivedData/Build/Intermediates.noindex/JudgeCalibrationKit.build/Debug-watchos/JudgeCalibration.build/DerivedSources-normal/arm64 -Xcc -I/Users/admin/builder/spi-builder-workspace/.derivedData/Build/Intermediates.noindex/JudgeCalibrationKit.build/Debug-watchos/JudgeCalibration.build/DerivedSources/arm64 -Xcc -I/Users/admin/builder/spi-builder-workspace/.derivedData/Build/Intermediates.noindex/JudgeCalibrationKit.build/Debug-watchos/JudgeCalibration.build/DerivedSources -Xcc -DSWIFT_PACKAGE -Xcc -DDEBUG\=1 -emit-objc-header -emit-objc-header-path /Users/admin/builder/spi-builder-workspace/.derivedData/Build/Intermediates.noindex/JudgeCalibrationKit.build/Debug-watchos/JudgeCalibration.build/Objects-normal/arm64/JudgeCalibration-Swift.h -working-directory /Users/admin/builder/spi-builder-workspace/.swiftpm/xcode -experimental-emit-module-separately -disable-cmo
SwiftDriverJobDiscovery normal arm64 Emitting module for XCEvalFormat (in target 'XCEvalFormat' from project 'EvaluationsFrameworkCLI')
SwiftDriver\ Compilation\ Requirements XCEvalFormat normal arm64 com.apple.xcode.tools.swift.compiler (in target 'XCEvalFormat' from project 'EvaluationsFrameworkCLI')
cd /Users/admin/builder/spi-builder-workspace/.swiftpm/xcode
builtin-Swift-Compilation-Requirements -- /Applications/Xcode-26.4.0.app/Contents/Developer/Toolchains/XcodeDefault.xctoolchain/usr/bin/swiftc -module-name XCEvalFormat -Onone @/Users/admin/builder/spi-builder-workspace/.derivedData/Build/Intermediates.noindex/EvaluationsFrameworkCLI.build/Debug-watchos/XCEvalFormat.build/Objects-normal/arm64/XCEvalFormat.SwiftFileList -DSWIFT_PACKAGE -DDEBUG -DSWIFT_MODULE_RESOURCE_BUNDLE_UNAVAILABLE -DXcode -plugin-path /Applications/Xcode-26.4.0.app/Contents/Developer/Toolchains/XcodeDefault.xctoolchain/usr/lib/swift/host/plugins/testing -enable-experimental-feature DebugDescriptionMacro -sdk /Applications/Xcode-26.4.0.app/Contents/Developer/Platforms/WatchOS.platform/Developer/SDKs/WatchOS26.4.sdk -target arm64-apple-watchos5.0 -g -module-cache-path /Users/admin/builder/spi-builder-workspace/.derivedData/ModuleCache.noindex -Xfrontend -serialize-debugging-options -profile-coverage-mapping -profile-generate -enable-testing -suppress-warnings -index-store-path /Users/admin/builder/spi-builder-workspace/.derivedData/Index.noindex/DataStore -Xcc -D_LIBCPP_HARDENING_MODE\=_LIBCPP_HARDENING_MODE_DEBUG -swift-version 6 -I /Users/admin/builder/spi-builder-workspace/.derivedData/Build/Products/Debug-watchos -Isystem /Applications/Xcode-26.4.0.app/Contents/Developer/Platforms/WatchOS.platform/Developer/usr/lib -F /Users/admin/builder/spi-builder-workspace/.derivedData/Build/Products/Debug-watchos -F /Applications/Xcode-26.4.0.app/Contents/Developer/Platforms/WatchOS.platform/Developer/Library/Frameworks -F /Applications/Xcode-26.4.0.app/Contents/Developer/Platforms/WatchOS.platform/Developer/SDKs/WatchOS26.4.sdk/Developer/Library/Frameworks -c -j10 -enable-batch-mode -incremental -Xcc -ivfsstatcache -Xcc /Users/admin/builder/spi-builder-workspace/.derivedData/SDKStatCaches.noindex/watchos26.4-23T238-688ef53f1462e2c8f657fdc38a81448f9e51884a582f42380855760c9d4cc599.sdkstatcache -output-file-map /Users/admin/builder/spi-builder-workspace/.derivedData/Build/Intermediates.noindex/EvaluationsFrameworkCLI.build/Debug-watchos/XCEvalFormat.build/Objects-normal/arm64/XCEvalFormat-OutputFileMap.json -use-frontend-parseable-output -save-temps -no-color-diagnostics -explicit-module-build -module-cache-path /Users/admin/builder/spi-builder-workspace/.derivedData/Build/Intermediates.noindex/SwiftExplicitPrecompiledModules -clang-scanner-module-cache-path /Users/admin/builder/spi-builder-workspace/.derivedData/ModuleCache.noindex -sdk-module-cache-path /Users/admin/builder/spi-builder-workspace/.derivedData/ModuleCache.noindex -serialize-diagnostics -emit-dependencies -emit-module -emit-module-path /Users/admin/builder/spi-builder-workspace/.derivedData/Build/Intermediates.noindex/EvaluationsFrameworkCLI.build/Debug-watchos/XCEvalFormat.build/Objects-normal/arm64/XCEvalFormat.swiftmodule -user-module-version 0.4.0 -validate-clang-modules-once -clang-build-session-file /Users/admin/builder/spi-builder-workspace/.derivedData/ModuleCache.noindex/Session.modulevalidation -package-name evaluations_framework_cli -Xcc -I/Users/admin/builder/spi-builder-workspace/.derivedData/Build/Intermediates.noindex/EvaluationsFrameworkCLI.build/Debug-watchos/XCEvalFormat.build/swift-overrides.hmap -emit-const-values -Xfrontend -const-gather-protocols-file -Xfrontend /Users/admin/builder/spi-builder-workspace/.derivedData/Build/Intermediates.noindex/EvaluationsFrameworkCLI.build/Debug-watchos/XCEvalFormat.build/Objects-normal/arm64/XCEvalFormat_const_extract_protocols.json -Xcc -I/Users/admin/builder/spi-builder-workspace/.derivedData/Build/Products/Debug-watchos/include -Xcc -I/Users/admin/builder/spi-builder-workspace/.derivedData/Build/Intermediates.noindex/EvaluationsFrameworkCLI.build/Debug-watchos/XCEvalFormat.build/DerivedSources-normal/arm64 -Xcc -I/Users/admin/builder/spi-builder-workspace/.derivedData/Build/Intermediates.noindex/EvaluationsFrameworkCLI.build/Debug-watchos/XCEvalFormat.build/DerivedSources/arm64 -Xcc -I/Users/admin/builder/spi-builder-workspace/.derivedData/Build/Intermediates.noindex/EvaluationsFrameworkCLI.build/Debug-watchos/XCEvalFormat.build/DerivedSources -Xcc -DSWIFT_PACKAGE -Xcc -DDEBUG\=1 -emit-objc-header -emit-objc-header-path /Users/admin/builder/spi-builder-workspace/.derivedData/Build/Intermediates.noindex/EvaluationsFrameworkCLI.build/Debug-watchos/XCEvalFormat.build/Objects-normal/arm64/XCEvalFormat-Swift.h -working-directory /Users/admin/builder/spi-builder-workspace/.swiftpm/xcode -experimental-emit-module-separately -disable-cmo
SwiftMergeGeneratedHeaders /Users/admin/builder/spi-builder-workspace/.derivedData/Build/Intermediates.noindex/GeneratedModuleMaps-watchos/JudgeCalibration-Swift.h /Users/admin/builder/spi-builder-workspace/.derivedData/Build/Intermediates.noindex/JudgeCalibrationKit.build/Debug-watchos/JudgeCalibration.build/Objects-normal/arm64/JudgeCalibration-Swift.h /Users/admin/builder/spi-builder-workspace/.derivedData/Build/Intermediates.noindex/JudgeCalibrationKit.build/Debug-watchos/JudgeCalibration.build/Objects-normal/arm64_32/JudgeCalibration-Swift.h (in target 'JudgeCalibration' from project 'JudgeCalibrationKit')
cd /Users/admin/builder/spi-builder-workspace
builtin-swiftHeaderTool -arch arm64 /Users/admin/builder/spi-builder-workspace/.derivedData/Build/Intermediates.noindex/JudgeCalibrationKit.build/Debug-watchos/JudgeCalibration.build/Objects-normal/arm64/JudgeCalibration-Swift.h -arch arm64_32 /Users/admin/builder/spi-builder-workspace/.derivedData/Build/Intermediates.noindex/JudgeCalibrationKit.build/Debug-watchos/JudgeCalibration.build/Objects-normal/arm64_32/JudgeCalibration-Swift.h -o /Users/admin/builder/spi-builder-workspace/.derivedData/Build/Intermediates.noindex/GeneratedModuleMaps-watchos/JudgeCalibration-Swift.h
SwiftMergeGeneratedHeaders /Users/admin/builder/spi-builder-workspace/.derivedData/Build/Intermediates.noindex/GeneratedModuleMaps-watchos/XCEvalFormat-Swift.h /Users/admin/builder/spi-builder-workspace/.derivedData/Build/Intermediates.noindex/EvaluationsFrameworkCLI.build/Debug-watchos/XCEvalFormat.build/Objects-normal/arm64/XCEvalFormat-Swift.h /Users/admin/builder/spi-builder-workspace/.derivedData/Build/Intermediates.noindex/EvaluationsFrameworkCLI.build/Debug-watchos/XCEvalFormat.build/Objects-normal/arm64_32/XCEvalFormat-Swift.h /Users/admin/builder/spi-builder-workspace/.derivedData/Build/Intermediates.noindex/EvaluationsFrameworkCLI.build/Debug-watchos/XCEvalFormat.build/Objects-normal/armv7k/XCEvalFormat-Swift.h (in target 'XCEvalFormat' from project 'EvaluationsFrameworkCLI')
cd /Users/admin/builder/spi-builder-workspace/.dependencies/checkouts/Evaluations-Framework-CLI
builtin-swiftHeaderTool -arch arm64 /Users/admin/builder/spi-builder-workspace/.derivedData/Build/Intermediates.noindex/EvaluationsFrameworkCLI.build/Debug-watchos/XCEvalFormat.build/Objects-normal/arm64/XCEvalFormat-Swift.h -arch arm64_32 /Users/admin/builder/spi-builder-workspace/.derivedData/Build/Intermediates.noindex/EvaluationsFrameworkCLI.build/Debug-watchos/XCEvalFormat.build/Objects-normal/arm64_32/XCEvalFormat-Swift.h -arch armv7k /Users/admin/builder/spi-builder-workspace/.derivedData/Build/Intermediates.noindex/EvaluationsFrameworkCLI.build/Debug-watchos/XCEvalFormat.build/Objects-normal/armv7k/XCEvalFormat-Swift.h -o /Users/admin/builder/spi-builder-workspace/.derivedData/Build/Intermediates.noindex/GeneratedModuleMaps-watchos/XCEvalFormat-Swift.h
Copy /Users/admin/builder/spi-builder-workspace/.derivedData/Build/Products/Debug-watchos/XCEvalFormat.swiftmodule/arm64-apple-watchos.swiftmodule /Users/admin/builder/spi-builder-workspace/.derivedData/Build/Intermediates.noindex/EvaluationsFrameworkCLI.build/Debug-watchos/XCEvalFormat.build/Objects-normal/arm64/XCEvalFormat.swiftmodule (in target 'XCEvalFormat' from project 'EvaluationsFrameworkCLI')
cd /Users/admin/builder/spi-builder-workspace/.dependencies/checkouts/Evaluations-Framework-CLI
builtin-copy -exclude .DS_Store -exclude CVS -exclude .svn -exclude .git -exclude .hg -resolve-src-symlinks -rename /Users/admin/builder/spi-builder-workspace/.derivedData/Build/Intermediates.noindex/EvaluationsFrameworkCLI.build/Debug-watchos/XCEvalFormat.build/Objects-normal/arm64/XCEvalFormat.swiftmodule /Users/admin/builder/spi-builder-workspace/.derivedData/Build/Products/Debug-watchos/XCEvalFormat.swiftmodule/arm64-apple-watchos.swiftmodule
Copy /Users/admin/builder/spi-builder-workspace/.derivedData/Build/Products/Debug-watchos/XCEvalFormat.swiftmodule/arm64-apple-watchos.swiftdoc /Users/admin/builder/spi-builder-workspace/.derivedData/Build/Intermediates.noindex/EvaluationsFrameworkCLI.build/Debug-watchos/XCEvalFormat.build/Objects-normal/arm64/XCEvalFormat.swiftdoc (in target 'XCEvalFormat' from project 'EvaluationsFrameworkCLI')
cd /Users/admin/builder/spi-builder-workspace/.dependencies/checkouts/Evaluations-Framework-CLI
builtin-copy -exclude .DS_Store -exclude CVS -exclude .svn -exclude .git -exclude .hg -resolve-src-symlinks -rename /Users/admin/builder/spi-builder-workspace/.derivedData/Build/Intermediates.noindex/EvaluationsFrameworkCLI.build/Debug-watchos/XCEvalFormat.build/Objects-normal/arm64/XCEvalFormat.swiftdoc /Users/admin/builder/spi-builder-workspace/.derivedData/Build/Products/Debug-watchos/XCEvalFormat.swiftmodule/arm64-apple-watchos.swiftdoc
Copy /Users/admin/builder/spi-builder-workspace/.derivedData/Build/Products/Debug-watchos/XCEvalFormat.swiftmodule/arm64-apple-watchos.abi.json /Users/admin/builder/spi-builder-workspace/.derivedData/Build/Intermediates.noindex/EvaluationsFrameworkCLI.build/Debug-watchos/XCEvalFormat.build/Objects-normal/arm64/XCEvalFormat.abi.json (in target 'XCEvalFormat' from project 'EvaluationsFrameworkCLI')
cd /Users/admin/builder/spi-builder-workspace/.dependencies/checkouts/Evaluations-Framework-CLI
builtin-copy -exclude .DS_Store -exclude CVS -exclude .svn -exclude .git -exclude .hg -resolve-src-symlinks -rename /Users/admin/builder/spi-builder-workspace/.derivedData/Build/Intermediates.noindex/EvaluationsFrameworkCLI.build/Debug-watchos/XCEvalFormat.build/Objects-normal/arm64/XCEvalFormat.abi.json /Users/admin/builder/spi-builder-workspace/.derivedData/Build/Products/Debug-watchos/XCEvalFormat.swiftmodule/arm64-apple-watchos.abi.json
Copy /Users/admin/builder/spi-builder-workspace/.derivedData/Build/Products/Debug-watchos/XCEvalFormat.swiftmodule/Project/arm64-apple-watchos.swiftsourceinfo /Users/admin/builder/spi-builder-workspace/.derivedData/Build/Intermediates.noindex/EvaluationsFrameworkCLI.build/Debug-watchos/XCEvalFormat.build/Objects-normal/arm64/XCEvalFormat.swiftsourceinfo (in target 'XCEvalFormat' from project 'EvaluationsFrameworkCLI')
cd /Users/admin/builder/spi-builder-workspace/.dependencies/checkouts/Evaluations-Framework-CLI
builtin-copy -exclude .DS_Store -exclude CVS -exclude .svn -exclude .git -exclude .hg -resolve-src-symlinks -rename /Users/admin/builder/spi-builder-workspace/.derivedData/Build/Intermediates.noindex/EvaluationsFrameworkCLI.build/Debug-watchos/XCEvalFormat.build/Objects-normal/arm64/XCEvalFormat.swiftsourceinfo /Users/admin/builder/spi-builder-workspace/.derivedData/Build/Products/Debug-watchos/XCEvalFormat.swiftmodule/Project/arm64-apple-watchos.swiftsourceinfo
Copy /Users/admin/builder/spi-builder-workspace/.derivedData/Build/Products/Debug-watchos/JudgeCalibration.swiftmodule/arm64-apple-watchos.swiftmodule /Users/admin/builder/spi-builder-workspace/.derivedData/Build/Intermediates.noindex/JudgeCalibrationKit.build/Debug-watchos/JudgeCalibration.build/Objects-normal/arm64/JudgeCalibration.swiftmodule (in target 'JudgeCalibration' from project 'JudgeCalibrationKit')
cd /Users/admin/builder/spi-builder-workspace
builtin-copy -exclude .DS_Store -exclude CVS -exclude .svn -exclude .git -exclude .hg -resolve-src-symlinks -rename /Users/admin/builder/spi-builder-workspace/.derivedData/Build/Intermediates.noindex/JudgeCalibrationKit.build/Debug-watchos/JudgeCalibration.build/Objects-normal/arm64/JudgeCalibration.swiftmodule /Users/admin/builder/spi-builder-workspace/.derivedData/Build/Products/Debug-watchos/JudgeCalibration.swiftmodule/arm64-apple-watchos.swiftmodule
Copy /Users/admin/builder/spi-builder-workspace/.derivedData/Build/Products/Debug-watchos/JudgeCalibration.swiftmodule/arm64-apple-watchos.swiftdoc /Users/admin/builder/spi-builder-workspace/.derivedData/Build/Intermediates.noindex/JudgeCalibrationKit.build/Debug-watchos/JudgeCalibration.build/Objects-normal/arm64/JudgeCalibration.swiftdoc (in target 'JudgeCalibration' from project 'JudgeCalibrationKit')
cd /Users/admin/builder/spi-builder-workspace
builtin-copy -exclude .DS_Store -exclude CVS -exclude .svn -exclude .git -exclude .hg -resolve-src-symlinks -rename /Users/admin/builder/spi-builder-workspace/.derivedData/Build/Intermediates.noindex/JudgeCalibrationKit.build/Debug-watchos/JudgeCalibration.build/Objects-normal/arm64/JudgeCalibration.swiftdoc /Users/admin/builder/spi-builder-workspace/.derivedData/Build/Products/Debug-watchos/JudgeCalibration.swiftmodule/arm64-apple-watchos.swiftdoc
Copy /Users/admin/builder/spi-builder-workspace/.derivedData/Build/Products/Debug-watchos/JudgeCalibration.swiftmodule/arm64-apple-watchos.abi.json /Users/admin/builder/spi-builder-workspace/.derivedData/Build/Intermediates.noindex/JudgeCalibrationKit.build/Debug-watchos/JudgeCalibration.build/Objects-normal/arm64/JudgeCalibration.abi.json (in target 'JudgeCalibration' from project 'JudgeCalibrationKit')
cd /Users/admin/builder/spi-builder-workspace
builtin-copy -exclude .DS_Store -exclude CVS -exclude .svn -exclude .git -exclude .hg -resolve-src-symlinks -rename /Users/admin/builder/spi-builder-workspace/.derivedData/Build/Intermediates.noindex/JudgeCalibrationKit.build/Debug-watchos/JudgeCalibration.build/Objects-normal/arm64/JudgeCalibration.abi.json /Users/admin/builder/spi-builder-workspace/.derivedData/Build/Products/Debug-watchos/JudgeCalibration.swiftmodule/arm64-apple-watchos.abi.json
Copy /Users/admin/builder/spi-builder-workspace/.derivedData/Build/Products/Debug-watchos/JudgeCalibration.swiftmodule/Project/arm64-apple-watchos.swiftsourceinfo /Users/admin/builder/spi-builder-workspace/.derivedData/Build/Intermediates.noindex/JudgeCalibrationKit.build/Debug-watchos/JudgeCalibration.build/Objects-normal/arm64/JudgeCalibration.swiftsourceinfo (in target 'JudgeCalibration' from project 'JudgeCalibrationKit')
cd /Users/admin/builder/spi-builder-workspace
builtin-copy -exclude .DS_Store -exclude CVS -exclude .svn -exclude .git -exclude .hg -resolve-src-symlinks -rename /Users/admin/builder/spi-builder-workspace/.derivedData/Build/Intermediates.noindex/JudgeCalibrationKit.build/Debug-watchos/JudgeCalibration.build/Objects-normal/arm64/JudgeCalibration.swiftsourceinfo /Users/admin/builder/spi-builder-workspace/.derivedData/Build/Products/Debug-watchos/JudgeCalibration.swiftmodule/Project/arm64-apple-watchos.swiftsourceinfo
SwiftCompile normal arm64_32 Compiling\ EvaluationSample.swift /Users/admin/builder/spi-builder-workspace/.dependencies/checkouts/Evaluations-Framework-CLI/Sources/XCEvalFormat/EvaluationSample.swift (in target 'XCEvalFormat' from project 'EvaluationsFrameworkCLI')
SwiftCompile normal arm64_32 /Users/admin/builder/spi-builder-workspace/.dependencies/checkouts/Evaluations-Framework-CLI/Sources/XCEvalFormat/EvaluationSample.swift (in target 'XCEvalFormat' from project 'EvaluationsFrameworkCLI')
cd /Users/admin/builder/spi-builder-workspace/.swiftpm/xcode
SwiftCompile normal arm64_32 Compiling\ DiscoveryCommandDocuments.swift /Users/admin/builder/spi-builder-workspace/.dependencies/checkouts/Evaluations-Framework-CLI/Sources/XCEvalFormat/DiscoveryCommandDocuments.swift (in target 'XCEvalFormat' from project 'EvaluationsFrameworkCLI')
2026-08-11 15:18:24.873 xcodebuild[865:5039] [MT] IDERunDestination: Supported platforms for the buildables in the current scheme is empty.
** BUILD FAILED **
The following build commands failed:
SwiftCompile normal armv7k Compiling\ JSONValue.swift /Users/admin/builder/spi-builder-workspace/.dependencies/checkouts/Evaluations-Framework-CLI/Sources/XCEvalFormat/JSONValue.swift (in target 'XCEvalFormat' from project 'EvaluationsFrameworkCLI')
SwiftCompile normal armv7k /Users/admin/builder/spi-builder-workspace/.dependencies/checkouts/Evaluations-Framework-CLI/Sources/XCEvalFormat/JSONValue.swift (in target 'XCEvalFormat' from project 'EvaluationsFrameworkCLI')
Building workspace spi-builder-workspace with scheme JudgeCalibrationKit-Package
(3 failures)
Command line invocation:
/Applications/Xcode-26.4.0.app/Contents/Developer/usr/bin/xcodebuild -IDEClonedSourcePackagesDirPathOverride=/Users/admin/builder/spi-builder-workspace/.dependencies -resolvePackageDependencies
Resolve Package Graph
Resolved source packages:
EvaluationsFrameworkCLI: https://github.com/rudrankriyam/Evaluations-Framework-CLI.git @ 0.4.0
JudgeCalibrationKit: /Users/admin/builder/spi-builder-workspace
swift-argument-parser: https://github.com/apple/swift-argument-parser.git @ 1.8.2
resolved source packages: EvaluationsFrameworkCLI, JudgeCalibrationKit, swift-argument-parser
2026-08-11 15:18:35.318 xcodebuild[1016:5776] [MT] IDERunDestination: Supported platforms for the buildables in the current scheme is empty.
{
"dependencies" : [
{
"identity" : "evaluations-framework-cli",
"requirement" : {
"range" : [
{
"lower_bound" : "0.4.0",
"upper_bound" : "0.5.0"
}
]
},
"type" : "sourceControl",
"url" : "https://github.com/rudrankriyam/Evaluations-Framework-CLI.git"
}
],
"manifest_display_name" : "JudgeCalibrationKit",
"name" : "JudgeCalibrationKit",
"path" : "/Users/admin/builder/spi-builder-workspace",
"platforms" : [
{
"name" : "macos",
"version" : "14.0"
},
{
"name" : "ios",
"version" : "16.0"
},
{
"name" : "tvos",
"version" : "16.0"
},
{
"name" : "watchos",
"version" : "9.0"
},
{
"name" : "visionos",
"version" : "1.0"
}
],
"products" : [
{
"name" : "JudgeCalibration",
"targets" : [
"JudgeCalibration"
],
"type" : {
"library" : [
"automatic"
]
}
},
{
"name" : "JudgeCalibrationTesting",
"targets" : [
"JudgeCalibrationTesting"
],
"type" : {
"library" : [
"automatic"
]
}
},
{
"name" : "JudgeCalibrationEvaluations",
"targets" : [
"JudgeCalibrationEvaluations"
],
"type" : {
"library" : [
"automatic"
]
}
},
{
"name" : "JudgeCalibrationXCEval",
"targets" : [
"JudgeCalibrationXCEval"
],
"type" : {
"library" : [
"automatic"
]
}
}
],
"targets" : [
{
"c99name" : "JudgeCalibrationXCEvalTests",
"module_type" : "SwiftTarget",
"name" : "JudgeCalibrationXCEvalTests",
"path" : "Tests/JudgeCalibrationXCEvalTests",
"product_dependencies" : [
"XCEvalFormat"
],
"sources" : [
"XCEval030Fixture.swift",
"XCEvalImporterTests.swift"
],
"target_dependencies" : [
"JudgeCalibrationXCEval"
],
"type" : "test"
},
{
"c99name" : "JudgeCalibrationXCEval",
"module_type" : "SwiftTarget",
"name" : "JudgeCalibrationXCEval",
"path" : "Sources/JudgeCalibrationXCEval",
"product_dependencies" : [
"XCEvalFormat"
],
"product_memberships" : [
"JudgeCalibrationXCEval"
],
"sources" : [
"JSONPointer.swift",
"XCEvalImporter.swift"
],
"target_dependencies" : [
"JudgeCalibration"
],
"type" : "library"
},
{
"c99name" : "JudgeCalibrationTests",
"module_type" : "SwiftTarget",
"name" : "JudgeCalibrationTests",
"path" : "Tests/JudgeCalibrationTests",
"resources" : [
{
"path" : "/Users/admin/builder/spi-builder-workspace/Tests/JudgeCalibrationTests/Fixtures",
"rule" : {
"copy" : {
}
}
}
],
"sources" : [
"InterchangeFormatTests.swift",
"MetricsAnalysisTests.swift",
"OracleFixtureTests.swift",
"SchemaValidationTests.swift",
"SeededInvariantTests.swift",
"SliceAnalysisTests.swift"
],
"target_dependencies" : [
"JudgeCalibration"
],
"type" : "test"
},
{
"c99name" : "JudgeCalibrationTestingTests",
"module_type" : "SwiftTarget",
"name" : "JudgeCalibrationTestingTests",
"path" : "Tests/JudgeCalibrationTestingTests",
"sources" : [
"CalibrationExpectationsTests.swift"
],
"target_dependencies" : [
"JudgeCalibrationTesting"
],
"type" : "test"
},
{
"c99name" : "JudgeCalibrationTesting",
"module_type" : "SwiftTarget",
"name" : "JudgeCalibrationTesting",
"path" : "Sources/JudgeCalibrationTesting",
"product_memberships" : [
"JudgeCalibrationTesting"
],
"sources" : [
"CalibrationExpectations.swift"
],
"target_dependencies" : [
"JudgeCalibration"
],
"type" : "library"
},
{
"c99name" : "JudgeCalibrationEvaluationsTests",
"module_type" : "SwiftTarget",
"name" : "JudgeCalibrationEvaluationsTests",
"path" : "Tests/JudgeCalibrationEvaluationsTests",
"sources" : [
"EvaluationAdapterCompileTests.swift",
"RuntimeVerificationTests.swift"
],
"target_dependencies" : [
"JudgeCalibrationEvaluations"
],
"type" : "test"
},
{
"c99name" : "JudgeCalibrationEvaluations",
"module_type" : "SwiftTarget",
"name" : "JudgeCalibrationEvaluations",
"path" : "Sources/JudgeCalibrationEvaluations",
"product_memberships" : [
"JudgeCalibrationEvaluations"
],
"sources" : [
"EvaluationCalibrationImporter.swift"
],
"target_dependencies" : [
"JudgeCalibration"
],
"type" : "library"
},
{
"c99name" : "JudgeCalibration",
"module_type" : "SwiftTarget",
"name" : "JudgeCalibration",
"path" : "Sources/JudgeCalibration",
"product_memberships" : [
"JudgeCalibration",
"JudgeCalibrationTesting",
"JudgeCalibrationEvaluations",
"JudgeCalibrationXCEval"
],
"sources" : [
"Analysis.swift",
"DatasetMerge.swift",
"Gates.swift",
"Identifiers.swift",
"Metrics.swift",
"Rendering.swift",
"Schema.swift",
"Validation.swift"
],
"type" : "library"
}
],
"tools_version" : "6.2"
}
{
"workspace" : {
"name" : "spi-builder-workspace",
"schemes" : [
"JudgeCalibration",
"JudgeCalibrationEvaluations",
"JudgeCalibrationKit-Package",
"JudgeCalibrationTesting",
"JudgeCalibrationXCEval"
]
}
}
2026-08-11 15:18:37.541 xcodebuild[1040:5931] [MT] IDERunDestination: Supported platforms for the buildables in the current scheme is empty.
Running build ...
env DEVELOPER_DIR=/Applications/Xcode-26.4.0.app xcrun xcodebuild -IDEClonedSourcePackagesDirPathOverride=$PWD/.dependencies -skipMacroValidation -skipPackagePluginValidation -derivedDataPath $PWD/.derivedData build -scheme JudgeCalibrationKit-Package -destination generic/platform=watchOS
Command line invocation:
/Applications/Xcode-26.4.0.app/Contents/Developer/usr/bin/xcodebuild -IDEClonedSourcePackagesDirPathOverride=/Users/admin/builder/spi-builder-workspace/.dependencies -skipMacroValidation -skipPackagePluginValidation -derivedDataPath /Users/admin/builder/spi-builder-workspace/.derivedData build -scheme JudgeCalibrationKit-Package -destination generic/platform=watchOS
Resolve Package Graph
Resolved source packages:
EvaluationsFrameworkCLI: https://github.com/rudrankriyam/Evaluations-Framework-CLI.git @ 0.4.0
JudgeCalibrationKit: /Users/admin/builder/spi-builder-workspace
swift-argument-parser: https://github.com/apple/swift-argument-parser.git @ 1.8.2
ComputePackagePrebuildTargetDependencyGraph
Prepare packages
CreateBuildRequest
SendProjectDescription
CreateBuildOperation
ComputeTargetDependencyGraph
note: Building targets in dependency order
note: Target dependency graph (10 targets)
Target 'JudgeCalibrationXCEval' in project 'JudgeCalibrationKit'
➜ Explicit dependency on target 'JudgeCalibrationXCEval' in project 'JudgeCalibrationKit'
➜ Explicit dependency on target 'JudgeCalibration' in project 'JudgeCalibrationKit'
➜ Explicit dependency on target 'XCEvalFormat' in project 'EvaluationsFrameworkCLI'
Target 'JudgeCalibrationXCEval' in project 'JudgeCalibrationKit'
➜ Explicit dependency on target 'JudgeCalibration' in project 'JudgeCalibrationKit'
➜ Explicit dependency on target 'XCEvalFormat' in project 'EvaluationsFrameworkCLI'
Target 'XCEvalFormat' in project 'EvaluationsFrameworkCLI'
➜ Explicit dependency on target 'XCEvalFormat' in project 'EvaluationsFrameworkCLI'
Target 'XCEvalFormat' in project 'EvaluationsFrameworkCLI' (no dependencies)
Target 'JudgeCalibrationTesting' in project 'JudgeCalibrationKit'
➜ Explicit dependency on target 'JudgeCalibrationTesting' in project 'JudgeCalibrationKit'
➜ Explicit dependency on target 'JudgeCalibration' in project 'JudgeCalibrationKit'
Target 'JudgeCalibrationTesting' in project 'JudgeCalibrationKit'
➜ Explicit dependency on target 'JudgeCalibration' in project 'JudgeCalibrationKit'
Target 'JudgeCalibrationEvaluations' in project 'JudgeCalibrationKit'
➜ Explicit dependency on target 'JudgeCalibrationEvaluations' in project 'JudgeCalibrationKit'
➜ Explicit dependency on target 'JudgeCalibration' in project 'JudgeCalibrationKit'
Target 'JudgeCalibrationEvaluations' in project 'JudgeCalibrationKit'
➜ Explicit dependency on target 'JudgeCalibration' in project 'JudgeCalibrationKit'
Target 'JudgeCalibration' in project 'JudgeCalibrationKit'
➜ Explicit dependency on target 'JudgeCalibration' in project 'JudgeCalibrationKit'
Target 'JudgeCalibration' in project 'JudgeCalibrationKit' (no dependencies)
GatherProvisioningInputs
CreateBuildDescription
ClangStatCache /Applications/Xcode-26.4.0.app/Contents/Developer/Toolchains/XcodeDefault.xctoolchain/usr/bin/clang-stat-cache /Applications/Xcode-26.4.0.app/Contents/Developer/Platforms/WatchOS.platform/Developer/SDKs/WatchOS26.4.sdk /Users/admin/builder/spi-builder-workspace/.derivedData/SDKStatCaches.noindex/watchos26.4-23T238-688ef53f1462e2c8f657fdc38a81448f9e51884a582f42380855760c9d4cc599.sdkstatcache
cd /Users/admin/builder/spi-builder-workspace/.swiftpm/xcode
/Applications/Xcode-26.4.0.app/Contents/Developer/Toolchains/XcodeDefault.xctoolchain/usr/bin/clang-stat-cache /Applications/Xcode-26.4.0.app/Contents/Developer/Platforms/WatchOS.platform/Developer/SDKs/WatchOS26.4.sdk -o /Users/admin/builder/spi-builder-workspace/.derivedData/SDKStatCaches.noindex/watchos26.4-23T238-688ef53f1462e2c8f657fdc38a81448f9e51884a582f42380855760c9d4cc599.sdkstatcache
SwiftDriver XCEvalFormat normal armv7k com.apple.xcode.tools.swift.compiler (in target 'XCEvalFormat' from project 'EvaluationsFrameworkCLI')
cd /Users/admin/builder/spi-builder-workspace/.swiftpm/xcode
builtin-SwiftDriver -- /Applications/Xcode-26.4.0.app/Contents/Developer/Toolchains/XcodeDefault.xctoolchain/usr/bin/swiftc -module-name XCEvalFormat -Onone @/Users/admin/builder/spi-builder-workspace/.derivedData/Build/Intermediates.noindex/EvaluationsFrameworkCLI.build/Debug-watchos/XCEvalFormat.build/Objects-normal/armv7k/XCEvalFormat.SwiftFileList -DSWIFT_PACKAGE -DDEBUG -DSWIFT_MODULE_RESOURCE_BUNDLE_UNAVAILABLE -DXcode -plugin-path /Applications/Xcode-26.4.0.app/Contents/Developer/Toolchains/XcodeDefault.xctoolchain/usr/lib/swift/host/plugins/testing -enable-experimental-feature DebugDescriptionMacro -sdk /Applications/Xcode-26.4.0.app/Contents/Developer/Platforms/WatchOS.platform/Developer/SDKs/WatchOS26.4.sdk -target armv7k-apple-watchos5.0 -g -module-cache-path /Users/admin/builder/spi-builder-workspace/.derivedData/ModuleCache.noindex -Xfrontend -serialize-debugging-options -profile-coverage-mapping -profile-generate -enable-testing -suppress-warnings -index-store-path /Users/admin/builder/spi-builder-workspace/.derivedData/Index.noindex/DataStore -Xcc -D_LIBCPP_HARDENING_MODE\=_LIBCPP_HARDENING_MODE_DEBUG -swift-version 6 -I /Users/admin/builder/spi-builder-workspace/.derivedData/Build/Products/Debug-watchos -Isystem /Applications/Xcode-26.4.0.app/Contents/Developer/Platforms/WatchOS.platform/Developer/usr/lib -F /Users/admin/builder/spi-builder-workspace/.derivedData/Build/Products/Debug-watchos -F /Applications/Xcode-26.4.0.app/Contents/Developer/Platforms/WatchOS.platform/Developer/Library/Frameworks -F /Applications/Xcode-26.4.0.app/Contents/Developer/Platforms/WatchOS.platform/Developer/SDKs/WatchOS26.4.sdk/Developer/Library/Frameworks -c -j10 -enable-batch-mode -incremental -Xcc -ivfsstatcache -Xcc /Users/admin/builder/spi-builder-workspace/.derivedData/SDKStatCaches.noindex/watchos26.4-23T238-688ef53f1462e2c8f657fdc38a81448f9e51884a582f42380855760c9d4cc599.sdkstatcache -output-file-map /Users/admin/builder/spi-builder-workspace/.derivedData/Build/Intermediates.noindex/EvaluationsFrameworkCLI.build/Debug-watchos/XCEvalFormat.build/Objects-normal/armv7k/XCEvalFormat-OutputFileMap.json -use-frontend-parseable-output -save-temps -no-color-diagnostics -explicit-module-build -module-cache-path /Users/admin/builder/spi-builder-workspace/.derivedData/Build/Intermediates.noindex/SwiftExplicitPrecompiledModules -clang-scanner-module-cache-path /Users/admin/builder/spi-builder-workspace/.derivedData/ModuleCache.noindex -sdk-module-cache-path /Users/admin/builder/spi-builder-workspace/.derivedData/ModuleCache.noindex -serialize-diagnostics -emit-dependencies -emit-module -emit-module-path /Users/admin/builder/spi-builder-workspace/.derivedData/Build/Intermediates.noindex/EvaluationsFrameworkCLI.build/Debug-watchos/XCEvalFormat.build/Objects-normal/armv7k/XCEvalFormat.swiftmodule -user-module-version 0.4.0 -validate-clang-modules-once -clang-build-session-file /Users/admin/builder/spi-builder-workspace/.derivedData/ModuleCache.noindex/Session.modulevalidation -package-name evaluations_framework_cli -Xcc -I/Users/admin/builder/spi-builder-workspace/.derivedData/Build/Intermediates.noindex/EvaluationsFrameworkCLI.build/Debug-watchos/XCEvalFormat.build/swift-overrides.hmap -emit-const-values -Xfrontend -const-gather-protocols-file -Xfrontend /Users/admin/builder/spi-builder-workspace/.derivedData/Build/Intermediates.noindex/EvaluationsFrameworkCLI.build/Debug-watchos/XCEvalFormat.build/Objects-normal/armv7k/XCEvalFormat_const_extract_protocols.json -Xcc -I/Users/admin/builder/spi-builder-workspace/.derivedData/Build/Products/Debug-watchos/include -Xcc -I/Users/admin/builder/spi-builder-workspace/.derivedData/Build/Intermediates.noindex/EvaluationsFrameworkCLI.build/Debug-watchos/XCEvalFormat.build/DerivedSources-normal/armv7k -Xcc -I/Users/admin/builder/spi-builder-workspace/.derivedData/Build/Intermediates.noindex/EvaluationsFrameworkCLI.build/Debug-watchos/XCEvalFormat.build/DerivedSources/armv7k -Xcc -I/Users/admin/builder/spi-builder-workspace/.derivedData/Build/Intermediates.noindex/EvaluationsFrameworkCLI.build/Debug-watchos/XCEvalFormat.build/DerivedSources -Xcc -DSWIFT_PACKAGE -Xcc -DDEBUG\=1 -emit-objc-header -emit-objc-header-path /Users/admin/builder/spi-builder-workspace/.derivedData/Build/Intermediates.noindex/EvaluationsFrameworkCLI.build/Debug-watchos/XCEvalFormat.build/Objects-normal/armv7k/XCEvalFormat-Swift.h -working-directory /Users/admin/builder/spi-builder-workspace/.swiftpm/xcode -experimental-emit-module-separately -disable-cmo
SwiftDriver XCEvalFormat normal arm64_32 com.apple.xcode.tools.swift.compiler (in target 'XCEvalFormat' from project 'EvaluationsFrameworkCLI')
cd /Users/admin/builder/spi-builder-workspace/.swiftpm/xcode
builtin-SwiftDriver -- /Applications/Xcode-26.4.0.app/Contents/Developer/Toolchains/XcodeDefault.xctoolchain/usr/bin/swiftc -module-name XCEvalFormat -Onone @/Users/admin/builder/spi-builder-workspace/.derivedData/Build/Intermediates.noindex/EvaluationsFrameworkCLI.build/Debug-watchos/XCEvalFormat.build/Objects-normal/arm64_32/XCEvalFormat.SwiftFileList -DSWIFT_PACKAGE -DDEBUG -DSWIFT_MODULE_RESOURCE_BUNDLE_UNAVAILABLE -DXcode -plugin-path /Applications/Xcode-26.4.0.app/Contents/Developer/Toolchains/XcodeDefault.xctoolchain/usr/lib/swift/host/plugins/testing -enable-experimental-feature DebugDescriptionMacro -sdk /Applications/Xcode-26.4.0.app/Contents/Developer/Platforms/WatchOS.platform/Developer/SDKs/WatchOS26.4.sdk -target arm64_32-apple-watchos5.0 -g -module-cache-path /Users/admin/builder/spi-builder-workspace/.derivedData/ModuleCache.noindex -Xfrontend -serialize-debugging-options -profile-coverage-mapping -profile-generate -enable-testing -suppress-warnings -index-store-path /Users/admin/builder/spi-builder-workspace/.derivedData/Index.noindex/DataStore -Xcc -D_LIBCPP_HARDENING_MODE\=_LIBCPP_HARDENING_MODE_DEBUG -swift-version 6 -I /Users/admin/builder/spi-builder-workspace/.derivedData/Build/Products/Debug-watchos -Isystem /Applications/Xcode-26.4.0.app/Contents/Developer/Platforms/WatchOS.platform/Developer/usr/lib -F /Users/admin/builder/spi-builder-workspace/.derivedData/Build/Products/Debug-watchos -F /Applications/Xcode-26.4.0.app/Contents/Developer/Platforms/WatchOS.platform/Developer/Library/Frameworks -F /Applications/Xcode-26.4.0.app/Contents/Developer/Platforms/WatchOS.platform/Developer/SDKs/WatchOS26.4.sdk/Developer/Library/Frameworks -c -j10 -enable-batch-mode -incremental -Xcc -ivfsstatcache -Xcc /Users/admin/builder/spi-builder-workspace/.derivedData/SDKStatCaches.noindex/watchos26.4-23T238-688ef53f1462e2c8f657fdc38a81448f9e51884a582f42380855760c9d4cc599.sdkstatcache -output-file-map /Users/admin/builder/spi-builder-workspace/.derivedData/Build/Intermediates.noindex/EvaluationsFrameworkCLI.build/Debug-watchos/XCEvalFormat.build/Objects-normal/arm64_32/XCEvalFormat-OutputFileMap.json -use-frontend-parseable-output -save-temps -no-color-diagnostics -explicit-module-build -module-cache-path /Users/admin/builder/spi-builder-workspace/.derivedData/Build/Intermediates.noindex/SwiftExplicitPrecompiledModules -clang-scanner-module-cache-path /Users/admin/builder/spi-builder-workspace/.derivedData/ModuleCache.noindex -sdk-module-cache-path /Users/admin/builder/spi-builder-workspace/.derivedData/ModuleCache.noindex -serialize-diagnostics -emit-dependencies -emit-module -emit-module-path /Users/admin/builder/spi-builder-workspace/.derivedData/Build/Intermediates.noindex/EvaluationsFrameworkCLI.build/Debug-watchos/XCEvalFormat.build/Objects-normal/arm64_32/XCEvalFormat.swiftmodule -user-module-version 0.4.0 -validate-clang-modules-once -clang-build-session-file /Users/admin/builder/spi-builder-workspace/.derivedData/ModuleCache.noindex/Session.modulevalidation -package-name evaluations_framework_cli -Xcc -I/Users/admin/builder/spi-builder-workspace/.derivedData/Build/Intermediates.noindex/EvaluationsFrameworkCLI.build/Debug-watchos/XCEvalFormat.build/swift-overrides.hmap -emit-const-values -Xfrontend -const-gather-protocols-file -Xfrontend /Users/admin/builder/spi-builder-workspace/.derivedData/Build/Intermediates.noindex/EvaluationsFrameworkCLI.build/Debug-watchos/XCEvalFormat.build/Objects-normal/arm64_32/XCEvalFormat_const_extract_protocols.json -Xcc -I/Users/admin/builder/spi-builder-workspace/.derivedData/Build/Products/Debug-watchos/include -Xcc -I/Users/admin/builder/spi-builder-workspace/.derivedData/Build/Intermediates.noindex/EvaluationsFrameworkCLI.build/Debug-watchos/XCEvalFormat.build/DerivedSources-normal/arm64_32 -Xcc -I/Users/admin/builder/spi-builder-workspace/.derivedData/Build/Intermediates.noindex/EvaluationsFrameworkCLI.build/Debug-watchos/XCEvalFormat.build/DerivedSources/arm64_32 -Xcc -I/Users/admin/builder/spi-builder-workspace/.derivedData/Build/Intermediates.noindex/EvaluationsFrameworkCLI.build/Debug-watchos/XCEvalFormat.build/DerivedSources -Xcc -DSWIFT_PACKAGE -Xcc -DDEBUG\=1 -emit-objc-header -emit-objc-header-path /Users/admin/builder/spi-builder-workspace/.derivedData/Build/Intermediates.noindex/EvaluationsFrameworkCLI.build/Debug-watchos/XCEvalFormat.build/Objects-normal/arm64_32/XCEvalFormat-Swift.h -working-directory /Users/admin/builder/spi-builder-workspace/.swiftpm/xcode -experimental-emit-module-separately -disable-cmo
SwiftDriver JudgeCalibration normal arm64_32 com.apple.xcode.tools.swift.compiler (in target 'JudgeCalibration' from project 'JudgeCalibrationKit')
cd /Users/admin/builder/spi-builder-workspace/.swiftpm/xcode
builtin-SwiftDriver -- /Applications/Xcode-26.4.0.app/Contents/Developer/Toolchains/XcodeDefault.xctoolchain/usr/bin/swiftc -module-name JudgeCalibration -Onone @/Users/admin/builder/spi-builder-workspace/.derivedData/Build/Intermediates.noindex/JudgeCalibrationKit.build/Debug-watchos/JudgeCalibration.build/Objects-normal/arm64_32/JudgeCalibration.SwiftFileList -DSWIFT_PACKAGE -DDEBUG -DSWIFT_MODULE_RESOURCE_BUNDLE_UNAVAILABLE -DXcode -plugin-path /Applications/Xcode-26.4.0.app/Contents/Developer/Toolchains/XcodeDefault.xctoolchain/usr/lib/swift/host/plugins/testing -enable-experimental-feature DebugDescriptionMacro -sdk /Applications/Xcode-26.4.0.app/Contents/Developer/Platforms/WatchOS.platform/Developer/SDKs/WatchOS26.4.sdk -target arm64_32-apple-watchos9.0 -g -module-cache-path /Users/admin/builder/spi-builder-workspace/.derivedData/ModuleCache.noindex -Xfrontend -serialize-debugging-options -profile-coverage-mapping -profile-generate -enable-testing -index-store-path /Users/admin/builder/spi-builder-workspace/.derivedData/Index.noindex/DataStore -Xcc -D_LIBCPP_HARDENING_MODE\=_LIBCPP_HARDENING_MODE_DEBUG -swift-version 6 -I /Users/admin/builder/spi-builder-workspace/.derivedData/Build/Products/Debug-watchos -Isystem /Applications/Xcode-26.4.0.app/Contents/Developer/Platforms/WatchOS.platform/Developer/usr/lib -F /Users/admin/builder/spi-builder-workspace/.derivedData/Build/Products/Debug-watchos -F /Applications/Xcode-26.4.0.app/Contents/Developer/Platforms/WatchOS.platform/Developer/Library/Frameworks -F /Applications/Xcode-26.4.0.app/Contents/Developer/Platforms/WatchOS.platform/Developer/SDKs/WatchOS26.4.sdk/Developer/Library/Frameworks -c -j10 -enable-batch-mode -incremental -Xcc -ivfsstatcache -Xcc /Users/admin/builder/spi-builder-workspace/.derivedData/SDKStatCaches.noindex/watchos26.4-23T238-688ef53f1462e2c8f657fdc38a81448f9e51884a582f42380855760c9d4cc599.sdkstatcache -output-file-map /Users/admin/builder/spi-builder-workspace/.derivedData/Build/Intermediates.noindex/JudgeCalibrationKit.build/Debug-watchos/JudgeCalibration.build/Objects-normal/arm64_32/JudgeCalibration-OutputFileMap.json -use-frontend-parseable-output -save-temps -no-color-diagnostics -explicit-module-build -module-cache-path /Users/admin/builder/spi-builder-workspace/.derivedData/Build/Intermediates.noindex/SwiftExplicitPrecompiledModules -clang-scanner-module-cache-path /Users/admin/builder/spi-builder-workspace/.derivedData/ModuleCache.noindex -sdk-module-cache-path /Users/admin/builder/spi-builder-workspace/.derivedData/ModuleCache.noindex -serialize-diagnostics -emit-dependencies -emit-module -emit-module-path /Users/admin/builder/spi-builder-workspace/.derivedData/Build/Intermediates.noindex/JudgeCalibrationKit.build/Debug-watchos/JudgeCalibration.build/Objects-normal/arm64_32/JudgeCalibration.swiftmodule -validate-clang-modules-once -clang-build-session-file /Users/admin/builder/spi-builder-workspace/.derivedData/ModuleCache.noindex/Session.modulevalidation -package-name spi_builder_workspace -Xcc -I/Users/admin/builder/spi-builder-workspace/.derivedData/Build/Intermediates.noindex/JudgeCalibrationKit.build/Debug-watchos/JudgeCalibration.build/swift-overrides.hmap -emit-const-values -Xfrontend -const-gather-protocols-file -Xfrontend /Users/admin/builder/spi-builder-workspace/.derivedData/Build/Intermediates.noindex/JudgeCalibrationKit.build/Debug-watchos/JudgeCalibration.build/Objects-normal/arm64_32/JudgeCalibration_const_extract_protocols.json -Xcc -I/Users/admin/builder/spi-builder-workspace/.derivedData/Build/Products/Debug-watchos/include -Xcc -I/Users/admin/builder/spi-builder-workspace/.derivedData/Build/Intermediates.noindex/JudgeCalibrationKit.build/Debug-watchos/JudgeCalibration.build/DerivedSources-normal/arm64_32 -Xcc -I/Users/admin/builder/spi-builder-workspace/.derivedData/Build/Intermediates.noindex/JudgeCalibrationKit.build/Debug-watchos/JudgeCalibration.build/DerivedSources/arm64_32 -Xcc -I/Users/admin/builder/spi-builder-workspace/.derivedData/Build/Intermediates.noindex/JudgeCalibrationKit.build/Debug-watchos/JudgeCalibration.build/DerivedSources -Xcc -DSWIFT_PACKAGE -Xcc -DDEBUG\=1 -emit-objc-header -emit-objc-header-path /Users/admin/builder/spi-builder-workspace/.derivedData/Build/Intermediates.noindex/JudgeCalibrationKit.build/Debug-watchos/JudgeCalibration.build/Objects-normal/arm64_32/JudgeCalibration-Swift.h -working-directory /Users/admin/builder/spi-builder-workspace/.swiftpm/xcode -experimental-emit-module-separately -disable-cmo
SwiftDriver XCEvalFormat normal arm64 com.apple.xcode.tools.swift.compiler (in target 'XCEvalFormat' from project 'EvaluationsFrameworkCLI')
cd /Users/admin/builder/spi-builder-workspace/.swiftpm/xcode
builtin-SwiftDriver -- /Applications/Xcode-26.4.0.app/Contents/Developer/Toolchains/XcodeDefault.xctoolchain/usr/bin/swiftc -module-name XCEvalFormat -Onone @/Users/admin/builder/spi-builder-workspace/.derivedData/Build/Intermediates.noindex/EvaluationsFrameworkCLI.build/Debug-watchos/XCEvalFormat.build/Objects-normal/arm64/XCEvalFormat.SwiftFileList -DSWIFT_PACKAGE -DDEBUG -DSWIFT_MODULE_RESOURCE_BUNDLE_UNAVAILABLE -DXcode -plugin-path /Applications/Xcode-26.4.0.app/Contents/Developer/Toolchains/XcodeDefault.xctoolchain/usr/lib/swift/host/plugins/testing -enable-experimental-feature DebugDescriptionMacro -sdk /Applications/Xcode-26.4.0.app/Contents/Developer/Platforms/WatchOS.platform/Developer/SDKs/WatchOS26.4.sdk -target arm64-apple-watchos5.0 -g -module-cache-path /Users/admin/builder/spi-builder-workspace/.derivedData/ModuleCache.noindex -Xfrontend -serialize-debugging-options -profile-coverage-mapping -profile-generate -enable-testing -suppress-warnings -index-store-path /Users/admin/builder/spi-builder-workspace/.derivedData/Index.noindex/DataStore -Xcc -D_LIBCPP_HARDENING_MODE\=_LIBCPP_HARDENING_MODE_DEBUG -swift-version 6 -I /Users/admin/builder/spi-builder-workspace/.derivedData/Build/Products/Debug-watchos -Isystem /Applications/Xcode-26.4.0.app/Contents/Developer/Platforms/WatchOS.platform/Developer/usr/lib -F /Users/admin/builder/spi-builder-workspace/.derivedData/Build/Products/Debug-watchos -F /Applications/Xcode-26.4.0.app/Contents/Developer/Platforms/WatchOS.platform/Developer/Library/Frameworks -F /Applications/Xcode-26.4.0.app/Contents/Developer/Platforms/WatchOS.platform/Developer/SDKs/WatchOS26.4.sdk/Developer/Library/Frameworks -c -j10 -enable-batch-mode -incremental -Xcc -ivfsstatcache -Xcc /Users/admin/builder/spi-builder-workspace/.derivedData/SDKStatCaches.noindex/watchos26.4-23T238-688ef53f1462e2c8f657fdc38a81448f9e51884a582f42380855760c9d4cc599.sdkstatcache -output-file-map /Users/admin/builder/spi-builder-workspace/.derivedData/Build/Intermediates.noindex/EvaluationsFrameworkCLI.build/Debug-watchos/XCEvalFormat.build/Objects-normal/arm64/XCEvalFormat-OutputFileMap.json -use-frontend-parseable-output -save-temps -no-color-diagnostics -explicit-module-build -module-cache-path /Users/admin/builder/spi-builder-workspace/.derivedData/Build/Intermediates.noindex/SwiftExplicitPrecompiledModules -clang-scanner-module-cache-path /Users/admin/builder/spi-builder-workspace/.derivedData/ModuleCache.noindex -sdk-module-cache-path /Users/admin/builder/spi-builder-workspace/.derivedData/ModuleCache.noindex -serialize-diagnostics -emit-dependencies -emit-module -emit-module-path /Users/admin/builder/spi-builder-workspace/.derivedData/Build/Intermediates.noindex/EvaluationsFrameworkCLI.build/Debug-watchos/XCEvalFormat.build/Objects-normal/arm64/XCEvalFormat.swiftmodule -user-module-version 0.4.0 -validate-clang-modules-once -clang-build-session-file /Users/admin/builder/spi-builder-workspace/.derivedData/ModuleCache.noindex/Session.modulevalidation -package-name evaluations_framework_cli -Xcc -I/Users/admin/builder/spi-builder-workspace/.derivedData/Build/Intermediates.noindex/EvaluationsFrameworkCLI.build/Debug-watchos/XCEvalFormat.build/swift-overrides.hmap -emit-const-values -Xfrontend -const-gather-protocols-file -Xfrontend /Users/admin/builder/spi-builder-workspace/.derivedData/Build/Intermediates.noindex/EvaluationsFrameworkCLI.build/Debug-watchos/XCEvalFormat.build/Objects-normal/arm64/XCEvalFormat_const_extract_protocols.json -Xcc -I/Users/admin/builder/spi-builder-workspace/.derivedData/Build/Products/Debug-watchos/include -Xcc -I/Users/admin/builder/spi-builder-workspace/.derivedData/Build/Intermediates.noindex/EvaluationsFrameworkCLI.build/Debug-watchos/XCEvalFormat.build/DerivedSources-normal/arm64 -Xcc -I/Users/admin/builder/spi-builder-workspace/.derivedData/Build/Intermediates.noindex/EvaluationsFrameworkCLI.build/Debug-watchos/XCEvalFormat.build/DerivedSources/arm64 -Xcc -I/Users/admin/builder/spi-builder-workspace/.derivedData/Build/Intermediates.noindex/EvaluationsFrameworkCLI.build/Debug-watchos/XCEvalFormat.build/DerivedSources -Xcc -DSWIFT_PACKAGE -Xcc -DDEBUG\=1 -emit-objc-header -emit-objc-header-path /Users/admin/builder/spi-builder-workspace/.derivedData/Build/Intermediates.noindex/EvaluationsFrameworkCLI.build/Debug-watchos/XCEvalFormat.build/Objects-normal/arm64/XCEvalFormat-Swift.h -working-directory /Users/admin/builder/spi-builder-workspace/.swiftpm/xcode -experimental-emit-module-separately -disable-cmo
SwiftDriver JudgeCalibration normal arm64 com.apple.xcode.tools.swift.compiler (in target 'JudgeCalibration' from project 'JudgeCalibrationKit')
cd /Users/admin/builder/spi-builder-workspace/.swiftpm/xcode
builtin-SwiftDriver -- /Applications/Xcode-26.4.0.app/Contents/Developer/Toolchains/XcodeDefault.xctoolchain/usr/bin/swiftc -module-name JudgeCalibration -Onone @/Users/admin/builder/spi-builder-workspace/.derivedData/Build/Intermediates.noindex/JudgeCalibrationKit.build/Debug-watchos/JudgeCalibration.build/Objects-normal/arm64/JudgeCalibration.SwiftFileList -DSWIFT_PACKAGE -DDEBUG -DSWIFT_MODULE_RESOURCE_BUNDLE_UNAVAILABLE -DXcode -plugin-path /Applications/Xcode-26.4.0.app/Contents/Developer/Toolchains/XcodeDefault.xctoolchain/usr/lib/swift/host/plugins/testing -enable-experimental-feature DebugDescriptionMacro -sdk /Applications/Xcode-26.4.0.app/Contents/Developer/Platforms/WatchOS.platform/Developer/SDKs/WatchOS26.4.sdk -target arm64-apple-watchos9.0 -g -module-cache-path /Users/admin/builder/spi-builder-workspace/.derivedData/ModuleCache.noindex -Xfrontend -serialize-debugging-options -profile-coverage-mapping -profile-generate -enable-testing -index-store-path /Users/admin/builder/spi-builder-workspace/.derivedData/Index.noindex/DataStore -Xcc -D_LIBCPP_HARDENING_MODE\=_LIBCPP_HARDENING_MODE_DEBUG -swift-version 6 -I /Users/admin/builder/spi-builder-workspace/.derivedData/Build/Products/Debug-watchos -Isystem /Applications/Xcode-26.4.0.app/Contents/Developer/Platforms/WatchOS.platform/Developer/usr/lib -F /Users/admin/builder/spi-builder-workspace/.derivedData/Build/Products/Debug-watchos -F /Applications/Xcode-26.4.0.app/Contents/Developer/Platforms/WatchOS.platform/Developer/Library/Frameworks -F /Applications/Xcode-26.4.0.app/Contents/Developer/Platforms/WatchOS.platform/Developer/SDKs/WatchOS26.4.sdk/Developer/Library/Frameworks -c -j10 -enable-batch-mode -incremental -Xcc -ivfsstatcache -Xcc /Users/admin/builder/spi-builder-workspace/.derivedData/SDKStatCaches.noindex/watchos26.4-23T238-688ef53f1462e2c8f657fdc38a81448f9e51884a582f42380855760c9d4cc599.sdkstatcache -output-file-map /Users/admin/builder/spi-builder-workspace/.derivedData/Build/Intermediates.noindex/JudgeCalibrationKit.build/Debug-watchos/JudgeCalibration.build/Objects-normal/arm64/JudgeCalibration-OutputFileMap.json -use-frontend-parseable-output -save-temps -no-color-diagnostics -explicit-module-build -module-cache-path /Users/admin/builder/spi-builder-workspace/.derivedData/Build/Intermediates.noindex/SwiftExplicitPrecompiledModules -clang-scanner-module-cache-path /Users/admin/builder/spi-builder-workspace/.derivedData/ModuleCache.noindex -sdk-module-cache-path /Users/admin/builder/spi-builder-workspace/.derivedData/ModuleCache.noindex -serialize-diagnostics -emit-dependencies -emit-module -emit-module-path /Users/admin/builder/spi-builder-workspace/.derivedData/Build/Intermediates.noindex/JudgeCalibrationKit.build/Debug-watchos/JudgeCalibration.build/Objects-normal/arm64/JudgeCalibration.swiftmodule -validate-clang-modules-once -clang-build-session-file /Users/admin/builder/spi-builder-workspace/.derivedData/ModuleCache.noindex/Session.modulevalidation -package-name spi_builder_workspace -Xcc -I/Users/admin/builder/spi-builder-workspace/.derivedData/Build/Intermediates.noindex/JudgeCalibrationKit.build/Debug-watchos/JudgeCalibration.build/swift-overrides.hmap -emit-const-values -Xfrontend -const-gather-protocols-file -Xfrontend /Users/admin/builder/spi-builder-workspace/.derivedData/Build/Intermediates.noindex/JudgeCalibrationKit.build/Debug-watchos/JudgeCalibration.build/Objects-normal/arm64/JudgeCalibration_const_extract_protocols.json -Xcc -I/Users/admin/builder/spi-builder-workspace/.derivedData/Build/Products/Debug-watchos/include -Xcc -I/Users/admin/builder/spi-builder-workspace/.derivedData/Build/Intermediates.noindex/JudgeCalibrationKit.build/Debug-watchos/JudgeCalibration.build/DerivedSources-normal/arm64 -Xcc -I/Users/admin/builder/spi-builder-workspace/.derivedData/Build/Intermediates.noindex/JudgeCalibrationKit.build/Debug-watchos/JudgeCalibration.build/DerivedSources/arm64 -Xcc -I/Users/admin/builder/spi-builder-workspace/.derivedData/Build/Intermediates.noindex/JudgeCalibrationKit.build/Debug-watchos/JudgeCalibration.build/DerivedSources -Xcc -DSWIFT_PACKAGE -Xcc -DDEBUG\=1 -emit-objc-header -emit-objc-header-path /Users/admin/builder/spi-builder-workspace/.derivedData/Build/Intermediates.noindex/JudgeCalibrationKit.build/Debug-watchos/JudgeCalibration.build/Objects-normal/arm64/JudgeCalibration-Swift.h -working-directory /Users/admin/builder/spi-builder-workspace/.swiftpm/xcode -experimental-emit-module-separately -disable-cmo
SwiftDriver JudgeCalibrationXCEval normal arm64 com.apple.xcode.tools.swift.compiler (in target 'JudgeCalibrationXCEval' from project 'JudgeCalibrationKit')
cd /Users/admin/builder/spi-builder-workspace/.swiftpm/xcode
builtin-SwiftDriver -- /Applications/Xcode-26.4.0.app/Contents/Developer/Toolchains/XcodeDefault.xctoolchain/usr/bin/swiftc -module-name JudgeCalibrationXCEval -Onone @/Users/admin/builder/spi-builder-workspace/.derivedData/Build/Intermediates.noindex/JudgeCalibrationKit.build/Debug-watchos/JudgeCalibrationXCEval.build/Objects-normal/arm64/JudgeCalibrationXCEval.SwiftFileList -DSWIFT_PACKAGE -DDEBUG -DSWIFT_MODULE_RESOURCE_BUNDLE_UNAVAILABLE -DXcode -plugin-path /Applications/Xcode-26.4.0.app/Contents/Developer/Toolchains/XcodeDefault.xctoolchain/usr/lib/swift/host/plugins/testing -enable-experimental-feature DebugDescriptionMacro -sdk /Applications/Xcode-26.4.0.app/Contents/Developer/Platforms/WatchOS.platform/Developer/SDKs/WatchOS26.4.sdk -target arm64-apple-watchos9.0 -g -module-cache-path /Users/admin/builder/spi-builder-workspace/.derivedData/ModuleCache.noindex -Xfrontend -serialize-debugging-options -profile-coverage-mapping -profile-generate -enable-testing -index-store-path /Users/admin/builder/spi-builder-workspace/.derivedData/Index.noindex/DataStore -Xcc -D_LIBCPP_HARDENING_MODE\=_LIBCPP_HARDENING_MODE_DEBUG -swift-version 6 -I /Users/admin/builder/spi-builder-workspace/.derivedData/Build/Products/Debug-watchos -Isystem /Applications/Xcode-26.4.0.app/Contents/Developer/Platforms/WatchOS.platform/Developer/usr/lib -F /Users/admin/builder/spi-builder-workspace/.derivedData/Build/Products/Debug-watchos/PackageFrameworks -F /Users/admin/builder/spi-builder-workspace/.derivedData/Build/Products/Debug-watchos/PackageFrameworks -F /Users/admin/builder/spi-builder-workspace/.derivedData/Build/Products/Debug-watchos -F /Applications/Xcode-26.4.0.app/Contents/Developer/Platforms/WatchOS.platform/Developer/Library/Frameworks -F /Applications/Xcode-26.4.0.app/Contents/Developer/Platforms/WatchOS.platform/Developer/SDKs/WatchOS26.4.sdk/Developer/Library/Frameworks -c -j10 -enable-batch-mode -incremental -Xcc -ivfsstatcache -Xcc /Users/admin/builder/spi-builder-workspace/.derivedData/SDKStatCaches.noindex/watchos26.4-23T238-688ef53f1462e2c8f657fdc38a81448f9e51884a582f42380855760c9d4cc599.sdkstatcache -output-file-map /Users/admin/builder/spi-builder-workspace/.derivedData/Build/Intermediates.noindex/JudgeCalibrationKit.build/Debug-watchos/JudgeCalibrationXCEval.build/Objects-normal/arm64/JudgeCalibrationXCEval-OutputFileMap.json -use-frontend-parseable-output -save-temps -no-color-diagnostics -explicit-module-build -module-cache-path /Users/admin/builder/spi-builder-workspace/.derivedData/Build/Intermediates.noindex/SwiftExplicitPrecompiledModules -clang-scanner-module-cache-path /Users/admin/builder/spi-builder-workspace/.derivedData/ModuleCache.noindex -sdk-module-cache-path /Users/admin/builder/spi-builder-workspace/.derivedData/ModuleCache.noindex -serialize-diagnostics -emit-dependencies -emit-module -emit-module-path /Users/admin/builder/spi-builder-workspace/.derivedData/Build/Intermediates.noindex/JudgeCalibrationKit.build/Debug-watchos/JudgeCalibrationXCEval.build/Objects-normal/arm64/JudgeCalibrationXCEval.swiftmodule -validate-clang-modules-once -clang-build-session-file /Users/admin/builder/spi-builder-workspace/.derivedData/ModuleCache.noindex/Session.modulevalidation -package-name spi_builder_workspace -Xcc -I/Users/admin/builder/spi-builder-workspace/.derivedData/Build/Intermediates.noindex/JudgeCalibrationKit.build/Debug-watchos/JudgeCalibrationXCEval.build/swift-overrides.hmap -emit-const-values -Xfrontend -const-gather-protocols-file -Xfrontend /Users/admin/builder/spi-builder-workspace/.derivedData/Build/Intermediates.noindex/JudgeCalibrationKit.build/Debug-watchos/JudgeCalibrationXCEval.build/Objects-normal/arm64/JudgeCalibrationXCEval_const_extract_protocols.json -Xcc -I/Users/admin/builder/spi-builder-workspace/.derivedData/Build/Products/Debug-watchos/include -Xcc -I/Users/admin/builder/spi-builder-workspace/.derivedData/Build/Intermediates.noindex/JudgeCalibrationKit.build/Debug-watchos/JudgeCalibrationXCEval.build/DerivedSources-normal/arm64 -Xcc -I/Users/admin/builder/spi-builder-workspace/.derivedData/Build/Intermediates.noindex/JudgeCalibrationKit.build/Debug-watchos/JudgeCalibrationXCEval.build/DerivedSources/arm64 -Xcc -I/Users/admin/builder/spi-builder-workspace/.derivedData/Build/Intermediates.noindex/JudgeCalibrationKit.build/Debug-watchos/JudgeCalibrationXCEval.build/DerivedSources -Xcc -DSWIFT_PACKAGE -Xcc -DDEBUG\=1 -emit-objc-header -emit-objc-header-path /Users/admin/builder/spi-builder-workspace/.derivedData/Build/Intermediates.noindex/JudgeCalibrationKit.build/Debug-watchos/JudgeCalibrationXCEval.build/Objects-normal/arm64/JudgeCalibrationXCEval-Swift.h -working-directory /Users/admin/builder/spi-builder-workspace/.swiftpm/xcode -experimental-emit-module-separately -disable-cmo
SwiftDriver JudgeCalibrationXCEval normal arm64_32 com.apple.xcode.tools.swift.compiler (in target 'JudgeCalibrationXCEval' from project 'JudgeCalibrationKit')
cd /Users/admin/builder/spi-builder-workspace/.swiftpm/xcode
builtin-SwiftDriver -- /Applications/Xcode-26.4.0.app/Contents/Developer/Toolchains/XcodeDefault.xctoolchain/usr/bin/swiftc -module-name JudgeCalibrationXCEval -Onone @/Users/admin/builder/spi-builder-workspace/.derivedData/Build/Intermediates.noindex/JudgeCalibrationKit.build/Debug-watchos/JudgeCalibrationXCEval.build/Objects-normal/arm64_32/JudgeCalibrationXCEval.SwiftFileList -DSWIFT_PACKAGE -DDEBUG -DSWIFT_MODULE_RESOURCE_BUNDLE_UNAVAILABLE -DXcode -plugin-path /Applications/Xcode-26.4.0.app/Contents/Developer/Toolchains/XcodeDefault.xctoolchain/usr/lib/swift/host/plugins/testing -enable-experimental-feature DebugDescriptionMacro -sdk /Applications/Xcode-26.4.0.app/Contents/Developer/Platforms/WatchOS.platform/Developer/SDKs/WatchOS26.4.sdk -target arm64_32-apple-watchos9.0 -g -module-cache-path /Users/admin/builder/spi-builder-workspace/.derivedData/ModuleCache.noindex -Xfrontend -serialize-debugging-options -profile-coverage-mapping -profile-generate -enable-testing -index-store-path /Users/admin/builder/spi-builder-workspace/.derivedData/Index.noindex/DataStore -Xcc -D_LIBCPP_HARDENING_MODE\=_LIBCPP_HARDENING_MODE_DEBUG -swift-version 6 -I /Users/admin/builder/spi-builder-workspace/.derivedData/Build/Products/Debug-watchos -Isystem /Applications/Xcode-26.4.0.app/Contents/Developer/Platforms/WatchOS.platform/Developer/usr/lib -F /Users/admin/builder/spi-builder-workspace/.derivedData/Build/Products/Debug-watchos/PackageFrameworks -F /Users/admin/builder/spi-builder-workspace/.derivedData/Build/Products/Debug-watchos/PackageFrameworks -F /Users/admin/builder/spi-builder-workspace/.derivedData/Build/Products/Debug-watchos -F /Applications/Xcode-26.4.0.app/Contents/Developer/Platforms/WatchOS.platform/Developer/Library/Frameworks -F /Applications/Xcode-26.4.0.app/Contents/Developer/Platforms/WatchOS.platform/Developer/SDKs/WatchOS26.4.sdk/Developer/Library/Frameworks -c -j10 -enable-batch-mode -incremental -Xcc -ivfsstatcache -Xcc /Users/admin/builder/spi-builder-workspace/.derivedData/SDKStatCaches.noindex/watchos26.4-23T238-688ef53f1462e2c8f657fdc38a81448f9e51884a582f42380855760c9d4cc599.sdkstatcache -output-file-map /Users/admin/builder/spi-builder-workspace/.derivedData/Build/Intermediates.noindex/JudgeCalibrationKit.build/Debug-watchos/JudgeCalibrationXCEval.build/Objects-normal/arm64_32/JudgeCalibrationXCEval-OutputFileMap.json -use-frontend-parseable-output -save-temps -no-color-diagnostics -explicit-module-build -module-cache-path /Users/admin/builder/spi-builder-workspace/.derivedData/Build/Intermediates.noindex/SwiftExplicitPrecompiledModules -clang-scanner-module-cache-path /Users/admin/builder/spi-builder-workspace/.derivedData/ModuleCache.noindex -sdk-module-cache-path /Users/admin/builder/spi-builder-workspace/.derivedData/ModuleCache.noindex -serialize-diagnostics -emit-dependencies -emit-module -emit-module-path /Users/admin/builder/spi-builder-workspace/.derivedData/Build/Intermediates.noindex/JudgeCalibrationKit.build/Debug-watchos/JudgeCalibrationXCEval.build/Objects-normal/arm64_32/JudgeCalibrationXCEval.swiftmodule -validate-clang-modules-once -clang-build-session-file /Users/admin/builder/spi-builder-workspace/.derivedData/ModuleCache.noindex/Session.modulevalidation -package-name spi_builder_workspace -Xcc -I/Users/admin/builder/spi-builder-workspace/.derivedData/Build/Intermediates.noindex/JudgeCalibrationKit.build/Debug-watchos/JudgeCalibrationXCEval.build/swift-overrides.hmap -emit-const-values -Xfrontend -const-gather-protocols-file -Xfrontend /Users/admin/builder/spi-builder-workspace/.derivedData/Build/Intermediates.noindex/JudgeCalibrationKit.build/Debug-watchos/JudgeCalibrationXCEval.build/Objects-normal/arm64_32/JudgeCalibrationXCEval_const_extract_protocols.json -Xcc -I/Users/admin/builder/spi-builder-workspace/.derivedData/Build/Products/Debug-watchos/include -Xcc -I/Users/admin/builder/spi-builder-workspace/.derivedData/Build/Intermediates.noindex/JudgeCalibrationKit.build/Debug-watchos/JudgeCalibrationXCEval.build/DerivedSources-normal/arm64_32 -Xcc -I/Users/admin/builder/spi-builder-workspace/.derivedData/Build/Intermediates.noindex/JudgeCalibrationKit.build/Debug-watchos/JudgeCalibrationXCEval.build/DerivedSources/arm64_32 -Xcc -I/Users/admin/builder/spi-builder-workspace/.derivedData/Build/Intermediates.noindex/JudgeCalibrationKit.build/Debug-watchos/JudgeCalibrationXCEval.build/DerivedSources -Xcc -DSWIFT_PACKAGE -Xcc -DDEBUG\=1 -emit-objc-header -emit-objc-header-path /Users/admin/builder/spi-builder-workspace/.derivedData/Build/Intermediates.noindex/JudgeCalibrationKit.build/Debug-watchos/JudgeCalibrationXCEval.build/Objects-normal/arm64_32/JudgeCalibrationXCEval-Swift.h -working-directory /Users/admin/builder/spi-builder-workspace/.swiftpm/xcode -experimental-emit-module-separately -disable-cmo
SwiftDriver JudgeCalibrationTesting normal arm64_32 com.apple.xcode.tools.swift.compiler (in target 'JudgeCalibrationTesting' from project 'JudgeCalibrationKit')
cd /Users/admin/builder/spi-builder-workspace/.swiftpm/xcode
builtin-SwiftDriver -- /Applications/Xcode-26.4.0.app/Contents/Developer/Toolchains/XcodeDefault.xctoolchain/usr/bin/swiftc -module-name JudgeCalibrationTesting -Onone @/Users/admin/builder/spi-builder-workspace/.derivedData/Build/Intermediates.noindex/JudgeCalibrationKit.build/Debug-watchos/JudgeCalibrationTesting.build/Objects-normal/arm64_32/JudgeCalibrationTesting.SwiftFileList -DSWIFT_PACKAGE -DDEBUG -DSWIFT_MODULE_RESOURCE_BUNDLE_UNAVAILABLE -DXcode -plugin-path /Applications/Xcode-26.4.0.app/Contents/Developer/Toolchains/XcodeDefault.xctoolchain/usr/lib/swift/host/plugins/testing -enable-experimental-feature DebugDescriptionMacro -sdk /Applications/Xcode-26.4.0.app/Contents/Developer/Platforms/WatchOS.platform/Developer/SDKs/WatchOS26.4.sdk -target arm64_32-apple-watchos9.0 -g -module-cache-path /Users/admin/builder/spi-builder-workspace/.derivedData/ModuleCache.noindex -Xfrontend -serialize-debugging-options -profile-coverage-mapping -profile-generate -enable-testing -index-store-path /Users/admin/builder/spi-builder-workspace/.derivedData/Index.noindex/DataStore -Xcc -D_LIBCPP_HARDENING_MODE\=_LIBCPP_HARDENING_MODE_DEBUG -swift-version 6 -I /Users/admin/builder/spi-builder-workspace/.derivedData/Build/Products/Debug-watchos -Isystem /Applications/Xcode-26.4.0.app/Contents/Developer/Platforms/WatchOS.platform/Developer/usr/lib -F /Users/admin/builder/spi-builder-workspace/.derivedData/Build/Products/Debug-watchos/PackageFrameworks -F /Users/admin/builder/spi-builder-workspace/.derivedData/Build/Products/Debug-watchos -F /Applications/Xcode-26.4.0.app/Contents/Developer/Platforms/WatchOS.platform/Developer/Library/Frameworks -F /Applications/Xcode-26.4.0.app/Contents/Developer/Platforms/WatchOS.platform/Developer/SDKs/WatchOS26.4.sdk/Developer/Library/Frameworks -parse-as-library -c -j10 -enable-batch-mode -incremental -Xcc -ivfsstatcache -Xcc /Users/admin/builder/spi-builder-workspace/.derivedData/SDKStatCaches.noindex/watchos26.4-23T238-688ef53f1462e2c8f657fdc38a81448f9e51884a582f42380855760c9d4cc599.sdkstatcache -output-file-map /Users/admin/builder/spi-builder-workspace/.derivedData/Build/Intermediates.noindex/JudgeCalibrationKit.build/Debug-watchos/JudgeCalibrationTesting.build/Objects-normal/arm64_32/JudgeCalibrationTesting-OutputFileMap.json -use-frontend-parseable-output -save-temps -no-color-diagnostics -explicit-module-build -module-cache-path /Users/admin/builder/spi-builder-workspace/.derivedData/Build/Intermediates.noindex/SwiftExplicitPrecompiledModules -clang-scanner-module-cache-path /Users/admin/builder/spi-builder-workspace/.derivedData/ModuleCache.noindex -sdk-module-cache-path /Users/admin/builder/spi-builder-workspace/.derivedData/ModuleCache.noindex -serialize-diagnostics -emit-dependencies -emit-module -emit-module-path /Users/admin/builder/spi-builder-workspace/.derivedData/Build/Intermediates.noindex/JudgeCalibrationKit.build/Debug-watchos/JudgeCalibrationTesting.build/Objects-normal/arm64_32/JudgeCalibrationTesting.swiftmodule -validate-clang-modules-once -clang-build-session-file /Users/admin/builder/spi-builder-workspace/.derivedData/ModuleCache.noindex/Session.modulevalidation -package-name spi_builder_workspace -Xcc -I/Users/admin/builder/spi-builder-workspace/.derivedData/Build/Intermediates.noindex/JudgeCalibrationKit.build/Debug-watchos/JudgeCalibrationTesting.build/swift-overrides.hmap -emit-const-values -Xfrontend -const-gather-protocols-file -Xfrontend /Users/admin/builder/spi-builder-workspace/.derivedData/Build/Intermediates.noindex/JudgeCalibrationKit.build/Debug-watchos/JudgeCalibrationTesting.build/Objects-normal/arm64_32/JudgeCalibrationTesting_const_extract_protocols.json -Xcc -I/Users/admin/builder/spi-builder-workspace/.derivedData/Build/Products/Debug-watchos/include -Xcc -I/Users/admin/builder/spi-builder-workspace/.derivedData/Build/Intermediates.noindex/JudgeCalibrationKit.build/Debug-watchos/JudgeCalibrationTesting.build/DerivedSources-normal/arm64_32 -Xcc -I/Users/admin/builder/spi-builder-workspace/.derivedData/Build/Intermediates.noindex/JudgeCalibrationKit.build/Debug-watchos/JudgeCalibrationTesting.build/DerivedSources/arm64_32 -Xcc -I/Users/admin/builder/spi-builder-workspace/.derivedData/Build/Intermediates.noindex/JudgeCalibrationKit.build/Debug-watchos/JudgeCalibrationTesting.build/DerivedSources -Xcc -DSWIFT_PACKAGE -Xcc -DDEBUG\=1 -emit-objc-header -emit-objc-header-path /Users/admin/builder/spi-builder-workspace/.derivedData/Build/Intermediates.noindex/JudgeCalibrationKit.build/Debug-watchos/JudgeCalibrationTesting.build/Objects-normal/arm64_32/JudgeCalibrationTesting-Swift.h -working-directory /Users/admin/builder/spi-builder-workspace/.swiftpm/xcode -experimental-emit-module-separately -disable-cmo
SwiftDriver JudgeCalibrationTesting normal arm64 com.apple.xcode.tools.swift.compiler (in target 'JudgeCalibrationTesting' from project 'JudgeCalibrationKit')
cd /Users/admin/builder/spi-builder-workspace/.swiftpm/xcode
builtin-SwiftDriver -- /Applications/Xcode-26.4.0.app/Contents/Developer/Toolchains/XcodeDefault.xctoolchain/usr/bin/swiftc -module-name JudgeCalibrationTesting -Onone @/Users/admin/builder/spi-builder-workspace/.derivedData/Build/Intermediates.noindex/JudgeCalibrationKit.build/Debug-watchos/JudgeCalibrationTesting.build/Objects-normal/arm64/JudgeCalibrationTesting.SwiftFileList -DSWIFT_PACKAGE -DDEBUG -DSWIFT_MODULE_RESOURCE_BUNDLE_UNAVAILABLE -DXcode -plugin-path /Applications/Xcode-26.4.0.app/Contents/Developer/Toolchains/XcodeDefault.xctoolchain/usr/lib/swift/host/plugins/testing -enable-experimental-feature DebugDescriptionMacro -sdk /Applications/Xcode-26.4.0.app/Contents/Developer/Platforms/WatchOS.platform/Developer/SDKs/WatchOS26.4.sdk -target arm64-apple-watchos9.0 -g -module-cache-path /Users/admin/builder/spi-builder-workspace/.derivedData/ModuleCache.noindex -Xfrontend -serialize-debugging-options -profile-coverage-mapping -profile-generate -enable-testing -index-store-path /Users/admin/builder/spi-builder-workspace/.derivedData/Index.noindex/DataStore -Xcc -D_LIBCPP_HARDENING_MODE\=_LIBCPP_HARDENING_MODE_DEBUG -swift-version 6 -I /Users/admin/builder/spi-builder-workspace/.derivedData/Build/Products/Debug-watchos -Isystem /Applications/Xcode-26.4.0.app/Contents/Developer/Platforms/WatchOS.platform/Developer/usr/lib -F /Users/admin/builder/spi-builder-workspace/.derivedData/Build/Products/Debug-watchos/PackageFrameworks -F /Users/admin/builder/spi-builder-workspace/.derivedData/Build/Products/Debug-watchos -F /Applications/Xcode-26.4.0.app/Contents/Developer/Platforms/WatchOS.platform/Developer/Library/Frameworks -F /Applications/Xcode-26.4.0.app/Contents/Developer/Platforms/WatchOS.platform/Developer/SDKs/WatchOS26.4.sdk/Developer/Library/Frameworks -parse-as-library -c -j10 -enable-batch-mode -incremental -Xcc -ivfsstatcache -Xcc /Users/admin/builder/spi-builder-workspace/.derivedData/SDKStatCaches.noindex/watchos26.4-23T238-688ef53f1462e2c8f657fdc38a81448f9e51884a582f42380855760c9d4cc599.sdkstatcache -output-file-map /Users/admin/builder/spi-builder-workspace/.derivedData/Build/Intermediates.noindex/JudgeCalibrationKit.build/Debug-watchos/JudgeCalibrationTesting.build/Objects-normal/arm64/JudgeCalibrationTesting-OutputFileMap.json -use-frontend-parseable-output -save-temps -no-color-diagnostics -explicit-module-build -module-cache-path /Users/admin/builder/spi-builder-workspace/.derivedData/Build/Intermediates.noindex/SwiftExplicitPrecompiledModules -clang-scanner-module-cache-path /Users/admin/builder/spi-builder-workspace/.derivedData/ModuleCache.noindex -sdk-module-cache-path /Users/admin/builder/spi-builder-workspace/.derivedData/ModuleCache.noindex -serialize-diagnostics -emit-dependencies -emit-module -emit-module-path /Users/admin/builder/spi-builder-workspace/.derivedData/Build/Intermediates.noindex/JudgeCalibrationKit.build/Debug-watchos/JudgeCalibrationTesting.build/Objects-normal/arm64/JudgeCalibrationTesting.swiftmodule -validate-clang-modules-once -clang-build-session-file /Users/admin/builder/spi-builder-workspace/.derivedData/ModuleCache.noindex/Session.modulevalidation -package-name spi_builder_workspace -Xcc -I/Users/admin/builder/spi-builder-workspace/.derivedData/Build/Intermediates.noindex/JudgeCalibrationKit.build/Debug-watchos/JudgeCalibrationTesting.build/swift-overrides.hmap -emit-const-values -Xfrontend -const-gather-protocols-file -Xfrontend /Users/admin/builder/spi-builder-workspace/.derivedData/Build/Intermediates.noindex/JudgeCalibrationKit.build/Debug-watchos/JudgeCalibrationTesting.build/Objects-normal/arm64/JudgeCalibrationTesting_const_extract_protocols.json -Xcc -I/Users/admin/builder/spi-builder-workspace/.derivedData/Build/Products/Debug-watchos/include -Xcc -I/Users/admin/builder/spi-builder-workspace/.derivedData/Build/Intermediates.noindex/JudgeCalibrationKit.build/Debug-watchos/JudgeCalibrationTesting.build/DerivedSources-normal/arm64 -Xcc -I/Users/admin/builder/spi-builder-workspace/.derivedData/Build/Intermediates.noindex/JudgeCalibrationKit.build/Debug-watchos/JudgeCalibrationTesting.build/DerivedSources/arm64 -Xcc -I/Users/admin/builder/spi-builder-workspace/.derivedData/Build/Intermediates.noindex/JudgeCalibrationKit.build/Debug-watchos/JudgeCalibrationTesting.build/DerivedSources -Xcc -DSWIFT_PACKAGE -Xcc -DDEBUG\=1 -emit-objc-header -emit-objc-header-path /Users/admin/builder/spi-builder-workspace/.derivedData/Build/Intermediates.noindex/JudgeCalibrationKit.build/Debug-watchos/JudgeCalibrationTesting.build/Objects-normal/arm64/JudgeCalibrationTesting-Swift.h -working-directory /Users/admin/builder/spi-builder-workspace/.swiftpm/xcode -experimental-emit-module-separately -disable-cmo
SwiftDriver JudgeCalibrationEvaluations normal arm64_32 com.apple.xcode.tools.swift.compiler (in target 'JudgeCalibrationEvaluations' from project 'JudgeCalibrationKit')
cd /Users/admin/builder/spi-builder-workspace/.swiftpm/xcode
builtin-SwiftDriver -- /Applications/Xcode-26.4.0.app/Contents/Developer/Toolchains/XcodeDefault.xctoolchain/usr/bin/swiftc -module-name JudgeCalibrationEvaluations -Onone @/Users/admin/builder/spi-builder-workspace/.derivedData/Build/Intermediates.noindex/JudgeCalibrationKit.build/Debug-watchos/JudgeCalibrationEvaluations.build/Objects-normal/arm64_32/JudgeCalibrationEvaluations.SwiftFileList -DSWIFT_PACKAGE -DDEBUG -DSWIFT_MODULE_RESOURCE_BUNDLE_UNAVAILABLE -DXcode -plugin-path /Applications/Xcode-26.4.0.app/Contents/Developer/Toolchains/XcodeDefault.xctoolchain/usr/lib/swift/host/plugins/testing -enable-experimental-feature DebugDescriptionMacro -sdk /Applications/Xcode-26.4.0.app/Contents/Developer/Platforms/WatchOS.platform/Developer/SDKs/WatchOS26.4.sdk -target arm64_32-apple-watchos9.0 -g -module-cache-path /Users/admin/builder/spi-builder-workspace/.derivedData/ModuleCache.noindex -Xfrontend -serialize-debugging-options -profile-coverage-mapping -profile-generate -enable-testing -index-store-path /Users/admin/builder/spi-builder-workspace/.derivedData/Index.noindex/DataStore -Xcc -D_LIBCPP_HARDENING_MODE\=_LIBCPP_HARDENING_MODE_DEBUG -swift-version 6 -I /Users/admin/builder/spi-builder-workspace/.derivedData/Build/Products/Debug-watchos -Isystem /Applications/Xcode-26.4.0.app/Contents/Developer/Platforms/WatchOS.platform/Developer/usr/lib -F /Users/admin/builder/spi-builder-workspace/.derivedData/Build/Products/Debug-watchos/PackageFrameworks -F /Users/admin/builder/spi-builder-workspace/.derivedData/Build/Products/Debug-watchos -F /Applications/Xcode-26.4.0.app/Contents/Developer/Platforms/WatchOS.platform/Developer/Library/Frameworks -F /Applications/Xcode-26.4.0.app/Contents/Developer/Platforms/WatchOS.platform/Developer/SDKs/WatchOS26.4.sdk/Developer/Library/Frameworks -parse-as-library -c -j10 -enable-batch-mode -incremental -Xcc -ivfsstatcache -Xcc /Users/admin/builder/spi-builder-workspace/.derivedData/SDKStatCaches.noindex/watchos26.4-23T238-688ef53f1462e2c8f657fdc38a81448f9e51884a582f42380855760c9d4cc599.sdkstatcache -output-file-map /Users/admin/builder/spi-builder-workspace/.derivedData/Build/Intermediates.noindex/JudgeCalibrationKit.build/Debug-watchos/JudgeCalibrationEvaluations.build/Objects-normal/arm64_32/JudgeCalibrationEvaluations-OutputFileMap.json -use-frontend-parseable-output -save-temps -no-color-diagnostics -explicit-module-build -module-cache-path /Users/admin/builder/spi-builder-workspace/.derivedData/Build/Intermediates.noindex/SwiftExplicitPrecompiledModules -clang-scanner-module-cache-path /Users/admin/builder/spi-builder-workspace/.derivedData/ModuleCache.noindex -sdk-module-cache-path /Users/admin/builder/spi-builder-workspace/.derivedData/ModuleCache.noindex -serialize-diagnostics -emit-dependencies -emit-module -emit-module-path /Users/admin/builder/spi-builder-workspace/.derivedData/Build/Intermediates.noindex/JudgeCalibrationKit.build/Debug-watchos/JudgeCalibrationEvaluations.build/Objects-normal/arm64_32/JudgeCalibrationEvaluations.swiftmodule -validate-clang-modules-once -clang-build-session-file /Users/admin/builder/spi-builder-workspace/.derivedData/ModuleCache.noindex/Session.modulevalidation -package-name spi_builder_workspace -Xcc -I/Users/admin/builder/spi-builder-workspace/.derivedData/Build/Intermediates.noindex/JudgeCalibrationKit.build/Debug-watchos/JudgeCalibrationEvaluations.build/swift-overrides.hmap -emit-const-values -Xfrontend -const-gather-protocols-file -Xfrontend /Users/admin/builder/spi-builder-workspace/.derivedData/Build/Intermediates.noindex/JudgeCalibrationKit.build/Debug-watchos/JudgeCalibrationEvaluations.build/Objects-normal/arm64_32/JudgeCalibrationEvaluations_const_extract_protocols.json -Xcc -I/Users/admin/builder/spi-builder-workspace/.derivedData/Build/Products/Debug-watchos/include -Xcc -I/Users/admin/builder/spi-builder-workspace/.derivedData/Build/Intermediates.noindex/JudgeCalibrationKit.build/Debug-watchos/JudgeCalibrationEvaluations.build/DerivedSources-normal/arm64_32 -Xcc -I/Users/admin/builder/spi-builder-workspace/.derivedData/Build/Intermediates.noindex/JudgeCalibrationKit.build/Debug-watchos/JudgeCalibrationEvaluations.build/DerivedSources/arm64_32 -Xcc -I/Users/admin/builder/spi-builder-workspace/.derivedData/Build/Intermediates.noindex/JudgeCalibrationKit.build/Debug-watchos/JudgeCalibrationEvaluations.build/DerivedSources -Xcc -DSWIFT_PACKAGE -Xcc -DDEBUG\=1 -emit-objc-header -emit-objc-header-path /Users/admin/builder/spi-builder-workspace/.derivedData/Build/Intermediates.noindex/JudgeCalibrationKit.build/Debug-watchos/JudgeCalibrationEvaluations.build/Objects-normal/arm64_32/JudgeCalibrationEvaluations-Swift.h -working-directory /Users/admin/builder/spi-builder-workspace/.swiftpm/xcode -experimental-emit-module-separately -disable-cmo
SwiftDriver JudgeCalibrationEvaluations normal arm64 com.apple.xcode.tools.swift.compiler (in target 'JudgeCalibrationEvaluations' from project 'JudgeCalibrationKit')
cd /Users/admin/builder/spi-builder-workspace/.swiftpm/xcode
builtin-SwiftDriver -- /Applications/Xcode-26.4.0.app/Contents/Developer/Toolchains/XcodeDefault.xctoolchain/usr/bin/swiftc -module-name JudgeCalibrationEvaluations -Onone @/Users/admin/builder/spi-builder-workspace/.derivedData/Build/Intermediates.noindex/JudgeCalibrationKit.build/Debug-watchos/JudgeCalibrationEvaluations.build/Objects-normal/arm64/JudgeCalibrationEvaluations.SwiftFileList -DSWIFT_PACKAGE -DDEBUG -DSWIFT_MODULE_RESOURCE_BUNDLE_UNAVAILABLE -DXcode -plugin-path /Applications/Xcode-26.4.0.app/Contents/Developer/Toolchains/XcodeDefault.xctoolchain/usr/lib/swift/host/plugins/testing -enable-experimental-feature DebugDescriptionMacro -sdk /Applications/Xcode-26.4.0.app/Contents/Developer/Platforms/WatchOS.platform/Developer/SDKs/WatchOS26.4.sdk -target arm64-apple-watchos9.0 -g -module-cache-path /Users/admin/builder/spi-builder-workspace/.derivedData/ModuleCache.noindex -Xfrontend -serialize-debugging-options -profile-coverage-mapping -profile-generate -enable-testing -index-store-path /Users/admin/builder/spi-builder-workspace/.derivedData/Index.noindex/DataStore -Xcc -D_LIBCPP_HARDENING_MODE\=_LIBCPP_HARDENING_MODE_DEBUG -swift-version 6 -I /Users/admin/builder/spi-builder-workspace/.derivedData/Build/Products/Debug-watchos -Isystem /Applications/Xcode-26.4.0.app/Contents/Developer/Platforms/WatchOS.platform/Developer/usr/lib -F /Users/admin/builder/spi-builder-workspace/.derivedData/Build/Products/Debug-watchos/PackageFrameworks -F /Users/admin/builder/spi-builder-workspace/.derivedData/Build/Products/Debug-watchos -F /Applications/Xcode-26.4.0.app/Contents/Developer/Platforms/WatchOS.platform/Developer/Library/Frameworks -F /Applications/Xcode-26.4.0.app/Contents/Developer/Platforms/WatchOS.platform/Developer/SDKs/WatchOS26.4.sdk/Developer/Library/Frameworks -parse-as-library -c -j10 -enable-batch-mode -incremental -Xcc -ivfsstatcache -Xcc /Users/admin/builder/spi-builder-workspace/.derivedData/SDKStatCaches.noindex/watchos26.4-23T238-688ef53f1462e2c8f657fdc38a81448f9e51884a582f42380855760c9d4cc599.sdkstatcache -output-file-map /Users/admin/builder/spi-builder-workspace/.derivedData/Build/Intermediates.noindex/JudgeCalibrationKit.build/Debug-watchos/JudgeCalibrationEvaluations.build/Objects-normal/arm64/JudgeCalibrationEvaluations-OutputFileMap.json -use-frontend-parseable-output -save-temps -no-color-diagnostics -explicit-module-build -module-cache-path /Users/admin/builder/spi-builder-workspace/.derivedData/Build/Intermediates.noindex/SwiftExplicitPrecompiledModules -clang-scanner-module-cache-path /Users/admin/builder/spi-builder-workspace/.derivedData/ModuleCache.noindex -sdk-module-cache-path /Users/admin/builder/spi-builder-workspace/.derivedData/ModuleCache.noindex -serialize-diagnostics -emit-dependencies -emit-module -emit-module-path /Users/admin/builder/spi-builder-workspace/.derivedData/Build/Intermediates.noindex/JudgeCalibrationKit.build/Debug-watchos/JudgeCalibrationEvaluations.build/Objects-normal/arm64/JudgeCalibrationEvaluations.swiftmodule -validate-clang-modules-once -clang-build-session-file /Users/admin/builder/spi-builder-workspace/.derivedData/ModuleCache.noindex/Session.modulevalidation -package-name spi_builder_workspace -Xcc -I/Users/admin/builder/spi-builder-workspace/.derivedData/Build/Intermediates.noindex/JudgeCalibrationKit.build/Debug-watchos/JudgeCalibrationEvaluations.build/swift-overrides.hmap -emit-const-values -Xfrontend -const-gather-protocols-file -Xfrontend /Users/admin/builder/spi-builder-workspace/.derivedData/Build/Intermediates.noindex/JudgeCalibrationKit.build/Debug-watchos/JudgeCalibrationEvaluations.build/Objects-normal/arm64/JudgeCalibrationEvaluations_const_extract_protocols.json -Xcc -I/Users/admin/builder/spi-builder-workspace/.derivedData/Build/Products/Debug-watchos/include -Xcc -I/Users/admin/builder/spi-builder-workspace/.derivedData/Build/Intermediates.noindex/JudgeCalibrationKit.build/Debug-watchos/JudgeCalibrationEvaluations.build/DerivedSources-normal/arm64 -Xcc -I/Users/admin/builder/spi-builder-workspace/.derivedData/Build/Intermediates.noindex/JudgeCalibrationKit.build/Debug-watchos/JudgeCalibrationEvaluations.build/DerivedSources/arm64 -Xcc -I/Users/admin/builder/spi-builder-workspace/.derivedData/Build/Intermediates.noindex/JudgeCalibrationKit.build/Debug-watchos/JudgeCalibrationEvaluations.build/DerivedSources -Xcc -DSWIFT_PACKAGE -Xcc -DDEBUG\=1 -emit-objc-header -emit-objc-header-path /Users/admin/builder/spi-builder-workspace/.derivedData/Build/Intermediates.noindex/JudgeCalibrationKit.build/Debug-watchos/JudgeCalibrationEvaluations.build/Objects-normal/arm64/JudgeCalibrationEvaluations-Swift.h -working-directory /Users/admin/builder/spi-builder-workspace/.swiftpm/xcode -experimental-emit-module-separately -disable-cmo
SwiftEmitModule normal armv7k Emitting\ module\ for\ XCEvalFormat (in target 'XCEvalFormat' from project 'EvaluationsFrameworkCLI')
EmitSwiftModule normal armv7k (in target 'XCEvalFormat' from project 'EvaluationsFrameworkCLI')
cd /Users/admin/builder/spi-builder-workspace/.swiftpm/xcode
SwiftEmitModule normal arm64 Emitting\ module\ for\ XCEvalFormat (in target 'XCEvalFormat' from project 'EvaluationsFrameworkCLI')
EmitSwiftModule normal arm64 (in target 'XCEvalFormat' from project 'EvaluationsFrameworkCLI')
cd /Users/admin/builder/spi-builder-workspace/.swiftpm/xcode
SwiftCompile normal armv7k Compiling\ DiscoveryCommandDocuments.swift /Users/admin/builder/spi-builder-workspace/.dependencies/checkouts/Evaluations-Framework-CLI/Sources/XCEvalFormat/DiscoveryCommandDocuments.swift (in target 'XCEvalFormat' from project 'EvaluationsFrameworkCLI')
SwiftCompile normal armv7k /Users/admin/builder/spi-builder-workspace/.dependencies/checkouts/Evaluations-Framework-CLI/Sources/XCEvalFormat/DiscoveryCommandDocuments.swift (in target 'XCEvalFormat' from project 'EvaluationsFrameworkCLI')
cd /Users/admin/builder/spi-builder-workspace/.swiftpm/xcode
SwiftCompile normal arm64 Compiling\ AgentCommandDocuments.swift /Users/admin/builder/spi-builder-workspace/.dependencies/checkouts/Evaluations-Framework-CLI/Sources/XCEvalFormat/AgentCommandDocuments.swift (in target 'XCEvalFormat' from project 'EvaluationsFrameworkCLI')
SwiftCompile normal arm64 /Users/admin/builder/spi-builder-workspace/.dependencies/checkouts/Evaluations-Framework-CLI/Sources/XCEvalFormat/AgentCommandDocuments.swift (in target 'XCEvalFormat' from project 'EvaluationsFrameworkCLI')
cd /Users/admin/builder/spi-builder-workspace/.swiftpm/xcode
SwiftEmitModule normal arm64_32 Emitting\ module\ for\ XCEvalFormat (in target 'XCEvalFormat' from project 'EvaluationsFrameworkCLI')
EmitSwiftModule normal arm64_32 (in target 'XCEvalFormat' from project 'EvaluationsFrameworkCLI')
cd /Users/admin/builder/spi-builder-workspace/.swiftpm/xcode
SwiftEmitModule normal arm64 Emitting\ module\ for\ JudgeCalibration (in target 'JudgeCalibration' from project 'JudgeCalibrationKit')
EmitSwiftModule normal arm64 (in target 'JudgeCalibration' from project 'JudgeCalibrationKit')
cd /Users/admin/builder/spi-builder-workspace/.swiftpm/xcode
SwiftEmitModule normal arm64_32 Emitting\ module\ for\ JudgeCalibration (in target 'JudgeCalibration' from project 'JudgeCalibrationKit')
EmitSwiftModule normal arm64_32 (in target 'JudgeCalibration' from project 'JudgeCalibrationKit')
cd /Users/admin/builder/spi-builder-workspace/.swiftpm/xcode
SwiftCompile normal arm64_32 Compiling\ XCEvalFormat.swift /Users/admin/builder/spi-builder-workspace/.dependencies/checkouts/Evaluations-Framework-CLI/Sources/XCEvalFormat/XCEvalFormat.swift (in target 'XCEvalFormat' from project 'EvaluationsFrameworkCLI')
SwiftCompile normal arm64_32 /Users/admin/builder/spi-builder-workspace/.dependencies/checkouts/Evaluations-Framework-CLI/Sources/XCEvalFormat/XCEvalFormat.swift (in target 'XCEvalFormat' from project 'EvaluationsFrameworkCLI')
cd /Users/admin/builder/spi-builder-workspace/.swiftpm/xcode
SwiftCompile normal arm64_32 Compiling\ DiscoveryCommandDocuments.swift /Users/admin/builder/spi-builder-workspace/.dependencies/checkouts/Evaluations-Framework-CLI/Sources/XCEvalFormat/DiscoveryCommandDocuments.swift (in target 'XCEvalFormat' from project 'EvaluationsFrameworkCLI')
SwiftCompile normal arm64_32 /Users/admin/builder/spi-builder-workspace/.dependencies/checkouts/Evaluations-Framework-CLI/Sources/XCEvalFormat/DiscoveryCommandDocuments.swift (in target 'XCEvalFormat' from project 'EvaluationsFrameworkCLI')
cd /Users/admin/builder/spi-builder-workspace/.swiftpm/xcode
SwiftEmitModule normal arm64_32 Emitting\ module\ for\ JudgeCalibrationXCEval (in target 'JudgeCalibrationXCEval' from project 'JudgeCalibrationKit')
EmitSwiftModule normal arm64_32 (in target 'JudgeCalibrationXCEval' from project 'JudgeCalibrationKit')
cd /Users/admin/builder/spi-builder-workspace/.swiftpm/xcode
SwiftEmitModule normal arm64 Emitting\ module\ for\ JudgeCalibrationXCEval (in target 'JudgeCalibrationXCEval' from project 'JudgeCalibrationKit')
EmitSwiftModule normal arm64 (in target 'JudgeCalibrationXCEval' from project 'JudgeCalibrationKit')
cd /Users/admin/builder/spi-builder-workspace/.swiftpm/xcode
SwiftDriverJobDiscovery normal arm64_32 Emitting module for JudgeCalibrationXCEval (in target 'JudgeCalibrationXCEval' from project 'JudgeCalibrationKit')
SwiftDriver\ Compilation\ Requirements JudgeCalibrationXCEval normal arm64_32 com.apple.xcode.tools.swift.compiler (in target 'JudgeCalibrationXCEval' from project 'JudgeCalibrationKit')
cd /Users/admin/builder/spi-builder-workspace/.swiftpm/xcode
builtin-Swift-Compilation-Requirements -- /Applications/Xcode-26.4.0.app/Contents/Developer/Toolchains/XcodeDefault.xctoolchain/usr/bin/swiftc -module-name JudgeCalibrationXCEval -Onone @/Users/admin/builder/spi-builder-workspace/.derivedData/Build/Intermediates.noindex/JudgeCalibrationKit.build/Debug-watchos/JudgeCalibrationXCEval.build/Objects-normal/arm64_32/JudgeCalibrationXCEval.SwiftFileList -DSWIFT_PACKAGE -DDEBUG -DSWIFT_MODULE_RESOURCE_BUNDLE_UNAVAILABLE -DXcode -plugin-path /Applications/Xcode-26.4.0.app/Contents/Developer/Toolchains/XcodeDefault.xctoolchain/usr/lib/swift/host/plugins/testing -enable-experimental-feature DebugDescriptionMacro -sdk /Applications/Xcode-26.4.0.app/Contents/Developer/Platforms/WatchOS.platform/Developer/SDKs/WatchOS26.4.sdk -target arm64_32-apple-watchos9.0 -g -module-cache-path /Users/admin/builder/spi-builder-workspace/.derivedData/ModuleCache.noindex -Xfrontend -serialize-debugging-options -profile-coverage-mapping -profile-generate -enable-testing -index-store-path /Users/admin/builder/spi-builder-workspace/.derivedData/Index.noindex/DataStore -Xcc -D_LIBCPP_HARDENING_MODE\=_LIBCPP_HARDENING_MODE_DEBUG -swift-version 6 -I /Users/admin/builder/spi-builder-workspace/.derivedData/Build/Products/Debug-watchos -Isystem /Applications/Xcode-26.4.0.app/Contents/Developer/Platforms/WatchOS.platform/Developer/usr/lib -F /Users/admin/builder/spi-builder-workspace/.derivedData/Build/Products/Debug-watchos/PackageFrameworks -F /Users/admin/builder/spi-builder-workspace/.derivedData/Build/Products/Debug-watchos/PackageFrameworks -F /Users/admin/builder/spi-builder-workspace/.derivedData/Build/Products/Debug-watchos -F /Applications/Xcode-26.4.0.app/Contents/Developer/Platforms/WatchOS.platform/Developer/Library/Frameworks -F /Applications/Xcode-26.4.0.app/Contents/Developer/Platforms/WatchOS.platform/Developer/SDKs/WatchOS26.4.sdk/Developer/Library/Frameworks -c -j10 -enable-batch-mode -incremental -Xcc -ivfsstatcache -Xcc /Users/admin/builder/spi-builder-workspace/.derivedData/SDKStatCaches.noindex/watchos26.4-23T238-688ef53f1462e2c8f657fdc38a81448f9e51884a582f42380855760c9d4cc599.sdkstatcache -output-file-map /Users/admin/builder/spi-builder-workspace/.derivedData/Build/Intermediates.noindex/JudgeCalibrationKit.build/Debug-watchos/JudgeCalibrationXCEval.build/Objects-normal/arm64_32/JudgeCalibrationXCEval-OutputFileMap.json -use-frontend-parseable-output -save-temps -no-color-diagnostics -explicit-module-build -module-cache-path /Users/admin/builder/spi-builder-workspace/.derivedData/Build/Intermediates.noindex/SwiftExplicitPrecompiledModules -clang-scanner-module-cache-path /Users/admin/builder/spi-builder-workspace/.derivedData/ModuleCache.noindex -sdk-module-cache-path /Users/admin/builder/spi-builder-workspace/.derivedData/ModuleCache.noindex -serialize-diagnostics -emit-dependencies -emit-module -emit-module-path /Users/admin/builder/spi-builder-workspace/.derivedData/Build/Intermediates.noindex/JudgeCalibrationKit.build/Debug-watchos/JudgeCalibrationXCEval.build/Objects-normal/arm64_32/JudgeCalibrationXCEval.swiftmodule -validate-clang-modules-once -clang-build-session-file /Users/admin/builder/spi-builder-workspace/.derivedData/ModuleCache.noindex/Session.modulevalidation -package-name spi_builder_workspace -Xcc -I/Users/admin/builder/spi-builder-workspace/.derivedData/Build/Intermediates.noindex/JudgeCalibrationKit.build/Debug-watchos/JudgeCalibrationXCEval.build/swift-overrides.hmap -emit-const-values -Xfrontend -const-gather-protocols-file -Xfrontend /Users/admin/builder/spi-builder-workspace/.derivedData/Build/Intermediates.noindex/JudgeCalibrationKit.build/Debug-watchos/JudgeCalibrationXCEval.build/Objects-normal/arm64_32/JudgeCalibrationXCEval_const_extract_protocols.json -Xcc -I/Users/admin/builder/spi-builder-workspace/.derivedData/Build/Products/Debug-watchos/include -Xcc -I/Users/admin/builder/spi-builder-workspace/.derivedData/Build/Intermediates.noindex/JudgeCalibrationKit.build/Debug-watchos/JudgeCalibrationXCEval.build/DerivedSources-normal/arm64_32 -Xcc -I/Users/admin/builder/spi-builder-workspace/.derivedData/Build/Intermediates.noindex/JudgeCalibrationKit.build/Debug-watchos/JudgeCalibrationXCEval.build/DerivedSources/arm64_32 -Xcc -I/Users/admin/builder/spi-builder-workspace/.derivedData/Build/Intermediates.noindex/JudgeCalibrationKit.build/Debug-watchos/JudgeCalibrationXCEval.build/DerivedSources -Xcc -DSWIFT_PACKAGE -Xcc -DDEBUG\=1 -emit-objc-header -emit-objc-header-path /Users/admin/builder/spi-builder-workspace/.derivedData/Build/Intermediates.noindex/JudgeCalibrationKit.build/Debug-watchos/JudgeCalibrationXCEval.build/Objects-normal/arm64_32/JudgeCalibrationXCEval-Swift.h -working-directory /Users/admin/builder/spi-builder-workspace/.swiftpm/xcode -experimental-emit-module-separately -disable-cmo
SwiftEmitModule normal arm64_32 Emitting\ module\ for\ JudgeCalibrationEvaluations (in target 'JudgeCalibrationEvaluations' from project 'JudgeCalibrationKit')
SwiftCompile normal arm64_32 /Users/admin/builder/spi-builder-workspace/Sources/JudgeCalibrationEvaluations/EvaluationCalibrationImporter.swift (in target 'JudgeCalibrationEvaluations' from project 'JudgeCalibrationKit')
cd /Users/admin/builder/spi-builder-workspace/.swiftpm/xcode
SwiftEmitModule normal arm64 Emitting\ module\ for\ JudgeCalibrationEvaluations (in target 'JudgeCalibrationEvaluations' from project 'JudgeCalibrationKit')
SwiftCompile normal arm64 /Users/admin/builder/spi-builder-workspace/Sources/JudgeCalibrationEvaluations/EvaluationCalibrationImporter.swift (in target 'JudgeCalibrationEvaluations' from project 'JudgeCalibrationKit')
cd /Users/admin/builder/spi-builder-workspace/.swiftpm/xcode
Copy /Users/admin/builder/spi-builder-workspace/.derivedData/Build/Products/Debug-watchos/JudgeCalibrationXCEval.swiftmodule/arm64_32-apple-watchos.swiftmodule /Users/admin/builder/spi-builder-workspace/.derivedData/Build/Intermediates.noindex/JudgeCalibrationKit.build/Debug-watchos/JudgeCalibrationXCEval.build/Objects-normal/arm64_32/JudgeCalibrationXCEval.swiftmodule (in target 'JudgeCalibrationXCEval' from project 'JudgeCalibrationKit')
cd /Users/admin/builder/spi-builder-workspace
builtin-copy -exclude .DS_Store -exclude CVS -exclude .svn -exclude .git -exclude .hg -resolve-src-symlinks -rename /Users/admin/builder/spi-builder-workspace/.derivedData/Build/Intermediates.noindex/JudgeCalibrationKit.build/Debug-watchos/JudgeCalibrationXCEval.build/Objects-normal/arm64_32/JudgeCalibrationXCEval.swiftmodule /Users/admin/builder/spi-builder-workspace/.derivedData/Build/Products/Debug-watchos/JudgeCalibrationXCEval.swiftmodule/arm64_32-apple-watchos.swiftmodule
SwiftDriverJobDiscovery normal arm64_32 Emitting module for JudgeCalibrationEvaluations (in target 'JudgeCalibrationEvaluations' from project 'JudgeCalibrationKit')
Copy /Users/admin/builder/spi-builder-workspace/.derivedData/Build/Products/Debug-watchos/JudgeCalibrationXCEval.swiftmodule/arm64_32-apple-watchos.swiftdoc /Users/admin/builder/spi-builder-workspace/.derivedData/Build/Intermediates.noindex/JudgeCalibrationKit.build/Debug-watchos/JudgeCalibrationXCEval.build/Objects-normal/arm64_32/JudgeCalibrationXCEval.swiftdoc (in target 'JudgeCalibrationXCEval' from project 'JudgeCalibrationKit')
cd /Users/admin/builder/spi-builder-workspace
builtin-copy -exclude .DS_Store -exclude CVS -exclude .svn -exclude .git -exclude .hg -resolve-src-symlinks -rename /Users/admin/builder/spi-builder-workspace/.derivedData/Build/Intermediates.noindex/JudgeCalibrationKit.build/Debug-watchos/JudgeCalibrationXCEval.build/Objects-normal/arm64_32/JudgeCalibrationXCEval.swiftdoc /Users/admin/builder/spi-builder-workspace/.derivedData/Build/Products/Debug-watchos/JudgeCalibrationXCEval.swiftmodule/arm64_32-apple-watchos.swiftdoc
SwiftDriverJobDiscovery normal arm64 Emitting module for JudgeCalibrationEvaluations (in target 'JudgeCalibrationEvaluations' from project 'JudgeCalibrationKit')
Copy /Users/admin/builder/spi-builder-workspace/.derivedData/Build/Products/Debug-watchos/JudgeCalibrationXCEval.swiftmodule/arm64_32-apple-watchos.abi.json /Users/admin/builder/spi-builder-workspace/.derivedData/Build/Intermediates.noindex/JudgeCalibrationKit.build/Debug-watchos/JudgeCalibrationXCEval.build/Objects-normal/arm64_32/JudgeCalibrationXCEval.abi.json (in target 'JudgeCalibrationXCEval' from project 'JudgeCalibrationKit')
cd /Users/admin/builder/spi-builder-workspace
builtin-copy -exclude .DS_Store -exclude CVS -exclude .svn -exclude .git -exclude .hg -resolve-src-symlinks -rename /Users/admin/builder/spi-builder-workspace/.derivedData/Build/Intermediates.noindex/JudgeCalibrationKit.build/Debug-watchos/JudgeCalibrationXCEval.build/Objects-normal/arm64_32/JudgeCalibrationXCEval.abi.json /Users/admin/builder/spi-builder-workspace/.derivedData/Build/Products/Debug-watchos/JudgeCalibrationXCEval.swiftmodule/arm64_32-apple-watchos.abi.json
Copy /Users/admin/builder/spi-builder-workspace/.derivedData/Build/Products/Debug-watchos/JudgeCalibrationXCEval.swiftmodule/Project/arm64_32-apple-watchos.swiftsourceinfo /Users/admin/builder/spi-builder-workspace/.derivedData/Build/Intermediates.noindex/JudgeCalibrationKit.build/Debug-watchos/JudgeCalibrationXCEval.build/Objects-normal/arm64_32/JudgeCalibrationXCEval.swiftsourceinfo (in target 'JudgeCalibrationXCEval' from project 'JudgeCalibrationKit')
cd /Users/admin/builder/spi-builder-workspace
builtin-copy -exclude .DS_Store -exclude CVS -exclude .svn -exclude .git -exclude .hg -resolve-src-symlinks -rename /Users/admin/builder/spi-builder-workspace/.derivedData/Build/Intermediates.noindex/JudgeCalibrationKit.build/Debug-watchos/JudgeCalibrationXCEval.build/Objects-normal/arm64_32/JudgeCalibrationXCEval.swiftsourceinfo /Users/admin/builder/spi-builder-workspace/.derivedData/Build/Products/Debug-watchos/JudgeCalibrationXCEval.swiftmodule/Project/arm64_32-apple-watchos.swiftsourceinfo
SwiftDriver\ Compilation\ Requirements JudgeCalibrationEvaluations normal arm64_32 com.apple.xcode.tools.swift.compiler (in target 'JudgeCalibrationEvaluations' from project 'JudgeCalibrationKit')
cd /Users/admin/builder/spi-builder-workspace/.swiftpm/xcode
builtin-Swift-Compilation-Requirements -- /Applications/Xcode-26.4.0.app/Contents/Developer/Toolchains/XcodeDefault.xctoolchain/usr/bin/swiftc -module-name JudgeCalibrationEvaluations -Onone @/Users/admin/builder/spi-builder-workspace/.derivedData/Build/Intermediates.noindex/JudgeCalibrationKit.build/Debug-watchos/JudgeCalibrationEvaluations.build/Objects-normal/arm64_32/JudgeCalibrationEvaluations.SwiftFileList -DSWIFT_PACKAGE -DDEBUG -DSWIFT_MODULE_RESOURCE_BUNDLE_UNAVAILABLE -DXcode -plugin-path /Applications/Xcode-26.4.0.app/Contents/Developer/Toolchains/XcodeDefault.xctoolchain/usr/lib/swift/host/plugins/testing -enable-experimental-feature DebugDescriptionMacro -sdk /Applications/Xcode-26.4.0.app/Contents/Developer/Platforms/WatchOS.platform/Developer/SDKs/WatchOS26.4.sdk -target arm64_32-apple-watchos9.0 -g -module-cache-path /Users/admin/builder/spi-builder-workspace/.derivedData/ModuleCache.noindex -Xfrontend -serialize-debugging-options -profile-coverage-mapping -profile-generate -enable-testing -index-store-path /Users/admin/builder/spi-builder-workspace/.derivedData/Index.noindex/DataStore -Xcc -D_LIBCPP_HARDENING_MODE\=_LIBCPP_HARDENING_MODE_DEBUG -swift-version 6 -I /Users/admin/builder/spi-builder-workspace/.derivedData/Build/Products/Debug-watchos -Isystem /Applications/Xcode-26.4.0.app/Contents/Developer/Platforms/WatchOS.platform/Developer/usr/lib -F /Users/admin/builder/spi-builder-workspace/.derivedData/Build/Products/Debug-watchos/PackageFrameworks -F /Users/admin/builder/spi-builder-workspace/.derivedData/Build/Products/Debug-watchos -F /Applications/Xcode-26.4.0.app/Contents/Developer/Platforms/WatchOS.platform/Developer/Library/Frameworks -F /Applications/Xcode-26.4.0.app/Contents/Developer/Platforms/WatchOS.platform/Developer/SDKs/WatchOS26.4.sdk/Developer/Library/Frameworks -parse-as-library -c -j10 -enable-batch-mode -incremental -Xcc -ivfsstatcache -Xcc /Users/admin/builder/spi-builder-workspace/.derivedData/SDKStatCaches.noindex/watchos26.4-23T238-688ef53f1462e2c8f657fdc38a81448f9e51884a582f42380855760c9d4cc599.sdkstatcache -output-file-map /Users/admin/builder/spi-builder-workspace/.derivedData/Build/Intermediates.noindex/JudgeCalibrationKit.build/Debug-watchos/JudgeCalibrationEvaluations.build/Objects-normal/arm64_32/JudgeCalibrationEvaluations-OutputFileMap.json -use-frontend-parseable-output -save-temps -no-color-diagnostics -explicit-module-build -module-cache-path /Users/admin/builder/spi-builder-workspace/.derivedData/Build/Intermediates.noindex/SwiftExplicitPrecompiledModules -clang-scanner-module-cache-path /Users/admin/builder/spi-builder-workspace/.derivedData/ModuleCache.noindex -sdk-module-cache-path /Users/admin/builder/spi-builder-workspace/.derivedData/ModuleCache.noindex -serialize-diagnostics -emit-dependencies -emit-module -emit-module-path /Users/admin/builder/spi-builder-workspace/.derivedData/Build/Intermediates.noindex/JudgeCalibrationKit.build/Debug-watchos/JudgeCalibrationEvaluations.build/Objects-normal/arm64_32/JudgeCalibrationEvaluations.swiftmodule -validate-clang-modules-once -clang-build-session-file /Users/admin/builder/spi-builder-workspace/.derivedData/ModuleCache.noindex/Session.modulevalidation -package-name spi_builder_workspace -Xcc -I/Users/admin/builder/spi-builder-workspace/.derivedData/Build/Intermediates.noindex/JudgeCalibrationKit.build/Debug-watchos/JudgeCalibrationEvaluations.build/swift-overrides.hmap -emit-const-values -Xfrontend -const-gather-protocols-file -Xfrontend /Users/admin/builder/spi-builder-workspace/.derivedData/Build/Intermediates.noindex/JudgeCalibrationKit.build/Debug-watchos/JudgeCalibrationEvaluations.build/Objects-normal/arm64_32/JudgeCalibrationEvaluations_const_extract_protocols.json -Xcc -I/Users/admin/builder/spi-builder-workspace/.derivedData/Build/Products/Debug-watchos/include -Xcc -I/Users/admin/builder/spi-builder-workspace/.derivedData/Build/Intermediates.noindex/JudgeCalibrationKit.build/Debug-watchos/JudgeCalibrationEvaluations.build/DerivedSources-normal/arm64_32 -Xcc -I/Users/admin/builder/spi-builder-workspace/.derivedData/Build/Intermediates.noindex/JudgeCalibrationKit.build/Debug-watchos/JudgeCalibrationEvaluations.build/DerivedSources/arm64_32 -Xcc -I/Users/admin/builder/spi-builder-workspace/.derivedData/Build/Intermediates.noindex/JudgeCalibrationKit.build/Debug-watchos/JudgeCalibrationEvaluations.build/DerivedSources -Xcc -DSWIFT_PACKAGE -Xcc -DDEBUG\=1 -emit-objc-header -emit-objc-header-path /Users/admin/builder/spi-builder-workspace/.derivedData/Build/Intermediates.noindex/JudgeCalibrationKit.build/Debug-watchos/JudgeCalibrationEvaluations.build/Objects-normal/arm64_32/JudgeCalibrationEvaluations-Swift.h -working-directory /Users/admin/builder/spi-builder-workspace/.swiftpm/xcode -experimental-emit-module-separately -disable-cmo
SwiftDriver\ Compilation\ Requirements JudgeCalibrationEvaluations normal arm64 com.apple.xcode.tools.swift.compiler (in target 'JudgeCalibrationEvaluations' from project 'JudgeCalibrationKit')
cd /Users/admin/builder/spi-builder-workspace/.swiftpm/xcode
builtin-Swift-Compilation-Requirements -- /Applications/Xcode-26.4.0.app/Contents/Developer/Toolchains/XcodeDefault.xctoolchain/usr/bin/swiftc -module-name JudgeCalibrationEvaluations -Onone @/Users/admin/builder/spi-builder-workspace/.derivedData/Build/Intermediates.noindex/JudgeCalibrationKit.build/Debug-watchos/JudgeCalibrationEvaluations.build/Objects-normal/arm64/JudgeCalibrationEvaluations.SwiftFileList -DSWIFT_PACKAGE -DDEBUG -DSWIFT_MODULE_RESOURCE_BUNDLE_UNAVAILABLE -DXcode -plugin-path /Applications/Xcode-26.4.0.app/Contents/Developer/Toolchains/XcodeDefault.xctoolchain/usr/lib/swift/host/plugins/testing -enable-experimental-feature DebugDescriptionMacro -sdk /Applications/Xcode-26.4.0.app/Contents/Developer/Platforms/WatchOS.platform/Developer/SDKs/WatchOS26.4.sdk -target arm64-apple-watchos9.0 -g -module-cache-path /Users/admin/builder/spi-builder-workspace/.derivedData/ModuleCache.noindex -Xfrontend -serialize-debugging-options -profile-coverage-mapping -profile-generate -enable-testing -index-store-path /Users/admin/builder/spi-builder-workspace/.derivedData/Index.noindex/DataStore -Xcc -D_LIBCPP_HARDENING_MODE\=_LIBCPP_HARDENING_MODE_DEBUG -swift-version 6 -I /Users/admin/builder/spi-builder-workspace/.derivedData/Build/Products/Debug-watchos -Isystem /Applications/Xcode-26.4.0.app/Contents/Developer/Platforms/WatchOS.platform/Developer/usr/lib -F /Users/admin/builder/spi-builder-workspace/.derivedData/Build/Products/Debug-watchos/PackageFrameworks -F /Users/admin/builder/spi-builder-workspace/.derivedData/Build/Products/Debug-watchos -F /Applications/Xcode-26.4.0.app/Contents/Developer/Platforms/WatchOS.platform/Developer/Library/Frameworks -F /Applications/Xcode-26.4.0.app/Contents/Developer/Platforms/WatchOS.platform/Developer/SDKs/WatchOS26.4.sdk/Developer/Library/Frameworks -parse-as-library -c -j10 -enable-batch-mode -incremental -Xcc -ivfsstatcache -Xcc /Users/admin/builder/spi-builder-workspace/.derivedData/SDKStatCaches.noindex/watchos26.4-23T238-688ef53f1462e2c8f657fdc38a81448f9e51884a582f42380855760c9d4cc599.sdkstatcache -output-file-map /Users/admin/builder/spi-builder-workspace/.derivedData/Build/Intermediates.noindex/JudgeCalibrationKit.build/Debug-watchos/JudgeCalibrationEvaluations.build/Objects-normal/arm64/JudgeCalibrationEvaluations-OutputFileMap.json -use-frontend-parseable-output -save-temps -no-color-diagnostics -explicit-module-build -module-cache-path /Users/admin/builder/spi-builder-workspace/.derivedData/Build/Intermediates.noindex/SwiftExplicitPrecompiledModules -clang-scanner-module-cache-path /Users/admin/builder/spi-builder-workspace/.derivedData/ModuleCache.noindex -sdk-module-cache-path /Users/admin/builder/spi-builder-workspace/.derivedData/ModuleCache.noindex -serialize-diagnostics -emit-dependencies -emit-module -emit-module-path /Users/admin/builder/spi-builder-workspace/.derivedData/Build/Intermediates.noindex/JudgeCalibrationKit.build/Debug-watchos/JudgeCalibrationEvaluations.build/Objects-normal/arm64/JudgeCalibrationEvaluations.swiftmodule -validate-clang-modules-once -clang-build-session-file /Users/admin/builder/spi-builder-workspace/.derivedData/ModuleCache.noindex/Session.modulevalidation -package-name spi_builder_workspace -Xcc -I/Users/admin/builder/spi-builder-workspace/.derivedData/Build/Intermediates.noindex/JudgeCalibrationKit.build/Debug-watchos/JudgeCalibrationEvaluations.build/swift-overrides.hmap -emit-const-values -Xfrontend -const-gather-protocols-file -Xfrontend /Users/admin/builder/spi-builder-workspace/.derivedData/Build/Intermediates.noindex/JudgeCalibrationKit.build/Debug-watchos/JudgeCalibrationEvaluations.build/Objects-normal/arm64/JudgeCalibrationEvaluations_const_extract_protocols.json -Xcc -I/Users/admin/builder/spi-builder-workspace/.derivedData/Build/Products/Debug-watchos/include -Xcc -I/Users/admin/builder/spi-builder-workspace/.derivedData/Build/Intermediates.noindex/JudgeCalibrationKit.build/Debug-watchos/JudgeCalibrationEvaluations.build/DerivedSources-normal/arm64 -Xcc -I/Users/admin/builder/spi-builder-workspace/.derivedData/Build/Intermediates.noindex/JudgeCalibrationKit.build/Debug-watchos/JudgeCalibrationEvaluations.build/DerivedSources/arm64 -Xcc -I/Users/admin/builder/spi-builder-workspace/.derivedData/Build/Intermediates.noindex/JudgeCalibrationKit.build/Debug-watchos/JudgeCalibrationEvaluations.build/DerivedSources -Xcc -DSWIFT_PACKAGE -Xcc -DDEBUG\=1 -emit-objc-header -emit-objc-header-path /Users/admin/builder/spi-builder-workspace/.derivedData/Build/Intermediates.noindex/JudgeCalibrationKit.build/Debug-watchos/JudgeCalibrationEvaluations.build/Objects-normal/arm64/JudgeCalibrationEvaluations-Swift.h -working-directory /Users/admin/builder/spi-builder-workspace/.swiftpm/xcode -experimental-emit-module-separately -disable-cmo
SwiftExplicitDependencyCompileModuleFromInterface arm64_32 /Users/admin/builder/spi-builder-workspace/.derivedData/Build/Intermediates.noindex/SwiftExplicitPrecompiledModules/Testing-29Q2IZ8JC4TYO.swiftmodule
Copy /Users/admin/builder/spi-builder-workspace/.derivedData/Build/Products/Debug-watchos/JudgeCalibrationEvaluations.swiftmodule/arm64_32-apple-watchos.swiftmodule /Users/admin/builder/spi-builder-workspace/.derivedData/Build/Intermediates.noindex/JudgeCalibrationKit.build/Debug-watchos/JudgeCalibrationEvaluations.build/Objects-normal/arm64_32/JudgeCalibrationEvaluations.swiftmodule (in target 'JudgeCalibrationEvaluations' from project 'JudgeCalibrationKit')
cd /Users/admin/builder/spi-builder-workspace
builtin-copy -exclude .DS_Store -exclude CVS -exclude .svn -exclude .git -exclude .hg -resolve-src-symlinks -rename /Users/admin/builder/spi-builder-workspace/.derivedData/Build/Intermediates.noindex/JudgeCalibrationKit.build/Debug-watchos/JudgeCalibrationEvaluations.build/Objects-normal/arm64_32/JudgeCalibrationEvaluations.swiftmodule /Users/admin/builder/spi-builder-workspace/.derivedData/Build/Products/Debug-watchos/JudgeCalibrationEvaluations.swiftmodule/arm64_32-apple-watchos.swiftmodule
SwiftMergeGeneratedHeaders /Users/admin/builder/spi-builder-workspace/.derivedData/Build/Intermediates.noindex/GeneratedModuleMaps-watchos/JudgeCalibrationEvaluations-Swift.h /Users/admin/builder/spi-builder-workspace/.derivedData/Build/Intermediates.noindex/JudgeCalibrationKit.build/Debug-watchos/JudgeCalibrationEvaluations.build/Objects-normal/arm64/JudgeCalibrationEvaluations-Swift.h /Users/admin/builder/spi-builder-workspace/.derivedData/Build/Intermediates.noindex/JudgeCalibrationKit.build/Debug-watchos/JudgeCalibrationEvaluations.build/Objects-normal/arm64_32/JudgeCalibrationEvaluations-Swift.h (in target 'JudgeCalibrationEvaluations' from project 'JudgeCalibrationKit')
cd /Users/admin/builder/spi-builder-workspace
builtin-swiftHeaderTool -arch arm64 /Users/admin/builder/spi-builder-workspace/.derivedData/Build/Intermediates.noindex/JudgeCalibrationKit.build/Debug-watchos/JudgeCalibrationEvaluations.build/Objects-normal/arm64/JudgeCalibrationEvaluations-Swift.h -arch arm64_32 /Users/admin/builder/spi-builder-workspace/.derivedData/Build/Intermediates.noindex/JudgeCalibrationKit.build/Debug-watchos/JudgeCalibrationEvaluations.build/Objects-normal/arm64_32/JudgeCalibrationEvaluations-Swift.h -o /Users/admin/builder/spi-builder-workspace/.derivedData/Build/Intermediates.noindex/GeneratedModuleMaps-watchos/JudgeCalibrationEvaluations-Swift.h
Copy /Users/admin/builder/spi-builder-workspace/.derivedData/Build/Products/Debug-watchos/JudgeCalibrationEvaluations.swiftmodule/arm64_32-apple-watchos.swiftdoc /Users/admin/builder/spi-builder-workspace/.derivedData/Build/Intermediates.noindex/JudgeCalibrationKit.build/Debug-watchos/JudgeCalibrationEvaluations.build/Objects-normal/arm64_32/JudgeCalibrationEvaluations.swiftdoc (in target 'JudgeCalibrationEvaluations' from project 'JudgeCalibrationKit')
cd /Users/admin/builder/spi-builder-workspace
builtin-copy -exclude .DS_Store -exclude CVS -exclude .svn -exclude .git -exclude .hg -resolve-src-symlinks -rename /Users/admin/builder/spi-builder-workspace/.derivedData/Build/Intermediates.noindex/JudgeCalibrationKit.build/Debug-watchos/JudgeCalibrationEvaluations.build/Objects-normal/arm64_32/JudgeCalibrationEvaluations.swiftdoc /Users/admin/builder/spi-builder-workspace/.derivedData/Build/Products/Debug-watchos/JudgeCalibrationEvaluations.swiftmodule/arm64_32-apple-watchos.swiftdoc
Copy /Users/admin/builder/spi-builder-workspace/.derivedData/Build/Products/Debug-watchos/JudgeCalibrationEvaluations.swiftmodule/arm64_32-apple-watchos.abi.json /Users/admin/builder/spi-builder-workspace/.derivedData/Build/Intermediates.noindex/JudgeCalibrationKit.build/Debug-watchos/JudgeCalibrationEvaluations.build/Objects-normal/arm64_32/JudgeCalibrationEvaluations.abi.json (in target 'JudgeCalibrationEvaluations' from project 'JudgeCalibrationKit')
cd /Users/admin/builder/spi-builder-workspace
builtin-copy -exclude .DS_Store -exclude CVS -exclude .svn -exclude .git -exclude .hg -resolve-src-symlinks -rename /Users/admin/builder/spi-builder-workspace/.derivedData/Build/Intermediates.noindex/JudgeCalibrationKit.build/Debug-watchos/JudgeCalibrationEvaluations.build/Objects-normal/arm64_32/JudgeCalibrationEvaluations.abi.json /Users/admin/builder/spi-builder-workspace/.derivedData/Build/Products/Debug-watchos/JudgeCalibrationEvaluations.swiftmodule/arm64_32-apple-watchos.abi.json
Copy /Users/admin/builder/spi-builder-workspace/.derivedData/Build/Products/Debug-watchos/JudgeCalibrationEvaluations.swiftmodule/arm64-apple-watchos.swiftmodule /Users/admin/builder/spi-builder-workspace/.derivedData/Build/Intermediates.noindex/JudgeCalibrationKit.build/Debug-watchos/JudgeCalibrationEvaluations.build/Objects-normal/arm64/JudgeCalibrationEvaluations.swiftmodule (in target 'JudgeCalibrationEvaluations' from project 'JudgeCalibrationKit')
cd /Users/admin/builder/spi-builder-workspace
builtin-copy -exclude .DS_Store -exclude CVS -exclude .svn -exclude .git -exclude .hg -resolve-src-symlinks -rename /Users/admin/builder/spi-builder-workspace/.derivedData/Build/Intermediates.noindex/JudgeCalibrationKit.build/Debug-watchos/JudgeCalibrationEvaluations.build/Objects-normal/arm64/JudgeCalibrationEvaluations.swiftmodule /Users/admin/builder/spi-builder-workspace/.derivedData/Build/Products/Debug-watchos/JudgeCalibrationEvaluations.swiftmodule/arm64-apple-watchos.swiftmodule
Copy /Users/admin/builder/spi-builder-workspace/.derivedData/Build/Products/Debug-watchos/JudgeCalibrationEvaluations.swiftmodule/arm64-apple-watchos.swiftdoc /Users/admin/builder/spi-builder-workspace/.derivedData/Build/Intermediates.noindex/JudgeCalibrationKit.build/Debug-watchos/JudgeCalibrationEvaluations.build/Objects-normal/arm64/JudgeCalibrationEvaluations.swiftdoc (in target 'JudgeCalibrationEvaluations' from project 'JudgeCalibrationKit')
cd /Users/admin/builder/spi-builder-workspace
builtin-copy -exclude .DS_Store -exclude CVS -exclude .svn -exclude .git -exclude .hg -resolve-src-symlinks -rename /Users/admin/builder/spi-builder-workspace/.derivedData/Build/Intermediates.noindex/JudgeCalibrationKit.build/Debug-watchos/JudgeCalibrationEvaluations.build/Objects-normal/arm64/JudgeCalibrationEvaluations.swiftdoc /Users/admin/builder/spi-builder-workspace/.derivedData/Build/Products/Debug-watchos/JudgeCalibrationEvaluations.swiftmodule/arm64-apple-watchos.swiftdoc
Copy /Users/admin/builder/spi-builder-workspace/.derivedData/Build/Products/Debug-watchos/JudgeCalibrationEvaluations.swiftmodule/arm64-apple-watchos.abi.json /Users/admin/builder/spi-builder-workspace/.derivedData/Build/Intermediates.noindex/JudgeCalibrationKit.build/Debug-watchos/JudgeCalibrationEvaluations.build/Objects-normal/arm64/JudgeCalibrationEvaluations.abi.json (in target 'JudgeCalibrationEvaluations' from project 'JudgeCalibrationKit')
cd /Users/admin/builder/spi-builder-workspace
builtin-copy -exclude .DS_Store -exclude CVS -exclude .svn -exclude .git -exclude .hg -resolve-src-symlinks -rename /Users/admin/builder/spi-builder-workspace/.derivedData/Build/Intermediates.noindex/JudgeCalibrationKit.build/Debug-watchos/JudgeCalibrationEvaluations.build/Objects-normal/arm64/JudgeCalibrationEvaluations.abi.json /Users/admin/builder/spi-builder-workspace/.derivedData/Build/Products/Debug-watchos/JudgeCalibrationEvaluations.swiftmodule/arm64-apple-watchos.abi.json
Copy /Users/admin/builder/spi-builder-workspace/.derivedData/Build/Products/Debug-watchos/JudgeCalibrationEvaluations.swiftmodule/Project/arm64_32-apple-watchos.swiftsourceinfo /Users/admin/builder/spi-builder-workspace/.derivedData/Build/Intermediates.noindex/JudgeCalibrationKit.build/Debug-watchos/JudgeCalibrationEvaluations.build/Objects-normal/arm64_32/JudgeCalibrationEvaluations.swiftsourceinfo (in target 'JudgeCalibrationEvaluations' from project 'JudgeCalibrationKit')
cd /Users/admin/builder/spi-builder-workspace
builtin-copy -exclude .DS_Store -exclude CVS -exclude .svn -exclude .git -exclude .hg -resolve-src-symlinks -rename /Users/admin/builder/spi-builder-workspace/.derivedData/Build/Intermediates.noindex/JudgeCalibrationKit.build/Debug-watchos/JudgeCalibrationEvaluations.build/Objects-normal/arm64_32/JudgeCalibrationEvaluations.swiftsourceinfo /Users/admin/builder/spi-builder-workspace/.derivedData/Build/Products/Debug-watchos/JudgeCalibrationEvaluations.swiftmodule/Project/arm64_32-apple-watchos.swiftsourceinfo
SwiftDriverJobDiscovery normal arm64 Emitting module for JudgeCalibrationXCEval (in target 'JudgeCalibrationXCEval' from project 'JudgeCalibrationKit')
SwiftDriver\ Compilation\ Requirements JudgeCalibrationXCEval normal arm64 com.apple.xcode.tools.swift.compiler (in target 'JudgeCalibrationXCEval' from project 'JudgeCalibrationKit')
cd /Users/admin/builder/spi-builder-workspace/.swiftpm/xcode
builtin-Swift-Compilation-Requirements -- /Applications/Xcode-26.4.0.app/Contents/Developer/Toolchains/XcodeDefault.xctoolchain/usr/bin/swiftc -module-name JudgeCalibrationXCEval -Onone @/Users/admin/builder/spi-builder-workspace/.derivedData/Build/Intermediates.noindex/JudgeCalibrationKit.build/Debug-watchos/JudgeCalibrationXCEval.build/Objects-normal/arm64/JudgeCalibrationXCEval.SwiftFileList -DSWIFT_PACKAGE -DDEBUG -DSWIFT_MODULE_RESOURCE_BUNDLE_UNAVAILABLE -DXcode -plugin-path /Applications/Xcode-26.4.0.app/Contents/Developer/Toolchains/XcodeDefault.xctoolchain/usr/lib/swift/host/plugins/testing -enable-experimental-feature DebugDescriptionMacro -sdk /Applications/Xcode-26.4.0.app/Contents/Developer/Platforms/WatchOS.platform/Developer/SDKs/WatchOS26.4.sdk -target arm64-apple-watchos9.0 -g -module-cache-path /Users/admin/builder/spi-builder-workspace/.derivedData/ModuleCache.noindex -Xfrontend -serialize-debugging-options -profile-coverage-mapping -profile-generate -enable-testing -index-store-path /Users/admin/builder/spi-builder-workspace/.derivedData/Index.noindex/DataStore -Xcc -D_LIBCPP_HARDENING_MODE\=_LIBCPP_HARDENING_MODE_DEBUG -swift-version 6 -I /Users/admin/builder/spi-builder-workspace/.derivedData/Build/Products/Debug-watchos -Isystem /Applications/Xcode-26.4.0.app/Contents/Developer/Platforms/WatchOS.platform/Developer/usr/lib -F /Users/admin/builder/spi-builder-workspace/.derivedData/Build/Products/Debug-watchos/PackageFrameworks -F /Users/admin/builder/spi-builder-workspace/.derivedData/Build/Products/Debug-watchos/PackageFrameworks -F /Users/admin/builder/spi-builder-workspace/.derivedData/Build/Products/Debug-watchos -F /Applications/Xcode-26.4.0.app/Contents/Developer/Platforms/WatchOS.platform/Developer/Library/Frameworks -F /Applications/Xcode-26.4.0.app/Contents/Developer/Platforms/WatchOS.platform/Developer/SDKs/WatchOS26.4.sdk/Developer/Library/Frameworks -c -j10 -enable-batch-mode -incremental -Xcc -ivfsstatcache -Xcc /Users/admin/builder/spi-builder-workspace/.derivedData/SDKStatCaches.noindex/watchos26.4-23T238-688ef53f1462e2c8f657fdc38a81448f9e51884a582f42380855760c9d4cc599.sdkstatcache -output-file-map /Users/admin/builder/spi-builder-workspace/.derivedData/Build/Intermediates.noindex/JudgeCalibrationKit.build/Debug-watchos/JudgeCalibrationXCEval.build/Objects-normal/arm64/JudgeCalibrationXCEval-OutputFileMap.json -use-frontend-parseable-output -save-temps -no-color-diagnostics -explicit-module-build -module-cache-path /Users/admin/builder/spi-builder-workspace/.derivedData/Build/Intermediates.noindex/SwiftExplicitPrecompiledModules -clang-scanner-module-cache-path /Users/admin/builder/spi-builder-workspace/.derivedData/ModuleCache.noindex -sdk-module-cache-path /Users/admin/builder/spi-builder-workspace/.derivedData/ModuleCache.noindex -serialize-diagnostics -emit-dependencies -emit-module -emit-module-path /Users/admin/builder/spi-builder-workspace/.derivedData/Build/Intermediates.noindex/JudgeCalibrationKit.build/Debug-watchos/JudgeCalibrationXCEval.build/Objects-normal/arm64/JudgeCalibrationXCEval.swiftmodule -validate-clang-modules-once -clang-build-session-file /Users/admin/builder/spi-builder-workspace/.derivedData/ModuleCache.noindex/Session.modulevalidation -package-name spi_builder_workspace -Xcc -I/Users/admin/builder/spi-builder-workspace/.derivedData/Build/Intermediates.noindex/JudgeCalibrationKit.build/Debug-watchos/JudgeCalibrationXCEval.build/swift-overrides.hmap -emit-const-values -Xfrontend -const-gather-protocols-file -Xfrontend /Users/admin/builder/spi-builder-workspace/.derivedData/Build/Intermediates.noindex/JudgeCalibrationKit.build/Debug-watchos/JudgeCalibrationXCEval.build/Objects-normal/arm64/JudgeCalibrationXCEval_const_extract_protocols.json -Xcc -I/Users/admin/builder/spi-builder-workspace/.derivedData/Build/Products/Debug-watchos/include -Xcc -I/Users/admin/builder/spi-builder-workspace/.derivedData/Build/Intermediates.noindex/JudgeCalibrationKit.build/Debug-watchos/JudgeCalibrationXCEval.build/DerivedSources-normal/arm64 -Xcc -I/Users/admin/builder/spi-builder-workspace/.derivedData/Build/Intermediates.noindex/JudgeCalibrationKit.build/Debug-watchos/JudgeCalibrationXCEval.build/DerivedSources/arm64 -Xcc -I/Users/admin/builder/spi-builder-workspace/.derivedData/Build/Intermediates.noindex/JudgeCalibrationKit.build/Debug-watchos/JudgeCalibrationXCEval.build/DerivedSources -Xcc -DSWIFT_PACKAGE -Xcc -DDEBUG\=1 -emit-objc-header -emit-objc-header-path /Users/admin/builder/spi-builder-workspace/.derivedData/Build/Intermediates.noindex/JudgeCalibrationKit.build/Debug-watchos/JudgeCalibrationXCEval.build/Objects-normal/arm64/JudgeCalibrationXCEval-Swift.h -working-directory /Users/admin/builder/spi-builder-workspace/.swiftpm/xcode -experimental-emit-module-separately -disable-cmo
Copy /Users/admin/builder/spi-builder-workspace/.derivedData/Build/Products/Debug-watchos/JudgeCalibrationEvaluations.swiftmodule/Project/arm64-apple-watchos.swiftsourceinfo /Users/admin/builder/spi-builder-workspace/.derivedData/Build/Intermediates.noindex/JudgeCalibrationKit.build/Debug-watchos/JudgeCalibrationEvaluations.build/Objects-normal/arm64/JudgeCalibrationEvaluations.swiftsourceinfo (in target 'JudgeCalibrationEvaluations' from project 'JudgeCalibrationKit')
cd /Users/admin/builder/spi-builder-workspace
builtin-copy -exclude .DS_Store -exclude CVS -exclude .svn -exclude .git -exclude .hg -resolve-src-symlinks -rename /Users/admin/builder/spi-builder-workspace/.derivedData/Build/Intermediates.noindex/JudgeCalibrationKit.build/Debug-watchos/JudgeCalibrationEvaluations.build/Objects-normal/arm64/JudgeCalibrationEvaluations.swiftsourceinfo /Users/admin/builder/spi-builder-workspace/.derivedData/Build/Products/Debug-watchos/JudgeCalibrationEvaluations.swiftmodule/Project/arm64-apple-watchos.swiftsourceinfo
SwiftExplicitDependencyCompileModuleFromInterface arm64 /Users/admin/builder/spi-builder-workspace/.derivedData/Build/Intermediates.noindex/SwiftExplicitPrecompiledModules/Testing-32IRITS3UWI0J.swiftmodule
SwiftMergeGeneratedHeaders /Users/admin/builder/spi-builder-workspace/.derivedData/Build/Intermediates.noindex/GeneratedModuleMaps-watchos/JudgeCalibrationXCEval-Swift.h /Users/admin/builder/spi-builder-workspace/.derivedData/Build/Intermediates.noindex/JudgeCalibrationKit.build/Debug-watchos/JudgeCalibrationXCEval.build/Objects-normal/arm64/JudgeCalibrationXCEval-Swift.h /Users/admin/builder/spi-builder-workspace/.derivedData/Build/Intermediates.noindex/JudgeCalibrationKit.build/Debug-watchos/JudgeCalibrationXCEval.build/Objects-normal/arm64_32/JudgeCalibrationXCEval-Swift.h (in target 'JudgeCalibrationXCEval' from project 'JudgeCalibrationKit')
cd /Users/admin/builder/spi-builder-workspace
builtin-swiftHeaderTool -arch arm64 /Users/admin/builder/spi-builder-workspace/.derivedData/Build/Intermediates.noindex/JudgeCalibrationKit.build/Debug-watchos/JudgeCalibrationXCEval.build/Objects-normal/arm64/JudgeCalibrationXCEval-Swift.h -arch arm64_32 /Users/admin/builder/spi-builder-workspace/.derivedData/Build/Intermediates.noindex/JudgeCalibrationKit.build/Debug-watchos/JudgeCalibrationXCEval.build/Objects-normal/arm64_32/JudgeCalibrationXCEval-Swift.h -o /Users/admin/builder/spi-builder-workspace/.derivedData/Build/Intermediates.noindex/GeneratedModuleMaps-watchos/JudgeCalibrationXCEval-Swift.h
Copy /Users/admin/builder/spi-builder-workspace/.derivedData/Build/Products/Debug-watchos/JudgeCalibrationXCEval.swiftmodule/arm64-apple-watchos.swiftmodule /Users/admin/builder/spi-builder-workspace/.derivedData/Build/Intermediates.noindex/JudgeCalibrationKit.build/Debug-watchos/JudgeCalibrationXCEval.build/Objects-normal/arm64/JudgeCalibrationXCEval.swiftmodule (in target 'JudgeCalibrationXCEval' from project 'JudgeCalibrationKit')
cd /Users/admin/builder/spi-builder-workspace
builtin-copy -exclude .DS_Store -exclude CVS -exclude .svn -exclude .git -exclude .hg -resolve-src-symlinks -rename /Users/admin/builder/spi-builder-workspace/.derivedData/Build/Intermediates.noindex/JudgeCalibrationKit.build/Debug-watchos/JudgeCalibrationXCEval.build/Objects-normal/arm64/JudgeCalibrationXCEval.swiftmodule /Users/admin/builder/spi-builder-workspace/.derivedData/Build/Products/Debug-watchos/JudgeCalibrationXCEval.swiftmodule/arm64-apple-watchos.swiftmodule
Copy /Users/admin/builder/spi-builder-workspace/.derivedData/Build/Products/Debug-watchos/JudgeCalibrationXCEval.swiftmodule/arm64-apple-watchos.swiftdoc /Users/admin/builder/spi-builder-workspace/.derivedData/Build/Intermediates.noindex/JudgeCalibrationKit.build/Debug-watchos/JudgeCalibrationXCEval.build/Objects-normal/arm64/JudgeCalibrationXCEval.swiftdoc (in target 'JudgeCalibrationXCEval' from project 'JudgeCalibrationKit')
cd /Users/admin/builder/spi-builder-workspace
builtin-copy -exclude .DS_Store -exclude CVS -exclude .svn -exclude .git -exclude .hg -resolve-src-symlinks -rename /Users/admin/builder/spi-builder-workspace/.derivedData/Build/Intermediates.noindex/JudgeCalibrationKit.build/Debug-watchos/JudgeCalibrationXCEval.build/Objects-normal/arm64/JudgeCalibrationXCEval.swiftdoc /Users/admin/builder/spi-builder-workspace/.derivedData/Build/Products/Debug-watchos/JudgeCalibrationXCEval.swiftmodule/arm64-apple-watchos.swiftdoc
Copy /Users/admin/builder/spi-builder-workspace/.derivedData/Build/Products/Debug-watchos/JudgeCalibrationXCEval.swiftmodule/arm64-apple-watchos.abi.json /Users/admin/builder/spi-builder-workspace/.derivedData/Build/Intermediates.noindex/JudgeCalibrationKit.build/Debug-watchos/JudgeCalibrationXCEval.build/Objects-normal/arm64/JudgeCalibrationXCEval.abi.json (in target 'JudgeCalibrationXCEval' from project 'JudgeCalibrationKit')
cd /Users/admin/builder/spi-builder-workspace
builtin-copy -exclude .DS_Store -exclude CVS -exclude .svn -exclude .git -exclude .hg -resolve-src-symlinks -rename /Users/admin/builder/spi-builder-workspace/.derivedData/Build/Intermediates.noindex/JudgeCalibrationKit.build/Debug-watchos/JudgeCalibrationXCEval.build/Objects-normal/arm64/JudgeCalibrationXCEval.abi.json /Users/admin/builder/spi-builder-workspace/.derivedData/Build/Products/Debug-watchos/JudgeCalibrationXCEval.swiftmodule/arm64-apple-watchos.abi.json
Copy /Users/admin/builder/spi-builder-workspace/.derivedData/Build/Products/Debug-watchos/JudgeCalibrationXCEval.swiftmodule/Project/arm64-apple-watchos.swiftsourceinfo /Users/admin/builder/spi-builder-workspace/.derivedData/Build/Intermediates.noindex/JudgeCalibrationKit.build/Debug-watchos/JudgeCalibrationXCEval.build/Objects-normal/arm64/JudgeCalibrationXCEval.swiftsourceinfo (in target 'JudgeCalibrationXCEval' from project 'JudgeCalibrationKit')
cd /Users/admin/builder/spi-builder-workspace
builtin-copy -exclude .DS_Store -exclude CVS -exclude .svn -exclude .git -exclude .hg -resolve-src-symlinks -rename /Users/admin/builder/spi-builder-workspace/.derivedData/Build/Intermediates.noindex/JudgeCalibrationKit.build/Debug-watchos/JudgeCalibrationXCEval.build/Objects-normal/arm64/JudgeCalibrationXCEval.swiftsourceinfo /Users/admin/builder/spi-builder-workspace/.derivedData/Build/Products/Debug-watchos/JudgeCalibrationXCEval.swiftmodule/Project/arm64-apple-watchos.swiftsourceinfo
SwiftCompile normal arm64_32 Compiling\ JSONValue.swift /Users/admin/builder/spi-builder-workspace/.dependencies/checkouts/Evaluations-Framework-CLI/Sources/XCEvalFormat/JSONValue.swift (in target 'XCEvalFormat' from project 'EvaluationsFrameworkCLI')
Failed frontend command:
/Applications/Xcode-26.4.0.app/Contents/Developer/Toolchains/XcodeDefault.xctoolchain/usr/bin/swift-frontend -frontend -c /Users/admin/builder/spi-builder-workspace/.dependencies/checkouts/Evaluations-Framework-CLI/Sources/XCEvalFormat/AgentCommandDocuments.swift /Users/admin/builder/spi-builder-workspace/.dependencies/checkouts/Evaluations-Framework-CLI/Sources/XCEvalFormat/CommandDocuments.swift /Users/admin/builder/spi-builder-workspace/.dependencies/checkouts/Evaluations-Framework-CLI/Sources/XCEvalFormat/DiscoveryCommandDocuments.swift /Users/admin/builder/spi-builder-workspace/.dependencies/checkouts/Evaluations-Framework-CLI/Sources/XCEvalFormat/EvaluationSample.swift -primary-file /Users/admin/builder/spi-builder-workspace/.dependencies/checkouts/Evaluations-Framework-CLI/Sources/XCEvalFormat/JSONValue.swift /Users/admin/builder/spi-builder-workspace/.dependencies/checkouts/Evaluations-Framework-CLI/Sources/XCEvalFormat/XCEvalFormat.swift -emit-dependencies-path /Users/admin/builder/spi-builder-workspace/.derivedData/Build/Intermediates.noindex/EvaluationsFrameworkCLI.build/Debug-watchos/XCEvalFormat.build/Objects-normal/arm64_32/JSONValue.d -emit-const-values-path /Users/admin/builder/spi-builder-workspace/.derivedData/Build/Intermediates.noindex/EvaluationsFrameworkCLI.build/Debug-watchos/XCEvalFormat.build/Objects-normal/arm64_32/JSONValue.swiftconstvalues -emit-reference-dependencies-path /Users/admin/builder/spi-builder-workspace/.derivedData/Build/Intermediates.noindex/EvaluationsFrameworkCLI.build/Debug-watchos/XCEvalFormat.build/Objects-normal/arm64_32/JSONValue.swiftdeps -serialize-diagnostics-path /Users/admin/builder/spi-builder-workspace/.derivedData/Build/Intermediates.noindex/EvaluationsFrameworkCLI.build/Debug-watchos/XCEvalFormat.build/Objects-normal/arm64_32/JSONValue.dia -target arm64_32-apple-watchos5.0 -load-resolved-plugin /Applications/Xcode-26.4.0.app/Contents/Developer/Platforms/WatchOS.platform/Developer/usr/lib/swift/host/plugins/libFoundationMacros.dylib\#/Applications/Xcode-26.4.0.app/Contents/Developer/Platforms/WatchOS.platform/Developer/usr/bin/swift-plugin-server\#FoundationMacros -load-resolved-plugin /Applications/Xcode-26.4.0.app/Contents/Developer/Platforms/WatchOS.platform/Developer/usr/lib/swift/host/plugins/libObservationMacros.dylib\#/Applications/Xcode-26.4.0.app/Contents/Developer/Platforms/WatchOS.platform/Developer/usr/bin/swift-plugin-server\#ObservationMacros -load-resolved-plugin /Applications/Xcode-26.4.0.app/Contents/Developer/Platforms/WatchOS.platform/Developer/usr/lib/swift/host/plugins/libSwiftMacros.dylib\#/Applications/Xcode-26.4.0.app/Contents/Developer/Platforms/WatchOS.platform/Developer/usr/bin/swift-plugin-server\#SwiftMacros -disable-implicit-swift-modules -Xcc -fno-implicit-modules -Xcc -fno-implicit-module-maps -explicit-swift-module-map-file /Users/admin/builder/spi-builder-workspace/.derivedData/Build/Intermediates.noindex/EvaluationsFrameworkCLI.build/Debug-watchos/XCEvalFormat.build/Objects-normal/arm64_32/XCEvalFormat-dependencies-3.json -debug-module-path /Users/admin/builder/spi-builder-workspace/.derivedData/Build/Intermediates.noindex/EvaluationsFrameworkCLI.build/Debug-watchos/XCEvalFormat.build/Objects-normal/arm64_32/XCEvalFormat.swiftmodule -enable-objc-interop -sdk /Applications/Xcode-26.4.0.app/Contents/Developer/Platforms/WatchOS.platform/Developer/SDKs/WatchOS26.4.sdk -I /Users/admin/builder/spi-builder-workspace/.derivedData/Build/Products/Debug-watchos -Isystem /Applications/Xcode-26.4.0.app/Contents/Developer/Platforms/WatchOS.platform/Developer/usr/lib -F /Users/admin/builder/spi-builder-workspace/.derivedData/Build/Products/Debug-watchos -F /Applications/Xcode-26.4.0.app/Contents/Developer/Platforms/WatchOS.platform/Developer/Library/Frameworks -F /Applications/Xcode-26.4.0.app/Contents/Developer/Platforms/WatchOS.platform/Developer/SDKs/WatchOS26.4.sdk/Developer/Library/Frameworks -no-color-diagnostics -Xcc -fno-color-diagnostics -enable-testing -g -debug-info-format\=dwarf -dwarf-version\=4 -module-cache-path /Users/admin/builder/spi-builder-workspace/.derivedData/Build/Intermediates.noindex/SwiftExplicitPrecompiledModules -suppress-warnings -profile-generate -profile-coverage-mapping -swift-version 6 -Onone -D SWIFT_PACKAGE -D DEBUG -D SWIFT_MODULE_RESOURCE_BUNDLE_UNAVAILABLE -D Xcode -serialize-debugging-options -const-gather-protocols-file /Users/admin/builder/spi-builder-workspace/.derivedData/Build/Intermediates.noindex/EvaluationsFrameworkCLI.build/Debug-watchos/XCEvalFormat.build/Objects-normal/arm64_32/XCEvalFormat_const_extract_protocols.json -enable-experimental-feature DebugDescriptionMacro -empty-abi-descriptor -user-module-version 0.4.0 -validate-clang-modules-once -clang-build-session-file /Users/admin/builder/spi-builder-workspace/.derivedData/ModuleCache.noindex/Session.modulevalidation -Xcc -working-directory -Xcc /Users/admin/builder/spi-builder-workspace/.swiftpm/xcode -enable-anonymous-context-mangled-names -file-compilation-dir /Users/admin/builder/spi-builder-workspace/.swiftpm/xcode -Xcc -D_LIBCPP_HARDENING_MODE\=_LIBCPP_HARDENING_MODE_DEBUG -Xcc -ivfsstatcache -Xcc /Users/admin/builder/spi-builder-workspace/.derivedData/SDKStatCaches.noindex/watchos26.4-23T238-688ef53f1462e2c8f657fdc38a81448f9e51884a582f42380855760c9d4cc599.sdkstatcache -Xcc -I/Users/admin/builder/spi-builder-workspace/.derivedData/Build/Intermediates.noindex/EvaluationsFrameworkCLI.build/Debug-watchos/XCEvalFormat.build/swift-overrides.hmap -Xcc -I/Users/admin/builder/spi-builder-workspace/.derivedData/Build/Products/Debug-watchos/include -Xcc -I/Users/admin/builder/spi-builder-workspace/.derivedData/Build/Intermediates.noindex/EvaluationsFrameworkCLI.build/Debug-watchos/XCEvalFormat.build/DerivedSources-normal/arm64_32 -Xcc -I/Users/admin/builder/spi-builder-workspace/.derivedData/Build/Intermediates.noindex/EvaluationsFrameworkCLI.build/Debug-watchos/XCEvalFormat.build/DerivedSources/arm64_32 -Xcc -I/Users/admin/builder/spi-builder-workspace/.derivedData/Build/Intermediates.noindex/EvaluationsFrameworkCLI.build/Debug-watchos/XCEvalFormat.build/DerivedSources -Xcc -DSWIFT_PACKAGE -Xcc -DDEBUG\=1 -no-auto-bridging-header-chaining -module-name XCEvalFormat -package-name evaluations_framework_cli -frontend-parseable-output -disable-clang-spi -clang-target arm64_32-apple-watchos26.4 -target-sdk-version 26.4 -target-sdk-name watchos26.4 -in-process-plugin-server-path /Applications/Xcode-26.4.0.app/Contents/Developer/Toolchains/XcodeDefault.xctoolchain/usr/lib/swift/host/libSwiftInProcPluginServer.dylib -o /Users/admin/builder/spi-builder-workspace/.derivedData/Build/Intermediates.noindex/EvaluationsFrameworkCLI.build/Debug-watchos/XCEvalFormat.build/Objects-normal/arm64_32/JSONValue.o -index-unit-output-path /EvaluationsFrameworkCLI.build/Debug-watchos/XCEvalFormat.build/Objects-normal/arm64_32/JSONValue.o -index-store-path /Users/admin/builder/spi-builder-workspace/.derivedData/Index.noindex/DataStore -index-system-modules
SwiftCompile normal arm64_32 /Users/admin/builder/spi-builder-workspace/.dependencies/checkouts/Evaluations-Framework-CLI/Sources/XCEvalFormat/JSONValue.swift (in target 'XCEvalFormat' from project 'EvaluationsFrameworkCLI')
cd /Users/admin/builder/spi-builder-workspace/.swiftpm/xcode
/Users/admin/builder/spi-builder-workspace/.dependencies/checkouts/Evaluations-Framework-CLI/Sources/XCEvalFormat/JSONValue.swift:97:51: error: 'withoutEscapingSlashes' is only available in watchOS 6.0 or newer
encoder.outputFormatting = [.sortedKeys, .withoutEscapingSlashes]
^
/Users/admin/builder/spi-builder-workspace/.dependencies/checkouts/Evaluations-Framework-CLI/Sources/XCEvalFormat/JSONValue.swift:97:51: note: add 'if #available' version check
encoder.outputFormatting = [.sortedKeys, .withoutEscapingSlashes]
^
/Users/admin/builder/spi-builder-workspace/.dependencies/checkouts/Evaluations-Framework-CLI/Sources/XCEvalFormat/JSONValue.swift:95:17: note: add '@available' attribute to enclosing instance method
public func encodedData(pretty: Bool = false) throws -> Data {
^
/Users/admin/builder/spi-builder-workspace/.dependencies/checkouts/Evaluations-Framework-CLI/Sources/XCEvalFormat/JSONValue.swift:3:13: note: add '@available' attribute to enclosing enum
public enum JSONValue: Codable, Equatable, Sendable {
^
SwiftCompile normal arm64_32 Compiling\ CommandDocuments.swift /Users/admin/builder/spi-builder-workspace/.dependencies/checkouts/Evaluations-Framework-CLI/Sources/XCEvalFormat/CommandDocuments.swift (in target 'XCEvalFormat' from project 'EvaluationsFrameworkCLI')
SwiftCompile normal arm64_32 /Users/admin/builder/spi-builder-workspace/.dependencies/checkouts/Evaluations-Framework-CLI/Sources/XCEvalFormat/CommandDocuments.swift (in target 'XCEvalFormat' from project 'EvaluationsFrameworkCLI')
cd /Users/admin/builder/spi-builder-workspace/.swiftpm/xcode
SwiftCompile normal arm64 Compiling\ CommandDocuments.swift /Users/admin/builder/spi-builder-workspace/.dependencies/checkouts/Evaluations-Framework-CLI/Sources/XCEvalFormat/CommandDocuments.swift (in target 'XCEvalFormat' from project 'EvaluationsFrameworkCLI')
SwiftCompile normal arm64 /Users/admin/builder/spi-builder-workspace/.dependencies/checkouts/Evaluations-Framework-CLI/Sources/XCEvalFormat/CommandDocuments.swift (in target 'XCEvalFormat' from project 'EvaluationsFrameworkCLI')
cd /Users/admin/builder/spi-builder-workspace/.swiftpm/xcode
SwiftCompile normal armv7k Compiling\ CommandDocuments.swift /Users/admin/builder/spi-builder-workspace/.dependencies/checkouts/Evaluations-Framework-CLI/Sources/XCEvalFormat/CommandDocuments.swift (in target 'XCEvalFormat' from project 'EvaluationsFrameworkCLI')
SwiftCompile normal armv7k /Users/admin/builder/spi-builder-workspace/.dependencies/checkouts/Evaluations-Framework-CLI/Sources/XCEvalFormat/CommandDocuments.swift (in target 'XCEvalFormat' from project 'EvaluationsFrameworkCLI')
cd /Users/admin/builder/spi-builder-workspace/.swiftpm/xcode
SwiftCompile normal arm64 Compiling\ XCEvalFormat.swift /Users/admin/builder/spi-builder-workspace/.dependencies/checkouts/Evaluations-Framework-CLI/Sources/XCEvalFormat/XCEvalFormat.swift (in target 'XCEvalFormat' from project 'EvaluationsFrameworkCLI')
SwiftCompile normal arm64 /Users/admin/builder/spi-builder-workspace/.dependencies/checkouts/Evaluations-Framework-CLI/Sources/XCEvalFormat/XCEvalFormat.swift (in target 'XCEvalFormat' from project 'EvaluationsFrameworkCLI')
cd /Users/admin/builder/spi-builder-workspace/.swiftpm/xcode
SwiftDriverJobDiscovery normal armv7k Compiling DiscoveryCommandDocuments.swift (in target 'XCEvalFormat' from project 'EvaluationsFrameworkCLI')
SwiftCompile normal arm64 Compiling\ EvaluationSample.swift /Users/admin/builder/spi-builder-workspace/.dependencies/checkouts/Evaluations-Framework-CLI/Sources/XCEvalFormat/EvaluationSample.swift (in target 'XCEvalFormat' from project 'EvaluationsFrameworkCLI')
2026-08-11 15:18:39.450 xcodebuild[1057:6030] [MT] IDERunDestination: Supported platforms for the buildables in the current scheme is empty.
** BUILD FAILED **
The following build commands failed:
SwiftCompile normal arm64_32 Compiling\ JSONValue.swift /Users/admin/builder/spi-builder-workspace/.dependencies/checkouts/Evaluations-Framework-CLI/Sources/XCEvalFormat/JSONValue.swift (in target 'XCEvalFormat' from project 'EvaluationsFrameworkCLI')
SwiftCompile normal arm64_32 /Users/admin/builder/spi-builder-workspace/.dependencies/checkouts/Evaluations-Framework-CLI/Sources/XCEvalFormat/JSONValue.swift (in target 'XCEvalFormat' from project 'EvaluationsFrameworkCLI')
Building workspace spi-builder-workspace with scheme JudgeCalibrationKit-Package
(3 failures)
BUILD FAILURE 6.3 watchOS