Build Information
Failed to build BiometricAuthKit, reference 0.1.1 (fa061f), with Swift 6.3 for Android on 18 Jul 2026 15:55:11 UTC.
Build Command
bash -c docker run --pull=always --rm -v "checkouts-54344844-2":/host -w "$PWD" -e JAVA_HOME="/root/.sdkman/candidates/java/current" -e SPI_BUILD="1" -e SPI_PROCESSING="1" registry.gitlab.com/saguaro1/spi-images:android-6.3-latest swift build --swift-sdk aarch64-unknown-linux-android28 2>&1Build Log
========================================
RunAll
========================================
Builder version: 333316120c8b89ed7d21f1b34865290794301d91
Interrupt handler set up.
========================================
Checkout
========================================
Clone URL: https://github.com/kaVish2214/BiometricAuthKit.git
Reference: 0.1.1
Initialized empty Git repository in /host/spi-builder-workspace/.git/
hint: Using 'master' as the name for the initial branch. This default branch name
hint: is subject to change. To configure the initial branch name to use in all
hint: of your new repositories, which will suppress this warning, call:
hint:
hint: git config --global init.defaultBranch <name>
hint:
hint: Names commonly chosen instead of 'master' are 'main', 'trunk' and
hint: 'development'. The just-created branch can be renamed via this command:
hint:
hint: git branch -m <name>
From https://github.com/kaVish2214/BiometricAuthKit
* tag 0.1.1 -> FETCH_HEAD
HEAD is now at fa061f2 Release 0.1.1: Mac Catalyst support
Cloned https://github.com/kaVish2214/BiometricAuthKit.git
Revision (git rev-parse @):
fa061f29093c8a24b21204aed1e6e966656af35a
SUCCESS checkout https://github.com/kaVish2214/BiometricAuthKit.git at 0.1.1
========================================
Build
========================================
Selected platform: android
Swift version: 6.3
Building package at path: $PWD
https://github.com/kaVish2214/BiometricAuthKit.git
Running build ...
bash -c docker run --pull=always --rm -v "checkouts-54344844-2":/host -w "$PWD" -e JAVA_HOME="/root/.sdkman/candidates/java/current" -e SPI_BUILD="1" -e SPI_PROCESSING="1" registry.gitlab.com/saguaro1/spi-images:android-6.3-latest swift build --swift-sdk aarch64-unknown-linux-android28 2>&1
android-6.3-latest: Pulling from saguaro1/spi-images
Digest: sha256:451958f7df55f9af673f8b0851dc526f2aee3222db374ae53b89fa21ad564bc8
Status: Image is up to date for registry.gitlab.com/saguaro1/spi-images:android-6.3-latest
Fetching https://github.com/kaVish2214/UtilityKit
[1/266] Fetching utilitykit
Fetched https://github.com/kaVish2214/UtilityKit from cache (0.46s)
Computing version for https://github.com/kaVish2214/UtilityKit
Computed https://github.com/kaVish2214/UtilityKit at 0.1.1 (0.62s)
Fetching https://github.com/hmlongco/Factory
[1/23821] Fetching factory
Fetched https://github.com/hmlongco/Factory from cache (0.83s)
Computing version for https://github.com/hmlongco/Factory
Computed https://github.com/hmlongco/Factory at 2.5.3 (1.02s)
Creating working copy for https://github.com/kaVish2214/UtilityKit
Working copy of https://github.com/kaVish2214/UtilityKit resolved at 0.1.1
Creating working copy for https://github.com/hmlongco/Factory
Working copy of https://github.com/hmlongco/Factory resolved at 2.5.3
Building for debugging...
[0/4] Write sources
[3/4] Write swift-version-272D24FF697CF451.txt
[5/16] Compiling BiometricAuthInterface AuthRequestor.swift
/host/spi-builder-workspace/Sources/BiometricAuthInterface/Interface/Enum/AuthError.swift:15:8: error: no such module 'LocalAuthentication'
13 |
14 | import Foundation
15 | import LocalAuthentication
| `- error: no such module 'LocalAuthentication'
16 |
17 |
[6/16] Compiling BiometricAuthInterface AuthDelegator.swift
/host/spi-builder-workspace/Sources/BiometricAuthInterface/Interface/Enum/AuthError.swift:15:8: error: no such module 'LocalAuthentication'
13 |
14 | import Foundation
15 | import LocalAuthentication
| `- error: no such module 'LocalAuthentication'
16 |
17 |
[7/16] Compiling BiometricAuthInterface AuthType.swift
/host/spi-builder-workspace/Sources/BiometricAuthInterface/Interface/Enum/AuthError.swift:15:8: error: no such module 'LocalAuthentication'
13 |
14 | import Foundation
15 | import LocalAuthentication
| `- error: no such module 'LocalAuthentication'
16 |
17 |
[8/16] Compiling BiometricAuthInterface AuthResult.swift
/host/spi-builder-workspace/Sources/BiometricAuthInterface/Interface/Enum/AuthError.swift:15:8: error: no such module 'LocalAuthentication'
13 |
14 | import Foundation
15 | import LocalAuthentication
| `- error: no such module 'LocalAuthentication'
16 |
17 |
error: emit-module command failed with exit code 1 (use -v to see invocation)
[9/16] Emitting module BiometricAuthInterface
/host/spi-builder-workspace/Sources/BiometricAuthInterface/Interface/Enum/AuthError.swift:15:8: error: no such module 'LocalAuthentication'
13 |
14 | import Foundation
15 | import LocalAuthentication
| `- error: no such module 'LocalAuthentication'
16 |
17 |
[10/16] Compiling BiometricAuthInterface AuthError.swift
/host/spi-builder-workspace/Sources/BiometricAuthInterface/Interface/Enum/AuthError.swift:15:8: error: no such module 'LocalAuthentication'
13 |
14 | import Foundation
15 | import LocalAuthentication
| `- error: no such module 'LocalAuthentication'
16 |
17 |
[11/16] Compiling BiometricAuthInterface BiometricAuthentication.swift
/host/spi-builder-workspace/Sources/BiometricAuthInterface/Interface/Enum/AuthError.swift:15:8: error: no such module 'LocalAuthentication'
13 |
14 | import Foundation
15 | import LocalAuthentication
| `- error: no such module 'LocalAuthentication'
16 |
17 |
[12/16] Compiling BiometricAuthInterface AuthPolicy.swift
/host/spi-builder-workspace/Sources/BiometricAuthInterface/Interface/Enum/AuthError.swift:15:8: error: no such module 'LocalAuthentication'
13 |
14 | import Foundation
15 | import LocalAuthentication
| `- error: no such module 'LocalAuthentication'
16 |
17 |
error: emit-module command failed with exit code 1 (use -v to see invocation)
[13/16] Emitting module SwiftConcurrency
/host/spi-builder-workspace/.build/checkouts/UtilityKit/Sources/SwiftConcurrency/Classes/ConcurrencySafeContainer.swift:14:8: error: no such module 'os'
12 |
13 | import Foundation
14 | import os
| `- error: no such module 'os'
15 |
16 | // MARK: - ConcurrencySafeContainer
BUILD FAILURE 6.3 android