Build Information
Failed to build ncryptf-swift, reference 0.2.1 (328d8a), with Swift 6.4 for visionOS using Xcode 27.0 on 16 Sep 2026 07:05:37 UTC.
Build Command
env DEVELOPER_DIR=/Applications/Xcode-27.0.0-Release.Candidate.app xcrun xcodebuild -IDEClonedSourcePackagesDirPathOverride=$PWD/.dependencies -skipMacroValidation -skipPackagePluginValidation -derivedDataPath $PWD/.derivedData build -scheme ncryptf-swift -destination generic/platform=xrOSBuild Log
========================================
RunAll
========================================
Builder version: 5.1.0
Interrupt handler set up.
========================================
Checkout
========================================
Clone URL: https://github.com/ncryptf/ncryptf-swift.git
Reference: 0.2.1
Initialized empty Git repository in /Users/admin/builder/spi-builder-workspace/.git/
From https://github.com/ncryptf/ncryptf-swift
* tag 0.2.1 -> FETCH_HEAD
HEAD is now at 328d8ae Updating README. Fixing Linux tests
Cloned https://github.com/ncryptf/ncryptf-swift.git
Revision (git rev-parse @):
328d8aee02d466fcb67b9ca4b93fa7721cb085e5
SUCCESS checkout https://github.com/ncryptf/ncryptf-swift.git at 0.2.1
========================================
Build
========================================
Selected platform: visionOS
Swift version: 6.4
Building package at path: $PWD
https://github.com/ncryptf/ncryptf-swift.git
Command line invocation:
/Applications/Xcode-27.0.0-Release.Candidate.app/Contents/Developer/usr/bin/xcodebuild -IDEClonedSourcePackagesDirPathOverride=/Users/admin/builder/spi-builder-workspace/.dependencies -resolvePackageDependencies
Resolve Package Graph
Fetching from https://github.com/Bouke/HKDF
Fetching from https://github.com/jedisct1/swift-sodium.git
Fetching from https://github.com/onevcat/Rainbow
Fetching from https://github.com/krzyzanowskim/CryptoSwift.git
Fetching from https://github.com/IBM-Swift/BlueCryptor.git
Fetching from https://github.com/tiwoc/Clibsodium.git
Creating working copy of package ‘BlueCryptor’
Checking out 1.0.200 of package ‘BlueCryptor’
Creating working copy of package ‘Clibsodium’
Checking out 1.0.0 of package ‘Clibsodium’
Creating working copy of package ‘HKDF’
Checking out 3.1.0 of package ‘HKDF’
Creating working copy of package ‘Rainbow’
Checking out 3.2.0 of package ‘Rainbow’
Creating working copy of package ‘CryptoSwift’
Checking out 1.0.0 of package ‘CryptoSwift’
Creating working copy of package ‘swift-sodium’
Checking out 0.8.0 of package ‘swift-sodium’
ignoring declared target(s) 'Clibsodium' in the system packageyou may be able to install libsodium using your system-packager:
brew install libsodium
Resolve Package Graph
ignoring declared target(s) 'Clibsodium' in the system packageyou may be able to install libsodium using your system-packager:
brew install libsodium
Resolved source packages:
ncryptf-swift: /Users/admin/builder/spi-builder-workspace
Rainbow: https://github.com/onevcat/Rainbow @ 3.2.0
Clibsodium: https://github.com/tiwoc/Clibsodium.git @ 1.0.0
Cryptor: https://github.com/IBM-Swift/BlueCryptor.git @ 1.0.200
Sodium: https://github.com/jedisct1/swift-sodium.git @ 0.8.0
CryptoSwift: https://github.com/krzyzanowskim/CryptoSwift.git @ 1.0.0
HKDF: https://github.com/Bouke/HKDF @ 3.1.0
resolved source packages: ncryptf-swift, Rainbow, Clibsodium, Cryptor, Sodium, CryptoSwift, HKDF
2026-09-16 03:04:43.295 xcodebuild[528:2999] [MT] IDERunDestination: Supported platforms for the buildables in the current scheme is empty.
{
"dependencies" : [
{
"identity" : "cryptoswift",
"requirement" : {
"range" : [
{
"lower_bound" : "1.0.0",
"upper_bound" : "1.1.0"
}
]
},
"type" : "sourceControl",
"url" : "https://github.com/krzyzanowskim/CryptoSwift.git"
},
{
"identity" : "swift-sodium",
"requirement" : {
"range" : [
{
"lower_bound" : "0.8.0",
"upper_bound" : "0.9.0"
}
]
},
"type" : "sourceControl",
"url" : "https://github.com/jedisct1/swift-sodium.git"
},
{
"identity" : "rainbow",
"requirement" : {
"range" : [
{
"lower_bound" : "3.1.5",
"upper_bound" : "4.0.0"
}
]
},
"type" : "sourceControl",
"url" : "https://github.com/onevcat/Rainbow"
},
{
"identity" : "hkdf",
"requirement" : {
"range" : [
{
"lower_bound" : "3.1.0",
"upper_bound" : "3.2.0"
}
]
},
"type" : "sourceControl",
"url" : "https://github.com/Bouke/HKDF"
}
],
"manifest_display_name" : "ncryptf-swift",
"name" : "ncryptf-swift",
"path" : "/Users/admin/builder/spi-builder-workspace",
"platforms" : [
],
"products" : [
{
"name" : "ncryptf",
"targets" : [
"ncryptf"
],
"type" : {
"library" : [
"automatic"
]
}
}
],
"targets" : [
{
"c99name" : "ncryptfTest",
"module_type" : "SwiftTarget",
"name" : "ncryptfTest",
"path" : "Tests/ncryptfTest",
"product_dependencies" : [
"Rainbow"
],
"sources" : [
"AuthorizationTest.swift",
"IntegrationTest.swift",
"RequestResponseTest.swift",
"SignatureTest.swift",
"TestCase.swift",
"UtilsTest.swift",
"helpers.swift"
],
"target_dependencies" : [
"ncryptf"
],
"type" : "test"
},
{
"c99name" : "ncryptf",
"module_type" : "SwiftTarget",
"name" : "ncryptf",
"path" : "ncryptf",
"product_dependencies" : [
"Sodium",
"HKDF",
"CryptoSwift"
],
"product_memberships" : [
"ncryptf"
],
"sources" : [
"Authorization.swift",
"DateFormatter.swift",
"Error.swift",
"Keypair.swift",
"Request.swift",
"Response.swift",
"Signature.swift",
"Token.swift",
"Utils.swift"
],
"type" : "library"
}
],
"tools_version" : "5.0"
}
{
"workspace" : {
"name" : "ncryptf-swift",
"schemes" : [
"ncryptf-swift"
]
}
}
2026-09-16 03:05:24.315 xcodebuild[911:5231] [MT] IDERunDestination: Supported platforms for the buildables in the current scheme is empty.
Running build ...
env DEVELOPER_DIR=/Applications/Xcode-27.0.0-Release.Candidate.app xcrun xcodebuild -IDEClonedSourcePackagesDirPathOverride=$PWD/.dependencies -skipMacroValidation -skipPackagePluginValidation -derivedDataPath $PWD/.derivedData build -scheme ncryptf-swift -destination generic/platform=xrOS
Command line invocation:
/Applications/Xcode-27.0.0-Release.Candidate.app/Contents/Developer/usr/bin/xcodebuild -IDEClonedSourcePackagesDirPathOverride=/Users/admin/builder/spi-builder-workspace/.dependencies -skipMacroValidation -skipPackagePluginValidation -derivedDataPath /Users/admin/builder/spi-builder-workspace/.derivedData build -scheme ncryptf-swift -destination generic/platform=xrOS
Resolve Package Graph
ignoring declared target(s) 'Clibsodium' in the system packageyou may be able to install libsodium using your system-packager:
brew install libsodium
Resolve Package Graph
ignoring declared target(s) 'Clibsodium' in the system packageyou may be able to install libsodium using your system-packager:
brew install libsodium
Resolved source packages:
Sodium: https://github.com/jedisct1/swift-sodium.git @ 0.8.0
Rainbow: https://github.com/onevcat/Rainbow @ 3.2.0
Clibsodium: https://github.com/tiwoc/Clibsodium.git @ 1.0.0
ncryptf-swift: /Users/admin/builder/spi-builder-workspace
HKDF: https://github.com/Bouke/HKDF @ 3.1.0
Cryptor: https://github.com/IBM-Swift/BlueCryptor.git @ 1.0.200
CryptoSwift: https://github.com/krzyzanowskim/CryptoSwift.git @ 1.0.0
ComputePackagePrebuildTargetDependencyGraph
Prepare packages
CreateBuildRequest
SendProjectDescription
CreateBuildOperation
ComputeTargetDependencyGraph
note: Building targets in dependency order
note: Target dependency graph (11 targets)
Target 'ncryptf-product' in project 'ncryptf-swift'
➜ Explicit dependency on target 'ncryptf' in project 'ncryptf-swift'
➜ Explicit dependency on target 'Sodium-product' in project 'Sodium'
➜ Explicit dependency on target 'HKDF-product' in project 'HKDF'
➜ Explicit dependency on target 'CryptoSwift-product' in project 'CryptoSwift'
Target 'ncryptf' in project 'ncryptf-swift'
➜ Explicit dependency on target 'Sodium-product' in project 'Sodium'
➜ Explicit dependency on target 'HKDF-product' in project 'HKDF'
➜ Explicit dependency on target 'CryptoSwift-product' in project 'CryptoSwift'
Target 'CryptoSwift-product' in project 'CryptoSwift'
➜ Explicit dependency on target 'CryptoSwift' in project 'CryptoSwift'
Target 'CryptoSwift' in project 'CryptoSwift' (no dependencies)
Target 'HKDF-product' in project 'HKDF'
➜ Explicit dependency on target 'HKDF' in project 'HKDF'
➜ Explicit dependency on target 'Cryptor-product' in project 'Cryptor'
Target 'HKDF' in project 'HKDF'
➜ Explicit dependency on target 'Cryptor-product' in project 'Cryptor'
Target 'Cryptor-product' in project 'Cryptor'
➜ Explicit dependency on target 'Cryptor' in project 'Cryptor'
Target 'Cryptor' in project 'Cryptor' (no dependencies)
Target 'Sodium-product' in project 'Sodium'
➜ Explicit dependency on target 'Sodium' in project 'Sodium'
Target 'Sodium' in project 'Sodium'
➜ Explicit dependency on target 'Clibsodium' in project 'Clibsodium'
Target 'Clibsodium' in project 'Clibsodium' (no dependencies)
GatherProvisioningInputs
CreateBuildDescription
ExecuteExternalTool /Applications/Xcode-27.0.0-Release.Candidate.app/Contents/Developer/Toolchains/XcodeDefault.xctoolchain/usr/bin/swiftc --version
ExecuteExternalTool /Applications/Xcode-27.0.0-Release.Candidate.app/Contents/Developer/Toolchains/XcodeDefault.xctoolchain/usr/bin/clang -v -E -dM -isysroot /Applications/Xcode-27.0.0-Release.Candidate.app/Contents/Developer/Platforms/XROS.platform/Developer/SDKs/XROS27.0.sdk -x c -c /dev/null
ExecuteExternalTool /Applications/Xcode-27.0.0-Release.Candidate.app/Contents/Developer/Toolchains/XcodeDefault.xctoolchain/usr/bin/ld -version_details
Build description signature: cc3d628a7d751481b0c8dc60c18a91a3
Build description path: /Users/admin/builder/spi-builder-workspace/.derivedData/Build/Intermediates.noindex/XCBuildData/cc3d628a7d751481b0c8dc60c18a91a3.xcbuilddata
CreateBuildDirectory /Users/admin/builder/spi-builder-workspace/.derivedData/SDKExplicitPrecompiledModules
cd /Users/admin/builder/spi-builder-workspace/.swiftpm/xcode
builtin-create-build-directory /Users/admin/builder/spi-builder-workspace/.derivedData/SDKExplicitPrecompiledModules
CreateBuildDirectory /Users/admin/builder/spi-builder-workspace/.derivedData/CompilationCache.noindex
cd /Users/admin/builder/spi-builder-workspace/.swiftpm/xcode
builtin-create-build-directory /Users/admin/builder/spi-builder-workspace/.derivedData/CompilationCache.noindex
CreateBuildDirectory /Users/admin/builder/spi-builder-workspace/.derivedData/ModuleCache.noindex
cd /Users/admin/builder/spi-builder-workspace/.swiftpm/xcode
builtin-create-build-directory /Users/admin/builder/spi-builder-workspace/.derivedData/ModuleCache.noindex
ClangStatCache /Applications/Xcode-27.0.0-Release.Candidate.app/Contents/Developer/Toolchains/XcodeDefault.xctoolchain/usr/bin/clang-stat-cache /Applications/Xcode-27.0.0-Release.Candidate.app/Contents/Developer/Platforms/XROS.platform/Developer/SDKs/XROS27.0.sdk /Users/admin/builder/spi-builder-workspace/.derivedData/SDKStatCaches.noindex/xros27.0-24M361-e829b21a6f8c9b70876ba0858053c044735bd543db762f57723cac368afd1ce4.sdkstatcache
cd /Users/admin/builder/spi-builder-workspace/.swiftpm/xcode
/Applications/Xcode-27.0.0-Release.Candidate.app/Contents/Developer/Toolchains/XcodeDefault.xctoolchain/usr/bin/clang-stat-cache /Applications/Xcode-27.0.0-Release.Candidate.app/Contents/Developer/Platforms/XROS.platform/Developer/SDKs/XROS27.0.sdk -o /Users/admin/builder/spi-builder-workspace/.derivedData/SDKStatCaches.noindex/xros27.0-24M361-e829b21a6f8c9b70876ba0858053c044735bd543db762f57723cac368afd1ce4.sdkstatcache
CreateBuildDirectory /Users/admin/builder/spi-builder-workspace/.derivedData/Build/Products
cd /Users/admin/builder/spi-builder-workspace/.swiftpm/xcode
builtin-create-build-directory /Users/admin/builder/spi-builder-workspace/.derivedData/Build/Products
CreateBuildDirectory /Users/admin/builder/spi-builder-workspace/.derivedData/Build/Intermediates.noindex
cd /Users/admin/builder/spi-builder-workspace/.swiftpm/xcode
builtin-create-build-directory /Users/admin/builder/spi-builder-workspace/.derivedData/Build/Intermediates.noindex
CreateBuildDirectory /Users/admin/builder/spi-builder-workspace/.derivedData/Build/Intermediates.noindex/PrecompiledHeaders
cd /Users/admin/builder/spi-builder-workspace/.swiftpm/xcode
builtin-create-build-directory /Users/admin/builder/spi-builder-workspace/.derivedData/Build/Intermediates.noindex/PrecompiledHeaders
CreateBuildDirectory /Users/admin/builder/spi-builder-workspace/.derivedData/Build/Intermediates.noindex/SwiftExplicitPrecompiledModules
cd /Users/admin/builder/spi-builder-workspace/.swiftpm/xcode
builtin-create-build-directory /Users/admin/builder/spi-builder-workspace/.derivedData/Build/Intermediates.noindex/SwiftExplicitPrecompiledModules
CreateBuildDirectory /Users/admin/builder/spi-builder-workspace/.derivedData/Build/Products/Debug-xros
cd /Users/admin/builder/spi-builder-workspace/.swiftpm/xcode
builtin-create-build-directory /Users/admin/builder/spi-builder-workspace/.derivedData/Build/Products/Debug-xros
CreateBuildDirectory /Users/admin/builder/spi-builder-workspace/.derivedData/Build/Intermediates.noindex/ExplicitPrecompiledModules
cd /Users/admin/builder/spi-builder-workspace/.swiftpm/xcode
builtin-create-build-directory /Users/admin/builder/spi-builder-workspace/.derivedData/Build/Intermediates.noindex/ExplicitPrecompiledModules
CreateBuildDirectory /Users/admin/builder/spi-builder-workspace/.derivedData/Build/Intermediates.noindex/EagerLinkingTBDs/Debug-xros
cd /Users/admin/builder/spi-builder-workspace/.swiftpm/xcode
builtin-create-build-directory /Users/admin/builder/spi-builder-workspace/.derivedData/Build/Intermediates.noindex/EagerLinkingTBDs/Debug-xros
CreateBuildDirectory /Users/admin/builder/spi-builder-workspace/.derivedData/Build/Products/Debug-xros/PackageFrameworks
cd /Users/admin/builder/spi-builder-workspace/.swiftpm/xcode
builtin-create-build-directory /Users/admin/builder/spi-builder-workspace/.derivedData/Build/Products/Debug-xros/PackageFrameworks
WriteAuxiliaryFile /Users/admin/builder/spi-builder-workspace/.derivedData/Build/Intermediates.noindex/ncryptf-swift.build/Debug-xros/ncryptf-t.build/ncryptf.modulemap (in target 'ncryptf' from project 'ncryptf-swift')
cd /Users/admin/builder/spi-builder-workspace
write-file /Users/admin/builder/spi-builder-workspace/.derivedData/Build/Intermediates.noindex/ncryptf-swift.build/Debug-xros/ncryptf-t.build/ncryptf.modulemap
WriteAuxiliaryFile /Users/admin/builder/spi-builder-workspace/.derivedData/Build/Intermediates.noindex/ncryptf-swift.build/Debug-xros/ncryptf-t.build/ncryptf.DependencyStaticMetadataFileList (in target 'ncryptf' from project 'ncryptf-swift')
cd /Users/admin/builder/spi-builder-workspace
write-file /Users/admin/builder/spi-builder-workspace/.derivedData/Build/Intermediates.noindex/ncryptf-swift.build/Debug-xros/ncryptf-t.build/ncryptf.DependencyStaticMetadataFileList
WriteAuxiliaryFile /Users/admin/builder/spi-builder-workspace/.derivedData/Build/Intermediates.noindex/ncryptf-swift.build/Debug-xros/ncryptf-t.build/ncryptf.DependencyMetadataFileList (in target 'ncryptf' from project 'ncryptf-swift')
cd /Users/admin/builder/spi-builder-workspace
write-file /Users/admin/builder/spi-builder-workspace/.derivedData/Build/Intermediates.noindex/ncryptf-swift.build/Debug-xros/ncryptf-t.build/ncryptf.DependencyMetadataFileList
WriteAuxiliaryFile /Users/admin/builder/spi-builder-workspace/.derivedData/Build/Intermediates.noindex/ncryptf-swift.build/Debug-xros/ncryptf-t.build/Objects-normal/arm64/ncryptf_const_extract_protocols.json (in target 'ncryptf' from project 'ncryptf-swift')
cd /Users/admin/builder/spi-builder-workspace
write-file /Users/admin/builder/spi-builder-workspace/.derivedData/Build/Intermediates.noindex/ncryptf-swift.build/Debug-xros/ncryptf-t.build/Objects-normal/arm64/ncryptf_const_extract_protocols.json
WriteAuxiliaryFile /Users/admin/builder/spi-builder-workspace/.derivedData/Build/Intermediates.noindex/ncryptf-swift.build/Debug-xros/ncryptf-t.build/Objects-normal/arm64/ncryptf-OutputFileMap.json (in target 'ncryptf' from project 'ncryptf-swift')
cd /Users/admin/builder/spi-builder-workspace
write-file /Users/admin/builder/spi-builder-workspace/.derivedData/Build/Intermediates.noindex/ncryptf-swift.build/Debug-xros/ncryptf-t.build/Objects-normal/arm64/ncryptf-OutputFileMap.json
WriteAuxiliaryFile /Users/admin/builder/spi-builder-workspace/.derivedData/Build/Intermediates.noindex/ncryptf-swift.build/Debug-xros/ncryptf-t.build/Objects-normal/arm64/ncryptf.LinkFileList (in target 'ncryptf' from project 'ncryptf-swift')
cd /Users/admin/builder/spi-builder-workspace
write-file /Users/admin/builder/spi-builder-workspace/.derivedData/Build/Intermediates.noindex/ncryptf-swift.build/Debug-xros/ncryptf-t.build/Objects-normal/arm64/ncryptf.LinkFileList
WriteAuxiliaryFile /Users/admin/builder/spi-builder-workspace/.derivedData/Build/Intermediates.noindex/ncryptf-swift.build/Debug-xros/ncryptf-t.build/Objects-normal/arm64/ncryptf.SwiftFileList (in target 'ncryptf' from project 'ncryptf-swift')
cd /Users/admin/builder/spi-builder-workspace
write-file /Users/admin/builder/spi-builder-workspace/.derivedData/Build/Intermediates.noindex/ncryptf-swift.build/Debug-xros/ncryptf-t.build/Objects-normal/arm64/ncryptf.SwiftFileList
WriteAuxiliaryFile /Users/admin/builder/spi-builder-workspace/.derivedData/Build/Intermediates.noindex/ncryptf-swift.build/Debug-xros/ncryptf-t.build/Objects-normal/arm64/ncryptf.SwiftConstValuesFileList (in target 'ncryptf' from project 'ncryptf-swift')
cd /Users/admin/builder/spi-builder-workspace
write-file /Users/admin/builder/spi-builder-workspace/.derivedData/Build/Intermediates.noindex/ncryptf-swift.build/Debug-xros/ncryptf-t.build/Objects-normal/arm64/ncryptf.SwiftConstValuesFileList
WriteAuxiliaryFile /Users/admin/builder/spi-builder-workspace/.derivedData/Build/Intermediates.noindex/Sodium.build/Debug-xros/Sodium-t.build/Sodium.modulemap (in target 'Sodium' from project 'Sodium')
cd /Users/admin/builder/spi-builder-workspace/.dependencies/checkouts/swift-sodium
write-file /Users/admin/builder/spi-builder-workspace/.derivedData/Build/Intermediates.noindex/Sodium.build/Debug-xros/Sodium-t.build/Sodium.modulemap
WriteAuxiliaryFile /Users/admin/builder/spi-builder-workspace/.derivedData/Build/Intermediates.noindex/Sodium.build/Debug-xros/Sodium-t.build/Sodium.DependencyStaticMetadataFileList (in target 'Sodium' from project 'Sodium')
cd /Users/admin/builder/spi-builder-workspace/.dependencies/checkouts/swift-sodium
write-file /Users/admin/builder/spi-builder-workspace/.derivedData/Build/Intermediates.noindex/Sodium.build/Debug-xros/Sodium-t.build/Sodium.DependencyStaticMetadataFileList
WriteAuxiliaryFile /Users/admin/builder/spi-builder-workspace/.derivedData/Build/Intermediates.noindex/Sodium.build/Debug-xros/Sodium-t.build/Sodium.DependencyMetadataFileList (in target 'Sodium' from project 'Sodium')
cd /Users/admin/builder/spi-builder-workspace/.dependencies/checkouts/swift-sodium
write-file /Users/admin/builder/spi-builder-workspace/.derivedData/Build/Intermediates.noindex/Sodium.build/Debug-xros/Sodium-t.build/Sodium.DependencyMetadataFileList
WriteAuxiliaryFile /Users/admin/builder/spi-builder-workspace/.derivedData/Build/Intermediates.noindex/Sodium.build/Debug-xros/Sodium-t.build/Objects-normal/arm64/Sodium.LinkFileList (in target 'Sodium' from project 'Sodium')
cd /Users/admin/builder/spi-builder-workspace/.dependencies/checkouts/swift-sodium
write-file /Users/admin/builder/spi-builder-workspace/.derivedData/Build/Intermediates.noindex/Sodium.build/Debug-xros/Sodium-t.build/Objects-normal/arm64/Sodium.LinkFileList
WriteAuxiliaryFile /Users/admin/builder/spi-builder-workspace/.derivedData/Build/Intermediates.noindex/Sodium.build/Debug-xros/Sodium-t.build/Objects-normal/arm64/Sodium.SwiftConstValuesFileList (in target 'Sodium' from project 'Sodium')
cd /Users/admin/builder/spi-builder-workspace/.dependencies/checkouts/swift-sodium
write-file /Users/admin/builder/spi-builder-workspace/.derivedData/Build/Intermediates.noindex/Sodium.build/Debug-xros/Sodium-t.build/Objects-normal/arm64/Sodium.SwiftConstValuesFileList
WriteAuxiliaryFile /Users/admin/builder/spi-builder-workspace/.derivedData/Build/Intermediates.noindex/Sodium.build/Debug-xros/Sodium-t.build/Objects-normal/arm64/Sodium_const_extract_protocols.json (in target 'Sodium' from project 'Sodium')
cd /Users/admin/builder/spi-builder-workspace/.dependencies/checkouts/swift-sodium
write-file /Users/admin/builder/spi-builder-workspace/.derivedData/Build/Intermediates.noindex/Sodium.build/Debug-xros/Sodium-t.build/Objects-normal/arm64/Sodium_const_extract_protocols.json
WriteAuxiliaryFile /Users/admin/builder/spi-builder-workspace/.derivedData/Build/Intermediates.noindex/Sodium.build/Debug-xros/Sodium-t.build/Objects-normal/arm64/Sodium.SwiftFileList (in target 'Sodium' from project 'Sodium')
cd /Users/admin/builder/spi-builder-workspace/.dependencies/checkouts/swift-sodium
write-file /Users/admin/builder/spi-builder-workspace/.derivedData/Build/Intermediates.noindex/Sodium.build/Debug-xros/Sodium-t.build/Objects-normal/arm64/Sodium.SwiftFileList
WriteAuxiliaryFile /Users/admin/builder/spi-builder-workspace/.derivedData/Build/Intermediates.noindex/Sodium.build/Debug-xros/Sodium-t.build/Objects-normal/arm64/Sodium-OutputFileMap.json (in target 'Sodium' from project 'Sodium')
cd /Users/admin/builder/spi-builder-workspace/.dependencies/checkouts/swift-sodium
write-file /Users/admin/builder/spi-builder-workspace/.derivedData/Build/Intermediates.noindex/Sodium.build/Debug-xros/Sodium-t.build/Objects-normal/arm64/Sodium-OutputFileMap.json
Copy /Users/admin/builder/spi-builder-workspace/.derivedData/Build/Intermediates.noindex/GeneratedModuleMaps-xros/ncryptf.modulemap /Users/admin/builder/spi-builder-workspace/.derivedData/Build/Intermediates.noindex/ncryptf-swift.build/Debug-xros/ncryptf-t.build/ncryptf.modulemap (in target 'ncryptf' from project 'ncryptf-swift')
cd /Users/admin/builder/spi-builder-workspace
builtin-copy -exclude .DS_Store -exclude CVS -exclude .svn -exclude .git -exclude .hg -resolve-src-symlinks /Users/admin/builder/spi-builder-workspace/.derivedData/Build/Intermediates.noindex/ncryptf-swift.build/Debug-xros/ncryptf-t.build/ncryptf.modulemap /Users/admin/builder/spi-builder-workspace/.derivedData/Build/Intermediates.noindex/GeneratedModuleMaps-xros
Copy /Users/admin/builder/spi-builder-workspace/.derivedData/Build/Intermediates.noindex/GeneratedModuleMaps-xros/Sodium.modulemap /Users/admin/builder/spi-builder-workspace/.derivedData/Build/Intermediates.noindex/Sodium.build/Debug-xros/Sodium-t.build/Sodium.modulemap (in target 'Sodium' from project 'Sodium')
cd /Users/admin/builder/spi-builder-workspace/.dependencies/checkouts/swift-sodium
builtin-copy -exclude .DS_Store -exclude CVS -exclude .svn -exclude .git -exclude .hg -resolve-src-symlinks /Users/admin/builder/spi-builder-workspace/.derivedData/Build/Intermediates.noindex/Sodium.build/Debug-xros/Sodium-t.build/Sodium.modulemap /Users/admin/builder/spi-builder-workspace/.derivedData/Build/Intermediates.noindex/GeneratedModuleMaps-xros
WriteAuxiliaryFile /Users/admin/builder/spi-builder-workspace/.derivedData/Build/Intermediates.noindex/HKDF.build/Debug-xros/HKDF-t.build/Objects-normal/arm64/HKDF.SwiftConstValuesFileList (in target 'HKDF' from project 'HKDF')
cd /Users/admin/builder/spi-builder-workspace/.dependencies/checkouts/HKDF
write-file /Users/admin/builder/spi-builder-workspace/.derivedData/Build/Intermediates.noindex/HKDF.build/Debug-xros/HKDF-t.build/Objects-normal/arm64/HKDF.SwiftConstValuesFileList
WriteAuxiliaryFile /Users/admin/builder/spi-builder-workspace/.derivedData/Build/Intermediates.noindex/HKDF.build/Debug-xros/HKDF-t.build/Objects-normal/arm64/HKDF_const_extract_protocols.json (in target 'HKDF' from project 'HKDF')
cd /Users/admin/builder/spi-builder-workspace/.dependencies/checkouts/HKDF
write-file /Users/admin/builder/spi-builder-workspace/.derivedData/Build/Intermediates.noindex/HKDF.build/Debug-xros/HKDF-t.build/Objects-normal/arm64/HKDF_const_extract_protocols.json
WriteAuxiliaryFile /Users/admin/builder/spi-builder-workspace/.derivedData/Build/Intermediates.noindex/HKDF.build/Debug-xros/HKDF-t.build/Objects-normal/arm64/HKDF.SwiftFileList (in target 'HKDF' from project 'HKDF')
cd /Users/admin/builder/spi-builder-workspace/.dependencies/checkouts/HKDF
write-file /Users/admin/builder/spi-builder-workspace/.derivedData/Build/Intermediates.noindex/HKDF.build/Debug-xros/HKDF-t.build/Objects-normal/arm64/HKDF.SwiftFileList
WriteAuxiliaryFile /Users/admin/builder/spi-builder-workspace/.derivedData/Build/Intermediates.noindex/HKDF.build/Debug-xros/HKDF-t.build/Objects-normal/arm64/HKDF.LinkFileList (in target 'HKDF' from project 'HKDF')
cd /Users/admin/builder/spi-builder-workspace/.dependencies/checkouts/HKDF
write-file /Users/admin/builder/spi-builder-workspace/.derivedData/Build/Intermediates.noindex/HKDF.build/Debug-xros/HKDF-t.build/Objects-normal/arm64/HKDF.LinkFileList
WriteAuxiliaryFile /Users/admin/builder/spi-builder-workspace/.derivedData/Build/Intermediates.noindex/HKDF.build/Debug-xros/HKDF-t.build/Objects-normal/arm64/HKDF-OutputFileMap.json (in target 'HKDF' from project 'HKDF')
cd /Users/admin/builder/spi-builder-workspace/.dependencies/checkouts/HKDF
write-file /Users/admin/builder/spi-builder-workspace/.derivedData/Build/Intermediates.noindex/HKDF.build/Debug-xros/HKDF-t.build/Objects-normal/arm64/HKDF-OutputFileMap.json
WriteAuxiliaryFile /Users/admin/builder/spi-builder-workspace/.derivedData/Build/Intermediates.noindex/HKDF.build/Debug-xros/HKDF-t.build/HKDF.modulemap (in target 'HKDF' from project 'HKDF')
cd /Users/admin/builder/spi-builder-workspace/.dependencies/checkouts/HKDF
write-file /Users/admin/builder/spi-builder-workspace/.derivedData/Build/Intermediates.noindex/HKDF.build/Debug-xros/HKDF-t.build/HKDF.modulemap
WriteAuxiliaryFile /Users/admin/builder/spi-builder-workspace/.derivedData/Build/Intermediates.noindex/HKDF.build/Debug-xros/HKDF-t.build/HKDF.DependencyStaticMetadataFileList (in target 'HKDF' from project 'HKDF')
cd /Users/admin/builder/spi-builder-workspace/.dependencies/checkouts/HKDF
write-file /Users/admin/builder/spi-builder-workspace/.derivedData/Build/Intermediates.noindex/HKDF.build/Debug-xros/HKDF-t.build/HKDF.DependencyStaticMetadataFileList
WriteAuxiliaryFile /Users/admin/builder/spi-builder-workspace/.derivedData/Build/Intermediates.noindex/HKDF.build/Debug-xros/HKDF-t.build/HKDF.DependencyMetadataFileList (in target 'HKDF' from project 'HKDF')
cd /Users/admin/builder/spi-builder-workspace/.dependencies/checkouts/HKDF
write-file /Users/admin/builder/spi-builder-workspace/.derivedData/Build/Intermediates.noindex/HKDF.build/Debug-xros/HKDF-t.build/HKDF.DependencyMetadataFileList
WriteAuxiliaryFile /Users/admin/builder/spi-builder-workspace/.derivedData/Build/Intermediates.noindex/Cryptor.build/Debug-xros/Cryptor-t.build/Objects-normal/arm64/Cryptor_const_extract_protocols.json (in target 'Cryptor' from project 'Cryptor')
cd /Users/admin/builder/spi-builder-workspace/.dependencies/checkouts/BlueCryptor
write-file /Users/admin/builder/spi-builder-workspace/.derivedData/Build/Intermediates.noindex/Cryptor.build/Debug-xros/Cryptor-t.build/Objects-normal/arm64/Cryptor_const_extract_protocols.json
WriteAuxiliaryFile /Users/admin/builder/spi-builder-workspace/.derivedData/Build/Intermediates.noindex/Cryptor.build/Debug-xros/Cryptor-t.build/Objects-normal/arm64/Cryptor.SwiftConstValuesFileList (in target 'Cryptor' from project 'Cryptor')
cd /Users/admin/builder/spi-builder-workspace/.dependencies/checkouts/BlueCryptor
write-file /Users/admin/builder/spi-builder-workspace/.derivedData/Build/Intermediates.noindex/Cryptor.build/Debug-xros/Cryptor-t.build/Objects-normal/arm64/Cryptor.SwiftConstValuesFileList
WriteAuxiliaryFile /Users/admin/builder/spi-builder-workspace/.derivedData/Build/Intermediates.noindex/Cryptor.build/Debug-xros/Cryptor-t.build/Objects-normal/arm64/Cryptor.SwiftFileList (in target 'Cryptor' from project 'Cryptor')
cd /Users/admin/builder/spi-builder-workspace/.dependencies/checkouts/BlueCryptor
write-file /Users/admin/builder/spi-builder-workspace/.derivedData/Build/Intermediates.noindex/Cryptor.build/Debug-xros/Cryptor-t.build/Objects-normal/arm64/Cryptor.SwiftFileList
WriteAuxiliaryFile /Users/admin/builder/spi-builder-workspace/.derivedData/Build/Intermediates.noindex/Cryptor.build/Debug-xros/Cryptor-t.build/Objects-normal/arm64/Cryptor.LinkFileList (in target 'Cryptor' from project 'Cryptor')
cd /Users/admin/builder/spi-builder-workspace/.dependencies/checkouts/BlueCryptor
write-file /Users/admin/builder/spi-builder-workspace/.derivedData/Build/Intermediates.noindex/Cryptor.build/Debug-xros/Cryptor-t.build/Objects-normal/arm64/Cryptor.LinkFileList
WriteAuxiliaryFile /Users/admin/builder/spi-builder-workspace/.derivedData/Build/Intermediates.noindex/Cryptor.build/Debug-xros/Cryptor-t.build/Objects-normal/arm64/Cryptor-OutputFileMap.json (in target 'Cryptor' from project 'Cryptor')
cd /Users/admin/builder/spi-builder-workspace/.dependencies/checkouts/BlueCryptor
write-file /Users/admin/builder/spi-builder-workspace/.derivedData/Build/Intermediates.noindex/Cryptor.build/Debug-xros/Cryptor-t.build/Objects-normal/arm64/Cryptor-OutputFileMap.json
WriteAuxiliaryFile /Users/admin/builder/spi-builder-workspace/.derivedData/Build/Intermediates.noindex/Cryptor.build/Debug-xros/Cryptor-t.build/Cryptor.modulemap (in target 'Cryptor' from project 'Cryptor')
cd /Users/admin/builder/spi-builder-workspace/.dependencies/checkouts/BlueCryptor
write-file /Users/admin/builder/spi-builder-workspace/.derivedData/Build/Intermediates.noindex/Cryptor.build/Debug-xros/Cryptor-t.build/Cryptor.modulemap
Copy /Users/admin/builder/spi-builder-workspace/.derivedData/Build/Intermediates.noindex/GeneratedModuleMaps-xros/HKDF.modulemap /Users/admin/builder/spi-builder-workspace/.derivedData/Build/Intermediates.noindex/HKDF.build/Debug-xros/HKDF-t.build/HKDF.modulemap (in target 'HKDF' from project 'HKDF')
cd /Users/admin/builder/spi-builder-workspace/.dependencies/checkouts/HKDF
builtin-copy -exclude .DS_Store -exclude CVS -exclude .svn -exclude .git -exclude .hg -resolve-src-symlinks /Users/admin/builder/spi-builder-workspace/.derivedData/Build/Intermediates.noindex/HKDF.build/Debug-xros/HKDF-t.build/HKDF.modulemap /Users/admin/builder/spi-builder-workspace/.derivedData/Build/Intermediates.noindex/GeneratedModuleMaps-xros
WriteAuxiliaryFile /Users/admin/builder/spi-builder-workspace/.derivedData/Build/Intermediates.noindex/Cryptor.build/Debug-xros/Cryptor-t.build/Cryptor.DependencyStaticMetadataFileList (in target 'Cryptor' from project 'Cryptor')
cd /Users/admin/builder/spi-builder-workspace/.dependencies/checkouts/BlueCryptor
write-file /Users/admin/builder/spi-builder-workspace/.derivedData/Build/Intermediates.noindex/Cryptor.build/Debug-xros/Cryptor-t.build/Cryptor.DependencyStaticMetadataFileList
WriteAuxiliaryFile /Users/admin/builder/spi-builder-workspace/.derivedData/Build/Intermediates.noindex/Cryptor.build/Debug-xros/Cryptor-t.build/Cryptor.DependencyMetadataFileList (in target 'Cryptor' from project 'Cryptor')
cd /Users/admin/builder/spi-builder-workspace/.dependencies/checkouts/BlueCryptor
write-file /Users/admin/builder/spi-builder-workspace/.derivedData/Build/Intermediates.noindex/Cryptor.build/Debug-xros/Cryptor-t.build/Cryptor.DependencyMetadataFileList
WriteAuxiliaryFile /Users/admin/builder/spi-builder-workspace/.derivedData/Build/Intermediates.noindex/CryptoSwift.build/Debug-xros/CryptoSwift-t.build/CryptoSwift.modulemap (in target 'CryptoSwift' from project 'CryptoSwift')
cd /Users/admin/builder/spi-builder-workspace/.dependencies/checkouts/CryptoSwift
write-file /Users/admin/builder/spi-builder-workspace/.derivedData/Build/Intermediates.noindex/CryptoSwift.build/Debug-xros/CryptoSwift-t.build/CryptoSwift.modulemap
Copy /Users/admin/builder/spi-builder-workspace/.derivedData/Build/Intermediates.noindex/GeneratedModuleMaps-xros/Cryptor.modulemap /Users/admin/builder/spi-builder-workspace/.derivedData/Build/Intermediates.noindex/Cryptor.build/Debug-xros/Cryptor-t.build/Cryptor.modulemap (in target 'Cryptor' from project 'Cryptor')
cd /Users/admin/builder/spi-builder-workspace/.dependencies/checkouts/BlueCryptor
builtin-copy -exclude .DS_Store -exclude CVS -exclude .svn -exclude .git -exclude .hg -resolve-src-symlinks /Users/admin/builder/spi-builder-workspace/.derivedData/Build/Intermediates.noindex/Cryptor.build/Debug-xros/Cryptor-t.build/Cryptor.modulemap /Users/admin/builder/spi-builder-workspace/.derivedData/Build/Intermediates.noindex/GeneratedModuleMaps-xros
WriteAuxiliaryFile /Users/admin/builder/spi-builder-workspace/.derivedData/Build/Intermediates.noindex/CryptoSwift.build/Debug-xros/CryptoSwift-t.build/Objects-normal/arm64/CryptoSwift.SwiftConstValuesFileList (in target 'CryptoSwift' from project 'CryptoSwift')
cd /Users/admin/builder/spi-builder-workspace/.dependencies/checkouts/CryptoSwift
write-file /Users/admin/builder/spi-builder-workspace/.derivedData/Build/Intermediates.noindex/CryptoSwift.build/Debug-xros/CryptoSwift-t.build/Objects-normal/arm64/CryptoSwift.SwiftConstValuesFileList
WriteAuxiliaryFile /Users/admin/builder/spi-builder-workspace/.derivedData/Build/Intermediates.noindex/CryptoSwift.build/Debug-xros/CryptoSwift-t.build/Objects-normal/arm64/CryptoSwift.SwiftFileList (in target 'CryptoSwift' from project 'CryptoSwift')
cd /Users/admin/builder/spi-builder-workspace/.dependencies/checkouts/CryptoSwift
write-file /Users/admin/builder/spi-builder-workspace/.derivedData/Build/Intermediates.noindex/CryptoSwift.build/Debug-xros/CryptoSwift-t.build/Objects-normal/arm64/CryptoSwift.SwiftFileList
WriteAuxiliaryFile /Users/admin/builder/spi-builder-workspace/.derivedData/Build/Intermediates.noindex/CryptoSwift.build/Debug-xros/CryptoSwift-t.build/Objects-normal/arm64/CryptoSwift_const_extract_protocols.json (in target 'CryptoSwift' from project 'CryptoSwift')
cd /Users/admin/builder/spi-builder-workspace/.dependencies/checkouts/CryptoSwift
write-file /Users/admin/builder/spi-builder-workspace/.derivedData/Build/Intermediates.noindex/CryptoSwift.build/Debug-xros/CryptoSwift-t.build/Objects-normal/arm64/CryptoSwift_const_extract_protocols.json
WriteAuxiliaryFile /Users/admin/builder/spi-builder-workspace/.derivedData/Build/Intermediates.noindex/CryptoSwift.build/Debug-xros/CryptoSwift-t.build/Objects-normal/arm64/CryptoSwift.LinkFileList (in target 'CryptoSwift' from project 'CryptoSwift')
cd /Users/admin/builder/spi-builder-workspace/.dependencies/checkouts/CryptoSwift
write-file /Users/admin/builder/spi-builder-workspace/.derivedData/Build/Intermediates.noindex/CryptoSwift.build/Debug-xros/CryptoSwift-t.build/Objects-normal/arm64/CryptoSwift.LinkFileList
WriteAuxiliaryFile /Users/admin/builder/spi-builder-workspace/.derivedData/Build/Intermediates.noindex/CryptoSwift.build/Debug-xros/CryptoSwift-t.build/Objects-normal/arm64/CryptoSwift-OutputFileMap.json (in target 'CryptoSwift' from project 'CryptoSwift')
cd /Users/admin/builder/spi-builder-workspace/.dependencies/checkouts/CryptoSwift
write-file /Users/admin/builder/spi-builder-workspace/.derivedData/Build/Intermediates.noindex/CryptoSwift.build/Debug-xros/CryptoSwift-t.build/Objects-normal/arm64/CryptoSwift-OutputFileMap.json
WriteAuxiliaryFile /Users/admin/builder/spi-builder-workspace/.derivedData/Build/Intermediates.noindex/CryptoSwift.build/Debug-xros/CryptoSwift-t.build/CryptoSwift.DependencyStaticMetadataFileList (in target 'CryptoSwift' from project 'CryptoSwift')
cd /Users/admin/builder/spi-builder-workspace/.dependencies/checkouts/CryptoSwift
write-file /Users/admin/builder/spi-builder-workspace/.derivedData/Build/Intermediates.noindex/CryptoSwift.build/Debug-xros/CryptoSwift-t.build/CryptoSwift.DependencyStaticMetadataFileList
WriteAuxiliaryFile /Users/admin/builder/spi-builder-workspace/.derivedData/Build/Intermediates.noindex/CryptoSwift.build/Debug-xros/CryptoSwift-t.build/CryptoSwift.DependencyMetadataFileList (in target 'CryptoSwift' from project 'CryptoSwift')
cd /Users/admin/builder/spi-builder-workspace/.dependencies/checkouts/CryptoSwift
write-file /Users/admin/builder/spi-builder-workspace/.derivedData/Build/Intermediates.noindex/CryptoSwift.build/Debug-xros/CryptoSwift-t.build/CryptoSwift.DependencyMetadataFileList
Copy /Users/admin/builder/spi-builder-workspace/.derivedData/Build/Intermediates.noindex/GeneratedModuleMaps-xros/CryptoSwift.modulemap /Users/admin/builder/spi-builder-workspace/.derivedData/Build/Intermediates.noindex/CryptoSwift.build/Debug-xros/CryptoSwift-t.build/CryptoSwift.modulemap (in target 'CryptoSwift' from project 'CryptoSwift')
cd /Users/admin/builder/spi-builder-workspace/.dependencies/checkouts/CryptoSwift
builtin-copy -exclude .DS_Store -exclude CVS -exclude .svn -exclude .git -exclude .hg -resolve-src-symlinks /Users/admin/builder/spi-builder-workspace/.derivedData/Build/Intermediates.noindex/CryptoSwift.build/Debug-xros/CryptoSwift-t.build/CryptoSwift.modulemap /Users/admin/builder/spi-builder-workspace/.derivedData/Build/Intermediates.noindex/GeneratedModuleMaps-xros
SwiftDriver Cryptor normal arm64 com.apple.xcode.tools.swift.compiler (in target 'Cryptor' from project 'Cryptor')
cd /Users/admin/builder/spi-builder-workspace/.swiftpm/xcode
builtin-SwiftDriver -- /Applications/Xcode-27.0.0-Release.Candidate.app/Contents/Developer/Toolchains/XcodeDefault.xctoolchain/usr/bin/swiftc -parse-as-library -module-name Cryptor -Onone @/Users/admin/builder/spi-builder-workspace/.derivedData/Build/Intermediates.noindex/Cryptor.build/Debug-xros/Cryptor-t.build/Objects-normal/arm64/Cryptor.SwiftFileList -DSWIFT_PACKAGE -DDEBUG -DSWIFT_MODULE_RESOURCE_BUNDLE_UNAVAILABLE -DXcode -plugin-path /Applications/Xcode-27.0.0-Release.Candidate.app/Contents/Developer/Toolchains/XcodeDefault.xctoolchain/usr/lib/swift/host/plugins/testing -enable-experimental-feature DebugDescriptionMacro -sdk /Applications/Xcode-27.0.0-Release.Candidate.app/Contents/Developer/Platforms/XROS.platform/Developer/SDKs/XROS27.0.sdk -target arm64-apple-xros1.0 -g -module-cache-path /Users/admin/builder/spi-builder-workspace/.derivedData/ModuleCache.noindex -Xfrontend -serialize-debugging-options -profile-coverage-mapping -profile-generate -enable-testing -suppress-warnings -index-store-path /Users/admin/builder/spi-builder-workspace/.derivedData/Index.noindex/DataStore -Xcc -D_LIBCPP_HARDENING_MODE\=_LIBCPP_HARDENING_MODE_DEBUG -swift-version 5 -I /Users/admin/builder/spi-builder-workspace/.derivedData/Build/Products/Debug-xros -Isystem /Applications/Xcode-27.0.0-Release.Candidate.app/Contents/Developer/Platforms/XROS.platform/Developer/usr/lib -F /Users/admin/builder/spi-builder-workspace/.derivedData/Build/Products/Debug-xros -F /Applications/Xcode-27.0.0-Release.Candidate.app/Contents/Developer/Platforms/XROS.platform/Developer/Library/Frameworks -F /Applications/Xcode-27.0.0-Release.Candidate.app/Contents/Developer/Platforms/XROS.platform/Developer/SDKs/XROS27.0.sdk/Developer/Library/Frameworks -c -j10 -enable-batch-mode -incremental -Xcc -ivfsstatcache -Xcc /Users/admin/builder/spi-builder-workspace/.derivedData/SDKStatCaches.noindex/xros27.0-24M361-e829b21a6f8c9b70876ba0858053c044735bd543db762f57723cac368afd1ce4.sdkstatcache -output-file-map /Users/admin/builder/spi-builder-workspace/.derivedData/Build/Intermediates.noindex/Cryptor.build/Debug-xros/Cryptor-t.build/Objects-normal/arm64/Cryptor-OutputFileMap.json -save-temps -no-color-diagnostics -explicit-module-build -module-cache-path /Users/admin/builder/spi-builder-workspace/.derivedData/Build/Intermediates.noindex/SwiftExplicitPrecompiledModules -clang-scanner-module-cache-path /Users/admin/builder/spi-builder-workspace/.derivedData/ModuleCache.noindex -sdk-module-cache-path /Users/admin/builder/spi-builder-workspace/.derivedData/SDKExplicitPrecompiledModules -emit-dependencies -emit-module -emit-module-path /Users/admin/builder/spi-builder-workspace/.derivedData/Build/Intermediates.noindex/Cryptor.build/Debug-xros/Cryptor-t.build/Objects-normal/arm64/Cryptor.swiftmodule -serialize-diagnostics -dependency-scan-serialize-diagnostics-path /Users/admin/builder/spi-builder-workspace/.derivedData/Build/Intermediates.noindex/Cryptor.build/Debug-xros/Cryptor-t.build/Objects-normal/arm64/Cryptor-dependency-scan.dia -validate-clang-modules-once -clang-build-session-file /Users/admin/builder/spi-builder-workspace/.derivedData/ModuleCache.noindex/Session.modulevalidation -Xcc -fmodules-prune-interval\=86400 -Xcc -fmodules-prune-after\=345600 -emit-const-values -const-gather-protocols-list /Users/admin/builder/spi-builder-workspace/.derivedData/Build/Intermediates.noindex/Cryptor.build/Debug-xros/Cryptor-t.build/Objects-normal/arm64/Cryptor_const_extract_protocols.json -Xcc -I/Users/admin/builder/spi-builder-workspace/.derivedData/Build/Products/Debug-xros/include -Xcc -I/Users/admin/builder/spi-builder-workspace/.derivedData/Build/Intermediates.noindex/Cryptor.build/Debug-xros/Cryptor-t.build/DerivedSources-normal/arm64 -Xcc -I/Users/admin/builder/spi-builder-workspace/.derivedData/Build/Intermediates.noindex/Cryptor.build/Debug-xros/Cryptor-t.build/DerivedSources/arm64 -Xcc -I/Users/admin/builder/spi-builder-workspace/.derivedData/Build/Intermediates.noindex/Cryptor.build/Debug-xros/Cryptor-t.build/DerivedSources -Xcc -DSWIFT_PACKAGE -Xcc -DDEBUG\=1 -emit-objc-header -emit-objc-header-path /Users/admin/builder/spi-builder-workspace/.derivedData/Build/Intermediates.noindex/Cryptor.build/Debug-xros/Cryptor-t.build/Objects-normal/arm64/Cryptor-Swift.h -working-directory /Users/admin/builder/spi-builder-workspace/.swiftpm/xcode -experimental-emit-module-separately -disable-cmo
SwiftDriver Sodium normal arm64 com.apple.xcode.tools.swift.compiler (in target 'Sodium' from project 'Sodium')
cd /Users/admin/builder/spi-builder-workspace/.swiftpm/xcode
builtin-SwiftDriver -- /Applications/Xcode-27.0.0-Release.Candidate.app/Contents/Developer/Toolchains/XcodeDefault.xctoolchain/usr/bin/swiftc -parse-as-library -module-name Sodium -Onone @/Users/admin/builder/spi-builder-workspace/.derivedData/Build/Intermediates.noindex/Sodium.build/Debug-xros/Sodium-t.build/Objects-normal/arm64/Sodium.SwiftFileList -DSWIFT_PACKAGE -DDEBUG -DSWIFT_MODULE_RESOURCE_BUNDLE_UNAVAILABLE -Xcc -fmodule-map-file\=/Users/admin/builder/spi-builder-workspace/.dependencies/checkouts/Clibsodium/module.modulemap -DXcode -plugin-path /Applications/Xcode-27.0.0-Release.Candidate.app/Contents/Developer/Toolchains/XcodeDefault.xctoolchain/usr/lib/swift/host/plugins/testing -enable-experimental-feature DebugDescriptionMacro -sdk /Applications/Xcode-27.0.0-Release.Candidate.app/Contents/Developer/Platforms/XROS.platform/Developer/SDKs/XROS27.0.sdk -target arm64-apple-xros1.0 -g -module-cache-path /Users/admin/builder/spi-builder-workspace/.derivedData/ModuleCache.noindex -Xfrontend -serialize-debugging-options -profile-coverage-mapping -profile-generate -enable-testing -suppress-warnings -index-store-path /Users/admin/builder/spi-builder-workspace/.derivedData/Index.noindex/DataStore -Xcc -D_LIBCPP_HARDENING_MODE\=_LIBCPP_HARDENING_MODE_DEBUG -swift-version 4 -I /Users/admin/builder/spi-builder-workspace/.derivedData/Build/Products/Debug-xros -Isystem /Applications/Xcode-27.0.0-Release.Candidate.app/Contents/Developer/Platforms/XROS.platform/Developer/usr/lib -F /Users/admin/builder/spi-builder-workspace/.derivedData/Build/Products/Debug-xros -F /Applications/Xcode-27.0.0-Release.Candidate.app/Contents/Developer/Platforms/XROS.platform/Developer/Library/Frameworks -F /Applications/Xcode-27.0.0-Release.Candidate.app/Contents/Developer/Platforms/XROS.platform/Developer/SDKs/XROS27.0.sdk/Developer/Library/Frameworks -c -j10 -enable-batch-mode -incremental -Xcc -ivfsstatcache -Xcc /Users/admin/builder/spi-builder-workspace/.derivedData/SDKStatCaches.noindex/xros27.0-24M361-e829b21a6f8c9b70876ba0858053c044735bd543db762f57723cac368afd1ce4.sdkstatcache -output-file-map /Users/admin/builder/spi-builder-workspace/.derivedData/Build/Intermediates.noindex/Sodium.build/Debug-xros/Sodium-t.build/Objects-normal/arm64/Sodium-OutputFileMap.json -save-temps -no-color-diagnostics -emit-dependencies -emit-module -emit-module-path /Users/admin/builder/spi-builder-workspace/.derivedData/Build/Intermediates.noindex/Sodium.build/Debug-xros/Sodium-t.build/Objects-normal/arm64/Sodium.swiftmodule -serialize-diagnostics -validate-clang-modules-once -clang-build-session-file /Users/admin/builder/spi-builder-workspace/.derivedData/ModuleCache.noindex/Session.modulevalidation -Xcc -fmodules-prune-interval\=86400 -Xcc -fmodules-prune-after\=345600 -emit-const-values -const-gather-protocols-list /Users/admin/builder/spi-builder-workspace/.derivedData/Build/Intermediates.noindex/Sodium.build/Debug-xros/Sodium-t.build/Objects-normal/arm64/Sodium_const_extract_protocols.json -Xcc -I/Users/admin/builder/spi-builder-workspace/.derivedData/Build/Products/Debug-xros/include -Xcc -I/Users/admin/builder/spi-builder-workspace/.derivedData/Build/Intermediates.noindex/Sodium.build/Debug-xros/Sodium-t.build/DerivedSources-normal/arm64 -Xcc -I/Users/admin/builder/spi-builder-workspace/.derivedData/Build/Intermediates.noindex/Sodium.build/Debug-xros/Sodium-t.build/DerivedSources/arm64 -Xcc -I/Users/admin/builder/spi-builder-workspace/.derivedData/Build/Intermediates.noindex/Sodium.build/Debug-xros/Sodium-t.build/DerivedSources -Xcc -DSWIFT_PACKAGE -Xcc -DDEBUG\=1 -emit-objc-header -emit-objc-header-path /Users/admin/builder/spi-builder-workspace/.derivedData/Build/Intermediates.noindex/Sodium.build/Debug-xros/Sodium-t.build/Objects-normal/arm64/Sodium-Swift.h -working-directory /Users/admin/builder/spi-builder-workspace/.swiftpm/xcode -experimental-emit-module-separately -disable-cmo
SwiftDriver CryptoSwift normal arm64 com.apple.xcode.tools.swift.compiler (in target 'CryptoSwift' from project 'CryptoSwift')
cd /Users/admin/builder/spi-builder-workspace/.swiftpm/xcode
builtin-SwiftDriver -- /Applications/Xcode-27.0.0-Release.Candidate.app/Contents/Developer/Toolchains/XcodeDefault.xctoolchain/usr/bin/swiftc -parse-as-library -module-name CryptoSwift -Onone @/Users/admin/builder/spi-builder-workspace/.derivedData/Build/Intermediates.noindex/CryptoSwift.build/Debug-xros/CryptoSwift-t.build/Objects-normal/arm64/CryptoSwift.SwiftFileList -DSWIFT_PACKAGE -DDEBUG -DSWIFT_MODULE_RESOURCE_BUNDLE_UNAVAILABLE -DXcode -plugin-path /Applications/Xcode-27.0.0-Release.Candidate.app/Contents/Developer/Toolchains/XcodeDefault.xctoolchain/usr/lib/swift/host/plugins/testing -enable-experimental-feature DebugDescriptionMacro -sdk /Applications/Xcode-27.0.0-Release.Candidate.app/Contents/Developer/Platforms/XROS.platform/Developer/SDKs/XROS27.0.sdk -target arm64-apple-xros1.0 -g -module-cache-path /Users/admin/builder/spi-builder-workspace/.derivedData/ModuleCache.noindex -Xfrontend -serialize-debugging-options -profile-coverage-mapping -profile-generate -enable-testing -suppress-warnings -index-store-path /Users/admin/builder/spi-builder-workspace/.derivedData/Index.noindex/DataStore -Xcc -D_LIBCPP_HARDENING_MODE\=_LIBCPP_HARDENING_MODE_DEBUG -swift-version 4.2 -I /Users/admin/builder/spi-builder-workspace/.derivedData/Build/Products/Debug-xros -Isystem /Applications/Xcode-27.0.0-Release.Candidate.app/Contents/Developer/Platforms/XROS.platform/Developer/usr/lib -F /Users/admin/builder/spi-builder-workspace/.derivedData/Build/Products/Debug-xros -F /Applications/Xcode-27.0.0-Release.Candidate.app/Contents/Developer/Platforms/XROS.platform/Developer/Library/Frameworks -F /Applications/Xcode-27.0.0-Release.Candidate.app/Contents/Developer/Platforms/XROS.platform/Developer/SDKs/XROS27.0.sdk/Developer/Library/Frameworks -c -j10 -enable-batch-mode -incremental -Xcc -ivfsstatcache -Xcc /Users/admin/builder/spi-builder-workspace/.derivedData/SDKStatCaches.noindex/xros27.0-24M361-e829b21a6f8c9b70876ba0858053c044735bd543db762f57723cac368afd1ce4.sdkstatcache -output-file-map /Users/admin/builder/spi-builder-workspace/.derivedData/Build/Intermediates.noindex/CryptoSwift.build/Debug-xros/CryptoSwift-t.build/Objects-normal/arm64/CryptoSwift-OutputFileMap.json -save-temps -no-color-diagnostics -emit-dependencies -emit-module -emit-module-path /Users/admin/builder/spi-builder-workspace/.derivedData/Build/Intermediates.noindex/CryptoSwift.build/Debug-xros/CryptoSwift-t.build/Objects-normal/arm64/CryptoSwift.swiftmodule -serialize-diagnostics -validate-clang-modules-once -clang-build-session-file /Users/admin/builder/spi-builder-workspace/.derivedData/ModuleCache.noindex/Session.modulevalidation -Xcc -fmodules-prune-interval\=86400 -Xcc -fmodules-prune-after\=345600 -emit-const-values -const-gather-protocols-list /Users/admin/builder/spi-builder-workspace/.derivedData/Build/Intermediates.noindex/CryptoSwift.build/Debug-xros/CryptoSwift-t.build/Objects-normal/arm64/CryptoSwift_const_extract_protocols.json -Xcc -I/Users/admin/builder/spi-builder-workspace/.derivedData/Build/Products/Debug-xros/include -Xcc -I/Users/admin/builder/spi-builder-workspace/.derivedData/Build/Intermediates.noindex/CryptoSwift.build/Debug-xros/CryptoSwift-t.build/DerivedSources-normal/arm64 -Xcc -I/Users/admin/builder/spi-builder-workspace/.derivedData/Build/Intermediates.noindex/CryptoSwift.build/Debug-xros/CryptoSwift-t.build/DerivedSources/arm64 -Xcc -I/Users/admin/builder/spi-builder-workspace/.derivedData/Build/Intermediates.noindex/CryptoSwift.build/Debug-xros/CryptoSwift-t.build/DerivedSources -Xcc -DSWIFT_PACKAGE -Xcc -DDEBUG\=1 -emit-objc-header -emit-objc-header-path /Users/admin/builder/spi-builder-workspace/.derivedData/Build/Intermediates.noindex/CryptoSwift.build/Debug-xros/CryptoSwift-t.build/Objects-normal/arm64/CryptoSwift-Swift.h -working-directory /Users/admin/builder/spi-builder-workspace/.swiftpm/xcode -experimental-emit-module-separately -disable-cmo
SwiftCompile normal arm64 Compiling\ KeyPairGenerator.swift,\ KeyPairProtocol.swift /Users/admin/builder/spi-builder-workspace/.dependencies/checkouts/swift-sodium/Sodium/Generators/KeyPairGenerator.swift /Users/admin/builder/spi-builder-workspace/.dependencies/checkouts/swift-sodium/Sodium/Generators/KeyPairProtocol.swift (in target 'Sodium' from project 'Sodium')
SwiftCompile normal arm64 /Users/admin/builder/spi-builder-workspace/.dependencies/checkouts/swift-sodium/Sodium/Generators/KeyPairGenerator.swift (in target 'Sodium' from project 'Sodium')
cd /Users/admin/builder/spi-builder-workspace/.swiftpm/xcode
builtin-SwiftPerFileCompile KeyPairGenerator.swift
SwiftCompile normal arm64 /Users/admin/builder/spi-builder-workspace/.dependencies/checkouts/swift-sodium/Sodium/Generators/KeyPairProtocol.swift (in target 'Sodium' from project 'Sodium')
cd /Users/admin/builder/spi-builder-workspace/.swiftpm/xcode
builtin-SwiftPerFileCompile KeyPairProtocol.swift
<module-includes>:1:9: note: in file included from <module-includes>:1:
1 | #import "shim.h"
| `- note: in file included from <module-includes>:1:
2 |
/Users/admin/builder/spi-builder-workspace/.dependencies/checkouts/Clibsodium/shim.h:1:10: error: 'sodium.h' file not found
1 | #include <sodium.h>
| `- error: 'sodium.h' file not found
2 |
SwiftCompile normal arm64 Compiling\ NonceGenerator.swift,\ SecretKeyGenerator.swift /Users/admin/builder/spi-builder-workspace/.dependencies/checkouts/swift-sodium/Sodium/Generators/NonceGenerator.swift /Users/admin/builder/spi-builder-workspace/.dependencies/checkouts/swift-sodium/Sodium/Generators/SecretKeyGenerator.swift (in target 'Sodium' from project 'Sodium')
<module-includes>:1:9: note: in file included from <module-includes>:1:
1 | #import "shim.h"
| `- note: in file included from <module-includes>:1:
2 |
/Users/admin/builder/spi-builder-workspace/.dependencies/checkouts/Clibsodium/shim.h:1:10: error: 'sodium.h' file not found
1 | #include <sodium.h>
| `- error: 'sodium.h' file not found
2 |
SwiftCompile normal arm64 /Users/admin/builder/spi-builder-workspace/.dependencies/checkouts/swift-sodium/Sodium/Generators/NonceGenerator.swift (in target 'Sodium' from project 'Sodium')
cd /Users/admin/builder/spi-builder-workspace/.swiftpm/xcode
builtin-SwiftPerFileCompile NonceGenerator.swift
SwiftCompile normal arm64 /Users/admin/builder/spi-builder-workspace/.dependencies/checkouts/swift-sodium/Sodium/Generators/SecretKeyGenerator.swift (in target 'Sodium' from project 'Sodium')
cd /Users/admin/builder/spi-builder-workspace/.swiftpm/xcode
builtin-SwiftPerFileCompile SecretKeyGenerator.swift
SwiftEmitModule normal arm64 Emitting\ module\ for\ Sodium (in target 'Sodium' from project 'Sodium')
<module-includes>:1:9: note: in file included from <module-includes>:1:
1 | #import "shim.h"
| `- note: in file included from <module-includes>:1:
2 |
/Users/admin/builder/spi-builder-workspace/.dependencies/checkouts/Clibsodium/shim.h:1:10: error: 'sodium.h' file not found
1 | #include <sodium.h>
| `- error: 'sodium.h' file not found
2 |
/Users/admin/builder/spi-builder-workspace/.dependencies/checkouts/swift-sodium/Sodium/Aead.swift:2:8: error: could not build Objective-C module 'Clibsodium'
1 | import Foundation
2 | import Clibsodium
| `- error: could not build Objective-C module 'Clibsodium'
3 |
4 | public struct Aead {
Failed frontend command:
/Applications/Xcode-27.0.0-Release.Candidate.app/Contents/Developer/Toolchains/XcodeDefault.xctoolchain/usr/bin/swift-frontend -frontend -emit-module -experimental-skip-non-inlinable-function-bodies-without-types /Users/admin/builder/spi-builder-workspace/.dependencies/checkouts/swift-sodium/Sodium/Aead.swift /Users/admin/builder/spi-builder-workspace/.dependencies/checkouts/swift-sodium/Sodium/Auth.swift /Users/admin/builder/spi-builder-workspace/.dependencies/checkouts/swift-sodium/Sodium/Box.swift /Users/admin/builder/spi-builder-workspace/.dependencies/checkouts/swift-sodium/Sodium/Bytes.swift /Users/admin/builder/spi-builder-workspace/.dependencies/checkouts/swift-sodium/Sodium/ExitCode.swift /Users/admin/builder/spi-builder-workspace/.dependencies/checkouts/swift-sodium/Sodium/Generators/KeyPairGenerator.swift /Users/admin/builder/spi-builder-workspace/.dependencies/checkouts/swift-sodium/Sodium/Generators/KeyPairProtocol.swift /Users/admin/builder/spi-builder-workspace/.dependencies/checkouts/swift-sodium/Sodium/Generators/NonceGenerator.swift /Users/admin/builder/spi-builder-workspace/.dependencies/checkouts/swift-sodium/Sodium/Generators/SecretKeyGenerator.swift /Users/admin/builder/spi-builder-workspace/.dependencies/checkouts/swift-sodium/Sodium/GenericHash.swift /Users/admin/builder/spi-builder-workspace/.dependencies/checkouts/swift-sodium/Sodium/KeyDerivation.swift /Users/admin/builder/spi-builder-workspace/.dependencies/checkouts/swift-sodium/Sodium/KeyExchange.swift /Users/admin/builder/spi-builder-workspace/.dependencies/checkouts/swift-sodium/Sodium/PWHash.swift /Users/admin/builder/spi-builder-workspace/.dependencies/checkouts/swift-sodium/Sodium/RandomBytes.swift /Users/admin/builder/spi-builder-workspace/.dependencies/checkouts/swift-sodium/Sodium/SecretBox.swift /Users/admin/builder/spi-builder-workspace/.dependencies/checkouts/swift-sodium/Sodium/SecretStream.swift /Users/admin/builder/spi-builder-workspace/.dependencies/checkouts/swift-sodium/Sodium/ShortHash.swift /Users/admin/builder/spi-builder-workspace/.dependencies/checkouts/swift-sodium/Sodium/Sign.swift /Users/admin/builder/spi-builder-workspace/.dependencies/checkouts/swift-sodium/Sodium/Sodium.swift /Users/admin/builder/spi-builder-workspace/.dependencies/checkouts/swift-sodium/Sodium/Stream.swift /Users/admin/builder/spi-builder-workspace/.dependencies/checkouts/swift-sodium/Sodium/Utils.swift -target arm64-apple-xros1.0 -Xllvm -aarch64-use-tbi -enable-objc-interop -stack-check -sdk /Applications/Xcode-27.0.0-Release.Candidate.app/Contents/Developer/Platforms/XROS.platform/Developer/SDKs/XROS27.0.sdk -I /Users/admin/builder/spi-builder-workspace/.derivedData/Build/Products/Debug-xros -Isystem /Applications/Xcode-27.0.0-Release.Candidate.app/Contents/Developer/Platforms/XROS.platform/Developer/usr/lib -F /Users/admin/builder/spi-builder-workspace/.derivedData/Build/Products/Debug-xros -F /Applications/Xcode-27.0.0-Release.Candidate.app/Contents/Developer/Platforms/XROS.platform/Developer/Library/Frameworks -F /Applications/Xcode-27.0.0-Release.Candidate.app/Contents/Developer/Platforms/XROS.platform/Developer/SDKs/XROS27.0.sdk/Developer/Library/Frameworks -module-cache-path /Users/admin/builder/spi-builder-workspace/.derivedData/ModuleCache.noindex -no-color-diagnostics -Xcc -fno-color-diagnostics -enable-testing -g -debug-info-format\=dwarf -dwarf-version\=4 -suppress-warnings -profile-generate -profile-coverage-mapping -swift-version 4 -Onone -D SWIFT_PACKAGE -D DEBUG -D SWIFT_MODULE_RESOURCE_BUNDLE_UNAVAILABLE -D Xcode -serialize-debugging-options -enable-experimental-feature DebugDescriptionMacro -empty-abi-descriptor -plugin-path /Applications/Xcode-27.0.0-Release.Candidate.app/Contents/Developer/Toolchains/XcodeDefault.xctoolchain/usr/lib/swift/host/plugins/testing -validate-clang-modules-once -clang-build-session-file /Users/admin/builder/spi-builder-workspace/.derivedData/ModuleCache.noindex/Session.modulevalidation -Xcc -working-directory -Xcc /Users/admin/builder/spi-builder-workspace/.swiftpm/xcode -enable-anonymous-context-mangled-names -file-compilation-dir /Users/admin/builder/spi-builder-workspace/.swiftpm/xcode -Xcc -fmodule-map-file\=/Users/admin/builder/spi-builder-workspace/.dependencies/checkouts/Clibsodium/module.modulemap -Xcc -D_LIBCPP_HARDENING_MODE\=_LIBCPP_HARDENING_MODE_DEBUG -Xcc -ivfsstatcache -Xcc /Users/admin/builder/spi-builder-workspace/.derivedData/SDKStatCaches.noindex/xros27.0-24M361-e829b21a6f8c9b70876ba0858053c044735bd543db762f57723cac368afd1ce4.sdkstatcache -Xcc -fmodules-prune-interval\=86400 -Xcc -fmodules-prune-after\=345600 -Xcc -I/Users/admin/builder/spi-builder-workspace/.derivedData/Build/Products/Debug-xros/include -Xcc -I/Users/admin/builder/spi-builder-workspace/.derivedData/Build/Intermediates.noindex/Sodium.build/Debug-xros/Sodium-t.build/DerivedSources-normal/arm64 -Xcc -I/Users/admin/builder/spi-builder-workspace/.derivedData/Build/Intermediates.noindex/Sodium.build/Debug-xros/Sodium-t.build/DerivedSources/arm64 -Xcc -I/Users/admin/builder/spi-builder-workspace/.derivedData/Build/Intermediates.noindex/Sodium.build/Debug-xros/Sodium-t.build/DerivedSources -Xcc -DSWIFT_PACKAGE -Xcc -DDEBUG\=1 -no-auto-bridging-header-chaining -module-name Sodium -const-gather-protocols-file /Users/admin/builder/spi-builder-workspace/.derivedData/Build/Intermediates.noindex/Sodium.build/Debug-xros/Sodium-t.build/Objects-normal/arm64/Sodium_const_extract_protocols.json -disable-clang-spi -target-sdk-version 27.0 -target-sdk-name xros27.0 -external-plugin-path /Applications/Xcode-27.0.0-Release.Candidate.app/Contents/Developer/Platforms/XROS.platform/Developer/usr/lib/swift/host/plugins\#/Applications/Xcode-27.0.0-Release.Candidate.app/Contents/Developer/Platforms/XROS.platform/Developer/usr/bin/swift-plugin-server -external-plugin-path /Applications/Xcode-27.0.0-Release.Candidate.app/Contents/Developer/Platforms/XROS.platform/Developer/usr/local/lib/swift/host/plugins\#/Applications/Xcode-27.0.0-Release.Candidate.app/Contents/Developer/Platforms/XROS.platform/Developer/usr/bin/swift-plugin-server -in-process-plugin-server-path /Applications/Xcode-27.0.0-Release.Candidate.app/Contents/Developer/Toolchains/XcodeDefault.xctoolchain/usr/lib/swift/host/libSwiftInProcPluginServer.dylib -plugin-path /Applications/Xcode-27.0.0-Release.Candidate.app/Contents/Developer/Toolchains/XcodeDefault.xctoolchain/usr/lib/swift/host/plugins -plugin-path /Applications/Xcode-27.0.0-Release.Candidate.app/Contents/Developer/Toolchains/XcodeDefault.xctoolchain/usr/local/lib/swift/host/plugins -emit-module-doc-path /Users/admin/builder/spi-builder-workspace/.derivedData/Build/Intermediates.noindex/Sodium.build/Debug-xros/Sodium-t.build/Objects-normal/arm64/Sodium.swiftdoc -emit-module-source-info-path /Users/admin/builder/spi-builder-workspace/.derivedData/Build/Intermediates.noindex/Sodium.build/Debug-xros/Sodium-t.build/Objects-normal/arm64/Sodium.swiftsourceinfo -emit-objc-header-path /Users/admin/builder/spi-builder-workspace/.derivedData/Build/Intermediates.noindex/Sodium.build/Debug-xros/Sodium-t.build/Objects-normal/arm64/Sodium-Swift.h -serialize-diagnostics-path /Users/admin/builder/spi-builder-workspace/.derivedData/Build/Intermediates.noindex/Sodium.build/Debug-xros/Sodium-t.build/Objects-normal/arm64/Sodium-primary-emit-module.dia -emit-dependencies-path /Users/admin/builder/spi-builder-workspace/.derivedData/Build/Intermediates.noindex/Sodium.build/Debug-xros/Sodium-t.build/Objects-normal/arm64/Sodium-primary-emit-module.d -parse-as-library -o /Users/admin/builder/spi-builder-workspace/.derivedData/Build/Intermediates.noindex/Sodium.build/Debug-xros/Sodium-t.build/Objects-normal/arm64/Sodium.swiftmodule -emit-abi-descriptor-path /Users/admin/builder/spi-builder-workspace/.derivedData/Build/Intermediates.noindex/Sodium.build/Debug-xros/Sodium-t.build/Objects-normal/arm64/Sodium.abi.json
SwiftCompile normal arm64 (in target 'Sodium' from project 'Sodium')
cd /Users/admin/builder/spi-builder-workspace/.swiftpm/xcode
SwiftCompile normal arm64 Compiling\ Aead.swift,\ Auth.swift,\ Box.swift /Users/admin/builder/spi-builder-workspace/.dependencies/checkouts/swift-sodium/Sodium/Aead.swift /Users/admin/builder/spi-builder-workspace/.dependencies/checkouts/swift-sodium/Sodium/Auth.swift /Users/admin/builder/spi-builder-workspace/.dependencies/checkouts/swift-sodium/Sodium/Box.swift (in target 'Sodium' from project 'Sodium')
SwiftCompile normal arm64 /Users/admin/builder/spi-builder-workspace/.dependencies/checkouts/swift-sodium/Sodium/Aead.swift (in target 'Sodium' from project 'Sodium')
cd /Users/admin/builder/spi-builder-workspace/.swiftpm/xcode
builtin-SwiftPerFileCompile Aead.swift
SwiftCompile normal arm64 /Users/admin/builder/spi-builder-workspace/.dependencies/checkouts/swift-sodium/Sodium/Auth.swift (in target 'Sodium' from project 'Sodium')
cd /Users/admin/builder/spi-builder-workspace/.swiftpm/xcode
builtin-SwiftPerFileCompile Auth.swift
SwiftCompile normal arm64 /Users/admin/builder/spi-builder-workspace/.dependencies/checkouts/swift-sodium/Sodium/Box.swift (in target 'Sodium' from project 'Sodium')
cd /Users/admin/builder/spi-builder-workspace/.swiftpm/xcode
builtin-SwiftPerFileCompile Box.swift
<module-includes>:1:9: note: in file included from <module-includes>:1:
1 | #import "shim.h"
| `- note: in file included from <module-includes>:1:
2 |
/Users/admin/builder/spi-builder-workspace/.dependencies/checkouts/Clibsodium/shim.h:1:10: error: 'sodium.h' file not found
1 | #include <sodium.h>
| `- error: 'sodium.h' file not found
2 |
SwiftCompile normal arm64 Compiling\ Sign.swift,\ Sodium.swift /Users/admin/builder/spi-builder-workspace/.dependencies/checkouts/swift-sodium/Sodium/Sign.swift /Users/admin/builder/spi-builder-workspace/.dependencies/checkouts/swift-sodium/Sodium/Sodium.swift (in target 'Sodium' from project 'Sodium')
<module-includes>:1:9: note: in file included from <module-includes>:1:
1 | #import "shim.h"
| `- note: in file included from <module-includes>:1:
2 |
/Users/admin/builder/spi-builder-workspace/.dependencies/checkouts/Clibsodium/shim.h:1:10: error: 'sodium.h' file not found
1 | #include <sodium.h>
| `- error: 'sodium.h' file not found
2 |
SwiftCompile normal arm64 /Users/admin/builder/spi-builder-workspace/.dependencies/checkouts/swift-sodium/Sodium/Sign.swift (in target 'Sodium' from project 'Sodium')
cd /Users/admin/builder/spi-builder-workspace/.swiftpm/xcode
builtin-SwiftPerFileCompile Sign.swift
SwiftCompile normal arm64 /Users/admin/builder/spi-builder-workspace/.dependencies/checkouts/swift-sodium/Sodium/Sodium.swift (in target 'Sodium' from project 'Sodium')
cd /Users/admin/builder/spi-builder-workspace/.swiftpm/xcode
builtin-SwiftPerFileCompile Sodium.swift
SwiftCompile normal arm64 Compiling\ SecretStream.swift,\ ShortHash.swift /Users/admin/builder/spi-builder-workspace/.dependencies/checkouts/swift-sodium/Sodium/SecretStream.swift /Users/admin/builder/spi-builder-workspace/.dependencies/checkouts/swift-sodium/Sodium/ShortHash.swift (in target 'Sodium' from project 'Sodium')
<module-includes>:1:9: note: in file included from <module-includes>:1:
1 | #import "shim.h"
| `- note: in file included from <module-includes>:1:
2 |
/Users/admin/builder/spi-builder-workspace/.dependencies/checkouts/Clibsodium/shim.h:1:10: error: 'sodium.h' file not found
1 | #include <sodium.h>
| `- error: 'sodium.h' file not found
2 |
SwiftCompile normal arm64 /Users/admin/builder/spi-builder-workspace/.dependencies/checkouts/swift-sodium/Sodium/SecretStream.swift (in target 'Sodium' from project 'Sodium')
cd /Users/admin/builder/spi-builder-workspace/.swiftpm/xcode
builtin-SwiftPerFileCompile SecretStream.swift
SwiftCompile normal arm64 /Users/admin/builder/spi-builder-workspace/.dependencies/checkouts/swift-sodium/Sodium/ShortHash.swift (in target 'Sodium' from project 'Sodium')
cd /Users/admin/builder/spi-builder-workspace/.swiftpm/xcode
builtin-SwiftPerFileCompile ShortHash.swift
SwiftCompile normal arm64 Compiling\ KeyExchange.swift,\ PWHash.swift /Users/admin/builder/spi-builder-workspace/.dependencies/checkouts/swift-sodium/Sodium/KeyExchange.swift /Users/admin/builder/spi-builder-workspace/.dependencies/checkouts/swift-sodium/Sodium/PWHash.swift (in target 'Sodium' from project 'Sodium')
SwiftCompile normal arm64 /Users/admin/builder/spi-builder-workspace/.dependencies/checkouts/swift-sodium/Sodium/KeyExchange.swift (in target 'Sodium' from project 'Sodium')
cd /Users/admin/builder/spi-builder-workspace/.swiftpm/xcode
builtin-SwiftPerFileCompile KeyExchange.swift
SwiftCompile normal arm64 /Users/admin/builder/spi-builder-workspace/.dependencies/checkouts/swift-sodium/Sodium/PWHash.swift (in target 'Sodium' from project 'Sodium')
cd /Users/admin/builder/spi-builder-workspace/.swiftpm/xcode
builtin-SwiftPerFileCompile PWHash.swift
<module-includes>:1:9: note: in file included from <module-includes>:1:
1 | #import "shim.h"
| `- note: in file included from <module-includes>:1:
2 |
/Users/admin/builder/spi-builder-workspace/.dependencies/checkouts/Clibsodium/shim.h:1:10: error: 'sodium.h' file not found
1 | #include <sodium.h>
| `- error: 'sodium.h' file not found
2 |
SwiftCompile normal arm64 Compiling\ Bytes.swift,\ ExitCode.swift /Users/admin/builder/spi-builder-workspace/.dependencies/checkouts/swift-sodium/Sodium/Bytes.swift /Users/admin/builder/spi-builder-workspace/.dependencies/checkouts/swift-sodium/Sodium/ExitCode.swift (in target 'Sodium' from project 'Sodium')
<module-includes>:1:9: note: in file included from <module-includes>:1:
1 | #import "shim.h"
| `- note: in file included from <module-includes>:1:
2 |
/Users/admin/builder/spi-builder-workspace/.dependencies/checkouts/Clibsodium/shim.h:1:10: error: 'sodium.h' file not found
1 | #include <sodium.h>
| `- error: 'sodium.h' file not found
2 |
SwiftCompile normal arm64 /Users/admin/builder/spi-builder-workspace/.dependencies/checkouts/swift-sodium/Sodium/Bytes.swift (in target 'Sodium' from project 'Sodium')
cd /Users/admin/builder/spi-builder-workspace/.swiftpm/xcode
builtin-SwiftPerFileCompile Bytes.swift
SwiftCompile normal arm64 /Users/admin/builder/spi-builder-workspace/.dependencies/checkouts/swift-sodium/Sodium/ExitCode.swift (in target 'Sodium' from project 'Sodium')
cd /Users/admin/builder/spi-builder-workspace/.swiftpm/xcode
builtin-SwiftPerFileCompile ExitCode.swift
SwiftCompile normal arm64 Compiling\ GenericHash.swift,\ KeyDerivation.swift /Users/admin/builder/spi-builder-workspace/.dependencies/checkouts/swift-sodium/Sodium/GenericHash.swift /Users/admin/builder/spi-builder-workspace/.dependencies/checkouts/swift-sodium/Sodium/KeyDerivation.swift (in target 'Sodium' from project 'Sodium')
<module-includes>:1:9: note: in file included from <module-includes>:1:
1 | #import "shim.h"
| `- note: in file included from <module-includes>:1:
2 |
/Users/admin/builder/spi-builder-workspace/.dependencies/checkouts/Clibsodium/shim.h:1:10: error: 'sodium.h' file not found
1 | #include <sodium.h>
| `- error: 'sodium.h' file not found
2 |
SwiftCompile normal arm64 /Users/admin/builder/spi-builder-workspace/.dependencies/checkouts/swift-sodium/Sodium/GenericHash.swift (in target 'Sodium' from project 'Sodium')
cd /Users/admin/builder/spi-builder-workspace/.swiftpm/xcode
builtin-SwiftPerFileCompile GenericHash.swift
SwiftCompile normal arm64 /Users/admin/builder/spi-builder-workspace/.dependencies/checkouts/swift-sodium/Sodium/KeyDerivation.swift (in target 'Sodium' from project 'Sodium')
cd /Users/admin/builder/spi-builder-workspace/.swiftpm/xcode
builtin-SwiftPerFileCompile KeyDerivation.swift
SwiftEmitModule normal arm64 Emitting\ module\ for\ CryptoSwift (in target 'CryptoSwift' from project 'CryptoSwift')
SwiftCompile normal arm64 (in target 'CryptoSwift' from project 'CryptoSwift')
cd /Users/admin/builder/spi-builder-workspace/.swiftpm/xcode
SwiftExplicitDependencyGeneratePcm arm64 /Users/admin/builder/spi-builder-workspace/.derivedData/SDKExplicitPrecompiledModules/_Builtin_float-6WKHNW5S40U2QGHXXGETUDIRA.pcm
PruneExplicitPrecompiledModules /Users/admin/builder/spi-builder-workspace/.derivedData/Build/Intermediates.noindex/SwiftExplicitPrecompiledModules
PruneExplicitPrecompiledModules /Users/admin/builder/spi-builder-workspace/.derivedData/Build/Intermediates.noindex/ExplicitPrecompiledModules
PruneExplicitPrecompiledModules /Users/admin/builder/spi-builder-workspace/.derivedData/SDKExplicitPrecompiledModules
2026-09-16 03:05:28.619 xcodebuild[919:5285] [MT] IDERunDestination: Supported platforms for the buildables in the current scheme is empty.
** BUILD FAILED **
The following build commands failed:
SwiftEmitModule normal arm64 Emitting\ module\ for\ Sodium (in target 'Sodium' from project 'Sodium')
SwiftCompile normal arm64 (in target 'Sodium' from project 'Sodium')
Building workspace ncryptf-swift with scheme ncryptf-swift
(3 failures)
Command line invocation:
/Applications/Xcode-27.0.0-Release.Candidate.app/Contents/Developer/usr/bin/xcodebuild -IDEClonedSourcePackagesDirPathOverride=/Users/admin/builder/spi-builder-workspace/.dependencies -resolvePackageDependencies
Resolve Package Graph
ignoring declared target(s) 'Clibsodium' in the system packageyou may be able to install libsodium using your system-packager:
brew install libsodium
Resolved source packages:
CryptoSwift: https://github.com/krzyzanowskim/CryptoSwift.git @ 1.0.0
HKDF: https://github.com/Bouke/HKDF @ 3.1.0
ncryptf-swift: /Users/admin/builder/spi-builder-workspace
Clibsodium: https://github.com/tiwoc/Clibsodium.git @ 1.0.0
Sodium: https://github.com/jedisct1/swift-sodium.git @ 0.8.0
Rainbow: https://github.com/onevcat/Rainbow @ 3.2.0
Cryptor: https://github.com/IBM-Swift/BlueCryptor.git @ 1.0.200
resolved source packages: CryptoSwift, HKDF, ncryptf-swift, Clibsodium, Sodium, Rainbow, Cryptor
2026-09-16 03:05:34.142 xcodebuild[1026:5861] [MT] IDERunDestination: Supported platforms for the buildables in the current scheme is empty.
{
"dependencies" : [
{
"identity" : "cryptoswift",
"requirement" : {
"range" : [
{
"lower_bound" : "1.0.0",
"upper_bound" : "1.1.0"
}
]
},
"type" : "sourceControl",
"url" : "https://github.com/krzyzanowskim/CryptoSwift.git"
},
{
"identity" : "swift-sodium",
"requirement" : {
"range" : [
{
"lower_bound" : "0.8.0",
"upper_bound" : "0.9.0"
}
]
},
"type" : "sourceControl",
"url" : "https://github.com/jedisct1/swift-sodium.git"
},
{
"identity" : "rainbow",
"requirement" : {
"range" : [
{
"lower_bound" : "3.1.5",
"upper_bound" : "4.0.0"
}
]
},
"type" : "sourceControl",
"url" : "https://github.com/onevcat/Rainbow"
},
{
"identity" : "hkdf",
"requirement" : {
"range" : [
{
"lower_bound" : "3.1.0",
"upper_bound" : "3.2.0"
}
]
},
"type" : "sourceControl",
"url" : "https://github.com/Bouke/HKDF"
}
],
"manifest_display_name" : "ncryptf-swift",
"name" : "ncryptf-swift",
"path" : "/Users/admin/builder/spi-builder-workspace",
"platforms" : [
],
"products" : [
{
"name" : "ncryptf",
"targets" : [
"ncryptf"
],
"type" : {
"library" : [
"automatic"
]
}
}
],
"targets" : [
{
"c99name" : "ncryptfTest",
"module_type" : "SwiftTarget",
"name" : "ncryptfTest",
"path" : "Tests/ncryptfTest",
"product_dependencies" : [
"Rainbow"
],
"sources" : [
"AuthorizationTest.swift",
"IntegrationTest.swift",
"RequestResponseTest.swift",
"SignatureTest.swift",
"TestCase.swift",
"UtilsTest.swift",
"helpers.swift"
],
"target_dependencies" : [
"ncryptf"
],
"type" : "test"
},
{
"c99name" : "ncryptf",
"module_type" : "SwiftTarget",
"name" : "ncryptf",
"path" : "ncryptf",
"product_dependencies" : [
"Sodium",
"HKDF",
"CryptoSwift"
],
"product_memberships" : [
"ncryptf"
],
"sources" : [
"Authorization.swift",
"DateFormatter.swift",
"Error.swift",
"Keypair.swift",
"Request.swift",
"Response.swift",
"Signature.swift",
"Token.swift",
"Utils.swift"
],
"type" : "library"
}
],
"tools_version" : "5.0"
}
{
"workspace" : {
"name" : "ncryptf-swift",
"schemes" : [
"ncryptf-swift"
]
}
}
2026-09-16 03:05:35.460 xcodebuild[1041:5935] [MT] IDERunDestination: Supported platforms for the buildables in the current scheme is empty.
Running build ...
env DEVELOPER_DIR=/Applications/Xcode-27.0.0-Release.Candidate.app xcrun xcodebuild -IDEClonedSourcePackagesDirPathOverride=$PWD/.dependencies -skipMacroValidation -skipPackagePluginValidation -derivedDataPath $PWD/.derivedData build -scheme ncryptf-swift -destination generic/platform=xrOS
Command line invocation:
/Applications/Xcode-27.0.0-Release.Candidate.app/Contents/Developer/usr/bin/xcodebuild -IDEClonedSourcePackagesDirPathOverride=/Users/admin/builder/spi-builder-workspace/.dependencies -skipMacroValidation -skipPackagePluginValidation -derivedDataPath /Users/admin/builder/spi-builder-workspace/.derivedData build -scheme ncryptf-swift -destination generic/platform=xrOS
Resolve Package Graph
ignoring declared target(s) 'Clibsodium' in the system packageyou may be able to install libsodium using your system-packager:
brew install libsodium
Resolved source packages:
HKDF: https://github.com/Bouke/HKDF @ 3.1.0
Cryptor: https://github.com/IBM-Swift/BlueCryptor.git @ 1.0.200
Clibsodium: https://github.com/tiwoc/Clibsodium.git @ 1.0.0
ncryptf-swift: /Users/admin/builder/spi-builder-workspace
CryptoSwift: https://github.com/krzyzanowskim/CryptoSwift.git @ 1.0.0
Rainbow: https://github.com/onevcat/Rainbow @ 3.2.0
Sodium: https://github.com/jedisct1/swift-sodium.git @ 0.8.0
ComputePackagePrebuildTargetDependencyGraph
Prepare packages
CreateBuildRequest
SendProjectDescription
CreateBuildOperation
ComputeTargetDependencyGraph
note: Building targets in dependency order
note: Target dependency graph (11 targets)
Target 'ncryptf-product' in project 'ncryptf-swift'
➜ Explicit dependency on target 'ncryptf' in project 'ncryptf-swift'
➜ Explicit dependency on target 'Sodium-product' in project 'Sodium'
➜ Explicit dependency on target 'HKDF-product' in project 'HKDF'
➜ Explicit dependency on target 'CryptoSwift-product' in project 'CryptoSwift'
Target 'ncryptf' in project 'ncryptf-swift'
➜ Explicit dependency on target 'Sodium-product' in project 'Sodium'
➜ Explicit dependency on target 'HKDF-product' in project 'HKDF'
➜ Explicit dependency on target 'CryptoSwift-product' in project 'CryptoSwift'
Target 'CryptoSwift-product' in project 'CryptoSwift'
➜ Explicit dependency on target 'CryptoSwift' in project 'CryptoSwift'
Target 'CryptoSwift' in project 'CryptoSwift' (no dependencies)
Target 'HKDF-product' in project 'HKDF'
➜ Explicit dependency on target 'HKDF' in project 'HKDF'
➜ Explicit dependency on target 'Cryptor-product' in project 'Cryptor'
Target 'HKDF' in project 'HKDF'
➜ Explicit dependency on target 'Cryptor-product' in project 'Cryptor'
Target 'Cryptor-product' in project 'Cryptor'
➜ Explicit dependency on target 'Cryptor' in project 'Cryptor'
Target 'Cryptor' in project 'Cryptor' (no dependencies)
Target 'Sodium-product' in project 'Sodium'
➜ Explicit dependency on target 'Sodium' in project 'Sodium'
Target 'Sodium' in project 'Sodium'
➜ Explicit dependency on target 'Clibsodium' in project 'Clibsodium'
Target 'Clibsodium' in project 'Clibsodium' (no dependencies)
GatherProvisioningInputs
CreateBuildDescription
ClangStatCache /Applications/Xcode-27.0.0-Release.Candidate.app/Contents/Developer/Toolchains/XcodeDefault.xctoolchain/usr/bin/clang-stat-cache /Applications/Xcode-27.0.0-Release.Candidate.app/Contents/Developer/Platforms/XROS.platform/Developer/SDKs/XROS27.0.sdk /Users/admin/builder/spi-builder-workspace/.derivedData/SDKStatCaches.noindex/xros27.0-24M361-e829b21a6f8c9b70876ba0858053c044735bd543db762f57723cac368afd1ce4.sdkstatcache
cd /Users/admin/builder/spi-builder-workspace/.swiftpm/xcode
/Applications/Xcode-27.0.0-Release.Candidate.app/Contents/Developer/Toolchains/XcodeDefault.xctoolchain/usr/bin/clang-stat-cache /Applications/Xcode-27.0.0-Release.Candidate.app/Contents/Developer/Platforms/XROS.platform/Developer/SDKs/XROS27.0.sdk -o /Users/admin/builder/spi-builder-workspace/.derivedData/SDKStatCaches.noindex/xros27.0-24M361-e829b21a6f8c9b70876ba0858053c044735bd543db762f57723cac368afd1ce4.sdkstatcache
SwiftDriver Cryptor normal arm64 com.apple.xcode.tools.swift.compiler (in target 'Cryptor' from project 'Cryptor')
cd /Users/admin/builder/spi-builder-workspace/.swiftpm/xcode
builtin-SwiftDriver -- /Applications/Xcode-27.0.0-Release.Candidate.app/Contents/Developer/Toolchains/XcodeDefault.xctoolchain/usr/bin/swiftc -parse-as-library -module-name Cryptor -Onone @/Users/admin/builder/spi-builder-workspace/.derivedData/Build/Intermediates.noindex/Cryptor.build/Debug-xros/Cryptor-t.build/Objects-normal/arm64/Cryptor.SwiftFileList -DSWIFT_PACKAGE -DDEBUG -DSWIFT_MODULE_RESOURCE_BUNDLE_UNAVAILABLE -DXcode -plugin-path /Applications/Xcode-27.0.0-Release.Candidate.app/Contents/Developer/Toolchains/XcodeDefault.xctoolchain/usr/lib/swift/host/plugins/testing -enable-experimental-feature DebugDescriptionMacro -sdk /Applications/Xcode-27.0.0-Release.Candidate.app/Contents/Developer/Platforms/XROS.platform/Developer/SDKs/XROS27.0.sdk -target arm64-apple-xros1.0 -g -module-cache-path /Users/admin/builder/spi-builder-workspace/.derivedData/ModuleCache.noindex -Xfrontend -serialize-debugging-options -profile-coverage-mapping -profile-generate -enable-testing -suppress-warnings -index-store-path /Users/admin/builder/spi-builder-workspace/.derivedData/Index.noindex/DataStore -Xcc -D_LIBCPP_HARDENING_MODE\=_LIBCPP_HARDENING_MODE_DEBUG -swift-version 5 -I /Users/admin/builder/spi-builder-workspace/.derivedData/Build/Products/Debug-xros -Isystem /Applications/Xcode-27.0.0-Release.Candidate.app/Contents/Developer/Platforms/XROS.platform/Developer/usr/lib -F /Users/admin/builder/spi-builder-workspace/.derivedData/Build/Products/Debug-xros -F /Applications/Xcode-27.0.0-Release.Candidate.app/Contents/Developer/Platforms/XROS.platform/Developer/Library/Frameworks -F /Applications/Xcode-27.0.0-Release.Candidate.app/Contents/Developer/Platforms/XROS.platform/Developer/SDKs/XROS27.0.sdk/Developer/Library/Frameworks -c -j10 -enable-batch-mode -incremental -Xcc -ivfsstatcache -Xcc /Users/admin/builder/spi-builder-workspace/.derivedData/SDKStatCaches.noindex/xros27.0-24M361-e829b21a6f8c9b70876ba0858053c044735bd543db762f57723cac368afd1ce4.sdkstatcache -output-file-map /Users/admin/builder/spi-builder-workspace/.derivedData/Build/Intermediates.noindex/Cryptor.build/Debug-xros/Cryptor-t.build/Objects-normal/arm64/Cryptor-OutputFileMap.json -save-temps -no-color-diagnostics -explicit-module-build -module-cache-path /Users/admin/builder/spi-builder-workspace/.derivedData/Build/Intermediates.noindex/SwiftExplicitPrecompiledModules -clang-scanner-module-cache-path /Users/admin/builder/spi-builder-workspace/.derivedData/ModuleCache.noindex -sdk-module-cache-path /Users/admin/builder/spi-builder-workspace/.derivedData/SDKExplicitPrecompiledModules -emit-dependencies -emit-module -emit-module-path /Users/admin/builder/spi-builder-workspace/.derivedData/Build/Intermediates.noindex/Cryptor.build/Debug-xros/Cryptor-t.build/Objects-normal/arm64/Cryptor.swiftmodule -serialize-diagnostics -dependency-scan-serialize-diagnostics-path /Users/admin/builder/spi-builder-workspace/.derivedData/Build/Intermediates.noindex/Cryptor.build/Debug-xros/Cryptor-t.build/Objects-normal/arm64/Cryptor-dependency-scan.dia -validate-clang-modules-once -clang-build-session-file /Users/admin/builder/spi-builder-workspace/.derivedData/ModuleCache.noindex/Session.modulevalidation -Xcc -fmodules-prune-interval\=86400 -Xcc -fmodules-prune-after\=345600 -emit-const-values -const-gather-protocols-list /Users/admin/builder/spi-builder-workspace/.derivedData/Build/Intermediates.noindex/Cryptor.build/Debug-xros/Cryptor-t.build/Objects-normal/arm64/Cryptor_const_extract_protocols.json -Xcc -I/Users/admin/builder/spi-builder-workspace/.derivedData/Build/Products/Debug-xros/include -Xcc -I/Users/admin/builder/spi-builder-workspace/.derivedData/Build/Intermediates.noindex/Cryptor.build/Debug-xros/Cryptor-t.build/DerivedSources-normal/arm64 -Xcc -I/Users/admin/builder/spi-builder-workspace/.derivedData/Build/Intermediates.noindex/Cryptor.build/Debug-xros/Cryptor-t.build/DerivedSources/arm64 -Xcc -I/Users/admin/builder/spi-builder-workspace/.derivedData/Build/Intermediates.noindex/Cryptor.build/Debug-xros/Cryptor-t.build/DerivedSources -Xcc -DSWIFT_PACKAGE -Xcc -DDEBUG\=1 -emit-objc-header -emit-objc-header-path /Users/admin/builder/spi-builder-workspace/.derivedData/Build/Intermediates.noindex/Cryptor.build/Debug-xros/Cryptor-t.build/Objects-normal/arm64/Cryptor-Swift.h -working-directory /Users/admin/builder/spi-builder-workspace/.swiftpm/xcode -experimental-emit-module-separately -disable-cmo
SwiftDriver Sodium normal arm64 com.apple.xcode.tools.swift.compiler (in target 'Sodium' from project 'Sodium')
cd /Users/admin/builder/spi-builder-workspace/.swiftpm/xcode
builtin-SwiftDriver -- /Applications/Xcode-27.0.0-Release.Candidate.app/Contents/Developer/Toolchains/XcodeDefault.xctoolchain/usr/bin/swiftc -parse-as-library -module-name Sodium -Onone @/Users/admin/builder/spi-builder-workspace/.derivedData/Build/Intermediates.noindex/Sodium.build/Debug-xros/Sodium-t.build/Objects-normal/arm64/Sodium.SwiftFileList -DSWIFT_PACKAGE -DDEBUG -DSWIFT_MODULE_RESOURCE_BUNDLE_UNAVAILABLE -Xcc -fmodule-map-file\=/Users/admin/builder/spi-builder-workspace/.dependencies/checkouts/Clibsodium/module.modulemap -DXcode -plugin-path /Applications/Xcode-27.0.0-Release.Candidate.app/Contents/Developer/Toolchains/XcodeDefault.xctoolchain/usr/lib/swift/host/plugins/testing -enable-experimental-feature DebugDescriptionMacro -sdk /Applications/Xcode-27.0.0-Release.Candidate.app/Contents/Developer/Platforms/XROS.platform/Developer/SDKs/XROS27.0.sdk -target arm64-apple-xros1.0 -g -module-cache-path /Users/admin/builder/spi-builder-workspace/.derivedData/ModuleCache.noindex -Xfrontend -serialize-debugging-options -profile-coverage-mapping -profile-generate -enable-testing -suppress-warnings -index-store-path /Users/admin/builder/spi-builder-workspace/.derivedData/Index.noindex/DataStore -Xcc -D_LIBCPP_HARDENING_MODE\=_LIBCPP_HARDENING_MODE_DEBUG -swift-version 4 -I /Users/admin/builder/spi-builder-workspace/.derivedData/Build/Products/Debug-xros -Isystem /Applications/Xcode-27.0.0-Release.Candidate.app/Contents/Developer/Platforms/XROS.platform/Developer/usr/lib -F /Users/admin/builder/spi-builder-workspace/.derivedData/Build/Products/Debug-xros -F /Applications/Xcode-27.0.0-Release.Candidate.app/Contents/Developer/Platforms/XROS.platform/Developer/Library/Frameworks -F /Applications/Xcode-27.0.0-Release.Candidate.app/Contents/Developer/Platforms/XROS.platform/Developer/SDKs/XROS27.0.sdk/Developer/Library/Frameworks -c -j10 -enable-batch-mode -incremental -Xcc -ivfsstatcache -Xcc /Users/admin/builder/spi-builder-workspace/.derivedData/SDKStatCaches.noindex/xros27.0-24M361-e829b21a6f8c9b70876ba0858053c044735bd543db762f57723cac368afd1ce4.sdkstatcache -output-file-map /Users/admin/builder/spi-builder-workspace/.derivedData/Build/Intermediates.noindex/Sodium.build/Debug-xros/Sodium-t.build/Objects-normal/arm64/Sodium-OutputFileMap.json -save-temps -no-color-diagnostics -emit-dependencies -emit-module -emit-module-path /Users/admin/builder/spi-builder-workspace/.derivedData/Build/Intermediates.noindex/Sodium.build/Debug-xros/Sodium-t.build/Objects-normal/arm64/Sodium.swiftmodule -serialize-diagnostics -validate-clang-modules-once -clang-build-session-file /Users/admin/builder/spi-builder-workspace/.derivedData/ModuleCache.noindex/Session.modulevalidation -Xcc -fmodules-prune-interval\=86400 -Xcc -fmodules-prune-after\=345600 -emit-const-values -const-gather-protocols-list /Users/admin/builder/spi-builder-workspace/.derivedData/Build/Intermediates.noindex/Sodium.build/Debug-xros/Sodium-t.build/Objects-normal/arm64/Sodium_const_extract_protocols.json -Xcc -I/Users/admin/builder/spi-builder-workspace/.derivedData/Build/Products/Debug-xros/include -Xcc -I/Users/admin/builder/spi-builder-workspace/.derivedData/Build/Intermediates.noindex/Sodium.build/Debug-xros/Sodium-t.build/DerivedSources-normal/arm64 -Xcc -I/Users/admin/builder/spi-builder-workspace/.derivedData/Build/Intermediates.noindex/Sodium.build/Debug-xros/Sodium-t.build/DerivedSources/arm64 -Xcc -I/Users/admin/builder/spi-builder-workspace/.derivedData/Build/Intermediates.noindex/Sodium.build/Debug-xros/Sodium-t.build/DerivedSources -Xcc -DSWIFT_PACKAGE -Xcc -DDEBUG\=1 -emit-objc-header -emit-objc-header-path /Users/admin/builder/spi-builder-workspace/.derivedData/Build/Intermediates.noindex/Sodium.build/Debug-xros/Sodium-t.build/Objects-normal/arm64/Sodium-Swift.h -working-directory /Users/admin/builder/spi-builder-workspace/.swiftpm/xcode -experimental-emit-module-separately -disable-cmo
SwiftDriver CryptoSwift normal arm64 com.apple.xcode.tools.swift.compiler (in target 'CryptoSwift' from project 'CryptoSwift')
cd /Users/admin/builder/spi-builder-workspace/.swiftpm/xcode
builtin-SwiftDriver -- /Applications/Xcode-27.0.0-Release.Candidate.app/Contents/Developer/Toolchains/XcodeDefault.xctoolchain/usr/bin/swiftc -parse-as-library -module-name CryptoSwift -Onone @/Users/admin/builder/spi-builder-workspace/.derivedData/Build/Intermediates.noindex/CryptoSwift.build/Debug-xros/CryptoSwift-t.build/Objects-normal/arm64/CryptoSwift.SwiftFileList -DSWIFT_PACKAGE -DDEBUG -DSWIFT_MODULE_RESOURCE_BUNDLE_UNAVAILABLE -DXcode -plugin-path /Applications/Xcode-27.0.0-Release.Candidate.app/Contents/Developer/Toolchains/XcodeDefault.xctoolchain/usr/lib/swift/host/plugins/testing -enable-experimental-feature DebugDescriptionMacro -sdk /Applications/Xcode-27.0.0-Release.Candidate.app/Contents/Developer/Platforms/XROS.platform/Developer/SDKs/XROS27.0.sdk -target arm64-apple-xros1.0 -g -module-cache-path /Users/admin/builder/spi-builder-workspace/.derivedData/ModuleCache.noindex -Xfrontend -serialize-debugging-options -profile-coverage-mapping -profile-generate -enable-testing -suppress-warnings -index-store-path /Users/admin/builder/spi-builder-workspace/.derivedData/Index.noindex/DataStore -Xcc -D_LIBCPP_HARDENING_MODE\=_LIBCPP_HARDENING_MODE_DEBUG -swift-version 4.2 -I /Users/admin/builder/spi-builder-workspace/.derivedData/Build/Products/Debug-xros -Isystem /Applications/Xcode-27.0.0-Release.Candidate.app/Contents/Developer/Platforms/XROS.platform/Developer/usr/lib -F /Users/admin/builder/spi-builder-workspace/.derivedData/Build/Products/Debug-xros -F /Applications/Xcode-27.0.0-Release.Candidate.app/Contents/Developer/Platforms/XROS.platform/Developer/Library/Frameworks -F /Applications/Xcode-27.0.0-Release.Candidate.app/Contents/Developer/Platforms/XROS.platform/Developer/SDKs/XROS27.0.sdk/Developer/Library/Frameworks -c -j10 -enable-batch-mode -incremental -Xcc -ivfsstatcache -Xcc /Users/admin/builder/spi-builder-workspace/.derivedData/SDKStatCaches.noindex/xros27.0-24M361-e829b21a6f8c9b70876ba0858053c044735bd543db762f57723cac368afd1ce4.sdkstatcache -output-file-map /Users/admin/builder/spi-builder-workspace/.derivedData/Build/Intermediates.noindex/CryptoSwift.build/Debug-xros/CryptoSwift-t.build/Objects-normal/arm64/CryptoSwift-OutputFileMap.json -save-temps -no-color-diagnostics -emit-dependencies -emit-module -emit-module-path /Users/admin/builder/spi-builder-workspace/.derivedData/Build/Intermediates.noindex/CryptoSwift.build/Debug-xros/CryptoSwift-t.build/Objects-normal/arm64/CryptoSwift.swiftmodule -serialize-diagnostics -validate-clang-modules-once -clang-build-session-file /Users/admin/builder/spi-builder-workspace/.derivedData/ModuleCache.noindex/Session.modulevalidation -Xcc -fmodules-prune-interval\=86400 -Xcc -fmodules-prune-after\=345600 -emit-const-values -const-gather-protocols-list /Users/admin/builder/spi-builder-workspace/.derivedData/Build/Intermediates.noindex/CryptoSwift.build/Debug-xros/CryptoSwift-t.build/Objects-normal/arm64/CryptoSwift_const_extract_protocols.json -Xcc -I/Users/admin/builder/spi-builder-workspace/.derivedData/Build/Products/Debug-xros/include -Xcc -I/Users/admin/builder/spi-builder-workspace/.derivedData/Build/Intermediates.noindex/CryptoSwift.build/Debug-xros/CryptoSwift-t.build/DerivedSources-normal/arm64 -Xcc -I/Users/admin/builder/spi-builder-workspace/.derivedData/Build/Intermediates.noindex/CryptoSwift.build/Debug-xros/CryptoSwift-t.build/DerivedSources/arm64 -Xcc -I/Users/admin/builder/spi-builder-workspace/.derivedData/Build/Intermediates.noindex/CryptoSwift.build/Debug-xros/CryptoSwift-t.build/DerivedSources -Xcc -DSWIFT_PACKAGE -Xcc -DDEBUG\=1 -emit-objc-header -emit-objc-header-path /Users/admin/builder/spi-builder-workspace/.derivedData/Build/Intermediates.noindex/CryptoSwift.build/Debug-xros/CryptoSwift-t.build/Objects-normal/arm64/CryptoSwift-Swift.h -working-directory /Users/admin/builder/spi-builder-workspace/.swiftpm/xcode -experimental-emit-module-separately -disable-cmo
SwiftCompile normal arm64 Compiling\ KeyPairGenerator.swift,\ KeyPairProtocol.swift /Users/admin/builder/spi-builder-workspace/.dependencies/checkouts/swift-sodium/Sodium/Generators/KeyPairGenerator.swift /Users/admin/builder/spi-builder-workspace/.dependencies/checkouts/swift-sodium/Sodium/Generators/KeyPairProtocol.swift (in target 'Sodium' from project 'Sodium')
SwiftCompile normal arm64 /Users/admin/builder/spi-builder-workspace/.dependencies/checkouts/swift-sodium/Sodium/Generators/KeyPairGenerator.swift (in target 'Sodium' from project 'Sodium')
cd /Users/admin/builder/spi-builder-workspace/.swiftpm/xcode
builtin-SwiftPerFileCompile KeyPairGenerator.swift
SwiftCompile normal arm64 /Users/admin/builder/spi-builder-workspace/.dependencies/checkouts/swift-sodium/Sodium/Generators/KeyPairProtocol.swift (in target 'Sodium' from project 'Sodium')
cd /Users/admin/builder/spi-builder-workspace/.swiftpm/xcode
builtin-SwiftPerFileCompile KeyPairProtocol.swift
<module-includes>:1:9: note: in file included from <module-includes>:1:
1 | #import "shim.h"
| `- note: in file included from <module-includes>:1:
2 |
/Users/admin/builder/spi-builder-workspace/.dependencies/checkouts/Clibsodium/shim.h:1:10: error: 'sodium.h' file not found
1 | #include <sodium.h>
| `- error: 'sodium.h' file not found
2 |
SwiftCompile normal arm64 Compiling\ GenericHash.swift,\ KeyDerivation.swift /Users/admin/builder/spi-builder-workspace/.dependencies/checkouts/swift-sodium/Sodium/GenericHash.swift /Users/admin/builder/spi-builder-workspace/.dependencies/checkouts/swift-sodium/Sodium/KeyDerivation.swift (in target 'Sodium' from project 'Sodium')
SwiftCompile normal arm64 /Users/admin/builder/spi-builder-workspace/.dependencies/checkouts/swift-sodium/Sodium/GenericHash.swift (in target 'Sodium' from project 'Sodium')
cd /Users/admin/builder/spi-builder-workspace/.swiftpm/xcode
builtin-SwiftPerFileCompile GenericHash.swift
SwiftCompile normal arm64 /Users/admin/builder/spi-builder-workspace/.dependencies/checkouts/swift-sodium/Sodium/KeyDerivation.swift (in target 'Sodium' from project 'Sodium')
cd /Users/admin/builder/spi-builder-workspace/.swiftpm/xcode
builtin-SwiftPerFileCompile KeyDerivation.swift
<module-includes>:1:9: note: in file included from <module-includes>:1:
1 | #import "shim.h"
| `- note: in file included from <module-includes>:1:
2 |
/Users/admin/builder/spi-builder-workspace/.dependencies/checkouts/Clibsodium/shim.h:1:10: error: 'sodium.h' file not found
1 | #include <sodium.h>
| `- error: 'sodium.h' file not found
2 |
SwiftCompile normal arm64 Compiling\ SecretStream.swift,\ ShortHash.swift /Users/admin/builder/spi-builder-workspace/.dependencies/checkouts/swift-sodium/Sodium/SecretStream.swift /Users/admin/builder/spi-builder-workspace/.dependencies/checkouts/swift-sodium/Sodium/ShortHash.swift (in target 'Sodium' from project 'Sodium')
<module-includes>:1:9: note: in file included from <module-includes>:1:
1 | #import "shim.h"
| `- note: in file included from <module-includes>:1:
2 |
/Users/admin/builder/spi-builder-workspace/.dependencies/checkouts/Clibsodium/shim.h:1:10: error: 'sodium.h' file not found
1 | #include <sodium.h>
| `- error: 'sodium.h' file not found
2 |
SwiftCompile normal arm64 /Users/admin/builder/spi-builder-workspace/.dependencies/checkouts/swift-sodium/Sodium/SecretStream.swift (in target 'Sodium' from project 'Sodium')
cd /Users/admin/builder/spi-builder-workspace/.swiftpm/xcode
builtin-SwiftPerFileCompile SecretStream.swift
SwiftCompile normal arm64 /Users/admin/builder/spi-builder-workspace/.dependencies/checkouts/swift-sodium/Sodium/ShortHash.swift (in target 'Sodium' from project 'Sodium')
cd /Users/admin/builder/spi-builder-workspace/.swiftpm/xcode
builtin-SwiftPerFileCompile ShortHash.swift
SwiftCompile normal arm64 Compiling\ Aead.swift,\ Auth.swift,\ Box.swift /Users/admin/builder/spi-builder-workspace/.dependencies/checkouts/swift-sodium/Sodium/Aead.swift /Users/admin/builder/spi-builder-workspace/.dependencies/checkouts/swift-sodium/Sodium/Auth.swift /Users/admin/builder/spi-builder-workspace/.dependencies/checkouts/swift-sodium/Sodium/Box.swift (in target 'Sodium' from project 'Sodium')
<module-includes>:1:9: note: in file included from <module-includes>:1:
1 | #import "shim.h"
| `- note: in file included from <module-includes>:1:
2 |
/Users/admin/builder/spi-builder-workspace/.dependencies/checkouts/Clibsodium/shim.h:1:10: error: 'sodium.h' file not found
1 | #include <sodium.h>
| `- error: 'sodium.h' file not found
2 |
SwiftCompile normal arm64 /Users/admin/builder/spi-builder-workspace/.dependencies/checkouts/swift-sodium/Sodium/Aead.swift (in target 'Sodium' from project 'Sodium')
cd /Users/admin/builder/spi-builder-workspace/.swiftpm/xcode
builtin-SwiftPerFileCompile Aead.swift
SwiftCompile normal arm64 /Users/admin/builder/spi-builder-workspace/.dependencies/checkouts/swift-sodium/Sodium/Auth.swift (in target 'Sodium' from project 'Sodium')
cd /Users/admin/builder/spi-builder-workspace/.swiftpm/xcode
builtin-SwiftPerFileCompile Auth.swift
SwiftCompile normal arm64 /Users/admin/builder/spi-builder-workspace/.dependencies/checkouts/swift-sodium/Sodium/Box.swift (in target 'Sodium' from project 'Sodium')
cd /Users/admin/builder/spi-builder-workspace/.swiftpm/xcode
builtin-SwiftPerFileCompile Box.swift
SwiftCompile normal arm64 Compiling\ Bytes.swift,\ ExitCode.swift /Users/admin/builder/spi-builder-workspace/.dependencies/checkouts/swift-sodium/Sodium/Bytes.swift /Users/admin/builder/spi-builder-workspace/.dependencies/checkouts/swift-sodium/Sodium/ExitCode.swift (in target 'Sodium' from project 'Sodium')
<module-includes>:1:9: note: in file included from <module-includes>:1:
1 | #import "shim.h"
| `- note: in file included from <module-includes>:1:
2 |
/Users/admin/builder/spi-builder-workspace/.dependencies/checkouts/Clibsodium/shim.h:1:10: error: 'sodium.h' file not found
1 | #include <sodium.h>
| `- error: 'sodium.h' file not found
2 |
SwiftCompile normal arm64 /Users/admin/builder/spi-builder-workspace/.dependencies/checkouts/swift-sodium/Sodium/Bytes.swift (in target 'Sodium' from project 'Sodium')
cd /Users/admin/builder/spi-builder-workspace/.swiftpm/xcode
builtin-SwiftPerFileCompile Bytes.swift
SwiftCompile normal arm64 /Users/admin/builder/spi-builder-workspace/.dependencies/checkouts/swift-sodium/Sodium/ExitCode.swift (in target 'Sodium' from project 'Sodium')
cd /Users/admin/builder/spi-builder-workspace/.swiftpm/xcode
builtin-SwiftPerFileCompile ExitCode.swift
SwiftCompile normal arm64 Compiling\ NonceGenerator.swift,\ SecretKeyGenerator.swift /Users/admin/builder/spi-builder-workspace/.dependencies/checkouts/swift-sodium/Sodium/Generators/NonceGenerator.swift /Users/admin/builder/spi-builder-workspace/.dependencies/checkouts/swift-sodium/Sodium/Generators/SecretKeyGenerator.swift (in target 'Sodium' from project 'Sodium')
SwiftCompile normal arm64 /Users/admin/builder/spi-builder-workspace/.dependencies/checkouts/swift-sodium/Sodium/Generators/NonceGenerator.swift (in target 'Sodium' from project 'Sodium')
cd /Users/admin/builder/spi-builder-workspace/.swiftpm/xcode
builtin-SwiftPerFileCompile NonceGenerator.swift
SwiftCompile normal arm64 /Users/admin/builder/spi-builder-workspace/.dependencies/checkouts/swift-sodium/Sodium/Generators/SecretKeyGenerator.swift (in target 'Sodium' from project 'Sodium')
cd /Users/admin/builder/spi-builder-workspace/.swiftpm/xcode
builtin-SwiftPerFileCompile SecretKeyGenerator.swift
<module-includes>:1:9: note: in file included from <module-includes>:1:
1 | #import "shim.h"
| `- note: in file included from <module-includes>:1:
2 |
/Users/admin/builder/spi-builder-workspace/.dependencies/checkouts/Clibsodium/shim.h:1:10: error: 'sodium.h' file not found
1 | #include <sodium.h>
| `- error: 'sodium.h' file not found
2 |
SwiftCompile normal arm64 Compiling\ RandomBytes.swift,\ SecretBox.swift /Users/admin/builder/spi-builder-workspace/.dependencies/checkouts/swift-sodium/Sodium/RandomBytes.swift /Users/admin/builder/spi-builder-workspace/.dependencies/checkouts/swift-sodium/Sodium/SecretBox.swift (in target 'Sodium' from project 'Sodium')
<module-includes>:1:9: note: in file included from <module-includes>:1:
1 | #import "shim.h"
| `- note: in file included from <module-includes>:1:
2 |
/Users/admin/builder/spi-builder-workspace/.dependencies/checkouts/Clibsodium/shim.h:1:10: error: 'sodium.h' file not found
1 | #include <sodium.h>
| `- error: 'sodium.h' file not found
2 |
SwiftCompile normal arm64 /Users/admin/builder/spi-builder-workspace/.dependencies/checkouts/swift-sodium/Sodium/RandomBytes.swift (in target 'Sodium' from project 'Sodium')
cd /Users/admin/builder/spi-builder-workspace/.swiftpm/xcode
builtin-SwiftPerFileCompile RandomBytes.swift
SwiftCompile normal arm64 /Users/admin/builder/spi-builder-workspace/.dependencies/checkouts/swift-sodium/Sodium/SecretBox.swift (in target 'Sodium' from project 'Sodium')
cd /Users/admin/builder/spi-builder-workspace/.swiftpm/xcode
builtin-SwiftPerFileCompile SecretBox.swift
SwiftEmitModule normal arm64 Emitting\ module\ for\ Sodium (in target 'Sodium' from project 'Sodium')
<module-includes>:1:9: note: in file included from <module-includes>:1:
1 | #import "shim.h"
| `- note: in file included from <module-includes>:1:
2 |
/Users/admin/builder/spi-builder-workspace/.dependencies/checkouts/Clibsodium/shim.h:1:10: error: 'sodium.h' file not found
1 | #include <sodium.h>
| `- error: 'sodium.h' file not found
2 |
/Users/admin/builder/spi-builder-workspace/.dependencies/checkouts/swift-sodium/Sodium/Aead.swift:2:8: error: could not build Objective-C module 'Clibsodium'
1 | import Foundation
2 | import Clibsodium
| `- error: could not build Objective-C module 'Clibsodium'
3 |
4 | public struct Aead {
Failed frontend command:
/Applications/Xcode-27.0.0-Release.Candidate.app/Contents/Developer/Toolchains/XcodeDefault.xctoolchain/usr/bin/swift-frontend -frontend -emit-module -experimental-skip-non-inlinable-function-bodies-without-types /Users/admin/builder/spi-builder-workspace/.dependencies/checkouts/swift-sodium/Sodium/Aead.swift /Users/admin/builder/spi-builder-workspace/.dependencies/checkouts/swift-sodium/Sodium/Auth.swift /Users/admin/builder/spi-builder-workspace/.dependencies/checkouts/swift-sodium/Sodium/Box.swift /Users/admin/builder/spi-builder-workspace/.dependencies/checkouts/swift-sodium/Sodium/Bytes.swift /Users/admin/builder/spi-builder-workspace/.dependencies/checkouts/swift-sodium/Sodium/ExitCode.swift /Users/admin/builder/spi-builder-workspace/.dependencies/checkouts/swift-sodium/Sodium/Generators/KeyPairGenerator.swift /Users/admin/builder/spi-builder-workspace/.dependencies/checkouts/swift-sodium/Sodium/Generators/KeyPairProtocol.swift /Users/admin/builder/spi-builder-workspace/.dependencies/checkouts/swift-sodium/Sodium/Generators/NonceGenerator.swift /Users/admin/builder/spi-builder-workspace/.dependencies/checkouts/swift-sodium/Sodium/Generators/SecretKeyGenerator.swift /Users/admin/builder/spi-builder-workspace/.dependencies/checkouts/swift-sodium/Sodium/GenericHash.swift /Users/admin/builder/spi-builder-workspace/.dependencies/checkouts/swift-sodium/Sodium/KeyDerivation.swift /Users/admin/builder/spi-builder-workspace/.dependencies/checkouts/swift-sodium/Sodium/KeyExchange.swift /Users/admin/builder/spi-builder-workspace/.dependencies/checkouts/swift-sodium/Sodium/PWHash.swift /Users/admin/builder/spi-builder-workspace/.dependencies/checkouts/swift-sodium/Sodium/RandomBytes.swift /Users/admin/builder/spi-builder-workspace/.dependencies/checkouts/swift-sodium/Sodium/SecretBox.swift /Users/admin/builder/spi-builder-workspace/.dependencies/checkouts/swift-sodium/Sodium/SecretStream.swift /Users/admin/builder/spi-builder-workspace/.dependencies/checkouts/swift-sodium/Sodium/ShortHash.swift /Users/admin/builder/spi-builder-workspace/.dependencies/checkouts/swift-sodium/Sodium/Sign.swift /Users/admin/builder/spi-builder-workspace/.dependencies/checkouts/swift-sodium/Sodium/Sodium.swift /Users/admin/builder/spi-builder-workspace/.dependencies/checkouts/swift-sodium/Sodium/Stream.swift /Users/admin/builder/spi-builder-workspace/.dependencies/checkouts/swift-sodium/Sodium/Utils.swift -target arm64-apple-xros1.0 -Xllvm -aarch64-use-tbi -enable-objc-interop -stack-check -sdk /Applications/Xcode-27.0.0-Release.Candidate.app/Contents/Developer/Platforms/XROS.platform/Developer/SDKs/XROS27.0.sdk -I /Users/admin/builder/spi-builder-workspace/.derivedData/Build/Products/Debug-xros -Isystem /Applications/Xcode-27.0.0-Release.Candidate.app/Contents/Developer/Platforms/XROS.platform/Developer/usr/lib -F /Users/admin/builder/spi-builder-workspace/.derivedData/Build/Products/Debug-xros -F /Applications/Xcode-27.0.0-Release.Candidate.app/Contents/Developer/Platforms/XROS.platform/Developer/Library/Frameworks -F /Applications/Xcode-27.0.0-Release.Candidate.app/Contents/Developer/Platforms/XROS.platform/Developer/SDKs/XROS27.0.sdk/Developer/Library/Frameworks -module-cache-path /Users/admin/builder/spi-builder-workspace/.derivedData/ModuleCache.noindex -no-color-diagnostics -Xcc -fno-color-diagnostics -enable-testing -g -debug-info-format\=dwarf -dwarf-version\=4 -suppress-warnings -profile-generate -profile-coverage-mapping -swift-version 4 -Onone -D SWIFT_PACKAGE -D DEBUG -D SWIFT_MODULE_RESOURCE_BUNDLE_UNAVAILABLE -D Xcode -serialize-debugging-options -enable-experimental-feature DebugDescriptionMacro -empty-abi-descriptor -plugin-path /Applications/Xcode-27.0.0-Release.Candidate.app/Contents/Developer/Toolchains/XcodeDefault.xctoolchain/usr/lib/swift/host/plugins/testing -validate-clang-modules-once -clang-build-session-file /Users/admin/builder/spi-builder-workspace/.derivedData/ModuleCache.noindex/Session.modulevalidation -Xcc -working-directory -Xcc /Users/admin/builder/spi-builder-workspace/.swiftpm/xcode -enable-anonymous-context-mangled-names -file-compilation-dir /Users/admin/builder/spi-builder-workspace/.swiftpm/xcode -Xcc -fmodule-map-file\=/Users/admin/builder/spi-builder-workspace/.dependencies/checkouts/Clibsodium/module.modulemap -Xcc -D_LIBCPP_HARDENING_MODE\=_LIBCPP_HARDENING_MODE_DEBUG -Xcc -ivfsstatcache -Xcc /Users/admin/builder/spi-builder-workspace/.derivedData/SDKStatCaches.noindex/xros27.0-24M361-e829b21a6f8c9b70876ba0858053c044735bd543db762f57723cac368afd1ce4.sdkstatcache -Xcc -fmodules-prune-interval\=86400 -Xcc -fmodules-prune-after\=345600 -Xcc -I/Users/admin/builder/spi-builder-workspace/.derivedData/Build/Products/Debug-xros/include -Xcc -I/Users/admin/builder/spi-builder-workspace/.derivedData/Build/Intermediates.noindex/Sodium.build/Debug-xros/Sodium-t.build/DerivedSources-normal/arm64 -Xcc -I/Users/admin/builder/spi-builder-workspace/.derivedData/Build/Intermediates.noindex/Sodium.build/Debug-xros/Sodium-t.build/DerivedSources/arm64 -Xcc -I/Users/admin/builder/spi-builder-workspace/.derivedData/Build/Intermediates.noindex/Sodium.build/Debug-xros/Sodium-t.build/DerivedSources -Xcc -DSWIFT_PACKAGE -Xcc -DDEBUG\=1 -no-auto-bridging-header-chaining -module-name Sodium -const-gather-protocols-file /Users/admin/builder/spi-builder-workspace/.derivedData/Build/Intermediates.noindex/Sodium.build/Debug-xros/Sodium-t.build/Objects-normal/arm64/Sodium_const_extract_protocols.json -disable-clang-spi -target-sdk-version 27.0 -target-sdk-name xros27.0 -external-plugin-path /Applications/Xcode-27.0.0-Release.Candidate.app/Contents/Developer/Platforms/XROS.platform/Developer/usr/lib/swift/host/plugins\#/Applications/Xcode-27.0.0-Release.Candidate.app/Contents/Developer/Platforms/XROS.platform/Developer/usr/bin/swift-plugin-server -external-plugin-path /Applications/Xcode-27.0.0-Release.Candidate.app/Contents/Developer/Platforms/XROS.platform/Developer/usr/local/lib/swift/host/plugins\#/Applications/Xcode-27.0.0-Release.Candidate.app/Contents/Developer/Platforms/XROS.platform/Developer/usr/bin/swift-plugin-server -in-process-plugin-server-path /Applications/Xcode-27.0.0-Release.Candidate.app/Contents/Developer/Toolchains/XcodeDefault.xctoolchain/usr/lib/swift/host/libSwiftInProcPluginServer.dylib -plugin-path /Applications/Xcode-27.0.0-Release.Candidate.app/Contents/Developer/Toolchains/XcodeDefault.xctoolchain/usr/lib/swift/host/plugins -plugin-path /Applications/Xcode-27.0.0-Release.Candidate.app/Contents/Developer/Toolchains/XcodeDefault.xctoolchain/usr/local/lib/swift/host/plugins -emit-module-doc-path /Users/admin/builder/spi-builder-workspace/.derivedData/Build/Intermediates.noindex/Sodium.build/Debug-xros/Sodium-t.build/Objects-normal/arm64/Sodium.swiftdoc -emit-module-source-info-path /Users/admin/builder/spi-builder-workspace/.derivedData/Build/Intermediates.noindex/Sodium.build/Debug-xros/Sodium-t.build/Objects-normal/arm64/Sodium.swiftsourceinfo -emit-objc-header-path /Users/admin/builder/spi-builder-workspace/.derivedData/Build/Intermediates.noindex/Sodium.build/Debug-xros/Sodium-t.build/Objects-normal/arm64/Sodium-Swift.h -serialize-diagnostics-path /Users/admin/builder/spi-builder-workspace/.derivedData/Build/Intermediates.noindex/Sodium.build/Debug-xros/Sodium-t.build/Objects-normal/arm64/Sodium-primary-emit-module.dia -emit-dependencies-path /Users/admin/builder/spi-builder-workspace/.derivedData/Build/Intermediates.noindex/Sodium.build/Debug-xros/Sodium-t.build/Objects-normal/arm64/Sodium-primary-emit-module.d -parse-as-library -o /Users/admin/builder/spi-builder-workspace/.derivedData/Build/Intermediates.noindex/Sodium.build/Debug-xros/Sodium-t.build/Objects-normal/arm64/Sodium.swiftmodule -emit-abi-descriptor-path /Users/admin/builder/spi-builder-workspace/.derivedData/Build/Intermediates.noindex/Sodium.build/Debug-xros/Sodium-t.build/Objects-normal/arm64/Sodium.abi.json
SwiftCompile normal arm64 (in target 'Sodium' from project 'Sodium')
cd /Users/admin/builder/spi-builder-workspace/.swiftpm/xcode
SwiftCompile normal arm64 Compiling\ Stream.swift,\ Utils.swift /Users/admin/builder/spi-builder-workspace/.dependencies/checkouts/swift-sodium/Sodium/Stream.swift /Users/admin/builder/spi-builder-workspace/.dependencies/checkouts/swift-sodium/Sodium/Utils.swift (in target 'Sodium' from project 'Sodium')
<module-includes>:1:9: note: in file included from <module-includes>:1:
1 | #import "shim.h"
| `- note: in file included from <module-includes>:1:
2 |
/Users/admin/builder/spi-builder-workspace/.dependencies/checkouts/Clibsodium/shim.h:1:10: error: 'sodium.h' file not found
1 | #include <sodium.h>
| `- error: 'sodium.h' file not found
2 |
SwiftCompile normal arm64 /Users/admin/builder/spi-builder-workspace/.dependencies/checkouts/swift-sodium/Sodium/Stream.swift (in target 'Sodium' from project 'Sodium')
cd /Users/admin/builder/spi-builder-workspace/.swiftpm/xcode
builtin-SwiftPerFileCompile Stream.swift
SwiftCompile normal arm64 /Users/admin/builder/spi-builder-workspace/.dependencies/checkouts/swift-sodium/Sodium/Utils.swift (in target 'Sodium' from project 'Sodium')
cd /Users/admin/builder/spi-builder-workspace/.swiftpm/xcode
builtin-SwiftPerFileCompile Utils.swift
SwiftEmitModule normal arm64 Emitting\ module\ for\ CryptoSwift (in target 'CryptoSwift' from project 'CryptoSwift')
SwiftCompile normal arm64 (in target 'CryptoSwift' from project 'CryptoSwift')
cd /Users/admin/builder/spi-builder-workspace/.swiftpm/xcode
SwiftExplicitDependencyGeneratePcm arm64 /Users/admin/builder/spi-builder-workspace/.derivedData/SDKExplicitPrecompiledModules/_Builtin_stdbool-5BU2ADS7JXQMYENKQHW9X8XOU.pcm
PruneExplicitPrecompiledModules /Users/admin/builder/spi-builder-workspace/.derivedData/Build/Intermediates.noindex/SwiftExplicitPrecompiledModules
PruneExplicitPrecompiledModules /Users/admin/builder/spi-builder-workspace/.derivedData/Build/Intermediates.noindex/ExplicitPrecompiledModules
PruneExplicitPrecompiledModules /Users/admin/builder/spi-builder-workspace/.derivedData/SDKExplicitPrecompiledModules
2026-09-16 03:05:36.512 xcodebuild[1049:5968] [MT] IDERunDestination: Supported platforms for the buildables in the current scheme is empty.
** BUILD FAILED **
The following build commands failed:
SwiftEmitModule normal arm64 Emitting\ module\ for\ Sodium (in target 'Sodium' from project 'Sodium')
SwiftCompile normal arm64 (in target 'Sodium' from project 'Sodium')
Building workspace ncryptf-swift with scheme ncryptf-swift
(3 failures)
BUILD FAILURE 6.4 visionOS